{"version":"1.0","provider_name":"Fakulta verejnej spr\u00e1vy | UPJ\u0160","provider_url":"https:\/\/www.upjs.sk\/fakulta-verejnej-spravy","title":"V\u00ddZVA - \u0161tudentsk\u00e9 pomocn\u00e9 sily - Fakulta verejnej spr\u00e1vy | UPJ\u0160","type":"rich","width":600,"height":338,"html":"<blockquote class=\"wp-embedded-content\" data-secret=\"th3ty3lusn\"><a href=\"https:\/\/www.upjs.sk\/fakulta-verejnej-spravy\/actuality\/vyzva-studentske-pomocne-sily\/\">V\u00ddZVA &#8211; \u0161tudentsk\u00e9 pomocn\u00e9 sily<\/a><\/blockquote><iframe sandbox=\"allow-scripts\" security=\"restricted\" src=\"https:\/\/www.upjs.sk\/fakulta-verejnej-spravy\/actuality\/vyzva-studentske-pomocne-sily\/embed\/#?secret=th3ty3lusn\" width=\"600\" height=\"338\" title=\"&#8220;V\u00ddZVA &#8211; \u0161tudentsk\u00e9 pomocn\u00e9 sily&#8221; &#8212; Fakulta verejnej spr\u00e1vy | UPJ\u0160\" data-secret=\"th3ty3lusn\" frameborder=\"0\" marginwidth=\"0\" marginheight=\"0\" scrolling=\"no\" class=\"wp-embedded-content\"><\/iframe><script>\n\/*! This file is auto-generated *\/\n!function(d,l){\"use strict\";l.querySelector&&d.addEventListener&&\"undefined\"!=typeof URL&&(d.wp=d.wp||{},d.wp.receiveEmbedMessage||(d.wp.receiveEmbedMessage=function(e){var t=e.data;if((t||t.secret||t.message||t.value)&&!\/[^a-zA-Z0-9]\/.test(t.secret)){for(var s,r,n,a=l.querySelectorAll('iframe[data-secret=\"'+t.secret+'\"]'),o=l.querySelectorAll('blockquote[data-secret=\"'+t.secret+'\"]'),c=new RegExp(\"^https?:$\",\"i\"),i=0;i<o.length;i++)o[i].style.display=\"none\";for(i=0;i<a.length;i++)s=a[i],e.source===s.contentWindow&&(s.removeAttribute(\"style\"),\"height\"===t.message?(1e3<(r=parseInt(t.value,10))?r=1e3:~~r<200&&(r=200),s.height=r):\"link\"===t.message&&(r=new URL(s.getAttribute(\"src\")),n=new URL(t.value),c.test(n.protocol))&&n.host===r.host&&l.activeElement===s&&(d.top.location.href=t.value))}},d.addEventListener(\"message\",d.wp.receiveEmbedMessage,!1),l.addEventListener(\"DOMContentLoaded\",function(){for(var e,t,s=l.querySelectorAll(\"iframe.wp-embedded-content\"),r=0;r<s.length;r++)(t=(e=s[r]).getAttribute(\"data-secret\"))||(t=Math.random().toString(36).substring(2,12),e.src+=\"#?secret=\"+t,e.setAttribute(\"data-secret\",t)),e.contentWindow.postMessage({message:\"ready\",secret:t},\"*\")},!1)))}(window,document);\n\/\/# sourceURL=https:\/\/www.upjs.sk\/fakulta-verejnej-spravy\/wp-includes\/js\/wp-embed.min.js\n<\/script>\n","thumbnail_url":"https:\/\/www.upjs.sk\/app\/uploads\/sites\/12\/2024\/09\/Hladame-studentske-pomocne-sily-500-x-375-px.png","thumbnail_width":500,"thumbnail_height":375,"description":"V\u00e1\u017een\u00e9 \u0161tudentky, v\u00e1\u017een\u00ed \u0161tudenti, dekan Fakulty verejnej spr\u00e1vy UPJ\u0160 v&nbsp;Ko\u0161iciach vyhlasuje v\u00fdzvu na obsadenie poz\u00edci\u00ed \u0161tudentsk\u00fdch pomocn\u00fdch s\u00edl (\u0160PS) na obdobie od okt\u00f3bra do decembra 2024 v s\u00falade s Rozhodnut\u00edm rektora \u010d. 1\/2022, ktor\u00fdm sa ur\u010duj\u00fa pravidl\u00e1 obsadzovania poz\u00edci\u00ed \u0161tudentsk\u00fdch pomocn\u00fdch s\u00edl na UPJ\u0160 v&nbsp;Ko\u0161iciach. Ako sa prihl\u00e1si\u0165? Pracovisko, t\u00e9my a typ \u010dinnosti:\u0160tudijn\u00fd refer\u00e1tAktivity s\u00favisiace &hellip; \u010c\u00edta\u0165 \u010falej"}

Fakulta verejnej správy | UPJŠ

VÝZVA - študentské pomocné sily - Fakulta verejnej správy | UPJŠ

<blockquote class="wp-embedded-content" data-secret="th3ty3lusn"><a href="https://www.upjs.sk/fakulta-verejnej-spravy/actuality/vyzva-studentske-pomocne-sily/">VÝZVA &#8211; študentské pomocné sily</a></blockquote><iframe sandbox="allow-scripts" security="restricted" src="https://www.upjs.sk/fakulta-verejnej-spravy/actuality/vyzva-studentske-pomocne-sily/embed/#?secret=th3ty3lusn" width="600" height="338" title="&#8220;VÝZVA &#8211; študentské pomocné sily&#8221; &#8212; Fakulta verejnej správy | UPJŠ" data-secret="th3ty3lusn" frameborder="0" marginwidth="0" marginheight="0" scrolling="no" class="wp-embedded-content"></iframe><script>
/*! This file is auto-generated */
!function(d,l){"use strict";l.querySelector&&d.addEventListener&&"undefined"!=typeof URL&&(d.wp=d.wp||{},d.wp.receiveEmbedMessage||(d.wp.receiveEmbedMessage=function(e){var t=e.data;if((t||t.secret||t.message||t.value)&&!/[^a-zA-Z0-9]/.test(t.secret)){for(var s,r,n,a=l.querySelectorAll('iframe[data-secret="'+t.secret+'"]'),o=l.querySelectorAll('blockquote[data-secret="'+t.secret+'"]'),c=new RegExp("^https?:$","i"),i=0;i<o.length;i++)o[i].style.display="none";for(i=0;i<a.length;i++)s=a[i],e.source===s.contentWindow&&(s.removeAttribute("style"),"height"===t.message?(1e3<(r=parseInt(t.value,10))?r=1e3:~~r<200&&(r=200),s.height=r):"link"===t.message&&(r=new URL(s.getAttribute("src")),n=new URL(t.value),c.test(n.protocol))&&n.host===r.host&&l.activeElement===s&&(d.top.location.href=t.value))}},d.addEventListener("message",d.wp.receiveEmbedMessage,!1),l.addEventListener("DOMContentLoaded",function(){for(var e,t,s=l.querySelectorAll("iframe.wp-embedded-content"),r=0;r<s.length;r++)(t=(e=s[r]).getAttribute("data-secret"))||(t=Math.random().toString(36).substring(2,12),e.src+="#?secret="+t,e.setAttribute("data-secret",t)),e.contentWindow.postMessage({message:"ready",secret:t},"*")},!1)))}(window,document);
//# sourceURL=https://www.upjs.sk/fakulta-verejnej-spravy/wp-includes/js/wp-embed.min.js
</script>

Vážené študentky, vážení študenti, dekan Fakulty verejnej správy UPJŠ v&nbsp;Košiciach vyhlasuje výzvu na obsadenie pozícií študentských pomocných síl (ŠPS) na obdobie od októbra do decembra 2024 v súlade s Rozhodnutím rektora č. 1/2022, ktorým sa určujú pravidlá obsadzovania pozícií študentských pomocných síl na UPJŠ v&nbsp;Košiciach. Ako sa prihlásiť? Pracovisko, témy a typ činnosti:Študijný referátAktivity súvisiace &hellip; Čítať ďalej
