{"id":13034,"date":"2022-04-22T14:05:04","date_gmt":"2022-04-22T14:05:04","guid":{"rendered":"https:\/\/www.upjs.sk\/fakulta-verejnej-spravy\/informacie-pre-zamestnancov\/volne-miesta\/ucitelia\/"},"modified":"2025-07-16T10:55:37","modified_gmt":"2025-07-16T09:55:37","slug":"ucitelia","status":"publish","type":"page","link":"https:\/\/www.upjs.sk\/fakulta-verejnej-spravy\/vyberove-konania\/ucitelia\/","title":{"rendered":"V\u00fdberov\u00e9 konania na obsadenie miest vysoko\u0161kolsk\u00fdch u\u010dite\u013eov"},"content":{"rendered":"\n<ul style=\"padding-top:var(--wp--preset--spacing--40);padding-bottom:var(--wp--preset--spacing--40)\" class=\"wp-block-list\">\n<li><a href=\"https:\/\/www.upjs.sk\/app\/uploads\/sites\/12\/2025\/05\/2023_FVS_Vseobecne-kriteria-na-obsadzovanie-funkcnych-miest-profesorov-a-docentov.pdf\" target=\"_blank\" rel=\"noreferrer noopener\">V\u0161eobecn\u00e9 krit\u00e9ri\u00e1 na obsadzovanie funk\u010dn\u00fdch miest profesorov a docentov na UPJ\u0160 v Ko\u0161iciach, Fakulte verejnej spr\u00e1vy<\/a> &#8211; platn\u00e9 do 19. 6. 2025<br><a href=\"https:\/\/intranet.upjs.sk\/op\/op.Public.php?documentid=10332\" target=\"_blank\" rel=\"noreferrer noopener\">V\u0161eobecn\u00e9 krit\u00e9ri\u00e1 na obsadzovanie funk\u010dn\u00fdch miest profesorov a docentov na Univerzite Pavla Jozefa \u0160af\u00e1rika v Ko\u0161iciach a jej s\u00fa\u010dastiach<\/a> &#8211; platn\u00e9 od 20. 6. 2025<\/li>\n\n\n\n<li><a href=\"https:\/\/www.upjs.sk\/app\/uploads\/sites\/12\/2025\/05\/2023_FVS_Konkretne-podmienky-na-obsadzovanie-funkcnych-miest-profesorov.pdf\" target=\"_blank\" rel=\"noreferrer noopener\">Konkr\u00e9tne podmienky na obsadzovanie funk\u010dn\u00fdch miest profesorov na UPJ\u0160 v Ko\u0161iciach, Fakulte verejnej spr\u00e1vy<\/a> &#8211; platn\u00e9 do 19. 6. 2025<br><a href=\"https:\/\/intranet.upjs.sk\/op\/op.Public.php?documentid=10333\" target=\"_blank\" rel=\"noreferrer noopener\">Konkr\u00e9tne podmienky na obsadzovanie funk\u010dn\u00fdch miest profesorov na Univerzite Pavla Jozefa \u0160af\u00e1rika v Ko\u0161iciach a jej s\u00fa\u010dastiach<\/a> &#8211; platn\u00e9 od 20. 6. 2025<\/li>\n\n\n\n<li><a aria-label=\"Konkr\u00e9tne podmienky na obsadzovanie funkci\u00ed docent na FVS UPJ\u0160 v Ko\u0161iciach (opens in a new tab)\" class=\"ek-link\" href=\"https:\/\/www.upjs.sk\/app\/uploads\/sites\/12\/2022\/09\/Bod-6_Konkretne-podmienky-na-obsadzovanie-funkcii-docent-na-FVS_od-01092021.pdf\" target=\"_blank\" rel=\"noreferrer noopener\">Konkr\u00e9tne podmienky na obsadzovanie funk\u010dn\u00fdch miest docentov na UPJ\u0160 v Ko\u0161iciach, Fakulte verejnej spr\u00e1vy<\/a><\/li>\n<\/ul>\n\n\n<ul style=\"padding-top:var(--wp--preset--spacing--40);padding-bottom:var(--wp--preset--spacing--40);\" class=\"wp-block-latest-posts__list wp-block-latest-posts\"><li><a class=\"wp-block-latest-posts__post-title\" href=\"https:\/\/www.upjs.sk\/fakulta-verejnej-spravy\/vyberove-konanie-na-obsadenie-pracovneho-miesta-vs-ucitela-na-funkcne-miesto-docenta\/\">V\u00fdberov\u00e9 konanie na obsadenie pracovn\u00e9ho miesta V\u0160 u\u010dite\u013ea na funk\u010dn\u00e9 miesto docenta<\/a><div class=\"wp-block-latest-posts__post-excerpt\">D\u00e1tum zverejnenia: 13. apr\u00edl 2026<br> D\u00e1tum uz\u00e1vierky prihl\u00e1\u0161ok: 4. m\u00e1j 2026<\/div><\/li>\n<li><a class=\"wp-block-latest-posts__post-title\" href=\"https:\/\/www.upjs.sk\/fakulta-verejnej-spravy\/vyberove-konanie-na-obsadenie-pracovneho-miesta-vysokoskolskeho-ucitela-na-funkcnom-mieste-profesora-4\/\">V\u00fdberov\u00e9 konanie na obsadenie pracovn\u00e9ho miesta V\u0160 u\u010dite\u013ea na funk\u010dnom mieste profesora<\/a><div class=\"wp-block-latest-posts__post-excerpt\">D\u00e1tum zverejnenia: 10. apr\u00edl 2026<br> D\u00e1tum uz\u00e1vierky prihl\u00e1\u0161ok: 4. m\u00e1j 2026<\/div><\/li>\n<\/ul>","protected":false},"excerpt":{"rendered":"<p>.<\/p>\n","protected":false},"author":1,"featured_media":0,"parent":13033,"menu_order":0,"comment_status":"closed","ping_status":"closed","template":"","meta":{"_acf_changed":false,"_editorskit_title_hidden":false,"_editorskit_reading_time":1,"_editorskit_is_block_options_detached":false,"_editorskit_block_options_position":"{}","footnotes":""},"categories":[],"tags":[],"class_list":["post-13034","page","type-page","status-publish","hentry"],"acf":{"acf_link_na_externy_obsah":""},"yoast_head":"<!-- This site is optimized with the Yoast SEO plugin v27.4 - https:\/\/yoast.com\/product\/yoast-seo-wordpress\/ -->\n<title>V\u00fdberov\u00e9 konania na obsadenie miest vysoko\u0161kolsk\u00fdch u\u010dite\u013eov - Fakulta verejnej spr\u00e1vy | UPJ\u0160<\/title>\n<meta name=\"robots\" content=\"index, follow, max-snippet:-1, max-image-preview:large, max-video-preview:-1\" \/>\n<link rel=\"canonical\" href=\"https:\/\/www.upjs.sk\/fakulta-verejnej-spravy\/vyberove-konania\/ucitelia\/\" \/>\n<meta property=\"og:locale\" content=\"sk_SK\" \/>\n<meta property=\"og:type\" content=\"article\" \/>\n<meta property=\"og:title\" content=\"V\u00fdberov\u00e9 konania na obsadenie miest vysoko\u0161kolsk\u00fdch u\u010dite\u013eov - Fakulta verejnej spr\u00e1vy | UPJ\u0160\" \/>\n<meta property=\"og:description\" content=\".\" \/>\n<meta property=\"og:url\" content=\"https:\/\/www.upjs.sk\/fakulta-verejnej-spravy\/vyberove-konania\/ucitelia\/\" \/>\n<meta property=\"og:site_name\" content=\"Fakulta verejnej spr\u00e1vy | UPJ\u0160\" \/>\n<meta property=\"article:modified_time\" content=\"2025-07-16T09:55:37+00:00\" \/>\n<meta name=\"twitter:card\" content=\"summary_large_image\" \/>\n<meta name=\"twitter:label1\" content=\"Predpokladan\u00fd \u010das \u010d\u00edtania\" \/>\n\t<meta name=\"twitter:data1\" content=\"1 min\u00fata\" \/>\n<script type=\"application\/ld+json\" class=\"yoast-schema-graph\">{\"@context\":\"https:\\\/\\\/schema.org\",\"@graph\":[{\"@type\":\"WebPage\",\"@id\":\"https:\\\/\\\/www.upjs.sk\\\/fakulta-verejnej-spravy\\\/vyberove-konania\\\/ucitelia\\\/\",\"url\":\"https:\\\/\\\/www.upjs.sk\\\/fakulta-verejnej-spravy\\\/vyberove-konania\\\/ucitelia\\\/\",\"name\":\"V\u00fdberov\u00e9 konania na obsadenie miest vysoko\u0161kolsk\u00fdch u\u010dite\u013eov - Fakulta verejnej spr\u00e1vy | UPJ\u0160\",\"isPartOf\":{\"@id\":\"https:\\\/\\\/www.upjs.sk\\\/fakulta-verejnej-spravy\\\/#website\"},\"datePublished\":\"2022-04-22T14:05:04+00:00\",\"dateModified\":\"2025-07-16T09:55:37+00:00\",\"breadcrumb\":{\"@id\":\"https:\\\/\\\/www.upjs.sk\\\/fakulta-verejnej-spravy\\\/vyberove-konania\\\/ucitelia\\\/#breadcrumb\"},\"inLanguage\":\"sk-SK\",\"potentialAction\":[{\"@type\":\"ReadAction\",\"target\":[\"https:\\\/\\\/www.upjs.sk\\\/fakulta-verejnej-spravy\\\/vyberove-konania\\\/ucitelia\\\/\"]}]},{\"@type\":\"BreadcrumbList\",\"@id\":\"https:\\\/\\\/www.upjs.sk\\\/fakulta-verejnej-spravy\\\/vyberove-konania\\\/ucitelia\\\/#breadcrumb\",\"itemListElement\":[{\"@type\":\"ListItem\",\"position\":1,\"name\":\"Home\",\"item\":\"https:\\\/\\\/www.upjs.sk\\\/fakulta-verejnej-spravy\\\/\"},{\"@type\":\"ListItem\",\"position\":2,\"name\":\"V\u00fdberov\u00e9 konania\",\"item\":\"https:\\\/\\\/www.upjs.sk\\\/fakulta-verejnej-spravy\\\/vyberove-konania\\\/\"},{\"@type\":\"ListItem\",\"position\":3,\"name\":\"V\u00fdberov\u00e9 konania na obsadenie miest vysoko\u0161kolsk\u00fdch u\u010dite\u013eov\"}]},{\"@type\":\"WebSite\",\"@id\":\"https:\\\/\\\/www.upjs.sk\\\/fakulta-verejnej-spravy\\\/#website\",\"url\":\"https:\\\/\\\/www.upjs.sk\\\/fakulta-verejnej-spravy\\\/\",\"name\":\"Fakulta verejnej spr\u00e1vy | UPJ\u0160\",\"description\":\"\",\"publisher\":{\"@id\":\"https:\\\/\\\/www.upjs.sk\\\/fakulta-verejnej-spravy\\\/#organization\"},\"potentialAction\":[{\"@type\":\"SearchAction\",\"target\":{\"@type\":\"EntryPoint\",\"urlTemplate\":\"https:\\\/\\\/www.upjs.sk\\\/fakulta-verejnej-spravy\\\/?s={search_term_string}\"},\"query-input\":{\"@type\":\"PropertyValueSpecification\",\"valueRequired\":true,\"valueName\":\"search_term_string\"}}],\"inLanguage\":\"sk-SK\"},{\"@type\":\"Organization\",\"@id\":\"https:\\\/\\\/www.upjs.sk\\\/fakulta-verejnej-spravy\\\/#organization\",\"name\":\"Fakulta verejnej spr\u00e1vy | UPJ\u0160\",\"url\":\"https:\\\/\\\/www.upjs.sk\\\/fakulta-verejnej-spravy\\\/\",\"logo\":{\"@type\":\"ImageObject\",\"inLanguage\":\"sk-SK\",\"@id\":\"https:\\\/\\\/www.upjs.sk\\\/fakulta-verejnej-spravy\\\/#\\\/schema\\\/logo\\\/image\\\/\",\"url\":\"https:\\\/\\\/www.upjs.sk\\\/app\\\/uploads\\\/sites\\\/12\\\/2022\\\/09\\\/logo-verejnej-spravy-fakulta.png\",\"contentUrl\":\"https:\\\/\\\/www.upjs.sk\\\/app\\\/uploads\\\/sites\\\/12\\\/2022\\\/09\\\/logo-verejnej-spravy-fakulta.png\",\"width\":415,\"height\":87,\"caption\":\"Fakulta verejnej spr\u00e1vy | UPJ\u0160\"},\"image\":{\"@id\":\"https:\\\/\\\/www.upjs.sk\\\/fakulta-verejnej-spravy\\\/#\\\/schema\\\/logo\\\/image\\\/\"}}]}<\/script>\n<!-- \/ Yoast SEO plugin. -->","yoast_head_json":{"title":"V\u00fdberov\u00e9 konania na obsadenie miest vysoko\u0161kolsk\u00fdch u\u010dite\u013eov - Fakulta verejnej spr\u00e1vy | UPJ\u0160","robots":{"index":"index","follow":"follow","max-snippet":"max-snippet:-1","max-image-preview":"max-image-preview:large","max-video-preview":"max-video-preview:-1"},"canonical":"https:\/\/www.upjs.sk\/fakulta-verejnej-spravy\/vyberove-konania\/ucitelia\/","og_locale":"sk_SK","og_type":"article","og_title":"V\u00fdberov\u00e9 konania na obsadenie miest vysoko\u0161kolsk\u00fdch u\u010dite\u013eov - Fakulta verejnej spr\u00e1vy | UPJ\u0160","og_description":".","og_url":"https:\/\/www.upjs.sk\/fakulta-verejnej-spravy\/vyberove-konania\/ucitelia\/","og_site_name":"Fakulta verejnej spr\u00e1vy | UPJ\u0160","article_modified_time":"2025-07-16T09:55:37+00:00","twitter_card":"summary_large_image","twitter_misc":{"Predpokladan\u00fd \u010das \u010d\u00edtania":"1 min\u00fata"},"schema":{"@context":"https:\/\/schema.org","@graph":[{"@type":"WebPage","@id":"https:\/\/www.upjs.sk\/fakulta-verejnej-spravy\/vyberove-konania\/ucitelia\/","url":"https:\/\/www.upjs.sk\/fakulta-verejnej-spravy\/vyberove-konania\/ucitelia\/","name":"V\u00fdberov\u00e9 konania na obsadenie miest vysoko\u0161kolsk\u00fdch u\u010dite\u013eov - Fakulta verejnej spr\u00e1vy | UPJ\u0160","isPartOf":{"@id":"https:\/\/www.upjs.sk\/fakulta-verejnej-spravy\/#website"},"datePublished":"2022-04-22T14:05:04+00:00","dateModified":"2025-07-16T09:55:37+00:00","breadcrumb":{"@id":"https:\/\/www.upjs.sk\/fakulta-verejnej-spravy\/vyberove-konania\/ucitelia\/#breadcrumb"},"inLanguage":"sk-SK","potentialAction":[{"@type":"ReadAction","target":["https:\/\/www.upjs.sk\/fakulta-verejnej-spravy\/vyberove-konania\/ucitelia\/"]}]},{"@type":"BreadcrumbList","@id":"https:\/\/www.upjs.sk\/fakulta-verejnej-spravy\/vyberove-konania\/ucitelia\/#breadcrumb","itemListElement":[{"@type":"ListItem","position":1,"name":"Home","item":"https:\/\/www.upjs.sk\/fakulta-verejnej-spravy\/"},{"@type":"ListItem","position":2,"name":"V\u00fdberov\u00e9 konania","item":"https:\/\/www.upjs.sk\/fakulta-verejnej-spravy\/vyberove-konania\/"},{"@type":"ListItem","position":3,"name":"V\u00fdberov\u00e9 konania na obsadenie miest vysoko\u0161kolsk\u00fdch u\u010dite\u013eov"}]},{"@type":"WebSite","@id":"https:\/\/www.upjs.sk\/fakulta-verejnej-spravy\/#website","url":"https:\/\/www.upjs.sk\/fakulta-verejnej-spravy\/","name":"Fakulta verejnej spr\u00e1vy | UPJ\u0160","description":"","publisher":{"@id":"https:\/\/www.upjs.sk\/fakulta-verejnej-spravy\/#organization"},"potentialAction":[{"@type":"SearchAction","target":{"@type":"EntryPoint","urlTemplate":"https:\/\/www.upjs.sk\/fakulta-verejnej-spravy\/?s={search_term_string}"},"query-input":{"@type":"PropertyValueSpecification","valueRequired":true,"valueName":"search_term_string"}}],"inLanguage":"sk-SK"},{"@type":"Organization","@id":"https:\/\/www.upjs.sk\/fakulta-verejnej-spravy\/#organization","name":"Fakulta verejnej spr\u00e1vy | UPJ\u0160","url":"https:\/\/www.upjs.sk\/fakulta-verejnej-spravy\/","logo":{"@type":"ImageObject","inLanguage":"sk-SK","@id":"https:\/\/www.upjs.sk\/fakulta-verejnej-spravy\/#\/schema\/logo\/image\/","url":"https:\/\/www.upjs.sk\/app\/uploads\/sites\/12\/2022\/09\/logo-verejnej-spravy-fakulta.png","contentUrl":"https:\/\/www.upjs.sk\/app\/uploads\/sites\/12\/2022\/09\/logo-verejnej-spravy-fakulta.png","width":415,"height":87,"caption":"Fakulta verejnej spr\u00e1vy | UPJ\u0160"},"image":{"@id":"https:\/\/www.upjs.sk\/fakulta-verejnej-spravy\/#\/schema\/logo\/image\/"}}]}},"_links":{"self":[{"href":"https:\/\/www.upjs.sk\/fakulta-verejnej-spravy\/wp-json\/wp\/v2\/pages\/13034","targetHints":{"allow":["GET"]}}],"collection":[{"href":"https:\/\/www.upjs.sk\/fakulta-verejnej-spravy\/wp-json\/wp\/v2\/pages"}],"about":[{"href":"https:\/\/www.upjs.sk\/fakulta-verejnej-spravy\/wp-json\/wp\/v2\/types\/page"}],"author":[{"embeddable":true,"href":"https:\/\/www.upjs.sk\/fakulta-verejnej-spravy\/wp-json\/wp\/v2\/users\/1"}],"replies":[{"embeddable":true,"href":"https:\/\/www.upjs.sk\/fakulta-verejnej-spravy\/wp-json\/wp\/v2\/comments?post=13034"}],"version-history":[{"count":16,"href":"https:\/\/www.upjs.sk\/fakulta-verejnej-spravy\/wp-json\/wp\/v2\/pages\/13034\/revisions"}],"predecessor-version":[{"id":28986,"href":"https:\/\/www.upjs.sk\/fakulta-verejnej-spravy\/wp-json\/wp\/v2\/pages\/13034\/revisions\/28986"}],"up":[{"embeddable":true,"href":"https:\/\/www.upjs.sk\/fakulta-verejnej-spravy\/wp-json\/wp\/v2\/pages\/13033"}],"wp:attachment":[{"href":"https:\/\/www.upjs.sk\/fakulta-verejnej-spravy\/wp-json\/wp\/v2\/media?parent=13034"}],"wp:term":[{"taxonomy":"category","embeddable":true,"href":"https:\/\/www.upjs.sk\/fakulta-verejnej-spravy\/wp-json\/wp\/v2\/categories?post=13034"},{"taxonomy":"post_tag","embeddable":true,"href":"https:\/\/www.upjs.sk\/fakulta-verejnej-spravy\/wp-json\/wp\/v2\/tags?post=13034"}],"curies":[{"name":"wp","href":"https:\/\/api.w.org\/{rel}","templated":true}]}}