{"id":13159,"date":"2022-06-07T09:12:06","date_gmt":"2022-06-07T09:12:06","guid":{"rendered":"https:\/\/www.upjs.sk\/fakulta-verejnej-spravy\/informacie-pre-zaujemcov-o-studium\/21924-2\/"},"modified":"2023-01-11T14:25:36","modified_gmt":"2023-01-11T13:25:36","slug":"21924-2","status":"publish","type":"page","link":"https:\/\/www.upjs.sk\/fakulta-verejnej-spravy\/21924-2\/","title":{"rendered":"VEREJN\u00c1 SPR\u00c1VA (PhD.)"},"content":{"rendered":"<div>\n<p><a href=\"https:\/\/www.upjs.sk\/fakulta-verejnej-spravy\/informacie-pre-zaujemcov-o-studium\/\"><span style=\"color:#7f8c8d\">Cel\u00e1 ponuka \u0161tudijn\u00fdch programov<\/span><\/a><span style=\"color:#7f8c8d\">&nbsp;<\/span><\/p>\n<p><span style=\"font-size:16px\"><strong><a href=\"https:\/\/www.upjs.sk\/public\/media\/1164\/temy%20DP%202022_2023_kor2_28_4_2022.pdf\">T\u00c9MY DIZERTA\u010cN\u00ddCH PR\u00c1C NA AKADEMICK\u00dd ROK 2022\/2023<\/a> <\/strong><\/span><\/p>\n<p><span style=\"color:#006699\"><strong>Z\u00e1kladn\u00e9 inform\u00e1cie: <\/strong><\/span><br \/>\n\u0160tandardn\u00e1 d\u013a\u017eka dennej formy \u0161t\u00fadia: <strong>6 semestrov<\/strong><br \/>\n\u0160tandardn\u00e1 d\u013a\u017eka externej formy \u0161t\u00fadia: <strong>8 semestrov<\/strong><br \/>\nExtern\u00e1 forma \u0161t\u00fadia je <a href=\"https:\/\/www.upjs.sk\/public\/media\/25045\/RR_25_2020_PP_21_22_final.pdf\">spoplatnen\u00e1.<\/a><\/p>\n<p style=\"text-align:justify\"><span style=\"color:#006699\"><strong><a href=\"http:\/\/studijne-programy.upjs.sk\/study-program\/VSd\" target=\"_blank\" rel=\"noopener\">\u0160tudijn\u00fd pl\u00e1n pre denn\u00fa formu \u0161t\u00fadia<\/a><br \/>\n<a href=\"http:\/\/studijne-programy.upjs.sk\/study-program\/VSde-4\" target=\"_blank\" rel=\"noopener\">\u0160tudijn\u00fd pl\u00e1n pre extern\u00fa formu \u0161t\u00fadia<\/a><\/strong><\/span><\/p>\n<p><span style=\"color:#006699\"><strong>Term\u00edn podania prihl\u00e1\u0161ok a konania prij\u00edmac\u00edch sk\u00fa\u0161ok:<\/strong><\/span><br \/>\nTerm\u00edn podania prihl\u00e1\u0161ky:&nbsp; <strong>24. 6. 2022<\/strong><br \/>\nTerm\u00edn konania prij\u00edmacej sk\u00fa\u0161ky: <strong>j\u00fal 2022<\/strong><\/p>\n<p><span style=\"color:#006699\"><strong>Prihl\u00e1\u0161ka na vysoko\u0161kolsk\u00e9 \u0161t\u00fadium m\u00e1 obsahova\u0165:<\/strong><\/span><\/p>\n<ul>\n<li style=\"text-align: justify\"><strong>Riadne vyplnen\u00e9 tla\u010divo<\/strong>&nbsp;\u201ePrihl\u00e1\u0161ka na&nbsp; vysoko\u0161kolsk\u00e9 \u0161t\u00fadium\u201c na akademick\u00fd rok&nbsp;2022\/2023 alebo&nbsp;<strong>riadne vyplnen\u00fa a podan\u00fa<\/strong>&nbsp;<strong>e-prihl\u00e1\u0161ka&nbsp;<\/strong>pod\u013ea pokynov, ktor\u00e9 s\u00fa uveden\u00e9&nbsp;<strong>&nbsp;na str\u00e1nke&nbsp;e-prihl\u00e1\u0161ky.<\/strong><\/li>\n<li style=\"text-align: justify\">\u0160trukt\u00farovan\u00fd \u017eivotopis<\/li>\n<li style=\"text-align: justify\">\u00daradne overen\u00e9&nbsp;<u>k\u00f3pie<\/u>&nbsp;dokladov o dosiahnutom vzdelan\u00ed (diplom, vysved\u010denie zo \u0161t\u00e1tnej sk\u00fa\u0161ky, dodatok k diplomu)<\/li>\n<li style=\"text-align: justify\">K\u00f3piu dokladu o \u00fahrade poplatku za prij\u00edmacie konanie<\/li>\n<li style=\"text-align: justify\">S\u00fapis vlastn\u00fdch publikovan\u00fdch pr\u00e1c, alebo s\u00fapis inej odbornej \u010dinnosti s\u00favisiacej so \u0161tudijn\u00fdm programom, na ktor\u00fd sa uch\u00e1dza\u010d hl\u00e1si, pr\u00edpadne posudky o t\u00fdchto pr\u00e1cach a \u010dinnostiach<\/li>\n<li style=\"text-align: justify\">K\u00f3pie ocenen\u00ed z fakultn\u00fdch a medzin\u00e1rodn\u00fdch vedeck\u00fdch odborn\u00fdch podujat\u00ed (\u0160VO\u010c)<\/li>\n<li style=\"text-align: justify\">Motiva\u010dn\u00fd list (od\u00f4vodnenie z\u00e1ujmu o doktorandsk\u00e9 \u0161t\u00fadium)<\/li>\n<li><strong>Projekt dizerta\u010dnej pr\u00e1ce<\/strong>&nbsp;v rozsahu 5&nbsp;&#8211; 7&nbsp;str\u00e1n\n<ul>\n<li>\u0160trukt\u00fara projektu:<\/li>\n<\/ul>\n<ol style=\"margin-left:40px\">\n<li>Motiv\u00e1cia v\u00fdberu t\u00e9my<\/li>\n<li>Stru\u010dn\u00e1 \u0161trukt\u00fara dizerta\u010dnej pr\u00e1ce s vymedzen\u00edm probl\u00e9mov, ktor\u00e9 sa bud\u00fa sk\u00fama\u0165 a zd\u00f4vodnen\u00edm potreby ich sk\u00famania<\/li>\n<li>Met\u00f3dy pozn\u00e1vania a sk\u00famania, ich zd\u00f4vodnenie<\/li>\n<li>Literat\u00fara, bibliografia, ktor\u00fa na za\u010diatku svojej pr\u00e1ce uch\u00e1dza\u010d u\u017e pozn\u00e1<\/li>\n<\/ol>\n<\/li>\n<\/ul>\n<p><span style=\"color:#006699\"><strong>Podmienky prijatia:<\/strong><\/span><\/p>\n<ul>\n<li>\u00daspe\u0161n\u00e9 ukon\u010denie druh\u00e9ho stup\u0148a vysoko\u0161kolsk\u00e9ho \u0161t\u00fadia v \u0161tudijnom programe <strong>verejn\u00e1 spr\u00e1va, eur\u00f3pska verejn\u00e1 spr\u00e1va<\/strong> alebo v pr\u00edbuznom \u0161tudijnom programe<\/li>\n<li>\u00daspe\u0161n\u00e9 vykonanie prij\u00edmacej sk\u00fa\u0161ky<\/li>\n<\/ul>\n<p><strong><span style=\"color:#006699\">Obsah prij\u00edmacej sk\u00fa\u0161ky:<\/span><\/strong><\/p>\n<ul>\n<li style=\"text-align: justify\">Odborn\u00e1 \u00fastna sk\u00fa\u0161ka z predmetu <em>Verejn\u00e1 spr\u00e1va v demokratickom \u0161t\u00e1te&#8220; <\/em>(okruhy ot\u00e1zok za\u0161leme prihl\u00e1sen\u00fdm uch\u00e1dza\u010dom spolu s pozv\u00e1nkou na pr\u00edj\u00edmacie sk\u00fa\u0161ky)<\/li>\n<li style=\"text-align: justify\">Odborn\u00e1 rozprava, ktorej cie\u013eom je pos\u00fadi\u0165 predpoklady uch\u00e1dza\u010da pre tvoriv\u00fa vedeck\u00fa pr\u00e1cu a motiv\u00e1ciu uch\u00e1dza\u010da na \u0161t\u00fadium doktorandsk\u00e9ho \u0161t\u00fadia. Ovl\u00e1danie cudzieho jazyka zvolen\u00e9ho uch\u00e1dza\u010dom, komisia over\u00ed tak, \u017ee v&nbsp;r\u00e1mci rozpravy m\u00f4\u017ee \u010dlen komisie da\u0165 ot\u00e1zku v&nbsp;cudzom jazyku, na ktor\u00fa mus\u00ed uch\u00e1dza\u010d v&nbsp;tomto jazyku reagova\u0165.<\/li>\n<\/ul>\n<p style=\"text-align:justify\"><strong><span style=\"color:#006699\">Hodnotenie uch\u00e1dza\u010dov:<\/span><\/strong><br \/>\nPrij\u00edmacia komisia na neverejnom zasadnut\u00ed zhodnot\u00ed v\u00fdsledok prij\u00edmacej sk\u00fa\u0161ky a ur\u010d\u00ed poradie \u00faspe\u0161nosti uch\u00e1dza\u010dov.<br \/>\n<u>Krit\u00e9ri\u00e1 hodnotenia:<\/u><\/p>\n<ul>\n<li style=\"text-align: justify\">obhajoba a rozprava k projektu dizerta\u010dnej pr\u00e1ce: <strong>12 &#8211; 20 bodov<\/strong><\/li>\n<li style=\"text-align: justify\">\u00fastna sk\u00fa\u0161ka z predmetu Verejn\u00e1 spr\u00e1va v demokratickom \u0161t\u00e1te: <strong>8 &#8211; 12 bodov<\/strong><\/li>\n<\/ul>\n<p style=\"text-align:justify\">Uch\u00e1dza\u010d pre vykonanie \u00faspe\u0161n\u00e9 prij\u00edmacej sk\u00fa\u0161ky mus\u00ed z\u00edska\u0165 najmenej 20 bodov, maxim\u00e1lne 32 bodov.<\/p>\n<p style=\"text-align:justify\">Ak sa na jednu t\u00e9mu dizerta\u010dnej pr\u00e1ce prihl\u00e1si viacer\u00ed uch\u00e1dza\u010di, komisia ur\u010d\u00ed ich poradie pod\u013ea \u00faspe\u0161nosti na prij\u00edmacej sk\u00fa\u0161ke osobitne na denn\u00fa a extern\u00fa formu \u0161t\u00fadia pri zoh\u013eadnen\u00ed \u010fal\u0161\u00edch vedeck\u00fdch a odborn\u00fdch kval\u00edt.<\/p>\n<p style=\"text-align:justify\">Pri ur\u010den\u00ed poradia komisia prihliada aj na rozsah a kvalitu odbornej publika\u010dnej \u010dinnosti uch\u00e1dza\u010da a na v\u00fdsledky jeho inej odbornej \u010dinnosti (napr. na v\u00fdsledky v s\u00fa\u0165a\u017eiach \u0161tudentsk\u00fdch vedeck\u00fdch odborn\u00fdch pr\u00e1c a pod.)<\/p>\n<p style=\"text-align:justify\">Komisia formuluje svoje stanovisko na z\u00e1klade pos\u00fadenia \u017eiadosti uch\u00e1dza\u010da, jej pr\u00edloh a v\u00fdsledkov v\u00fdberov\u00e9ho konania.<\/p>\n<p style=\"text-align:justify\">O prijat\u00ed \u010di neprijat\u00ed uch\u00e1dza\u010dov rozhoduje dekan na z\u00e1klade stanoviska prij\u00edmacej komisie.<\/p>\n<p style=\"text-align:justify\">Uch\u00e1dza\u010d, ktor\u00fd dostal rozhodnutie o prijat\u00ed, je povinn\u00fd potvrdi\u0165 fakulte \u00famysel nast\u00fapi\u0165 na \u0161t\u00fadium do za\u010diatku akademick\u00e9ho roka formou n\u00e1vratky, inak mu zanik\u00e1 pr\u00e1vo zap\u00edsa\u0165 sa na doktorandsk\u00e9 \u0161t\u00fadium a fakulta m\u00f4\u017ee pon\u00faknu\u0165 miesto \u010fal\u0161iemu uch\u00e1dza\u010dovi v porad\u00ed pod\u013ea v\u00fdsledkov prij\u00edmacej sk\u00fa\u0161ky.<\/p>\n<p style=\"text-align:justify\"><strong><u>Uch\u00e1dza\u010d zo zahrani\u010dia<\/u><\/strong>, alebo uch\u00e1dza\u010d, ktor\u00fd absolvoval 2. stupe\u0148 vysoko\u0161kolsk\u00e9ho \u0161t\u00fadia na zahrani\u010dnej vysokej \u0161kole, predlo\u017e\u00ed rozhodnutie o uznan\u00ed dokladu o vzdelan\u00ed na akademick\u00e9 \u00fa\u010dely.<\/p>\n<p style=\"text-align:justify\">Na prij\u00edmaciu sk\u00fa\u0161ku bude pozvan\u00fd iba ten uch\u00e1dza\u010d, ktor\u00fd v stanovenom term\u00edne pod\u00e1 riadne vyplnen\u00fa prihl\u00e1\u0161ku, prilo\u017e\u00ed v\u0161etky pr\u00edlohy a uhrad\u00ed poplatok za prij\u00edmacie konanie.<\/p>\n<p style=\"text-align:justify\"><span style=\"color:#006699\"><strong>V\u00fd\u0161ka administrat\u00edvneho poplatku za prij\u00edmacie konanie a sp\u00f4sob jeho \u00fahrady<\/strong><\/span><br \/>\nPoplatok za prij\u00edmacie konanie pri podan\u00ed elektronickej prihl\u00e1\u0161ky: 30 \u20ac<br \/>\nPoplatok za prij\u00edmacie konanie pri podan\u00ed klasickej (p\u00edsomnej) prihl\u00e1\u0161ky: 50 \u20ac<br \/>\nPoplatok je potrebn\u00e9 uhradi\u0165 prevodom&nbsp;na \u00fa\u010det veden\u00fd v \u0160t\u00e1tnej pokladnici:<br \/>\n\u010c\u00edslo \u00fa\u010dtu (IBAN):&nbsp;<strong>SK5881800000007000086002<\/strong><br \/>\nSWIFT k\u00f3d:&nbsp;<strong>SPSRSKBA<\/strong><br \/>\nVariabiln\u00fd symbol:&nbsp;<strong>4974<\/strong><br \/>\nKon\u0161tantn\u00fd symbol:&nbsp;<strong>0308<\/strong><br \/>\n\u0160pecifick\u00fd symbol:&nbsp;<strong>Rodn\u00e9 \u010d\u00edslo bez znaku lom\u00edtka<\/strong><br \/>\nPotvrdenie o&nbsp;bankovom prevode uch\u00e1dza\u010d prilo\u017e\u00ed k prihl\u00e1\u0161ke&nbsp;(inak prihl\u00e1\u0161ka nebude&nbsp;akceptovan\u00e1). Po zaevidovan\u00ed prihl\u00e1\u0161ky sa v pr\u00edpade ne\u00fa\u010dasti na prij\u00edmacej sk\u00fa\u0161ke, resp. pri zru\u0161en\u00ed prihl\u00e1\u0161ky zo strany uch\u00e1dza\u010da sa poplatok nevracia.<\/p>\n<p><span style=\"color:#006699\"><strong>Po\u010det \u0161tudentov, ktor\u00fdch fakulta pl\u00e1nuje prija\u0165 v ak. roku 2022\/2023<\/strong><\/span><br \/>\nDenn\u00e1 forma \u0161t\u00fadia:&nbsp;<em>pod\u013ea pridelen\u00fdch miest (najmenej 2 miesta)<\/em><br \/>\nExtern\u00e1 forma \u0161t\u00fadia:&nbsp;<em>pod\u013ea z\u00e1ujmu uch\u00e1dza\u010dov a kapacity \u0161kolite\u013eov<\/em><\/p>\n<p style=\"text-align:justify\"><span style=\"color:#006699\"><strong>V\u0161eobecn\u00e1 charakteristika odborn\u00e9ho profilu absolventa:<\/strong><\/span><br \/>\n\u0160tudijn\u00fd program je zostaven\u00fd tak, aby jeho absolvent na odbornej a&nbsp;vedeckej \u00farovni zvl\u00e1dol \u0161tudovan\u00fa problematiku z&nbsp;oblasti verejnej spr\u00e1vy v&nbsp;\u0161ir\u0161om kontexte s&nbsp;verejnou politikou, pr\u00e1vnymi normami v&nbsp;demokratickom \u0161t\u00e1te a&nbsp;ekonomick\u00fdmi aspektmi jej fungovania. Absolvent si osvoj\u00ed z\u00e1sady metodol\u00f3gie a&nbsp;metodiky vedeckej pr\u00e1ce, schopnos\u0165 orientova\u0165 sa v&nbsp;problematike verejnej politiky a verejnej spr\u00e1vy aj v&nbsp;cudzojazy\u010dnej terminol\u00f3gii, aplikova\u0165 teoretick\u00e9 poznatky, jasne a&nbsp;v\u00fdsti\u017ene prezentova\u0165 v\u00fdsledky svojej pr\u00e1ce.<\/p>\n<p style=\"text-align:justify\">Inform\u00e1cie o&nbsp;t\u00e9mach dizerta\u010dn\u00fdch pr\u00e1c&nbsp;a ostatn\u00e9 inform\u00e1cie s\u00fa k dispoz\u00edcii na Refer\u00e1te pre doktorandsk\u00e9 \u0161t\u00fadium a vedeckov\u00fdskumn\u00fa \u010dinnos\u0165.<br \/>\nKontakt:<br \/>\nPhDr. Viera Ba\u010d\u00edkov\u00e1<br \/>\nTel.:+421 55 234 5117,<br \/>\nE-mail: fvs-phd@upjs.sk<\/p>\n<p>Rozhodnutie rektora&nbsp; o ur\u010den\u00ed \u0161koln\u00e9ho, poplatkov spojen\u00fdch so \u0161t\u00fadiom a o \u00fahrad\u00e1ch n\u00e1kladov spojen\u00fdch so zvy\u0161ovan\u00edm kvalifik\u00e1cie v ak. roku 2022\/2023 na UPJ\u0160 v Ko\u0161iciach<\/p>\n<p><a href=\"\/public\/media\/21924\/SP doktoranskeho studia_schvaleny doplneny o bod 6 AS UPJS1.pdf\">\u0160tudijn\u00fd poriadok doktorandsk\u00e9ho \u0161t\u00fadia na UPJ\u0160 v Ko\u0161iciach<\/a><\/p>\n<p><a href=\"https:\/\/www.upjs.sk\/public\/media\/7377\/Podmienky%20na%20PK_III.stupen%20na%20AR%202022_2023_dokt_v2_1.pdf\"><strong>Podmienky prij\u00edmacieho&nbsp; konania na \u0161t\u00fadium akreditovan\u00e9ho&nbsp;\u0161tudijn\u00e9ho&nbsp;programu&nbsp;doktorandsk\u00e9ho stup\u0148a \u0161t\u00fadia pre akademick\u00fd rok 2022\/2023 &#8211; \u00fapln\u00e9 znenie&nbsp;<\/strong><\/a><\/p>\n<table align=\"center\" border=\"0\" cellpadding=\"0\" cellspacing=\"0\" style=\"width:50%\">\n<tbody>\n<tr>\n<td style=\"background-color:#164082;border-color:#164082;text-align:center;vertical-align:middle\"><a href=\"https:\/\/e-prihlaska.upjs.sk\/ais\/eprihlas\/#!\/home?lang=SK&amp;faculty=FVS%20UPJ%C5%A0\"><span style=\"font-size:14px\"><span style=\"color:#ffffff\">ELEKTRONICK\u00c1 PRIHL\u00c1\u0160KA<\/span><\/span><\/a><\/td>\n<\/tr>\n<\/tbody>\n<\/table>\n<\/div>\n","protected":false},"excerpt":{"rendered":"<p>Cel\u00e1 ponuka \u0161tudijn\u00fdch programov&nbsp; T\u00c9MY DIZERTA\u010cN\u00ddCH PR\u00c1C NA AKADEMICK\u00dd ROK 2022\/2023 Z\u00e1kladn\u00e9 inform\u00e1cie: \u0160tandardn\u00e1 d\u013a\u017eka dennej formy \u0161t\u00fadia: 6 semestrov \u0160tandardn\u00e1 d\u013a\u017eka externej formy \u0161t\u00fadia: 8 semestrov Extern\u00e1 forma \u0161t\u00fadia je spoplatnen\u00e1. \u0160tudijn\u00fd pl\u00e1n pre denn\u00fa formu \u0161t\u00fadia \u0160tudijn\u00fd pl\u00e1n pre extern\u00fa formu \u0161t\u00fadia Term\u00edn podania prihl\u00e1\u0161ok a konania prij\u00edmac\u00edch sk\u00fa\u0161ok: Term\u00edn podania prihl\u00e1\u0161ky:&nbsp; 24. &hellip; <a href=\"https:\/\/www.upjs.sk\/fakulta-verejnej-spravy\/21924-2\/\">\u010c\u00edta\u0165 \u010falej<\/a><\/p>\n","protected":false},"author":1,"featured_media":0,"parent":0,"menu_order":35,"comment_status":"closed","ping_status":"closed","template":"","meta":{"_acf_changed":false,"_editorskit_title_hidden":false,"_editorskit_reading_time":3,"_editorskit_is_block_options_detached":false,"_editorskit_block_options_position":"{}","footnotes":""},"categories":[],"tags":[],"class_list":["post-13159","page","type-page","status-publish","hentry"],"acf":{"acf_link_na_externy_obsah":""},"yoast_head":"<!-- This site is optimized with the Yoast SEO plugin v27.4 - https:\/\/yoast.com\/product\/yoast-seo-wordpress\/ -->\n<title>VEREJN\u00c1 SPR\u00c1VA (PhD.) - Fakulta verejnej spr\u00e1vy | UPJ\u0160<\/title>\n<meta name=\"robots\" content=\"index, follow, max-snippet:-1, max-image-preview:large, max-video-preview:-1\" \/>\n<link rel=\"canonical\" href=\"https:\/\/www.upjs.sk\/fakulta-verejnej-spravy\/21924-2\/\" \/>\n<meta property=\"og:locale\" content=\"sk_SK\" \/>\n<meta property=\"og:type\" content=\"article\" \/>\n<meta property=\"og:title\" content=\"VEREJN\u00c1 SPR\u00c1VA (PhD.) - Fakulta verejnej spr\u00e1vy | UPJ\u0160\" \/>\n<meta property=\"og:description\" content=\"Cel\u00e1 ponuka \u0161tudijn\u00fdch programov&nbsp; T\u00c9MY DIZERTA\u010cN\u00ddCH PR\u00c1C NA AKADEMICK\u00dd ROK 2022\/2023 Z\u00e1kladn\u00e9 inform\u00e1cie: \u0160tandardn\u00e1 d\u013a\u017eka dennej formy \u0161t\u00fadia: 6 semestrov \u0160tandardn\u00e1 d\u013a\u017eka externej formy \u0161t\u00fadia: 8 semestrov Extern\u00e1 forma \u0161t\u00fadia je spoplatnen\u00e1. \u0160tudijn\u00fd pl\u00e1n pre denn\u00fa formu \u0161t\u00fadia \u0160tudijn\u00fd pl\u00e1n pre extern\u00fa formu \u0161t\u00fadia Term\u00edn podania prihl\u00e1\u0161ok a konania prij\u00edmac\u00edch sk\u00fa\u0161ok: Term\u00edn podania prihl\u00e1\u0161ky:&nbsp; 24. &hellip; \u010c\u00edta\u0165 \u010falej\" \/>\n<meta property=\"og:url\" content=\"https:\/\/www.upjs.sk\/fakulta-verejnej-spravy\/21924-2\/\" \/>\n<meta property=\"og:site_name\" content=\"Fakulta verejnej spr\u00e1vy | UPJ\u0160\" \/>\n<meta property=\"article:modified_time\" content=\"2023-01-11T13:25:36+00:00\" \/>\n<meta name=\"twitter:card\" content=\"summary_large_image\" \/>\n<meta name=\"twitter:label1\" content=\"Predpokladan\u00fd \u010das \u010d\u00edtania\" \/>\n\t<meta name=\"twitter:data1\" content=\"5 min\u00fat\" \/>\n<script type=\"application\/ld+json\" class=\"yoast-schema-graph\">{\"@context\":\"https:\\\/\\\/schema.org\",\"@graph\":[{\"@type\":\"WebPage\",\"@id\":\"https:\\\/\\\/www.upjs.sk\\\/fakulta-verejnej-spravy\\\/21924-2\\\/\",\"url\":\"https:\\\/\\\/www.upjs.sk\\\/fakulta-verejnej-spravy\\\/21924-2\\\/\",\"name\":\"VEREJN\u00c1 SPR\u00c1VA (PhD.) - Fakulta verejnej spr\u00e1vy | UPJ\u0160\",\"isPartOf\":{\"@id\":\"https:\\\/\\\/www.upjs.sk\\\/fakulta-verejnej-spravy\\\/#website\"},\"datePublished\":\"2022-06-07T09:12:06+00:00\",\"dateModified\":\"2023-01-11T13:25:36+00:00\",\"breadcrumb\":{\"@id\":\"https:\\\/\\\/www.upjs.sk\\\/fakulta-verejnej-spravy\\\/21924-2\\\/#breadcrumb\"},\"inLanguage\":\"sk-SK\",\"potentialAction\":[{\"@type\":\"ReadAction\",\"target\":[\"https:\\\/\\\/www.upjs.sk\\\/fakulta-verejnej-spravy\\\/21924-2\\\/\"]}]},{\"@type\":\"BreadcrumbList\",\"@id\":\"https:\\\/\\\/www.upjs.sk\\\/fakulta-verejnej-spravy\\\/21924-2\\\/#breadcrumb\",\"itemListElement\":[{\"@type\":\"ListItem\",\"position\":1,\"name\":\"Home\",\"item\":\"https:\\\/\\\/www.upjs.sk\\\/fakulta-verejnej-spravy\\\/\"},{\"@type\":\"ListItem\",\"position\":2,\"name\":\"VEREJN\u00c1 SPR\u00c1VA (PhD.)\"}]},{\"@type\":\"WebSite\",\"@id\":\"https:\\\/\\\/www.upjs.sk\\\/fakulta-verejnej-spravy\\\/#website\",\"url\":\"https:\\\/\\\/www.upjs.sk\\\/fakulta-verejnej-spravy\\\/\",\"name\":\"Fakulta verejnej spr\u00e1vy | UPJ\u0160\",\"description\":\"\",\"publisher\":{\"@id\":\"https:\\\/\\\/www.upjs.sk\\\/fakulta-verejnej-spravy\\\/#organization\"},\"potentialAction\":[{\"@type\":\"SearchAction\",\"target\":{\"@type\":\"EntryPoint\",\"urlTemplate\":\"https:\\\/\\\/www.upjs.sk\\\/fakulta-verejnej-spravy\\\/?s={search_term_string}\"},\"query-input\":{\"@type\":\"PropertyValueSpecification\",\"valueRequired\":true,\"valueName\":\"search_term_string\"}}],\"inLanguage\":\"sk-SK\"},{\"@type\":\"Organization\",\"@id\":\"https:\\\/\\\/www.upjs.sk\\\/fakulta-verejnej-spravy\\\/#organization\",\"name\":\"Fakulta verejnej spr\u00e1vy | UPJ\u0160\",\"url\":\"https:\\\/\\\/www.upjs.sk\\\/fakulta-verejnej-spravy\\\/\",\"logo\":{\"@type\":\"ImageObject\",\"inLanguage\":\"sk-SK\",\"@id\":\"https:\\\/\\\/www.upjs.sk\\\/fakulta-verejnej-spravy\\\/#\\\/schema\\\/logo\\\/image\\\/\",\"url\":\"https:\\\/\\\/www.upjs.sk\\\/app\\\/uploads\\\/sites\\\/12\\\/2022\\\/09\\\/logo-verejnej-spravy-fakulta.png\",\"contentUrl\":\"https:\\\/\\\/www.upjs.sk\\\/app\\\/uploads\\\/sites\\\/12\\\/2022\\\/09\\\/logo-verejnej-spravy-fakulta.png\",\"width\":415,\"height\":87,\"caption\":\"Fakulta verejnej spr\u00e1vy | UPJ\u0160\"},\"image\":{\"@id\":\"https:\\\/\\\/www.upjs.sk\\\/fakulta-verejnej-spravy\\\/#\\\/schema\\\/logo\\\/image\\\/\"}}]}<\/script>\n<!-- \/ Yoast SEO plugin. -->","yoast_head_json":{"title":"VEREJN\u00c1 SPR\u00c1VA (PhD.) - Fakulta verejnej spr\u00e1vy | UPJ\u0160","robots":{"index":"index","follow":"follow","max-snippet":"max-snippet:-1","max-image-preview":"max-image-preview:large","max-video-preview":"max-video-preview:-1"},"canonical":"https:\/\/www.upjs.sk\/fakulta-verejnej-spravy\/21924-2\/","og_locale":"sk_SK","og_type":"article","og_title":"VEREJN\u00c1 SPR\u00c1VA (PhD.) - Fakulta verejnej spr\u00e1vy | UPJ\u0160","og_description":"Cel\u00e1 ponuka \u0161tudijn\u00fdch programov&nbsp; T\u00c9MY DIZERTA\u010cN\u00ddCH PR\u00c1C NA AKADEMICK\u00dd ROK 2022\/2023 Z\u00e1kladn\u00e9 inform\u00e1cie: \u0160tandardn\u00e1 d\u013a\u017eka dennej formy \u0161t\u00fadia: 6 semestrov \u0160tandardn\u00e1 d\u013a\u017eka externej formy \u0161t\u00fadia: 8 semestrov Extern\u00e1 forma \u0161t\u00fadia je spoplatnen\u00e1. \u0160tudijn\u00fd pl\u00e1n pre denn\u00fa formu \u0161t\u00fadia \u0160tudijn\u00fd pl\u00e1n pre extern\u00fa formu \u0161t\u00fadia Term\u00edn podania prihl\u00e1\u0161ok a konania prij\u00edmac\u00edch sk\u00fa\u0161ok: Term\u00edn podania prihl\u00e1\u0161ky:&nbsp; 24. &hellip; \u010c\u00edta\u0165 \u010falej","og_url":"https:\/\/www.upjs.sk\/fakulta-verejnej-spravy\/21924-2\/","og_site_name":"Fakulta verejnej spr\u00e1vy | UPJ\u0160","article_modified_time":"2023-01-11T13:25:36+00:00","twitter_card":"summary_large_image","twitter_misc":{"Predpokladan\u00fd \u010das \u010d\u00edtania":"5 min\u00fat"},"schema":{"@context":"https:\/\/schema.org","@graph":[{"@type":"WebPage","@id":"https:\/\/www.upjs.sk\/fakulta-verejnej-spravy\/21924-2\/","url":"https:\/\/www.upjs.sk\/fakulta-verejnej-spravy\/21924-2\/","name":"VEREJN\u00c1 SPR\u00c1VA (PhD.) - Fakulta verejnej spr\u00e1vy | UPJ\u0160","isPartOf":{"@id":"https:\/\/www.upjs.sk\/fakulta-verejnej-spravy\/#website"},"datePublished":"2022-06-07T09:12:06+00:00","dateModified":"2023-01-11T13:25:36+00:00","breadcrumb":{"@id":"https:\/\/www.upjs.sk\/fakulta-verejnej-spravy\/21924-2\/#breadcrumb"},"inLanguage":"sk-SK","potentialAction":[{"@type":"ReadAction","target":["https:\/\/www.upjs.sk\/fakulta-verejnej-spravy\/21924-2\/"]}]},{"@type":"BreadcrumbList","@id":"https:\/\/www.upjs.sk\/fakulta-verejnej-spravy\/21924-2\/#breadcrumb","itemListElement":[{"@type":"ListItem","position":1,"name":"Home","item":"https:\/\/www.upjs.sk\/fakulta-verejnej-spravy\/"},{"@type":"ListItem","position":2,"name":"VEREJN\u00c1 SPR\u00c1VA (PhD.)"}]},{"@type":"WebSite","@id":"https:\/\/www.upjs.sk\/fakulta-verejnej-spravy\/#website","url":"https:\/\/www.upjs.sk\/fakulta-verejnej-spravy\/","name":"Fakulta verejnej spr\u00e1vy | UPJ\u0160","description":"","publisher":{"@id":"https:\/\/www.upjs.sk\/fakulta-verejnej-spravy\/#organization"},"potentialAction":[{"@type":"SearchAction","target":{"@type":"EntryPoint","urlTemplate":"https:\/\/www.upjs.sk\/fakulta-verejnej-spravy\/?s={search_term_string}"},"query-input":{"@type":"PropertyValueSpecification","valueRequired":true,"valueName":"search_term_string"}}],"inLanguage":"sk-SK"},{"@type":"Organization","@id":"https:\/\/www.upjs.sk\/fakulta-verejnej-spravy\/#organization","name":"Fakulta verejnej spr\u00e1vy | UPJ\u0160","url":"https:\/\/www.upjs.sk\/fakulta-verejnej-spravy\/","logo":{"@type":"ImageObject","inLanguage":"sk-SK","@id":"https:\/\/www.upjs.sk\/fakulta-verejnej-spravy\/#\/schema\/logo\/image\/","url":"https:\/\/www.upjs.sk\/app\/uploads\/sites\/12\/2022\/09\/logo-verejnej-spravy-fakulta.png","contentUrl":"https:\/\/www.upjs.sk\/app\/uploads\/sites\/12\/2022\/09\/logo-verejnej-spravy-fakulta.png","width":415,"height":87,"caption":"Fakulta verejnej spr\u00e1vy | UPJ\u0160"},"image":{"@id":"https:\/\/www.upjs.sk\/fakulta-verejnej-spravy\/#\/schema\/logo\/image\/"}}]}},"_links":{"self":[{"href":"https:\/\/www.upjs.sk\/fakulta-verejnej-spravy\/wp-json\/wp\/v2\/pages\/13159","targetHints":{"allow":["GET"]}}],"collection":[{"href":"https:\/\/www.upjs.sk\/fakulta-verejnej-spravy\/wp-json\/wp\/v2\/pages"}],"about":[{"href":"https:\/\/www.upjs.sk\/fakulta-verejnej-spravy\/wp-json\/wp\/v2\/types\/page"}],"author":[{"embeddable":true,"href":"https:\/\/www.upjs.sk\/fakulta-verejnej-spravy\/wp-json\/wp\/v2\/users\/1"}],"replies":[{"embeddable":true,"href":"https:\/\/www.upjs.sk\/fakulta-verejnej-spravy\/wp-json\/wp\/v2\/comments?post=13159"}],"version-history":[{"count":3,"href":"https:\/\/www.upjs.sk\/fakulta-verejnej-spravy\/wp-json\/wp\/v2\/pages\/13159\/revisions"}],"predecessor-version":[{"id":21946,"href":"https:\/\/www.upjs.sk\/fakulta-verejnej-spravy\/wp-json\/wp\/v2\/pages\/13159\/revisions\/21946"}],"wp:attachment":[{"href":"https:\/\/www.upjs.sk\/fakulta-verejnej-spravy\/wp-json\/wp\/v2\/media?parent=13159"}],"wp:term":[{"taxonomy":"category","embeddable":true,"href":"https:\/\/www.upjs.sk\/fakulta-verejnej-spravy\/wp-json\/wp\/v2\/categories?post=13159"},{"taxonomy":"post_tag","embeddable":true,"href":"https:\/\/www.upjs.sk\/fakulta-verejnej-spravy\/wp-json\/wp\/v2\/tags?post=13159"}],"curies":[{"name":"wp","href":"https:\/\/api.w.org\/{rel}","templated":true}]}}