{"id":13612,"date":"2013-01-21T14:24:10","date_gmt":"2013-01-21T14:24:10","guid":{"rendered":"https:\/\/www.upjs.sk\/fakulta-verejnej-spravy\/zahranicne-vztahy\/7764-2\/"},"modified":"2013-01-21T14:24:10","modified_gmt":"2013-01-21T14:24:10","slug":"7764-2","status":"publish","type":"page","link":"https:\/\/www.upjs.sk\/fakulta-verejnej-spravy\/medzinarodne-vztahy\/7764-2\/","title":{"rendered":"Zoznam uznan\u00fdch predmetov_Slezsk\u00e1 univerzita, Fakulta verejn\u00fdch polit\u00edk, \u010cesko"},"content":{"rendered":"<p>\n\t\u00a0<\/p>\n<p>\n\t\u00a0<\/p>\n<table border=\"1\" cellpadding=\"0\" cellspacing=\"0\" style=\"width: 451px\" width=\"451\">\n<tbody>\n<tr>\n<td style=\"width: 39px\">\n<p>\n\t\t\t\t\t\u00a0<\/p>\n<\/td>\n<td colspan=\"3\" style=\"width: 412px\">\n<p align=\"center\">\n\t\t\t\t\t<strong>Fakulta verejn\u00fdch polit\u00edk v\u00a0Opave, SU, \u010cesk\u00e1 republika<\/strong><\/p>\n<p align=\"center\">\n\t\t\t\t\t\u00a0<\/p>\n<\/td>\n<\/tr>\n<tr>\n<td style=\"width: 39px\">\n<p>\n\t\t\t\t\t\u00a0<\/p>\n<\/td>\n<td colspan=\"3\" style=\"width: 412px\">\n<p align=\"center\">\n\t\t\t\t\t<strong>Akademick\u00fd rok 2010\/2011<\/strong><\/p>\n<p align=\"center\">\n\t\t\t\t\t\u00a0<\/p>\n<\/td>\n<\/tr>\n<tr>\n<td style=\"width: 39px\">\n<p>\n\t\t\t\t\t<strong>P.\u010d. <\/strong><\/p>\n<\/td>\n<td style=\"width: 147px\">\n<p>\n\t\t\t\t\t<strong>Predmet absolvovan\u00fd v zahrani\u010d\u00ed<\/strong><\/p>\n<\/td>\n<td style=\"width: 142px\">\n<p>\n\t\t\t\t\t<strong>Predmet &#8211; FVS*<\/strong><\/p>\n<\/td>\n<td style=\"width: 123px\">\n<p>\n\t\t\t\t\t<strong>Zoznam \u0161tudentov**<\/strong><\/p>\n<\/td>\n<\/tr>\n<tr>\n<td style=\"width: 39px\">\n<p>\n\t\t\t\t\t1.<\/p>\n<\/td>\n<td style=\"width: 147px\">\n<p>\n\t\t\t\t\tRegionalistika a\u00a0region\u00e1lny rozvoj<\/p>\n<\/td>\n<td style=\"width: 142px\">\n<p>\n\t\t\t\t\tRegion\u00e1lna ekonomika a\u00a0rozvoj I.<\/p>\n<\/td>\n<td rowspan=\"10\" style=\"width: 123px\">\n<p>\n\t\t\t\t\tLucia Gri\u0161\u010d\u00edkov\u00e1<\/p>\n<\/td>\n<\/tr>\n<tr>\n<td style=\"width: 39px\">\n<p>\n\t\t\t\t\t2.<\/p>\n<\/td>\n<td style=\"width: 147px\">\n<p>\n\t\t\t\t\tKoncepcia rozvoja miest a regi\u00f3nov<\/p>\n<\/td>\n<td style=\"width: 142px\">\n<p>\n\t\t\t\t\tRegion\u00e1lna ekonomika a\u00a0rozvoj II.<\/p>\n<\/td>\n<\/tr>\n<tr>\n<td style=\"width: 39px\">\n<p>\n\t\t\t\t\t3.<\/p>\n<\/td>\n<td style=\"width: 147px\">\n<p>\n\t\t\t\t\tMedzin\u00e1rodn\u00e1 politika a\u00a0sp\u00e1vne regi\u00f3ny<\/p>\n<\/td>\n<td style=\"width: 142px\">\n<p>\n\t\t\t\t\tMedzin\u00e1rodn\u00e1 politika<\/p>\n<\/td>\n<\/tr>\n<tr>\n<td style=\"width: 39px\">\n<p>\n\t\t\t\t\t4.<\/p>\n<\/td>\n<td style=\"width: 147px\">\n<p>\n\t\t\t\t\tPr\u00e1vne syst\u00e9my stredoeur\u00f3pskych \u0161t\u00e1tov<\/p>\n<\/td>\n<td style=\"width: 142px\">\n<p>\n\t\t\t\t\tMiestna spr\u00e1va vo vybran\u00fdch \u0161t\u00e1toch E\u00da<\/p>\n<\/td>\n<\/tr>\n<tr>\n<td style=\"width: 39px; height: 17px\">\n<p>\n\t\t\t\t\t5.<\/p>\n<\/td>\n<td style=\"width: 147px; height: 17px\">\n<p>\n\t\t\t\t\tSpolo\u010densk\u00e1 etika a\u00a0diplomatick\u00fd protokol<\/p>\n<\/td>\n<td style=\"width: 142px; height: 17px\">\n<p>\n\t\t\t\t\tEtika vo verejnej spr\u00e1ve<\/p>\n<\/td>\n<\/tr>\n<tr>\n<td style=\"width: 39px; height: 17px\">\n<p>\n\t\t\t\t\t6.<\/p>\n<\/td>\n<td style=\"width: 147px; height: 17px\">\n<p>\n\t\t\t\t\tProbace, meditace a\u00a0soci\u00e1lni pr\u00e1ce v\u00a0trestn\u00ed justici<\/p>\n<\/td>\n<td style=\"width: 142px; height: 17px\">\n<p>\n\t\t\t\t\tTresty a\u00a0ochrann\u00e9 opatrenia<\/p>\n<\/td>\n<\/tr>\n<tr>\n<td style=\"width: 39px; height: 17px\">\n<p>\n\t\t\t\t\t7.<\/p>\n<\/td>\n<td style=\"width: 147px; height: 17px\">\n<p>\n\t\t\t\t\tMana\u017eeske pr\u00edstupy vo VS<\/p>\n<\/td>\n<td style=\"width: 142px; height: 17px\">\n<p>\n\t\t\t\t\tRiadenie \u013eudsk\u00fdch zdrojov<\/p>\n<\/td>\n<\/tr>\n<tr>\n<td style=\"width: 39px; height: 17px\">\n<p>\n\t\t\t\t\t8.<\/p>\n<\/td>\n<td style=\"width: 147px; height: 17px\">\n<p>\n\t\t\t\t\tEkonomick\u00e9 probl\u00e9my stredoeur\u00f3pskeho are\u00e1lu<\/p>\n<\/td>\n<td style=\"width: 142px; height: 17px\">\n<p>\n\t\t\t\t\tMedzin\u00e1rodn\u00e9 ekonomick\u00e9 vz\u0165ahy<\/p>\n<\/td>\n<\/tr>\n<tr>\n<td style=\"width: 39px; height: 17px\">\n<p>\n\t\t\t\t\t9.<\/p>\n<\/td>\n<td style=\"width: 147px; height: 17px\">\n<p>\n\t\t\t\t\tInterkultur\u00e1lny mana\u017ement<\/p>\n<\/td>\n<td style=\"width: 142px; height: 17px\">\n<p>\n\t\t\t\t\tInterkultur\u00e1lnu komunik\u00e1ciu<\/p>\n<\/td>\n<\/tr>\n<tr>\n<td style=\"width: 39px; height: 17px\">\n<p>\n\t\t\t\t\t10.<\/p>\n<\/td>\n<td style=\"width: 147px; height: 17px\">\n<p>\n\t\t\t\t\tProjektov\u00e9 \u0159\u00edzen\u00ed<\/p>\n<\/td>\n<td style=\"width: 142px; height: 17px\">\n<p>\n\t\t\t\t\tProjektov\u00fd mana\u017ement<\/p>\n<\/td>\n<\/tr>\n<tr>\n<td colspan=\"4\" style=\"width: 451px\">\n<p>\n\t\t\t\t\t\u00a0<\/p>\n<\/td>\n<\/tr>\n<tr>\n<td style=\"width: 39px\">\n<p>\n\t\t\t\t\t1.<\/p>\n<\/td>\n<td style=\"width: 147px\">\n<p>\n\t\t\t\t\tRegionalistika a\u00a0region\u00e1lny rozvoj<\/p>\n<\/td>\n<td style=\"width: 142px\">\n<p>\n\t\t\t\t\tRegion\u00e1lna ekonomika a\u00a0rozvoj I.<\/p>\n<\/td>\n<td rowspan=\"5\" style=\"width: 123px\">\n<p>\n\t\t\t\t\tMartina S\u00fdkorov\u00e1<\/p>\n<\/td>\n<\/tr>\n<tr>\n<td style=\"width: 39px\">\n<p>\n\t\t\t\t\t2.<\/p>\n<\/td>\n<td style=\"width: 147px\">\n<p>\n\t\t\t\t\tKoncepcia rozvoja miest a regi\u00f3nov<\/p>\n<\/td>\n<td style=\"width: 142px\">\n<p>\n\t\t\t\t\tRegion\u00e1lna ekonomika a\u00a0rozvoj II.<\/p>\n<\/td>\n<\/tr>\n<tr>\n<td style=\"width: 39px\">\n<p>\n\t\t\t\t\t3.<\/p>\n<\/td>\n<td style=\"width: 147px\">\n<p>\n\t\t\t\t\tMedzin\u00e1rodn\u00e1 politika a\u00a0sp\u00e1vne regi\u00f3ny<\/p>\n<\/td>\n<td style=\"width: 142px\">\n<p>\n\t\t\t\t\tMedzin\u00e1rodn\u00e1 politika<\/p>\n<\/td>\n<\/tr>\n<tr>\n<td style=\"width: 39px\">\n<p>\n\t\t\t\t\t4.<\/p>\n<\/td>\n<td style=\"width: 147px\">\n<p>\n\t\t\t\t\tSpolo\u010densk\u00e1 etika a\u00a0diplomatick\u00fd protokol<\/p>\n<\/td>\n<td style=\"width: 142px\">\n<p>\n\t\t\t\t\tEtika vo verejnej spr\u00e1ve<\/p>\n<\/td>\n<\/tr>\n<tr>\n<td style=\"width: 39px\">\n<p>\n\t\t\t\t\t5.<\/p>\n<\/td>\n<td style=\"width: 147px\">\n<p>\n\t\t\t\t\tProbace, meditace a\u00a0soci\u00e1lni pr\u00e1ce v\u00a0trestn\u00ed justici<\/p>\n<\/td>\n<td style=\"width: 142px\">\n<p>\n\t\t\t\t\tTresty a\u00a0ochrann\u00e9 opatrenia<\/p>\n<\/td>\n<\/tr>\n<\/tbody>\n<\/table>\n<p>\n\t\u00a0<\/p>\n<p>\n\t<em>Vysvetlivky:<\/em><\/p>\n<p>\n\t* predmet za ktor\u00fd bol uznan\u00fd na fakulte<\/p>\n<p>\n\t** menovit\u00fd zoznam \u0161tudentov, ktor\u00fd v\u00a0zahrani\u010d\u00ed dan\u00fd predmet absolvoval<\/p>\n","protected":false},"excerpt":{"rendered":"<p>\u00a0 \u00a0 \u00a0 Fakulta verejn\u00fdch polit\u00edk v\u00a0Opave, SU, \u010cesk\u00e1 republika \u00a0 \u00a0 Akademick\u00fd rok 2010\/2011 \u00a0 P.\u010d. Predmet absolvovan\u00fd v zahrani\u010d\u00ed Predmet &#8211; FVS* Zoznam \u0161tudentov** 1. Regionalistika a\u00a0region\u00e1lny rozvoj Region\u00e1lna ekonomika a\u00a0rozvoj I. Lucia Gri\u0161\u010d\u00edkov\u00e1 2. Koncepcia rozvoja miest a regi\u00f3nov Region\u00e1lna ekonomika a\u00a0rozvoj II. 3. Medzin\u00e1rodn\u00e1 politika a\u00a0sp\u00e1vne regi\u00f3ny Medzin\u00e1rodn\u00e1 politika 4. Pr\u00e1vne &hellip; <a href=\"https:\/\/www.upjs.sk\/fakulta-verejnej-spravy\/medzinarodne-vztahy\/7764-2\/\">\u010c\u00edta\u0165 \u010falej<\/a><\/p>\n","protected":false},"author":1,"featured_media":0,"parent":12952,"menu_order":14,"comment_status":"closed","ping_status":"closed","template":"","meta":{"_acf_changed":false,"_editorskit_title_hidden":false,"_editorskit_reading_time":0,"_editorskit_is_block_options_detached":false,"_editorskit_block_options_position":"{}","footnotes":""},"categories":[],"tags":[],"class_list":["post-13612","page","type-page","status-publish","hentry"],"acf":{"acf_link_na_externy_obsah":""},"yoast_head":"<!-- This site is optimized with the Yoast SEO plugin v27.4 - https:\/\/yoast.com\/product\/yoast-seo-wordpress\/ -->\n<title>Zoznam uznan\u00fdch predmetov_Slezsk\u00e1 univerzita, Fakulta verejn\u00fdch polit\u00edk, \u010cesko - Fakulta verejnej spr\u00e1vy | UPJ\u0160<\/title>\n<meta name=\"robots\" content=\"index, follow, max-snippet:-1, max-image-preview:large, max-video-preview:-1\" \/>\n<link rel=\"canonical\" href=\"https:\/\/www.upjs.sk\/fakulta-verejnej-spravy\/medzinarodne-vztahy\/7764-2\/\" \/>\n<meta property=\"og:locale\" content=\"sk_SK\" \/>\n<meta property=\"og:type\" content=\"article\" \/>\n<meta property=\"og:title\" content=\"Zoznam uznan\u00fdch predmetov_Slezsk\u00e1 univerzita, Fakulta verejn\u00fdch polit\u00edk, \u010cesko - Fakulta verejnej spr\u00e1vy | UPJ\u0160\" \/>\n<meta property=\"og:description\" content=\"\u00a0 \u00a0 \u00a0 Fakulta verejn\u00fdch polit\u00edk v\u00a0Opave, SU, \u010cesk\u00e1 republika \u00a0 \u00a0 Akademick\u00fd rok 2010\/2011 \u00a0 P.\u010d. Predmet absolvovan\u00fd v zahrani\u010d\u00ed Predmet &#8211; FVS* Zoznam \u0161tudentov** 1. Regionalistika a\u00a0region\u00e1lny rozvoj Region\u00e1lna ekonomika a\u00a0rozvoj I. Lucia Gri\u0161\u010d\u00edkov\u00e1 2. Koncepcia rozvoja miest a regi\u00f3nov Region\u00e1lna ekonomika a\u00a0rozvoj II. 3. Medzin\u00e1rodn\u00e1 politika a\u00a0sp\u00e1vne regi\u00f3ny Medzin\u00e1rodn\u00e1 politika 4. Pr\u00e1vne &hellip; \u010c\u00edta\u0165 \u010falej\" \/>\n<meta property=\"og:url\" content=\"https:\/\/www.upjs.sk\/fakulta-verejnej-spravy\/medzinarodne-vztahy\/7764-2\/\" \/>\n<meta property=\"og:site_name\" content=\"Fakulta verejnej spr\u00e1vy | UPJ\u0160\" \/>\n<meta name=\"twitter:card\" content=\"summary_large_image\" \/>\n<meta name=\"twitter:label1\" content=\"Predpokladan\u00fd \u010das \u010d\u00edtania\" \/>\n\t<meta name=\"twitter:data1\" content=\"1 min\u00fata\" \/>\n<script type=\"application\/ld+json\" class=\"yoast-schema-graph\">{\"@context\":\"https:\\\/\\\/schema.org\",\"@graph\":[{\"@type\":\"WebPage\",\"@id\":\"https:\\\/\\\/www.upjs.sk\\\/fakulta-verejnej-spravy\\\/medzinarodne-vztahy\\\/7764-2\\\/\",\"url\":\"https:\\\/\\\/www.upjs.sk\\\/fakulta-verejnej-spravy\\\/medzinarodne-vztahy\\\/7764-2\\\/\",\"name\":\"Zoznam uznan\u00fdch predmetov_Slezsk\u00e1 univerzita, Fakulta verejn\u00fdch polit\u00edk, \u010cesko - Fakulta verejnej spr\u00e1vy | UPJ\u0160\",\"isPartOf\":{\"@id\":\"https:\\\/\\\/www.upjs.sk\\\/fakulta-verejnej-spravy\\\/#website\"},\"datePublished\":\"2013-01-21T14:24:10+00:00\",\"breadcrumb\":{\"@id\":\"https:\\\/\\\/www.upjs.sk\\\/fakulta-verejnej-spravy\\\/medzinarodne-vztahy\\\/7764-2\\\/#breadcrumb\"},\"inLanguage\":\"sk-SK\",\"potentialAction\":[{\"@type\":\"ReadAction\",\"target\":[\"https:\\\/\\\/www.upjs.sk\\\/fakulta-verejnej-spravy\\\/medzinarodne-vztahy\\\/7764-2\\\/\"]}]},{\"@type\":\"BreadcrumbList\",\"@id\":\"https:\\\/\\\/www.upjs.sk\\\/fakulta-verejnej-spravy\\\/medzinarodne-vztahy\\\/7764-2\\\/#breadcrumb\",\"itemListElement\":[{\"@type\":\"ListItem\",\"position\":1,\"name\":\"Home\",\"item\":\"https:\\\/\\\/www.upjs.sk\\\/fakulta-verejnej-spravy\\\/\"},{\"@type\":\"ListItem\",\"position\":2,\"name\":\"Medzin\u00e1rodn\u00e9 vz\u0165ahy\",\"item\":\"https:\\\/\\\/www.upjs.sk\\\/fakulta-verejnej-spravy\\\/medzinarodne-vztahy\\\/\"},{\"@type\":\"ListItem\",\"position\":3,\"name\":\"Zoznam uznan\u00fdch predmetov_Slezsk\u00e1 univerzita, Fakulta verejn\u00fdch polit\u00edk, \u010cesko\"}]},{\"@type\":\"WebSite\",\"@id\":\"https:\\\/\\\/www.upjs.sk\\\/fakulta-verejnej-spravy\\\/#website\",\"url\":\"https:\\\/\\\/www.upjs.sk\\\/fakulta-verejnej-spravy\\\/\",\"name\":\"Fakulta verejnej spr\u00e1vy | UPJ\u0160\",\"description\":\"\",\"publisher\":{\"@id\":\"https:\\\/\\\/www.upjs.sk\\\/fakulta-verejnej-spravy\\\/#organization\"},\"potentialAction\":[{\"@type\":\"SearchAction\",\"target\":{\"@type\":\"EntryPoint\",\"urlTemplate\":\"https:\\\/\\\/www.upjs.sk\\\/fakulta-verejnej-spravy\\\/?s={search_term_string}\"},\"query-input\":{\"@type\":\"PropertyValueSpecification\",\"valueRequired\":true,\"valueName\":\"search_term_string\"}}],\"inLanguage\":\"sk-SK\"},{\"@type\":\"Organization\",\"@id\":\"https:\\\/\\\/www.upjs.sk\\\/fakulta-verejnej-spravy\\\/#organization\",\"name\":\"Fakulta verejnej spr\u00e1vy | UPJ\u0160\",\"url\":\"https:\\\/\\\/www.upjs.sk\\\/fakulta-verejnej-spravy\\\/\",\"logo\":{\"@type\":\"ImageObject\",\"inLanguage\":\"sk-SK\",\"@id\":\"https:\\\/\\\/www.upjs.sk\\\/fakulta-verejnej-spravy\\\/#\\\/schema\\\/logo\\\/image\\\/\",\"url\":\"https:\\\/\\\/www.upjs.sk\\\/app\\\/uploads\\\/sites\\\/12\\\/2022\\\/09\\\/logo-verejnej-spravy-fakulta.png\",\"contentUrl\":\"https:\\\/\\\/www.upjs.sk\\\/app\\\/uploads\\\/sites\\\/12\\\/2022\\\/09\\\/logo-verejnej-spravy-fakulta.png\",\"width\":415,\"height\":87,\"caption\":\"Fakulta verejnej spr\u00e1vy | UPJ\u0160\"},\"image\":{\"@id\":\"https:\\\/\\\/www.upjs.sk\\\/fakulta-verejnej-spravy\\\/#\\\/schema\\\/logo\\\/image\\\/\"}}]}<\/script>\n<!-- \/ Yoast SEO plugin. -->","yoast_head_json":{"title":"Zoznam uznan\u00fdch predmetov_Slezsk\u00e1 univerzita, Fakulta verejn\u00fdch polit\u00edk, \u010cesko - Fakulta verejnej spr\u00e1vy | UPJ\u0160","robots":{"index":"index","follow":"follow","max-snippet":"max-snippet:-1","max-image-preview":"max-image-preview:large","max-video-preview":"max-video-preview:-1"},"canonical":"https:\/\/www.upjs.sk\/fakulta-verejnej-spravy\/medzinarodne-vztahy\/7764-2\/","og_locale":"sk_SK","og_type":"article","og_title":"Zoznam uznan\u00fdch predmetov_Slezsk\u00e1 univerzita, Fakulta verejn\u00fdch polit\u00edk, \u010cesko - Fakulta verejnej spr\u00e1vy | UPJ\u0160","og_description":"\u00a0 \u00a0 \u00a0 Fakulta verejn\u00fdch polit\u00edk v\u00a0Opave, SU, \u010cesk\u00e1 republika \u00a0 \u00a0 Akademick\u00fd rok 2010\/2011 \u00a0 P.\u010d. Predmet absolvovan\u00fd v zahrani\u010d\u00ed Predmet &#8211; FVS* Zoznam \u0161tudentov** 1. Regionalistika a\u00a0region\u00e1lny rozvoj Region\u00e1lna ekonomika a\u00a0rozvoj I. Lucia Gri\u0161\u010d\u00edkov\u00e1 2. Koncepcia rozvoja miest a regi\u00f3nov Region\u00e1lna ekonomika a\u00a0rozvoj II. 3. Medzin\u00e1rodn\u00e1 politika a\u00a0sp\u00e1vne regi\u00f3ny Medzin\u00e1rodn\u00e1 politika 4. Pr\u00e1vne &hellip; \u010c\u00edta\u0165 \u010falej","og_url":"https:\/\/www.upjs.sk\/fakulta-verejnej-spravy\/medzinarodne-vztahy\/7764-2\/","og_site_name":"Fakulta verejnej spr\u00e1vy | UPJ\u0160","twitter_card":"summary_large_image","twitter_misc":{"Predpokladan\u00fd \u010das \u010d\u00edtania":"1 min\u00fata"},"schema":{"@context":"https:\/\/schema.org","@graph":[{"@type":"WebPage","@id":"https:\/\/www.upjs.sk\/fakulta-verejnej-spravy\/medzinarodne-vztahy\/7764-2\/","url":"https:\/\/www.upjs.sk\/fakulta-verejnej-spravy\/medzinarodne-vztahy\/7764-2\/","name":"Zoznam uznan\u00fdch predmetov_Slezsk\u00e1 univerzita, Fakulta verejn\u00fdch polit\u00edk, \u010cesko - Fakulta verejnej spr\u00e1vy | UPJ\u0160","isPartOf":{"@id":"https:\/\/www.upjs.sk\/fakulta-verejnej-spravy\/#website"},"datePublished":"2013-01-21T14:24:10+00:00","breadcrumb":{"@id":"https:\/\/www.upjs.sk\/fakulta-verejnej-spravy\/medzinarodne-vztahy\/7764-2\/#breadcrumb"},"inLanguage":"sk-SK","potentialAction":[{"@type":"ReadAction","target":["https:\/\/www.upjs.sk\/fakulta-verejnej-spravy\/medzinarodne-vztahy\/7764-2\/"]}]},{"@type":"BreadcrumbList","@id":"https:\/\/www.upjs.sk\/fakulta-verejnej-spravy\/medzinarodne-vztahy\/7764-2\/#breadcrumb","itemListElement":[{"@type":"ListItem","position":1,"name":"Home","item":"https:\/\/www.upjs.sk\/fakulta-verejnej-spravy\/"},{"@type":"ListItem","position":2,"name":"Medzin\u00e1rodn\u00e9 vz\u0165ahy","item":"https:\/\/www.upjs.sk\/fakulta-verejnej-spravy\/medzinarodne-vztahy\/"},{"@type":"ListItem","position":3,"name":"Zoznam uznan\u00fdch predmetov_Slezsk\u00e1 univerzita, Fakulta verejn\u00fdch polit\u00edk, \u010cesko"}]},{"@type":"WebSite","@id":"https:\/\/www.upjs.sk\/fakulta-verejnej-spravy\/#website","url":"https:\/\/www.upjs.sk\/fakulta-verejnej-spravy\/","name":"Fakulta verejnej spr\u00e1vy | UPJ\u0160","description":"","publisher":{"@id":"https:\/\/www.upjs.sk\/fakulta-verejnej-spravy\/#organization"},"potentialAction":[{"@type":"SearchAction","target":{"@type":"EntryPoint","urlTemplate":"https:\/\/www.upjs.sk\/fakulta-verejnej-spravy\/?s={search_term_string}"},"query-input":{"@type":"PropertyValueSpecification","valueRequired":true,"valueName":"search_term_string"}}],"inLanguage":"sk-SK"},{"@type":"Organization","@id":"https:\/\/www.upjs.sk\/fakulta-verejnej-spravy\/#organization","name":"Fakulta verejnej spr\u00e1vy | UPJ\u0160","url":"https:\/\/www.upjs.sk\/fakulta-verejnej-spravy\/","logo":{"@type":"ImageObject","inLanguage":"sk-SK","@id":"https:\/\/www.upjs.sk\/fakulta-verejnej-spravy\/#\/schema\/logo\/image\/","url":"https:\/\/www.upjs.sk\/app\/uploads\/sites\/12\/2022\/09\/logo-verejnej-spravy-fakulta.png","contentUrl":"https:\/\/www.upjs.sk\/app\/uploads\/sites\/12\/2022\/09\/logo-verejnej-spravy-fakulta.png","width":415,"height":87,"caption":"Fakulta verejnej spr\u00e1vy | UPJ\u0160"},"image":{"@id":"https:\/\/www.upjs.sk\/fakulta-verejnej-spravy\/#\/schema\/logo\/image\/"}}]}},"_links":{"self":[{"href":"https:\/\/www.upjs.sk\/fakulta-verejnej-spravy\/wp-json\/wp\/v2\/pages\/13612","targetHints":{"allow":["GET"]}}],"collection":[{"href":"https:\/\/www.upjs.sk\/fakulta-verejnej-spravy\/wp-json\/wp\/v2\/pages"}],"about":[{"href":"https:\/\/www.upjs.sk\/fakulta-verejnej-spravy\/wp-json\/wp\/v2\/types\/page"}],"author":[{"embeddable":true,"href":"https:\/\/www.upjs.sk\/fakulta-verejnej-spravy\/wp-json\/wp\/v2\/users\/1"}],"replies":[{"embeddable":true,"href":"https:\/\/www.upjs.sk\/fakulta-verejnej-spravy\/wp-json\/wp\/v2\/comments?post=13612"}],"version-history":[{"count":0,"href":"https:\/\/www.upjs.sk\/fakulta-verejnej-spravy\/wp-json\/wp\/v2\/pages\/13612\/revisions"}],"up":[{"embeddable":true,"href":"https:\/\/www.upjs.sk\/fakulta-verejnej-spravy\/wp-json\/wp\/v2\/pages\/12952"}],"wp:attachment":[{"href":"https:\/\/www.upjs.sk\/fakulta-verejnej-spravy\/wp-json\/wp\/v2\/media?parent=13612"}],"wp:term":[{"taxonomy":"category","embeddable":true,"href":"https:\/\/www.upjs.sk\/fakulta-verejnej-spravy\/wp-json\/wp\/v2\/categories?post=13612"},{"taxonomy":"post_tag","embeddable":true,"href":"https:\/\/www.upjs.sk\/fakulta-verejnej-spravy\/wp-json\/wp\/v2\/tags?post=13612"}],"curies":[{"name":"wp","href":"https:\/\/api.w.org\/{rel}","templated":true}]}}