{"id":13700,"date":"2021-04-25T20:38:43","date_gmt":"2021-04-25T20:38:43","guid":{"rendered":"https:\/\/www.upjs.sk\/fakulta-verejnej-spravy\/zahranicne-vztahy\/22907-2\/"},"modified":"2022-10-19T13:55:37","modified_gmt":"2022-10-19T13:55:37","slug":"22907-2","status":"publish","type":"page","link":"https:\/\/www.upjs.sk\/fakulta-verejnej-spravy\/medzinarodne-vztahy\/22907-2\/","title":{"rendered":"Public Administration Education Quality Enhancement (PAQUALITY)"},"content":{"rendered":"<p><img decoding=\"async\" alt=\"\" src=\"http:\/\/www.upjs.sk\/\/app\/uploads\/sites\/12\/2022\/09\/logo_PAQUALITY_V2_BIG.png\" style=\"height:128px; width:300px\" \/><\/p>\n<p><span style=\"font-size:16px\"><strong>N\u00e1zov projektu:<\/strong> Public Administration Education Quality Enhancement<\/span><\/p>\n<p><span style=\"font-size:16px\"><strong>Skratka:<\/strong> PAQUALITY<\/span><\/p>\n<p><span style=\"font-size:16px\"><strong>Koordin\u00e1tor projektu na UPJ\u0160:<\/strong> PhDr. Miroslav Fe\u010dko, PhD.; doc. Ing. Silvia Ru\u010dinsk\u00e1, PhD.<\/span><\/p>\n<p><span style=\"font-size:16px\"><strong>Koordin\u00e1tor projektu:<\/strong> NISPAcee (Network of Institutions and Schools of Public Administration in Central and Eastern Europe)<\/span><\/p>\n<p><span style=\"font-size:16px\"><strong>Projektov\u00ed partneri:<\/strong><\/span><\/p>\n<ul>\n<li><span style=\"font-size:16px\">NISPAcee &#8211; Network of Institutions and Schools of Public Administration in Central and Eastern Europe (Slovensko)<\/span><\/li>\n<li><span style=\"font-size:16px\">Univerzita Pavla Jozefa \u0160af\u00e1rika v\u00a0Ko\u0161iciach (Slovensko)<\/span><\/li>\n<li><span style=\"font-size:16px\">EAPAA &#8211; European Association for Public Administration Accreditation (Holandsko)<\/span><\/li>\n<li><span style=\"font-size:16px\">Masarykova univerzita (\u010cesk\u00e1 republika)<\/span><\/li>\n<li><span style=\"font-size:16px\">Universitatea Babes Bolyai (Rumunsko)<\/span><\/li>\n<li><span style=\"font-size:16px\">Univerza v\u00a0Ljubljani (Slovinsko)<\/span><\/li>\n<li><span style=\"font-size:16px\">Budapesti Corvinus Egyetem (Ma\u010farsko)<\/span><\/li>\n<li><span style=\"font-size:16px\">Univerzita Mateja Bela v\u00a0Banskej Bystrici (Slovensko)<\/span><\/li>\n<li><span style=\"font-size:16px\">Ekonomick\u00e1 univerzita v\u00a0Bratislave (Slovensko)<\/span><\/li>\n<li><span style=\"font-size:16px\">Varna Free University (Bulharsko)<\/span><\/li>\n<\/ul>\n<p><span style=\"font-size:16px\"><strong>Trvanie:<\/strong> 01.09.2018 \u2013 31.08.2021<\/span><\/p>\n<p><span style=\"font-size:16px\"><strong>Web odkazy:<\/strong><\/span><\/p>\n<ul>\n<li><span style=\"font-size:16px\"><a href=\"http:\/\/www.nispa.org\/paquality\" target=\"_blank\" rel=\"noopener\">Ofici\u00e1lny web<\/a><\/span><\/li>\n<\/ul>\n<p><span style=\"font-size:16px\"><strong>Cie\u013e \/ anot\u00e1cia:<\/strong><\/span><\/p>\n<p><span style=\"font-size:16px\">Cie\u013eom projektu je podpora zmien v\u00a0oblasti vzdel\u00e1vania so zameran\u00edm na verejn\u00fa spr\u00e1vu v\u00a0s\u00falade s\u00a0cie\u013emi Bolonsk\u00e9ho procesu. Z\u00e1merom je najm\u00e4:<\/span><\/p>\n<ul>\n<li><span style=\"font-size:16px\">podpora eur\u00f3pskej spolupr\u00e1ce pri zabezpe\u010dovan\u00ed kvality s\u00a0cie\u013eom vyvin\u00fa\u0165 porovnate\u013en\u00e9 krit\u00e9ria a\u00a0metodiky a<\/span><\/li>\n<li><span style=\"font-size:16px\">podpora nevyhnutn\u00fdch eur\u00f3pskych rozmerov vysoko\u0161kolsk\u00e9ho vzdel\u00e1vania, predov\u0161etk\u00fdm vo vz\u0165ahu k vytv\u00e1rania obsahu \u0161tudijn\u00fdch programov, medzi-in\u0161titucion\u00e1lnej spolupr\u00e1ce, programom mobil\u00edt a\u00a0integrovan\u00fdm programom pre \u0161t\u00fadium, tr\u00e9ning a\u00a0v\u00fdskum. \u00a0<\/span><\/li>\n<\/ul>\n<p><strong><span style=\"font-size:16px\">Aktuality:<\/span><\/strong><\/p>\n<p><a href=\"https:\/\/www.upjs.sk\/fakulta-verejnej-spravy\/23727\/\" target=\"_blank\" rel=\"noopener\"><span style=\"font-size:16px\">Online workshop 16.09.2020 &#8211; 18.09.2020<\/span><\/a><\/p>\n<p><a href=\"https:\/\/www.upjs.sk\/fakulta-verejnej-spravy\/23954\/\" target=\"_blank\" rel=\"noopener\"><span style=\"font-size:16px\">Transnacion\u00e1lne projektov\u00e9 stretnutie 20.11.2020<\/span><\/a><\/p>\n<p><span style=\"font-size:16px\"><a href=\"https:\/\/www.upjs.sk\/fakulta-verejnej-spravy\/24756\/\" target=\"_blank\" rel=\"noopener\">Multiplika\u010dn\u00e9 podujatie 13.04.2021<\/a><\/span><\/p>\n<p>\u00a0<\/p>\n<p><img decoding=\"async\" alt=\"\" src=\"http:\/\/www.upjs.sk\/\/app\/uploads\/sites\/12\/2022\/09\/eu_flag_co_funded_pos_rgb_right.jpg\" style=\"height:86px; width:300px\" \/><\/p>\n<p><img decoding=\"async\" alt=\"\" src=\"http:\/\/www.upjs.sk\/\/app\/uploads\/sites\/12\/2022\/09\/Paquality-6.jpg\" style=\"height:350px; width:720px\" \/><\/p>\n","protected":false},"excerpt":{"rendered":"<p>N\u00e1zov projektu: Public Administration Education Quality Enhancement Skratka: PAQUALITY Koordin\u00e1tor projektu na UPJ\u0160: PhDr. Miroslav Fe\u010dko, PhD.; doc. Ing. Silvia Ru\u010dinsk\u00e1, PhD. Koordin\u00e1tor projektu: NISPAcee (Network of Institutions and Schools of Public Administration in Central and Eastern Europe) Projektov\u00ed partneri: NISPAcee &#8211; Network of Institutions and Schools of Public Administration in Central and Eastern Europe &hellip; <a href=\"https:\/\/www.upjs.sk\/fakulta-verejnej-spravy\/medzinarodne-vztahy\/22907-2\/\">\u010c\u00edta\u0165 \u010falej<\/a><\/p>\n","protected":false},"author":1,"featured_media":13702,"parent":12952,"menu_order":38,"comment_status":"closed","ping_status":"closed","template":"","meta":{"_acf_changed":false,"_editorskit_title_hidden":false,"_editorskit_reading_time":0,"_editorskit_is_block_options_detached":false,"_editorskit_block_options_position":"{}","footnotes":""},"categories":[],"tags":[],"class_list":["post-13700","page","type-page","status-publish","has-post-thumbnail","hentry"],"acf":{"acf_link_na_externy_obsah":""},"yoast_head":"<!-- This site is optimized with the Yoast SEO plugin v27.2 - https:\/\/yoast.com\/product\/yoast-seo-wordpress\/ -->\n<title>Public Administration Education Quality Enhancement (PAQUALITY) - Fakulta verejnej spr\u00e1vy | UPJ\u0160<\/title>\n<meta name=\"robots\" content=\"index, follow, max-snippet:-1, max-image-preview:large, max-video-preview:-1\" \/>\n<link rel=\"canonical\" href=\"https:\/\/www.upjs.sk\/fakulta-verejnej-spravy\/medzinarodne-vztahy\/22907-2\/\" \/>\n<meta property=\"og:locale\" content=\"sk_SK\" \/>\n<meta property=\"og:type\" content=\"article\" \/>\n<meta property=\"og:title\" content=\"Public Administration Education Quality Enhancement (PAQUALITY) - Fakulta verejnej spr\u00e1vy | UPJ\u0160\" \/>\n<meta property=\"og:description\" content=\"N\u00e1zov projektu: Public Administration Education Quality Enhancement Skratka: PAQUALITY Koordin\u00e1tor projektu na UPJ\u0160: PhDr. Miroslav Fe\u010dko, PhD.; doc. Ing. Silvia Ru\u010dinsk\u00e1, PhD. Koordin\u00e1tor projektu: NISPAcee (Network of Institutions and Schools of Public Administration in Central and Eastern Europe) Projektov\u00ed partneri: NISPAcee &#8211; Network of Institutions and Schools of Public Administration in Central and Eastern Europe &hellip; \u010c\u00edta\u0165 \u010falej\" \/>\n<meta property=\"og:url\" content=\"https:\/\/www.upjs.sk\/fakulta-verejnej-spravy\/medzinarodne-vztahy\/22907-2\/\" \/>\n<meta property=\"og:site_name\" content=\"Fakulta verejnej spr\u00e1vy | UPJ\u0160\" \/>\n<meta property=\"article:modified_time\" content=\"2022-10-19T13:55:37+00:00\" \/>\n<meta property=\"og:image\" content=\"https:\/\/www.upjs.sk\/app\/uploads\/sites\/12\/2022\/09\/eu_flag_co_funded_pos_rgb_right.jpg\" \/>\n\t<meta property=\"og:image:width\" content=\"1964\" \/>\n\t<meta property=\"og:image:height\" content=\"561\" \/>\n\t<meta property=\"og:image:type\" content=\"image\/jpeg\" \/>\n<meta name=\"twitter:card\" content=\"summary_large_image\" \/>\n<meta name=\"twitter:label1\" content=\"Predpokladan\u00fd \u010das \u010d\u00edtania\" \/>\n\t<meta name=\"twitter:data1\" content=\"1 min\u00fata\" \/>\n<script type=\"application\/ld+json\" class=\"yoast-schema-graph\">{\"@context\":\"https:\/\/schema.org\",\"@graph\":[{\"@type\":\"WebPage\",\"@id\":\"https:\/\/www.upjs.sk\/fakulta-verejnej-spravy\/medzinarodne-vztahy\/22907-2\/\",\"url\":\"https:\/\/www.upjs.sk\/fakulta-verejnej-spravy\/medzinarodne-vztahy\/22907-2\/\",\"name\":\"Public Administration Education Quality Enhancement (PAQUALITY) - Fakulta verejnej spr\u00e1vy | UPJ\u0160\",\"isPartOf\":{\"@id\":\"https:\/\/www.upjs.sk\/fakulta-verejnej-spravy\/#website\"},\"primaryImageOfPage\":{\"@id\":\"https:\/\/www.upjs.sk\/fakulta-verejnej-spravy\/medzinarodne-vztahy\/22907-2\/#primaryimage\"},\"image\":{\"@id\":\"https:\/\/www.upjs.sk\/fakulta-verejnej-spravy\/medzinarodne-vztahy\/22907-2\/#primaryimage\"},\"thumbnailUrl\":\"https:\/\/www.upjs.sk\/app\/uploads\/sites\/12\/2022\/09\/eu_flag_co_funded_pos_rgb_right.jpg\",\"datePublished\":\"2021-04-25T20:38:43+00:00\",\"dateModified\":\"2022-10-19T13:55:37+00:00\",\"breadcrumb\":{\"@id\":\"https:\/\/www.upjs.sk\/fakulta-verejnej-spravy\/medzinarodne-vztahy\/22907-2\/#breadcrumb\"},\"inLanguage\":\"sk-SK\",\"potentialAction\":[{\"@type\":\"ReadAction\",\"target\":[\"https:\/\/www.upjs.sk\/fakulta-verejnej-spravy\/medzinarodne-vztahy\/22907-2\/\"]}]},{\"@type\":\"ImageObject\",\"inLanguage\":\"sk-SK\",\"@id\":\"https:\/\/www.upjs.sk\/fakulta-verejnej-spravy\/medzinarodne-vztahy\/22907-2\/#primaryimage\",\"url\":\"https:\/\/www.upjs.sk\/app\/uploads\/sites\/12\/2022\/09\/eu_flag_co_funded_pos_rgb_right.jpg\",\"contentUrl\":\"https:\/\/www.upjs.sk\/app\/uploads\/sites\/12\/2022\/09\/eu_flag_co_funded_pos_rgb_right.jpg\",\"width\":1964,\"height\":561,\"caption\":\"22907\"},{\"@type\":\"BreadcrumbList\",\"@id\":\"https:\/\/www.upjs.sk\/fakulta-verejnej-spravy\/medzinarodne-vztahy\/22907-2\/#breadcrumb\",\"itemListElement\":[{\"@type\":\"ListItem\",\"position\":1,\"name\":\"Home\",\"item\":\"https:\/\/www.upjs.sk\/fakulta-verejnej-spravy\/\"},{\"@type\":\"ListItem\",\"position\":2,\"name\":\"Medzin\u00e1rodn\u00e9 vz\u0165ahy\",\"item\":\"https:\/\/www.upjs.sk\/fakulta-verejnej-spravy\/medzinarodne-vztahy\/\"},{\"@type\":\"ListItem\",\"position\":3,\"name\":\"Public Administration Education Quality Enhancement (PAQUALITY)\"}]},{\"@type\":\"WebSite\",\"@id\":\"https:\/\/www.upjs.sk\/fakulta-verejnej-spravy\/#website\",\"url\":\"https:\/\/www.upjs.sk\/fakulta-verejnej-spravy\/\",\"name\":\"Fakulta verejnej spr\u00e1vy | UPJ\u0160\",\"description\":\"\",\"publisher\":{\"@id\":\"https:\/\/www.upjs.sk\/fakulta-verejnej-spravy\/#organization\"},\"potentialAction\":[{\"@type\":\"SearchAction\",\"target\":{\"@type\":\"EntryPoint\",\"urlTemplate\":\"https:\/\/www.upjs.sk\/fakulta-verejnej-spravy\/?s={search_term_string}\"},\"query-input\":{\"@type\":\"PropertyValueSpecification\",\"valueRequired\":true,\"valueName\":\"search_term_string\"}}],\"inLanguage\":\"sk-SK\"},{\"@type\":\"Organization\",\"@id\":\"https:\/\/www.upjs.sk\/fakulta-verejnej-spravy\/#organization\",\"name\":\"Fakulta verejnej spr\u00e1vy | UPJ\u0160\",\"url\":\"https:\/\/www.upjs.sk\/fakulta-verejnej-spravy\/\",\"logo\":{\"@type\":\"ImageObject\",\"inLanguage\":\"sk-SK\",\"@id\":\"https:\/\/www.upjs.sk\/fakulta-verejnej-spravy\/#\/schema\/logo\/image\/\",\"url\":\"https:\/\/www.upjs.sk\/app\/uploads\/sites\/12\/2022\/09\/logo-verejnej-spravy-fakulta.png\",\"contentUrl\":\"https:\/\/www.upjs.sk\/app\/uploads\/sites\/12\/2022\/09\/logo-verejnej-spravy-fakulta.png\",\"width\":415,\"height\":87,\"caption\":\"Fakulta verejnej spr\u00e1vy | UPJ\u0160\"},\"image\":{\"@id\":\"https:\/\/www.upjs.sk\/fakulta-verejnej-spravy\/#\/schema\/logo\/image\/\"}}]}<\/script>\n<!-- \/ Yoast SEO plugin. -->","yoast_head_json":{"title":"Public Administration Education Quality Enhancement (PAQUALITY) - Fakulta verejnej spr\u00e1vy | UPJ\u0160","robots":{"index":"index","follow":"follow","max-snippet":"max-snippet:-1","max-image-preview":"max-image-preview:large","max-video-preview":"max-video-preview:-1"},"canonical":"https:\/\/www.upjs.sk\/fakulta-verejnej-spravy\/medzinarodne-vztahy\/22907-2\/","og_locale":"sk_SK","og_type":"article","og_title":"Public Administration Education Quality Enhancement (PAQUALITY) - Fakulta verejnej spr\u00e1vy | UPJ\u0160","og_description":"N\u00e1zov projektu: Public Administration Education Quality Enhancement Skratka: PAQUALITY Koordin\u00e1tor projektu na UPJ\u0160: PhDr. Miroslav Fe\u010dko, PhD.; doc. Ing. Silvia Ru\u010dinsk\u00e1, PhD. Koordin\u00e1tor projektu: NISPAcee (Network of Institutions and Schools of Public Administration in Central and Eastern Europe) Projektov\u00ed partneri: NISPAcee &#8211; Network of Institutions and Schools of Public Administration in Central and Eastern Europe &hellip; \u010c\u00edta\u0165 \u010falej","og_url":"https:\/\/www.upjs.sk\/fakulta-verejnej-spravy\/medzinarodne-vztahy\/22907-2\/","og_site_name":"Fakulta verejnej spr\u00e1vy | UPJ\u0160","article_modified_time":"2022-10-19T13:55:37+00:00","og_image":[{"width":1964,"height":561,"url":"https:\/\/www.upjs.sk\/app\/uploads\/sites\/12\/2022\/09\/eu_flag_co_funded_pos_rgb_right.jpg","type":"image\/jpeg"}],"twitter_card":"summary_large_image","twitter_misc":{"Predpokladan\u00fd \u010das \u010d\u00edtania":"1 min\u00fata"},"schema":{"@context":"https:\/\/schema.org","@graph":[{"@type":"WebPage","@id":"https:\/\/www.upjs.sk\/fakulta-verejnej-spravy\/medzinarodne-vztahy\/22907-2\/","url":"https:\/\/www.upjs.sk\/fakulta-verejnej-spravy\/medzinarodne-vztahy\/22907-2\/","name":"Public Administration Education Quality Enhancement (PAQUALITY) - Fakulta verejnej spr\u00e1vy | UPJ\u0160","isPartOf":{"@id":"https:\/\/www.upjs.sk\/fakulta-verejnej-spravy\/#website"},"primaryImageOfPage":{"@id":"https:\/\/www.upjs.sk\/fakulta-verejnej-spravy\/medzinarodne-vztahy\/22907-2\/#primaryimage"},"image":{"@id":"https:\/\/www.upjs.sk\/fakulta-verejnej-spravy\/medzinarodne-vztahy\/22907-2\/#primaryimage"},"thumbnailUrl":"https:\/\/www.upjs.sk\/app\/uploads\/sites\/12\/2022\/09\/eu_flag_co_funded_pos_rgb_right.jpg","datePublished":"2021-04-25T20:38:43+00:00","dateModified":"2022-10-19T13:55:37+00:00","breadcrumb":{"@id":"https:\/\/www.upjs.sk\/fakulta-verejnej-spravy\/medzinarodne-vztahy\/22907-2\/#breadcrumb"},"inLanguage":"sk-SK","potentialAction":[{"@type":"ReadAction","target":["https:\/\/www.upjs.sk\/fakulta-verejnej-spravy\/medzinarodne-vztahy\/22907-2\/"]}]},{"@type":"ImageObject","inLanguage":"sk-SK","@id":"https:\/\/www.upjs.sk\/fakulta-verejnej-spravy\/medzinarodne-vztahy\/22907-2\/#primaryimage","url":"https:\/\/www.upjs.sk\/app\/uploads\/sites\/12\/2022\/09\/eu_flag_co_funded_pos_rgb_right.jpg","contentUrl":"https:\/\/www.upjs.sk\/app\/uploads\/sites\/12\/2022\/09\/eu_flag_co_funded_pos_rgb_right.jpg","width":1964,"height":561,"caption":"22907"},{"@type":"BreadcrumbList","@id":"https:\/\/www.upjs.sk\/fakulta-verejnej-spravy\/medzinarodne-vztahy\/22907-2\/#breadcrumb","itemListElement":[{"@type":"ListItem","position":1,"name":"Home","item":"https:\/\/www.upjs.sk\/fakulta-verejnej-spravy\/"},{"@type":"ListItem","position":2,"name":"Medzin\u00e1rodn\u00e9 vz\u0165ahy","item":"https:\/\/www.upjs.sk\/fakulta-verejnej-spravy\/medzinarodne-vztahy\/"},{"@type":"ListItem","position":3,"name":"Public Administration Education Quality Enhancement (PAQUALITY)"}]},{"@type":"WebSite","@id":"https:\/\/www.upjs.sk\/fakulta-verejnej-spravy\/#website","url":"https:\/\/www.upjs.sk\/fakulta-verejnej-spravy\/","name":"Fakulta verejnej spr\u00e1vy | UPJ\u0160","description":"","publisher":{"@id":"https:\/\/www.upjs.sk\/fakulta-verejnej-spravy\/#organization"},"potentialAction":[{"@type":"SearchAction","target":{"@type":"EntryPoint","urlTemplate":"https:\/\/www.upjs.sk\/fakulta-verejnej-spravy\/?s={search_term_string}"},"query-input":{"@type":"PropertyValueSpecification","valueRequired":true,"valueName":"search_term_string"}}],"inLanguage":"sk-SK"},{"@type":"Organization","@id":"https:\/\/www.upjs.sk\/fakulta-verejnej-spravy\/#organization","name":"Fakulta verejnej spr\u00e1vy | UPJ\u0160","url":"https:\/\/www.upjs.sk\/fakulta-verejnej-spravy\/","logo":{"@type":"ImageObject","inLanguage":"sk-SK","@id":"https:\/\/www.upjs.sk\/fakulta-verejnej-spravy\/#\/schema\/logo\/image\/","url":"https:\/\/www.upjs.sk\/app\/uploads\/sites\/12\/2022\/09\/logo-verejnej-spravy-fakulta.png","contentUrl":"https:\/\/www.upjs.sk\/app\/uploads\/sites\/12\/2022\/09\/logo-verejnej-spravy-fakulta.png","width":415,"height":87,"caption":"Fakulta verejnej spr\u00e1vy | UPJ\u0160"},"image":{"@id":"https:\/\/www.upjs.sk\/fakulta-verejnej-spravy\/#\/schema\/logo\/image\/"}}]}},"_links":{"self":[{"href":"https:\/\/www.upjs.sk\/fakulta-verejnej-spravy\/wp-json\/wp\/v2\/pages\/13700","targetHints":{"allow":["GET"]}}],"collection":[{"href":"https:\/\/www.upjs.sk\/fakulta-verejnej-spravy\/wp-json\/wp\/v2\/pages"}],"about":[{"href":"https:\/\/www.upjs.sk\/fakulta-verejnej-spravy\/wp-json\/wp\/v2\/types\/page"}],"author":[{"embeddable":true,"href":"https:\/\/www.upjs.sk\/fakulta-verejnej-spravy\/wp-json\/wp\/v2\/users\/1"}],"replies":[{"embeddable":true,"href":"https:\/\/www.upjs.sk\/fakulta-verejnej-spravy\/wp-json\/wp\/v2\/comments?post=13700"}],"version-history":[{"count":1,"href":"https:\/\/www.upjs.sk\/fakulta-verejnej-spravy\/wp-json\/wp\/v2\/pages\/13700\/revisions"}],"predecessor-version":[{"id":13704,"href":"https:\/\/www.upjs.sk\/fakulta-verejnej-spravy\/wp-json\/wp\/v2\/pages\/13700\/revisions\/13704"}],"up":[{"embeddable":true,"href":"https:\/\/www.upjs.sk\/fakulta-verejnej-spravy\/wp-json\/wp\/v2\/pages\/12952"}],"wp:featuredmedia":[{"embeddable":true,"href":"https:\/\/www.upjs.sk\/fakulta-verejnej-spravy\/wp-json\/wp\/v2\/media\/13702"}],"wp:attachment":[{"href":"https:\/\/www.upjs.sk\/fakulta-verejnej-spravy\/wp-json\/wp\/v2\/media?parent=13700"}],"wp:term":[{"taxonomy":"category","embeddable":true,"href":"https:\/\/www.upjs.sk\/fakulta-verejnej-spravy\/wp-json\/wp\/v2\/categories?post=13700"},{"taxonomy":"post_tag","embeddable":true,"href":"https:\/\/www.upjs.sk\/fakulta-verejnej-spravy\/wp-json\/wp\/v2\/tags?post=13700"}],"curies":[{"name":"wp","href":"https:\/\/api.w.org\/{rel}","templated":true}]}}