{"id":13705,"date":"2020-03-24T22:04:01","date_gmt":"2020-03-24T22:04:01","guid":{"rendered":"https:\/\/www.upjs.sk\/fakulta-verejnej-spravy\/zahranicne-vztahy\/22908-2\/"},"modified":"2022-10-19T13:55:38","modified_gmt":"2022-10-19T13:55:38","slug":"22908-2","status":"publish","type":"page","link":"https:\/\/www.upjs.sk\/fakulta-verejnej-spravy\/medzinarodne-vztahy\/22908-2\/","title":{"rendered":"Kompetenzaufbau f\u00fcr eine wirkungsorientierte Steuerung in kleinen und mittleren Kommunen (KoWiSt)"},"content":{"rendered":"<p><img decoding=\"async\" alt=\"\" src=\"http:\/\/www.upjs.sk\/\/app\/uploads\/sites\/12\/2022\/09\/KoWiStLogo-1.jpg\" style=\"height:175px; width:350px\" \/><\/p>\n<p><span style=\"font-size:16px\"><strong>N\u00e1zov projektu:<\/strong> Kompetenzaufbau f\u00fcr eine wirkungsorientierte Steuerung in kleinen und mittleren Kommunen\u00a0(Budovanie kompetenci\u00ed pre\u00a0efekt\u00edvne\u00a0riadenie v mal\u00fdch a stredne ve\u013ek\u00fdch obciach)<\/span><\/p>\n<p><span style=\"font-size:16px\"><strong>Skratka projektu:<\/strong> KoWist<\/span><\/p>\n<p><span style=\"font-size:16px\"><strong>Koordin\u00e1tori projektu na UPJ\u0160:<\/strong> doc. Ing. Silvia Ru\u010dinsk\u00e1, PhD.,\u00a0 PhDr. Miroslav Fe\u010dko, PhD.<\/span><\/p>\n<p><span style=\"font-size:16px\"><strong>Koordin\u00e1tor projektu:<\/strong> \u00a0Hochschule Harz \u2013 Hochschule f\u00fcr Angewandte Wissenschaften, Germany<\/span><\/p>\n<p><strong><span style=\"font-size:16px\">Projektov\u00ed partneri:<\/span><\/strong><\/p>\n<ul>\n<li><span style=\"font-size:16px\">Hochschule Harz (Nemecko)<\/span><\/li>\n<li><span style=\"font-size:16px\">Univerzita Pavla Jozefa \u0160af\u00e1rika v\u00a0Ko\u0161iciach, Fakulta verejnej spr\u00e1vy (Slovensko)<\/span><\/li>\n<li><span style=\"font-size:16px\">Fachhochschule K\u00e4rnten (Rak\u00fasko)<\/span><\/li>\n<li><span style=\"font-size:16px\">Berner Fachhochschule (\u0160vaj\u010diarsko)<\/span><\/li>\n<li><span style=\"font-size:16px\">EURAC &#8211; Europ\u00e4ische Akademie Bozen (Taliansko)<\/span><\/li>\n<\/ul>\n<p><span style=\"font-size:16px\"><strong>Trvanie:<\/strong> 09\/2015 &#8211; 08\/2018<\/span><\/p>\n<p><span style=\"font-size:16px\"><strong>Web:<\/strong><\/span><\/p>\n<ul>\n<li><span style=\"font-size:16px\"><a href=\"https:\/\/www.kowist.eu\/wordpress\/\" target=\"_blank\" rel=\"noopener\">Ofici\u00e1lny web<\/a>\u00a0 \u00a0<\/span><\/li>\n<li><span style=\"font-size:16px\"><a href=\"https:\/\/www.upjs.sk\/fakulta-verejnej-spravy\/zahranicne-vztahy\/18931\/\" target=\"_blank\" rel=\"noopener\">Projekt KoWiSt vst\u00fapil do fin\u00e1lnej f\u00e1zy<\/a>\u00a0<\/span><\/li>\n<\/ul>\n<p><span style=\"font-size:16px\">Cie\u013e\/anot\u00e1cia: Hlavn\u00fdm cie\u013eom projektu je zlep\u0161i\u0165 vyu\u010dovac\u00ed a\u00a0v\u00fdcvikov\u00fd proces v\u00a0administrat\u00edvnych ved\u00e1ch prostredn\u00edctvom rozvoja platformy nadn\u00e1rodn\u00e9ho \u0161t\u00fadia a\u00a0v\u00fdu\u010dby pre mana\u017ement mal\u00fdch a\u00a0stredne ve\u013ek\u00fdch obc\u00ed na z\u00e1klade dosiahnut\u00fdch v\u00fdsledkov.<\/span><\/p>\n<p>\u00a0<\/p>\n<p><span style=\"font-size:16px\"><object classid=\"clsid:d27cdb6e-ae6d-11cf-96b8-444553540000\" codebase=\"http:\/\/download.macromedia.com\/pub\/shockwave\/cabs\/flash\/swflash.cab#version=6,0,40,0\" height=\"450\" width=\"650\"><param name=\"allowFullScreen\" value=\"true\" \/><param name=\"quality\" value=\"high\" \/><param name=\"movie\" value=\"https:\/\/www.youtube.com\/watch?v=MlCY2XqgAIs&#038;feature=emb_title\" \/><embed allowfullscreen=\"true\" height=\"450\" pluginspage=\"http:\/\/www.macromedia.com\/go\/getflashplayer\" quality=\"high\" src=\"https:\/\/www.youtube.com\/watch?v=MlCY2XqgAIs&#038;feature=emb_title\" type=\"application\/x-shockwave-flash\" width=\"650\"><\/embed><\/object><\/span><\/p>\n<p><span style=\"font-size:16px\"><object classid=\"clsid:d27cdb6e-ae6d-11cf-96b8-444553540000\" codebase=\"http:\/\/download.macromedia.com\/pub\/shockwave\/cabs\/flash\/swflash.cab#version=6,0,40,0\" height=\"450\" width=\"650\"><param name=\"allowFullScreen\" value=\"true\" \/><param name=\"quality\" value=\"high\" \/><param name=\"movie\" value=\"https:\/\/www.youtube.com\/watch?v=qPeryMfojZI\" \/><embed allowfullscreen=\"true\" height=\"450\" pluginspage=\"http:\/\/www.macromedia.com\/go\/getflashplayer\" quality=\"high\" src=\"https:\/\/www.youtube.com\/watch?v=qPeryMfojZI\" type=\"application\/x-shockwave-flash\" width=\"650\"><\/embed><\/object><\/span><\/p>\n<p><object classid=\"clsid:d27cdb6e-ae6d-11cf-96b8-444553540000\" codebase=\"http:\/\/download.macromedia.com\/pub\/shockwave\/cabs\/flash\/swflash.cab#version=6,0,40,0\" height=\"450\" width=\"650\"><param name=\"allowFullScreen\" value=\"true\" \/><param name=\"quality\" value=\"high\" \/><param name=\"movie\" value=\"https:\/\/www.youtube.com\/watch?v=0ZN2pXh6PuQ&#038;feature=youtu.be\" \/><embed allowfullscreen=\"true\" height=\"450\" pluginspage=\"http:\/\/www.macromedia.com\/go\/getflashplayer\" quality=\"high\" src=\"https:\/\/www.youtube.com\/watch?v=0ZN2pXh6PuQ&#038;feature=youtu.be\" type=\"application\/x-shockwave-flash\" width=\"650\"><\/embed><\/object><\/p>\n<p><object classid=\"clsid:d27cdb6e-ae6d-11cf-96b8-444553540000\" codebase=\"http:\/\/download.macromedia.com\/pub\/shockwave\/cabs\/flash\/swflash.cab#version=6,0,40,0\" height=\"450\" width=\"650\"><param name=\"allowFullScreen\" value=\"true\" \/><param name=\"quality\" value=\"high\" \/><param name=\"movie\" value=\"https:\/\/www.youtube.com\/watch?v=vRbVQOs1GP8&#038;feature=youtu.be\" \/><embed allowfullscreen=\"true\" height=\"450\" pluginspage=\"http:\/\/www.macromedia.com\/go\/getflashplayer\" quality=\"high\" src=\"https:\/\/www.youtube.com\/watch?v=vRbVQOs1GP8&#038;feature=youtu.be\" type=\"application\/x-shockwave-flash\" width=\"650\"><\/embed><\/object><\/p>\n<p><img decoding=\"async\" alt=\"\" src=\"http:\/\/www.upjs.sk\/\/app\/uploads\/sites\/12\/2022\/09\/Kowist-UPJS-FVS-web-scaled.jpg\" style=\"height:468px; width:720px\" \/><\/p>\n<p><img decoding=\"async\" alt=\"\" src=\"http:\/\/www.upjs.sk\/\/app\/uploads\/sites\/12\/2022\/09\/Kowist-UPJS-FVS-web-2_1-scaled.jpg\" style=\"height:471px; width:720px\" \/><\/p>\n","protected":false},"excerpt":{"rendered":"<p>N\u00e1zov projektu: Kompetenzaufbau f\u00fcr eine wirkungsorientierte Steuerung in kleinen und mittleren Kommunen\u00a0(Budovanie kompetenci\u00ed pre\u00a0efekt\u00edvne\u00a0riadenie v mal\u00fdch a stredne ve\u013ek\u00fdch obciach) Skratka projektu: KoWist Koordin\u00e1tori projektu na UPJ\u0160: doc. Ing. Silvia Ru\u010dinsk\u00e1, PhD.,\u00a0 PhDr. Miroslav Fe\u010dko, PhD. Koordin\u00e1tor projektu: \u00a0Hochschule Harz \u2013 Hochschule f\u00fcr Angewandte Wissenschaften, Germany Projektov\u00ed partneri: Hochschule Harz (Nemecko) Univerzita Pavla Jozefa \u0160af\u00e1rika &hellip; <a href=\"https:\/\/www.upjs.sk\/fakulta-verejnej-spravy\/medzinarodne-vztahy\/22908-2\/\">\u010c\u00edta\u0165 \u010falej<\/a><\/p>\n","protected":false},"author":1,"featured_media":13706,"parent":12952,"menu_order":39,"comment_status":"closed","ping_status":"closed","template":"","meta":{"_acf_changed":false,"_editorskit_title_hidden":false,"_editorskit_reading_time":0,"_editorskit_is_block_options_detached":false,"_editorskit_block_options_position":"{}","footnotes":""},"categories":[],"tags":[],"class_list":["post-13705","page","type-page","status-publish","has-post-thumbnail","hentry"],"acf":{"acf_link_na_externy_obsah":""},"yoast_head":"<!-- This site is optimized with the Yoast SEO plugin v27.2 - https:\/\/yoast.com\/product\/yoast-seo-wordpress\/ -->\n<title>Kompetenzaufbau f\u00fcr eine wirkungsorientierte Steuerung in kleinen und mittleren Kommunen (KoWiSt) - Fakulta verejnej spr\u00e1vy | UPJ\u0160<\/title>\n<meta name=\"robots\" content=\"index, follow, max-snippet:-1, max-image-preview:large, max-video-preview:-1\" \/>\n<link rel=\"canonical\" href=\"https:\/\/www.upjs.sk\/fakulta-verejnej-spravy\/medzinarodne-vztahy\/22908-2\/\" \/>\n<meta property=\"og:locale\" content=\"sk_SK\" \/>\n<meta property=\"og:type\" content=\"article\" \/>\n<meta property=\"og:title\" content=\"Kompetenzaufbau f\u00fcr eine wirkungsorientierte Steuerung in kleinen und mittleren Kommunen (KoWiSt) - Fakulta verejnej spr\u00e1vy | UPJ\u0160\" \/>\n<meta property=\"og:description\" content=\"N\u00e1zov projektu: Kompetenzaufbau f\u00fcr eine wirkungsorientierte Steuerung in kleinen und mittleren Kommunen\u00a0(Budovanie kompetenci\u00ed pre\u00a0efekt\u00edvne\u00a0riadenie v mal\u00fdch a stredne ve\u013ek\u00fdch obciach) Skratka projektu: KoWist Koordin\u00e1tori projektu na UPJ\u0160: doc. Ing. Silvia Ru\u010dinsk\u00e1, PhD.,\u00a0 PhDr. Miroslav Fe\u010dko, PhD. Koordin\u00e1tor projektu: \u00a0Hochschule Harz \u2013 Hochschule f\u00fcr Angewandte Wissenschaften, Germany Projektov\u00ed partneri: Hochschule Harz (Nemecko) Univerzita Pavla Jozefa \u0160af\u00e1rika &hellip; \u010c\u00edta\u0165 \u010falej\" \/>\n<meta property=\"og:url\" content=\"https:\/\/www.upjs.sk\/fakulta-verejnej-spravy\/medzinarodne-vztahy\/22908-2\/\" \/>\n<meta property=\"og:site_name\" content=\"Fakulta verejnej spr\u00e1vy | UPJ\u0160\" \/>\n<meta property=\"article:modified_time\" content=\"2022-10-19T13:55:38+00:00\" \/>\n<meta property=\"og:image\" content=\"https:\/\/www.upjs.sk\/app\/uploads\/sites\/12\/2022\/09\/KoWiStLogo-1.jpg\" \/>\n\t<meta property=\"og:image:width\" content=\"1016\" \/>\n\t<meta property=\"og:image:height\" content=\"508\" \/>\n\t<meta property=\"og:image:type\" content=\"image\/jpeg\" \/>\n<meta name=\"twitter:card\" content=\"summary_large_image\" \/>\n<meta name=\"twitter:label1\" content=\"Predpokladan\u00fd \u010das \u010d\u00edtania\" \/>\n\t<meta name=\"twitter:data1\" content=\"1 min\u00fata\" \/>\n<script type=\"application\/ld+json\" class=\"yoast-schema-graph\">{\"@context\":\"https:\/\/schema.org\",\"@graph\":[{\"@type\":\"WebPage\",\"@id\":\"https:\/\/www.upjs.sk\/fakulta-verejnej-spravy\/medzinarodne-vztahy\/22908-2\/\",\"url\":\"https:\/\/www.upjs.sk\/fakulta-verejnej-spravy\/medzinarodne-vztahy\/22908-2\/\",\"name\":\"Kompetenzaufbau f\u00fcr eine wirkungsorientierte Steuerung in kleinen und mittleren Kommunen (KoWiSt) - Fakulta verejnej spr\u00e1vy | UPJ\u0160\",\"isPartOf\":{\"@id\":\"https:\/\/www.upjs.sk\/fakulta-verejnej-spravy\/#website\"},\"primaryImageOfPage\":{\"@id\":\"https:\/\/www.upjs.sk\/fakulta-verejnej-spravy\/medzinarodne-vztahy\/22908-2\/#primaryimage\"},\"image\":{\"@id\":\"https:\/\/www.upjs.sk\/fakulta-verejnej-spravy\/medzinarodne-vztahy\/22908-2\/#primaryimage\"},\"thumbnailUrl\":\"https:\/\/www.upjs.sk\/app\/uploads\/sites\/12\/2022\/09\/KoWiStLogo-1.jpg\",\"datePublished\":\"2020-03-24T22:04:01+00:00\",\"dateModified\":\"2022-10-19T13:55:38+00:00\",\"breadcrumb\":{\"@id\":\"https:\/\/www.upjs.sk\/fakulta-verejnej-spravy\/medzinarodne-vztahy\/22908-2\/#breadcrumb\"},\"inLanguage\":\"sk-SK\",\"potentialAction\":[{\"@type\":\"ReadAction\",\"target\":[\"https:\/\/www.upjs.sk\/fakulta-verejnej-spravy\/medzinarodne-vztahy\/22908-2\/\"]}]},{\"@type\":\"ImageObject\",\"inLanguage\":\"sk-SK\",\"@id\":\"https:\/\/www.upjs.sk\/fakulta-verejnej-spravy\/medzinarodne-vztahy\/22908-2\/#primaryimage\",\"url\":\"https:\/\/www.upjs.sk\/app\/uploads\/sites\/12\/2022\/09\/KoWiStLogo-1.jpg\",\"contentUrl\":\"https:\/\/www.upjs.sk\/app\/uploads\/sites\/12\/2022\/09\/KoWiStLogo-1.jpg\",\"width\":1016,\"height\":508,\"caption\":\"22908\"},{\"@type\":\"BreadcrumbList\",\"@id\":\"https:\/\/www.upjs.sk\/fakulta-verejnej-spravy\/medzinarodne-vztahy\/22908-2\/#breadcrumb\",\"itemListElement\":[{\"@type\":\"ListItem\",\"position\":1,\"name\":\"Home\",\"item\":\"https:\/\/www.upjs.sk\/fakulta-verejnej-spravy\/\"},{\"@type\":\"ListItem\",\"position\":2,\"name\":\"Medzin\u00e1rodn\u00e9 vz\u0165ahy\",\"item\":\"https:\/\/www.upjs.sk\/fakulta-verejnej-spravy\/medzinarodne-vztahy\/\"},{\"@type\":\"ListItem\",\"position\":3,\"name\":\"Kompetenzaufbau f\u00fcr eine wirkungsorientierte Steuerung in kleinen und mittleren Kommunen (KoWiSt)\"}]},{\"@type\":\"WebSite\",\"@id\":\"https:\/\/www.upjs.sk\/fakulta-verejnej-spravy\/#website\",\"url\":\"https:\/\/www.upjs.sk\/fakulta-verejnej-spravy\/\",\"name\":\"Fakulta verejnej spr\u00e1vy | UPJ\u0160\",\"description\":\"\",\"publisher\":{\"@id\":\"https:\/\/www.upjs.sk\/fakulta-verejnej-spravy\/#organization\"},\"potentialAction\":[{\"@type\":\"SearchAction\",\"target\":{\"@type\":\"EntryPoint\",\"urlTemplate\":\"https:\/\/www.upjs.sk\/fakulta-verejnej-spravy\/?s={search_term_string}\"},\"query-input\":{\"@type\":\"PropertyValueSpecification\",\"valueRequired\":true,\"valueName\":\"search_term_string\"}}],\"inLanguage\":\"sk-SK\"},{\"@type\":\"Organization\",\"@id\":\"https:\/\/www.upjs.sk\/fakulta-verejnej-spravy\/#organization\",\"name\":\"Fakulta verejnej spr\u00e1vy | UPJ\u0160\",\"url\":\"https:\/\/www.upjs.sk\/fakulta-verejnej-spravy\/\",\"logo\":{\"@type\":\"ImageObject\",\"inLanguage\":\"sk-SK\",\"@id\":\"https:\/\/www.upjs.sk\/fakulta-verejnej-spravy\/#\/schema\/logo\/image\/\",\"url\":\"https:\/\/www.upjs.sk\/app\/uploads\/sites\/12\/2022\/09\/logo-verejnej-spravy-fakulta.png\",\"contentUrl\":\"https:\/\/www.upjs.sk\/app\/uploads\/sites\/12\/2022\/09\/logo-verejnej-spravy-fakulta.png\",\"width\":415,\"height\":87,\"caption\":\"Fakulta verejnej spr\u00e1vy | UPJ\u0160\"},\"image\":{\"@id\":\"https:\/\/www.upjs.sk\/fakulta-verejnej-spravy\/#\/schema\/logo\/image\/\"}}]}<\/script>\n<!-- \/ Yoast SEO plugin. -->","yoast_head_json":{"title":"Kompetenzaufbau f\u00fcr eine wirkungsorientierte Steuerung in kleinen und mittleren Kommunen (KoWiSt) - Fakulta verejnej spr\u00e1vy | UPJ\u0160","robots":{"index":"index","follow":"follow","max-snippet":"max-snippet:-1","max-image-preview":"max-image-preview:large","max-video-preview":"max-video-preview:-1"},"canonical":"https:\/\/www.upjs.sk\/fakulta-verejnej-spravy\/medzinarodne-vztahy\/22908-2\/","og_locale":"sk_SK","og_type":"article","og_title":"Kompetenzaufbau f\u00fcr eine wirkungsorientierte Steuerung in kleinen und mittleren Kommunen (KoWiSt) - Fakulta verejnej spr\u00e1vy | UPJ\u0160","og_description":"N\u00e1zov projektu: Kompetenzaufbau f\u00fcr eine wirkungsorientierte Steuerung in kleinen und mittleren Kommunen\u00a0(Budovanie kompetenci\u00ed pre\u00a0efekt\u00edvne\u00a0riadenie v mal\u00fdch a stredne ve\u013ek\u00fdch obciach) Skratka projektu: KoWist Koordin\u00e1tori projektu na UPJ\u0160: doc. Ing. Silvia Ru\u010dinsk\u00e1, PhD.,\u00a0 PhDr. Miroslav Fe\u010dko, PhD. Koordin\u00e1tor projektu: \u00a0Hochschule Harz \u2013 Hochschule f\u00fcr Angewandte Wissenschaften, Germany Projektov\u00ed partneri: Hochschule Harz (Nemecko) Univerzita Pavla Jozefa \u0160af\u00e1rika &hellip; \u010c\u00edta\u0165 \u010falej","og_url":"https:\/\/www.upjs.sk\/fakulta-verejnej-spravy\/medzinarodne-vztahy\/22908-2\/","og_site_name":"Fakulta verejnej spr\u00e1vy | UPJ\u0160","article_modified_time":"2022-10-19T13:55:38+00:00","og_image":[{"width":1016,"height":508,"url":"https:\/\/www.upjs.sk\/app\/uploads\/sites\/12\/2022\/09\/KoWiStLogo-1.jpg","type":"image\/jpeg"}],"twitter_card":"summary_large_image","twitter_misc":{"Predpokladan\u00fd \u010das \u010d\u00edtania":"1 min\u00fata"},"schema":{"@context":"https:\/\/schema.org","@graph":[{"@type":"WebPage","@id":"https:\/\/www.upjs.sk\/fakulta-verejnej-spravy\/medzinarodne-vztahy\/22908-2\/","url":"https:\/\/www.upjs.sk\/fakulta-verejnej-spravy\/medzinarodne-vztahy\/22908-2\/","name":"Kompetenzaufbau f\u00fcr eine wirkungsorientierte Steuerung in kleinen und mittleren Kommunen (KoWiSt) - Fakulta verejnej spr\u00e1vy | UPJ\u0160","isPartOf":{"@id":"https:\/\/www.upjs.sk\/fakulta-verejnej-spravy\/#website"},"primaryImageOfPage":{"@id":"https:\/\/www.upjs.sk\/fakulta-verejnej-spravy\/medzinarodne-vztahy\/22908-2\/#primaryimage"},"image":{"@id":"https:\/\/www.upjs.sk\/fakulta-verejnej-spravy\/medzinarodne-vztahy\/22908-2\/#primaryimage"},"thumbnailUrl":"https:\/\/www.upjs.sk\/app\/uploads\/sites\/12\/2022\/09\/KoWiStLogo-1.jpg","datePublished":"2020-03-24T22:04:01+00:00","dateModified":"2022-10-19T13:55:38+00:00","breadcrumb":{"@id":"https:\/\/www.upjs.sk\/fakulta-verejnej-spravy\/medzinarodne-vztahy\/22908-2\/#breadcrumb"},"inLanguage":"sk-SK","potentialAction":[{"@type":"ReadAction","target":["https:\/\/www.upjs.sk\/fakulta-verejnej-spravy\/medzinarodne-vztahy\/22908-2\/"]}]},{"@type":"ImageObject","inLanguage":"sk-SK","@id":"https:\/\/www.upjs.sk\/fakulta-verejnej-spravy\/medzinarodne-vztahy\/22908-2\/#primaryimage","url":"https:\/\/www.upjs.sk\/app\/uploads\/sites\/12\/2022\/09\/KoWiStLogo-1.jpg","contentUrl":"https:\/\/www.upjs.sk\/app\/uploads\/sites\/12\/2022\/09\/KoWiStLogo-1.jpg","width":1016,"height":508,"caption":"22908"},{"@type":"BreadcrumbList","@id":"https:\/\/www.upjs.sk\/fakulta-verejnej-spravy\/medzinarodne-vztahy\/22908-2\/#breadcrumb","itemListElement":[{"@type":"ListItem","position":1,"name":"Home","item":"https:\/\/www.upjs.sk\/fakulta-verejnej-spravy\/"},{"@type":"ListItem","position":2,"name":"Medzin\u00e1rodn\u00e9 vz\u0165ahy","item":"https:\/\/www.upjs.sk\/fakulta-verejnej-spravy\/medzinarodne-vztahy\/"},{"@type":"ListItem","position":3,"name":"Kompetenzaufbau f\u00fcr eine wirkungsorientierte Steuerung in kleinen und mittleren Kommunen (KoWiSt)"}]},{"@type":"WebSite","@id":"https:\/\/www.upjs.sk\/fakulta-verejnej-spravy\/#website","url":"https:\/\/www.upjs.sk\/fakulta-verejnej-spravy\/","name":"Fakulta verejnej spr\u00e1vy | UPJ\u0160","description":"","publisher":{"@id":"https:\/\/www.upjs.sk\/fakulta-verejnej-spravy\/#organization"},"potentialAction":[{"@type":"SearchAction","target":{"@type":"EntryPoint","urlTemplate":"https:\/\/www.upjs.sk\/fakulta-verejnej-spravy\/?s={search_term_string}"},"query-input":{"@type":"PropertyValueSpecification","valueRequired":true,"valueName":"search_term_string"}}],"inLanguage":"sk-SK"},{"@type":"Organization","@id":"https:\/\/www.upjs.sk\/fakulta-verejnej-spravy\/#organization","name":"Fakulta verejnej spr\u00e1vy | UPJ\u0160","url":"https:\/\/www.upjs.sk\/fakulta-verejnej-spravy\/","logo":{"@type":"ImageObject","inLanguage":"sk-SK","@id":"https:\/\/www.upjs.sk\/fakulta-verejnej-spravy\/#\/schema\/logo\/image\/","url":"https:\/\/www.upjs.sk\/app\/uploads\/sites\/12\/2022\/09\/logo-verejnej-spravy-fakulta.png","contentUrl":"https:\/\/www.upjs.sk\/app\/uploads\/sites\/12\/2022\/09\/logo-verejnej-spravy-fakulta.png","width":415,"height":87,"caption":"Fakulta verejnej spr\u00e1vy | UPJ\u0160"},"image":{"@id":"https:\/\/www.upjs.sk\/fakulta-verejnej-spravy\/#\/schema\/logo\/image\/"}}]}},"_links":{"self":[{"href":"https:\/\/www.upjs.sk\/fakulta-verejnej-spravy\/wp-json\/wp\/v2\/pages\/13705","targetHints":{"allow":["GET"]}}],"collection":[{"href":"https:\/\/www.upjs.sk\/fakulta-verejnej-spravy\/wp-json\/wp\/v2\/pages"}],"about":[{"href":"https:\/\/www.upjs.sk\/fakulta-verejnej-spravy\/wp-json\/wp\/v2\/types\/page"}],"author":[{"embeddable":true,"href":"https:\/\/www.upjs.sk\/fakulta-verejnej-spravy\/wp-json\/wp\/v2\/users\/1"}],"replies":[{"embeddable":true,"href":"https:\/\/www.upjs.sk\/fakulta-verejnej-spravy\/wp-json\/wp\/v2\/comments?post=13705"}],"version-history":[{"count":1,"href":"https:\/\/www.upjs.sk\/fakulta-verejnej-spravy\/wp-json\/wp\/v2\/pages\/13705\/revisions"}],"predecessor-version":[{"id":13709,"href":"https:\/\/www.upjs.sk\/fakulta-verejnej-spravy\/wp-json\/wp\/v2\/pages\/13705\/revisions\/13709"}],"up":[{"embeddable":true,"href":"https:\/\/www.upjs.sk\/fakulta-verejnej-spravy\/wp-json\/wp\/v2\/pages\/12952"}],"wp:featuredmedia":[{"embeddable":true,"href":"https:\/\/www.upjs.sk\/fakulta-verejnej-spravy\/wp-json\/wp\/v2\/media\/13706"}],"wp:attachment":[{"href":"https:\/\/www.upjs.sk\/fakulta-verejnej-spravy\/wp-json\/wp\/v2\/media?parent=13705"}],"wp:term":[{"taxonomy":"category","embeddable":true,"href":"https:\/\/www.upjs.sk\/fakulta-verejnej-spravy\/wp-json\/wp\/v2\/categories?post=13705"},{"taxonomy":"post_tag","embeddable":true,"href":"https:\/\/www.upjs.sk\/fakulta-verejnej-spravy\/wp-json\/wp\/v2\/tags?post=13705"}],"curies":[{"name":"wp","href":"https:\/\/api.w.org\/{rel}","templated":true}]}}