{"id":16150,"date":"2022-11-10T09:47:27","date_gmt":"2022-11-10T09:47:27","guid":{"rendered":"https:\/\/www.upjs.sk\/fakulta-verejnej-spravy\/?page_id=16150"},"modified":"2025-10-20T15:03:23","modified_gmt":"2025-10-20T14:03:23","slug":"konferencie-a-workshopy","status":"publish","type":"page","link":"https:\/\/www.upjs.sk\/fakulta-verejnej-spravy\/konferencie-a-workshopy\/","title":{"rendered":"Vedeck\u00e9 podujatia"},"content":{"rendered":"\n<p>13. 2. 2025<br>10. ro\u010dn\u00edk medzin\u00e1rodnej vedeckej konferencie doktorandov <a href=\"https:\/\/www.upjs.sk\/fakulta-verejnej-spravy\/teoriapraxvs\/\">Te\u00f3ria a prax verejnej spr\u00e1vy 2025<\/a><br><\/p>\n\n\n\n<p>16. 2. 2024<br>9. ro\u010dn\u00edk medzin\u00e1rodnej vedeckej konferencie doktorandov s n\u00e1zvom ,,Te\u00f3ria a prax verejnej spr\u00e1vy\u201c. <br>Konferencia sa v d\u00f4sledku pozit\u00edvnych ohlasov najm\u00e4 zahrani\u010dn\u00fdch \u00fa\u010dastn\u00edkov konala online formou v prostred\u00ed Microsoft Teams. <br>Konferencie sa z\u00fa\u010dastnilo celkovo 23 doktorandov zo Slovenskej republiky, \u010ceskej republiky a Ma\u010farska. <br>\u00da\u010dastn\u00edci konferencie boli rozdelen\u00ed do 3 odborn\u00fdch sekci\u00ed pod veden\u00edm p\u00e1na dekana fakulty doc. JUDr. Mgr. Michala Jesenka, PhD., Ing. Evy V\u00fdrostovej, PhD., univerzitnej docentky a doc. JUDr. Petra Molitorisa, PhD. <br>Doktorandi mali pr\u00edle\u017eitos\u0165 diskutova\u0165 z r\u00f4znych h\u013ead\u00edsk o aktu\u00e1lnych t\u00e9mach a v\u00fdzvach, ktor\u00fdm \u010del\u00ed na\u0161a spolo\u010dnos\u0165<br><a href=\"https:\/\/aleph.upjs.sk\/vufind\/Record\/000116429?sid=13601748\" target=\"_blank\" rel=\"noreferrer noopener\">Zborn\u00edk pr\u00edspevkov<\/a><\/p>\n\n\n\n<p>17. 2. 2023<br>8. ro\u010dn\u00edk medzin\u00e1rodnej vedeckej konferencie doktorandov <a href=\"https:\/\/teoriapraxvs.weebly.com\/\">Te\u00f3ria a prax verejnej spr\u00e1vy 2023<\/a><br>Konferencie sa z\u00fa\u010dastnilo celkovo 26 doktorandov zo Slovenskej republiky, Ma\u010farska a Ukrajiny. \u00da\u010dastn\u00edci konferencie boli rozdelen\u00ed do 4 odborn\u00fdch sekci\u00ed pod\u013ea t\u00e9my ich pr\u00edspevku. <br>V politologickej sekcii \u00fa\u010dastn\u00edci prezentovali pr\u00edspevky tematicky zameran\u00e9 napr\u00edklad na rie\u0161enie zelen\u00fdch t\u00e9m v Slovenskej republike, alebo vplyv politickej kult\u00fary<br>obyvate\u013eov slovensko-ukrajinsk\u00e9ho pohrani\u010dia na miestne a region\u00e1lne politick\u00e9 procesy. <br>Soci\u00e1lna sekcia poskytla priestor pre prezentovanie pr\u00edspevkov a diskusiu napr\u00edklad na t\u00e9mu vplyvu pand\u00e9mie ochorenia COVID-19 na marginalizovan\u00e9 skupiny v Slovenskej republike. <br>V ekonomickej sekci\u00ed \u00fa\u010dastn\u00edci prezentovali pr\u00edspevky napr\u00edklad z oblasti odpadov\u00e9ho mana\u017ementu alebo vplyvu zamestn\u00e1vania cudzincov na ekonomiku v Slovenskej republike.<br>Pr\u00e1vne sekcie sa zaoberali napr\u00edklad t\u00e9mou aktu\u00e1lnych zmien vo verejnom obstar\u00e1van\u00ed, \u010dinnos\u0165ou zastupite\u013estiev V\u00daC alebo ochranou osobn\u00fdch \u00fadajov malolet\u00fdch v online priestore.<br><a href=\"https:\/\/unibook.upjs.sk\/img\/cms\/2023\/fvs\/teoria-a-prax-verejnej-spravy-2023.pdf\" target=\"_blank\" rel=\"noreferrer noopener\">Zborn\u00edk pr\u00edspevkov<\/a><\/p>\n\n\n\n<p>11. 2. 2022<br>7. ro\u010dn\u00edk medzin\u00e1rodnej vedeckej konferencie doktorandov s n\u00e1zvom Te\u00f3ria a prax verejnej spr\u00e1vy. <br>Konferencie sa z\u00fa\u010dastnilo 32 doktorandov zo Slovenskej republiky, \u010ceskej republiky, Po\u013eska, Ma\u010farska a Ruska. Konferencia umo\u017enila \u00fa\u010dastn\u00edkom prezentova\u0165 v\u00fdsledky ich vedeckov\u00fdskumnej \u010dinnosti v oblasti verejnej spr\u00e1vy, ktor\u00e1 najm\u00e4 v s\u00fa\u010dasnom obdob\u00ed celosvetovej pand\u00e9mie ochorenia COVID-19 \u010del\u00ed nov\u00fdm probl\u00e9mom a v\u00fdzvam. Konferencia poskytla \u00fa\u010dastn\u00edkom taktie\u017e priestor na odborn\u00fa diskusiu o problematike verejnej spr\u00e1vy. \u00da\u010dastn\u00edci prezentovali v\u00fdsledky svojej vedeckej \u010dinnosti v odborn\u00fdch sekci\u00e1ch, ktor\u00e9 boli tematicky zameran\u00e9 na politologick\u00e9 aspekty verejnej spr\u00e1vy, soci\u00e1lno-ekonomick\u00e9 aspekty verejnej spr\u00e1vy a v neposlednom rade na pr\u00e1vne aspekty verejnej spr\u00e1vy. V r\u00e1mci konferencie boli vytvoren\u00e9 tri sekcie: politologick\u00e1, soci\u00e1lno-ekonomick\u00e1 a pr\u00e1vna, ktor\u00e1 bola z d\u00f4vodu ve\u013ek\u00e9ho po\u010dtu \u00fa\u010dastn\u00edkov rozdelen\u00e1 na dve sekcie.<br><a href=\"https:\/\/unibook.upjs.sk\/img\/cms\/2022\/fvs\/teoria-a-prax-vs-7.pdf\" target=\"_blank\" rel=\"noreferrer noopener\">Zborn\u00edk pr\u00edspevkov<\/a><\/p>\n\n\n\n<p>19. 3. 2021<br>6. ro\u010dn\u00edk medzin\u00e1rodnej vedeckej konferencie doktorandov pod n\u00e1zvom \u201eTe\u00f3ria a prax verejnej spr\u00e1vy\u201c. <br>Konferencie sa z\u00fa\u010dastnilo 33 \u00fa\u010dastn\u00edkov zo Slovenska, \u010ceska, Po\u013eska, Ukrajiny. Cie\u013eom vedeckej konferencie bolo vytvorenie priestoru na v\u00fdmenu poznatkov, prezent\u00e1ciu v\u00fdsledkov v\u00fdskumu a odborn\u00fa diskusiu zameran\u00fa na te\u00f3riu a prax verejnej spr\u00e1vy z poh\u013eadu z pr\u00e1vneho, ekonomick\u00e9ho a soci\u00e1lneho a politologick\u00e9ho.<br>\u00da\u010dastn\u00edci konferencie, prezentovali pr\u00edspevky v \u0161tyroch sekci\u00e1ch. V pr\u00e1vnej sekcii boli zaraden\u00e9 pr\u00edspevky zaoberaj\u00face sa t\u00e9mami ochrany \u00fastavnosti, ochrany z\u00e1kladn\u00fdch pr\u00e1v, v\u00fdkonu \u0161t\u00e1tnej spr\u00e1vy, \u010di miestneho referenda. V sekcii pr\u00e1vnopolitologickej, boli prezentovan\u00e9 pr\u00edspevky na t\u00e9mu v\u00fdkonu verejnej spr\u00e1vy, aplik\u00e1cie dohovoru OSN, koncepcie smart miest a \u010fal\u0161ie zauj\u00edmav\u00e9 t\u00e9my. Pr\u00edspevky zaraden\u00e9 v soci\u00e1lnej sekcii boli zameran\u00e9 na problematiku mobingu na pracovisku, dopadu pand\u00e9mie na rodiny s de\u0165mi, dopady pand\u00e9mie na nezamestnanos\u0165 i na ot\u00e1zky komunitn\u00fdch centier. Vo \u0161tvrtej, ekonomickej sekcii boli zaraden\u00e9 pr\u00edspevky zaoberaj\u00face sa ot\u00e1zkami modelu soci\u00e1lneho \u0161t\u00e1tu, region\u00e1lnych dopadov klimatick\u00fdch zmien, hospod\u00e1renia vy\u0161\u0161\u00edch \u00fazemn\u00fdch celkov i ob\u010dianskeho crowdfundingu a \u010fal\u0161\u00edmi zauj\u00edmav\u00fdmi ot\u00e1zkam s\u00fa\u010dasnosti.<br><a href=\"https:\/\/unibook.upjs.sk\/sk\/predaj\/1502-teoria-a-prax-verejnej-spravy-2021\" target=\"_blank\" rel=\"noreferrer noopener\">Zborn\u00edk pr\u00edspevkov<\/a><\/p>\n\n\n\n<p>6. 2. 2020<br>5. ro\u010dn\u00edk medzin\u00e1rodnej vedeckej konferencie doktorandov &#8222;Te\u00f3ria a prax verejnej spr\u00e1vy&#8220;<br><a href=\"https:\/\/unibook.upjs.sk\/img\/cms\/2020\/fvs\/teoria-a-prax-verejnej-spravy-5-rocnik.pdf\">Zborn\u00edk pr\u00edspevkov<\/a><\/p>\n\n\n\n<p>13. 2. 2019<br>4. ro\u010dn\u00edk medzin\u00e1rodnej vedeckej konferencie doktorandov &#8222;Te\u00f3ria a prax verejnej spr\u00e1vy&#8220;<br><a href=\"https:\/\/unibook.upjs.sk\/img\/cms\/2019\/fvs\/teoria-a-prax-vs-2019-web.pdf\" target=\"_blank\" rel=\"noreferrer noopener\">Zborn\u00edk pr\u00edspevkov<\/a><\/p>\n\n\n\n<p>15. 2. 2018<br>3. ro\u010dn\u00edk medzin\u00e1rodnej vedeckej konferencie doktorandov &#8222;Te\u00f3ria a prax verejnej spr\u00e1vy&#8220;<br><a href=\"https:\/\/unibook.upjs.sk\/img\/cms\/2018\/fvs\/tvs2018-web.pdf\" target=\"_blank\" rel=\"noreferrer noopener\">Zborn\u00edk pr\u00edspevkov<\/a><\/p>\n\n\n\n<p>15. 2. 2017<br>2. ro\u010dn\u00edk medzin\u00e1rodnej vedeckej konferencie doktorandov &#8222;Te\u00f3ria a prax verejnej spr\u00e1vy&#8220;<br><a href=\"https:\/\/unibook.upjs.sk\/img\/cms\/2017\/fvs\/teoria-a-prax-vs2017.pdf\" target=\"_blank\" rel=\"noreferrer noopener\">Zborn\u00edk pr\u00edspevkov<\/a><\/p>\n\n\n\n<p>Febru\u00e1r 2016<br>1. ro\u010dn\u00edk medzin\u00e1rodnej vedeckej konferencie doktorandov &#8222;Te\u00f3ria a prax verejnej spr\u00e1vy&#8220;<br><a href=\"http:\/\/2. ro\u010dn\u00edk medzin\u00e1rodnej vedeckej konferencie doktorandov &quot;Te\u00f3ria a prax verejnej spr\u00e1vy&quot;\" target=\"_blank\" rel=\"noreferrer noopener\">Zborn\u00edk pr\u00edspevkov (CD)<\/a><\/p>\n\n\n\n<p><\/p>\n","protected":false},"excerpt":{"rendered":"<p>13. 2. 202510. ro\u010dn\u00edk medzin\u00e1rodnej vedeckej konferencie doktorandov Te\u00f3ria a prax verejnej spr\u00e1vy 2025 16. 2. 20249. ro\u010dn\u00edk medzin\u00e1rodnej vedeckej konferencie doktorandov s n\u00e1zvom ,,Te\u00f3ria a prax verejnej spr\u00e1vy\u201c. Konferencia sa v d\u00f4sledku pozit\u00edvnych ohlasov najm\u00e4 zahrani\u010dn\u00fdch \u00fa\u010dastn\u00edkov konala online formou v prostred\u00ed Microsoft Teams. Konferencie sa z\u00fa\u010dastnilo celkovo 23 doktorandov zo Slovenskej republiky, \u010ceskej &hellip; <a href=\"https:\/\/www.upjs.sk\/fakulta-verejnej-spravy\/konferencie-a-workshopy\/\">\u010c\u00edta\u0165 \u010falej<\/a><\/p>\n","protected":false},"author":20,"featured_media":0,"parent":0,"menu_order":24,"comment_status":"closed","ping_status":"closed","template":"","meta":{"_acf_changed":false,"_editorskit_title_hidden":false,"_editorskit_reading_time":1,"_editorskit_is_block_options_detached":false,"_editorskit_block_options_position":"{}","footnotes":""},"categories":[],"tags":[],"class_list":["post-16150","page","type-page","status-publish","hentry"],"acf":{"acf_link_na_externy_obsah":""},"yoast_head":"<!-- This site is optimized with the Yoast SEO plugin v27.4 - https:\/\/yoast.com\/product\/yoast-seo-wordpress\/ -->\n<title>Vedeck\u00e9 podujatia - Fakulta verejnej spr\u00e1vy | UPJ\u0160<\/title>\n<meta name=\"robots\" content=\"index, follow, max-snippet:-1, max-image-preview:large, max-video-preview:-1\" \/>\n<link rel=\"canonical\" href=\"https:\/\/www.upjs.sk\/fakulta-verejnej-spravy\/konferencie-a-workshopy\/\" \/>\n<meta property=\"og:locale\" content=\"sk_SK\" \/>\n<meta property=\"og:type\" content=\"article\" \/>\n<meta property=\"og:title\" content=\"Vedeck\u00e9 podujatia - Fakulta verejnej spr\u00e1vy | UPJ\u0160\" \/>\n<meta property=\"og:description\" content=\"13. 2. 202510. ro\u010dn\u00edk medzin\u00e1rodnej vedeckej konferencie doktorandov Te\u00f3ria a prax verejnej spr\u00e1vy 2025 16. 2. 20249. ro\u010dn\u00edk medzin\u00e1rodnej vedeckej konferencie doktorandov s n\u00e1zvom ,,Te\u00f3ria a prax verejnej spr\u00e1vy\u201c. Konferencia sa v d\u00f4sledku pozit\u00edvnych ohlasov najm\u00e4 zahrani\u010dn\u00fdch \u00fa\u010dastn\u00edkov konala online formou v prostred\u00ed Microsoft Teams. Konferencie sa z\u00fa\u010dastnilo celkovo 23 doktorandov zo Slovenskej republiky, \u010ceskej &hellip; \u010c\u00edta\u0165 \u010falej\" \/>\n<meta property=\"og:url\" content=\"https:\/\/www.upjs.sk\/fakulta-verejnej-spravy\/konferencie-a-workshopy\/\" \/>\n<meta property=\"og:site_name\" content=\"Fakulta verejnej spr\u00e1vy | UPJ\u0160\" \/>\n<meta property=\"article:modified_time\" content=\"2025-10-20T14:03:23+00:00\" \/>\n<meta name=\"twitter:card\" content=\"summary_large_image\" \/>\n<meta name=\"twitter:label1\" content=\"Predpokladan\u00fd \u010das \u010d\u00edtania\" \/>\n\t<meta name=\"twitter:data1\" content=\"4 min\u00faty\" \/>\n<script type=\"application\/ld+json\" class=\"yoast-schema-graph\">{\"@context\":\"https:\\\/\\\/schema.org\",\"@graph\":[{\"@type\":\"WebPage\",\"@id\":\"https:\\\/\\\/www.upjs.sk\\\/fakulta-verejnej-spravy\\\/konferencie-a-workshopy\\\/\",\"url\":\"https:\\\/\\\/www.upjs.sk\\\/fakulta-verejnej-spravy\\\/konferencie-a-workshopy\\\/\",\"name\":\"Vedeck\u00e9 podujatia - Fakulta verejnej spr\u00e1vy | UPJ\u0160\",\"isPartOf\":{\"@id\":\"https:\\\/\\\/www.upjs.sk\\\/fakulta-verejnej-spravy\\\/#website\"},\"datePublished\":\"2022-11-10T09:47:27+00:00\",\"dateModified\":\"2025-10-20T14:03:23+00:00\",\"breadcrumb\":{\"@id\":\"https:\\\/\\\/www.upjs.sk\\\/fakulta-verejnej-spravy\\\/konferencie-a-workshopy\\\/#breadcrumb\"},\"inLanguage\":\"sk-SK\",\"potentialAction\":[{\"@type\":\"ReadAction\",\"target\":[\"https:\\\/\\\/www.upjs.sk\\\/fakulta-verejnej-spravy\\\/konferencie-a-workshopy\\\/\"]}]},{\"@type\":\"BreadcrumbList\",\"@id\":\"https:\\\/\\\/www.upjs.sk\\\/fakulta-verejnej-spravy\\\/konferencie-a-workshopy\\\/#breadcrumb\",\"itemListElement\":[{\"@type\":\"ListItem\",\"position\":1,\"name\":\"Home\",\"item\":\"https:\\\/\\\/www.upjs.sk\\\/fakulta-verejnej-spravy\\\/\"},{\"@type\":\"ListItem\",\"position\":2,\"name\":\"Vedeck\u00e9 podujatia\"}]},{\"@type\":\"WebSite\",\"@id\":\"https:\\\/\\\/www.upjs.sk\\\/fakulta-verejnej-spravy\\\/#website\",\"url\":\"https:\\\/\\\/www.upjs.sk\\\/fakulta-verejnej-spravy\\\/\",\"name\":\"Fakulta verejnej spr\u00e1vy | UPJ\u0160\",\"description\":\"\",\"publisher\":{\"@id\":\"https:\\\/\\\/www.upjs.sk\\\/fakulta-verejnej-spravy\\\/#organization\"},\"potentialAction\":[{\"@type\":\"SearchAction\",\"target\":{\"@type\":\"EntryPoint\",\"urlTemplate\":\"https:\\\/\\\/www.upjs.sk\\\/fakulta-verejnej-spravy\\\/?s={search_term_string}\"},\"query-input\":{\"@type\":\"PropertyValueSpecification\",\"valueRequired\":true,\"valueName\":\"search_term_string\"}}],\"inLanguage\":\"sk-SK\"},{\"@type\":\"Organization\",\"@id\":\"https:\\\/\\\/www.upjs.sk\\\/fakulta-verejnej-spravy\\\/#organization\",\"name\":\"Fakulta verejnej spr\u00e1vy | UPJ\u0160\",\"url\":\"https:\\\/\\\/www.upjs.sk\\\/fakulta-verejnej-spravy\\\/\",\"logo\":{\"@type\":\"ImageObject\",\"inLanguage\":\"sk-SK\",\"@id\":\"https:\\\/\\\/www.upjs.sk\\\/fakulta-verejnej-spravy\\\/#\\\/schema\\\/logo\\\/image\\\/\",\"url\":\"https:\\\/\\\/www.upjs.sk\\\/app\\\/uploads\\\/sites\\\/12\\\/2022\\\/09\\\/logo-verejnej-spravy-fakulta.png\",\"contentUrl\":\"https:\\\/\\\/www.upjs.sk\\\/app\\\/uploads\\\/sites\\\/12\\\/2022\\\/09\\\/logo-verejnej-spravy-fakulta.png\",\"width\":415,\"height\":87,\"caption\":\"Fakulta verejnej spr\u00e1vy | UPJ\u0160\"},\"image\":{\"@id\":\"https:\\\/\\\/www.upjs.sk\\\/fakulta-verejnej-spravy\\\/#\\\/schema\\\/logo\\\/image\\\/\"}}]}<\/script>\n<!-- \/ Yoast SEO plugin. -->","yoast_head_json":{"title":"Vedeck\u00e9 podujatia - Fakulta verejnej spr\u00e1vy | UPJ\u0160","robots":{"index":"index","follow":"follow","max-snippet":"max-snippet:-1","max-image-preview":"max-image-preview:large","max-video-preview":"max-video-preview:-1"},"canonical":"https:\/\/www.upjs.sk\/fakulta-verejnej-spravy\/konferencie-a-workshopy\/","og_locale":"sk_SK","og_type":"article","og_title":"Vedeck\u00e9 podujatia - Fakulta verejnej spr\u00e1vy | UPJ\u0160","og_description":"13. 2. 202510. ro\u010dn\u00edk medzin\u00e1rodnej vedeckej konferencie doktorandov Te\u00f3ria a prax verejnej spr\u00e1vy 2025 16. 2. 20249. ro\u010dn\u00edk medzin\u00e1rodnej vedeckej konferencie doktorandov s n\u00e1zvom ,,Te\u00f3ria a prax verejnej spr\u00e1vy\u201c. Konferencia sa v d\u00f4sledku pozit\u00edvnych ohlasov najm\u00e4 zahrani\u010dn\u00fdch \u00fa\u010dastn\u00edkov konala online formou v prostred\u00ed Microsoft Teams. Konferencie sa z\u00fa\u010dastnilo celkovo 23 doktorandov zo Slovenskej republiky, \u010ceskej &hellip; \u010c\u00edta\u0165 \u010falej","og_url":"https:\/\/www.upjs.sk\/fakulta-verejnej-spravy\/konferencie-a-workshopy\/","og_site_name":"Fakulta verejnej spr\u00e1vy | UPJ\u0160","article_modified_time":"2025-10-20T14:03:23+00:00","twitter_card":"summary_large_image","twitter_misc":{"Predpokladan\u00fd \u010das \u010d\u00edtania":"4 min\u00faty"},"schema":{"@context":"https:\/\/schema.org","@graph":[{"@type":"WebPage","@id":"https:\/\/www.upjs.sk\/fakulta-verejnej-spravy\/konferencie-a-workshopy\/","url":"https:\/\/www.upjs.sk\/fakulta-verejnej-spravy\/konferencie-a-workshopy\/","name":"Vedeck\u00e9 podujatia - Fakulta verejnej spr\u00e1vy | UPJ\u0160","isPartOf":{"@id":"https:\/\/www.upjs.sk\/fakulta-verejnej-spravy\/#website"},"datePublished":"2022-11-10T09:47:27+00:00","dateModified":"2025-10-20T14:03:23+00:00","breadcrumb":{"@id":"https:\/\/www.upjs.sk\/fakulta-verejnej-spravy\/konferencie-a-workshopy\/#breadcrumb"},"inLanguage":"sk-SK","potentialAction":[{"@type":"ReadAction","target":["https:\/\/www.upjs.sk\/fakulta-verejnej-spravy\/konferencie-a-workshopy\/"]}]},{"@type":"BreadcrumbList","@id":"https:\/\/www.upjs.sk\/fakulta-verejnej-spravy\/konferencie-a-workshopy\/#breadcrumb","itemListElement":[{"@type":"ListItem","position":1,"name":"Home","item":"https:\/\/www.upjs.sk\/fakulta-verejnej-spravy\/"},{"@type":"ListItem","position":2,"name":"Vedeck\u00e9 podujatia"}]},{"@type":"WebSite","@id":"https:\/\/www.upjs.sk\/fakulta-verejnej-spravy\/#website","url":"https:\/\/www.upjs.sk\/fakulta-verejnej-spravy\/","name":"Fakulta verejnej spr\u00e1vy | UPJ\u0160","description":"","publisher":{"@id":"https:\/\/www.upjs.sk\/fakulta-verejnej-spravy\/#organization"},"potentialAction":[{"@type":"SearchAction","target":{"@type":"EntryPoint","urlTemplate":"https:\/\/www.upjs.sk\/fakulta-verejnej-spravy\/?s={search_term_string}"},"query-input":{"@type":"PropertyValueSpecification","valueRequired":true,"valueName":"search_term_string"}}],"inLanguage":"sk-SK"},{"@type":"Organization","@id":"https:\/\/www.upjs.sk\/fakulta-verejnej-spravy\/#organization","name":"Fakulta verejnej spr\u00e1vy | UPJ\u0160","url":"https:\/\/www.upjs.sk\/fakulta-verejnej-spravy\/","logo":{"@type":"ImageObject","inLanguage":"sk-SK","@id":"https:\/\/www.upjs.sk\/fakulta-verejnej-spravy\/#\/schema\/logo\/image\/","url":"https:\/\/www.upjs.sk\/app\/uploads\/sites\/12\/2022\/09\/logo-verejnej-spravy-fakulta.png","contentUrl":"https:\/\/www.upjs.sk\/app\/uploads\/sites\/12\/2022\/09\/logo-verejnej-spravy-fakulta.png","width":415,"height":87,"caption":"Fakulta verejnej spr\u00e1vy | UPJ\u0160"},"image":{"@id":"https:\/\/www.upjs.sk\/fakulta-verejnej-spravy\/#\/schema\/logo\/image\/"}}]}},"_links":{"self":[{"href":"https:\/\/www.upjs.sk\/fakulta-verejnej-spravy\/wp-json\/wp\/v2\/pages\/16150","targetHints":{"allow":["GET"]}}],"collection":[{"href":"https:\/\/www.upjs.sk\/fakulta-verejnej-spravy\/wp-json\/wp\/v2\/pages"}],"about":[{"href":"https:\/\/www.upjs.sk\/fakulta-verejnej-spravy\/wp-json\/wp\/v2\/types\/page"}],"author":[{"embeddable":true,"href":"https:\/\/www.upjs.sk\/fakulta-verejnej-spravy\/wp-json\/wp\/v2\/users\/20"}],"replies":[{"embeddable":true,"href":"https:\/\/www.upjs.sk\/fakulta-verejnej-spravy\/wp-json\/wp\/v2\/comments?post=16150"}],"version-history":[{"count":11,"href":"https:\/\/www.upjs.sk\/fakulta-verejnej-spravy\/wp-json\/wp\/v2\/pages\/16150\/revisions"}],"predecessor-version":[{"id":29723,"href":"https:\/\/www.upjs.sk\/fakulta-verejnej-spravy\/wp-json\/wp\/v2\/pages\/16150\/revisions\/29723"}],"wp:attachment":[{"href":"https:\/\/www.upjs.sk\/fakulta-verejnej-spravy\/wp-json\/wp\/v2\/media?parent=16150"}],"wp:term":[{"taxonomy":"category","embeddable":true,"href":"https:\/\/www.upjs.sk\/fakulta-verejnej-spravy\/wp-json\/wp\/v2\/categories?post=16150"},{"taxonomy":"post_tag","embeddable":true,"href":"https:\/\/www.upjs.sk\/fakulta-verejnej-spravy\/wp-json\/wp\/v2\/tags?post=16150"}],"curies":[{"name":"wp","href":"https:\/\/api.w.org\/{rel}","templated":true}]}}