{"version":"1.0","provider_name":"Filozofick\u00e1 fakulta | UPJ\u0160","provider_url":"https:\/\/www.upjs.sk\/filozoficka-fakulta","title":"Profesor J\u00e1n Sabol osl\u00e1vil \u017eivotn\u00e9 jubileum s veden\u00edm fakulty - Filozofick\u00e1 fakulta | UPJ\u0160","type":"rich","width":600,"height":338,"html":"<blockquote class=\"wp-embedded-content\" data-secret=\"rKhx9hVJTb\"><a href=\"https:\/\/www.upjs.sk\/filozoficka-fakulta\/actuality\/profesor-sabol-85\/\">Profesor J\u00e1n Sabol osl\u00e1vil \u017eivotn\u00e9 jubileum s veden\u00edm fakulty<\/a><\/blockquote><iframe sandbox=\"allow-scripts\" security=\"restricted\" src=\"https:\/\/www.upjs.sk\/filozoficka-fakulta\/actuality\/profesor-sabol-85\/embed\/#?secret=rKhx9hVJTb\" width=\"600\" height=\"338\" title=\"&#8220;Profesor J\u00e1n Sabol osl\u00e1vil \u017eivotn\u00e9 jubileum s veden\u00edm fakulty&#8221; &#8212; Filozofick\u00e1 fakulta | UPJ\u0160\" data-secret=\"rKhx9hVJTb\" frameborder=\"0\" marginwidth=\"0\" marginheight=\"0\" scrolling=\"no\" class=\"wp-embedded-content\"><\/iframe><script>\n\/*! This file is auto-generated *\/\n!function(d,l){\"use strict\";l.querySelector&&d.addEventListener&&\"undefined\"!=typeof URL&&(d.wp=d.wp||{},d.wp.receiveEmbedMessage||(d.wp.receiveEmbedMessage=function(e){var t=e.data;if((t||t.secret||t.message||t.value)&&!\/[^a-zA-Z0-9]\/.test(t.secret)){for(var s,r,n,a=l.querySelectorAll('iframe[data-secret=\"'+t.secret+'\"]'),o=l.querySelectorAll('blockquote[data-secret=\"'+t.secret+'\"]'),c=new RegExp(\"^https?:$\",\"i\"),i=0;i<o.length;i++)o[i].style.display=\"none\";for(i=0;i<a.length;i++)s=a[i],e.source===s.contentWindow&&(s.removeAttribute(\"style\"),\"height\"===t.message?(1e3<(r=parseInt(t.value,10))?r=1e3:~~r<200&&(r=200),s.height=r):\"link\"===t.message&&(r=new URL(s.getAttribute(\"src\")),n=new URL(t.value),c.test(n.protocol))&&n.host===r.host&&l.activeElement===s&&(d.top.location.href=t.value))}},d.addEventListener(\"message\",d.wp.receiveEmbedMessage,!1),l.addEventListener(\"DOMContentLoaded\",function(){for(var e,t,s=l.querySelectorAll(\"iframe.wp-embedded-content\"),r=0;r<s.length;r++)(t=(e=s[r]).getAttribute(\"data-secret\"))||(t=Math.random().toString(36).substring(2,12),e.src+=\"#?secret=\"+t,e.setAttribute(\"data-secret\",t)),e.contentWindow.postMessage({message:\"ready\",secret:t},\"*\")},!1)))}(window,document);\n\/\/# sourceURL=https:\/\/www.upjs.sk\/filozoficka-fakulta\/wp-includes\/js\/wp-embed.min.js\n<\/script>\n","thumbnail_url":"https:\/\/www.upjs.sk\/app\/uploads\/sites\/7\/2024\/01\/prof-Sabol-85.jpg","thumbnail_width":1200,"thumbnail_height":840,"description":"Kr\u00e1sne jubileum \u2013 osemdesiatp\u00e4\u0165 rokov \u017eivota \u2013 si vo \u0161tvrtok 25. janu\u00e1ra 2024 pripomenul v\u00fdznamn\u00fd slovensk\u00fd jazykovedec a n\u00e1\u0161 cten\u00fd kolega&nbsp;Dr. h. c. prof. PhDr. J\u00e1n Sabol, DrSc.&nbsp;K po\u010detn\u00e9mu z\u00e1stupu&nbsp;gratulantov sa pripojilo aj vedenie&nbsp;Filozofickej fakulty UPJ\u0160 v Ko\u0161iciach, ktor\u00e9 sa s jubilantom&nbsp;\u2013&nbsp;spoluzakladate\u013eom FF UPJ\u0160 a jej prv\u00fdm prodekanom pre vedeckov\u00fdskumn\u00fa \u010dinnos\u0165 a doktorandsk\u00e9 \u0161t\u00fadium&nbsp;\u2013&nbsp;zi\u0161lo na &hellip; \u010c\u00edta\u0165 \u010falej"}

Filozofická fakulta | UPJŠ

Profesor Ján Sabol oslávil životné jubileum s vedením fakulty - Filozofická fakulta | UPJŠ

<blockquote class="wp-embedded-content" data-secret="rKhx9hVJTb"><a href="https://www.upjs.sk/filozoficka-fakulta/actuality/profesor-sabol-85/">Profesor Ján Sabol oslávil životné jubileum s vedením fakulty</a></blockquote><iframe sandbox="allow-scripts" security="restricted" src="https://www.upjs.sk/filozoficka-fakulta/actuality/profesor-sabol-85/embed/#?secret=rKhx9hVJTb" width="600" height="338" title="&#8220;Profesor Ján Sabol oslávil životné jubileum s vedením fakulty&#8221; &#8212; Filozofická fakulta | UPJŠ" data-secret="rKhx9hVJTb" frameborder="0" marginwidth="0" marginheight="0" scrolling="no" class="wp-embedded-content"></iframe><script>
/*! This file is auto-generated */
!function(d,l){"use strict";l.querySelector&&d.addEventListener&&"undefined"!=typeof URL&&(d.wp=d.wp||{},d.wp.receiveEmbedMessage||(d.wp.receiveEmbedMessage=function(e){var t=e.data;if((t||t.secret||t.message||t.value)&&!/[^a-zA-Z0-9]/.test(t.secret)){for(var s,r,n,a=l.querySelectorAll('iframe[data-secret="'+t.secret+'"]'),o=l.querySelectorAll('blockquote[data-secret="'+t.secret+'"]'),c=new RegExp("^https?:$","i"),i=0;i<o.length;i++)o[i].style.display="none";for(i=0;i<a.length;i++)s=a[i],e.source===s.contentWindow&&(s.removeAttribute("style"),"height"===t.message?(1e3<(r=parseInt(t.value,10))?r=1e3:~~r<200&&(r=200),s.height=r):"link"===t.message&&(r=new URL(s.getAttribute("src")),n=new URL(t.value),c.test(n.protocol))&&n.host===r.host&&l.activeElement===s&&(d.top.location.href=t.value))}},d.addEventListener("message",d.wp.receiveEmbedMessage,!1),l.addEventListener("DOMContentLoaded",function(){for(var e,t,s=l.querySelectorAll("iframe.wp-embedded-content"),r=0;r<s.length;r++)(t=(e=s[r]).getAttribute("data-secret"))||(t=Math.random().toString(36).substring(2,12),e.src+="#?secret="+t,e.setAttribute("data-secret",t)),e.contentWindow.postMessage({message:"ready",secret:t},"*")},!1)))}(window,document);
//# sourceURL=https://www.upjs.sk/filozoficka-fakulta/wp-includes/js/wp-embed.min.js
</script>

Krásne jubileum – osemdesiatpäť rokov života – si vo štvrtok 25. januára 2024 pripomenul významný slovenský jazykovedec a náš ctený kolega&nbsp;Dr. h. c. prof. PhDr. Ján Sabol, DrSc.&nbsp;K početnému zástupu&nbsp;gratulantov sa pripojilo aj vedenie&nbsp;Filozofickej fakulty UPJŠ v Košiciach, ktoré sa s jubilantom&nbsp;–&nbsp;spoluzakladateľom FF UPJŠ a jej prvým prodekanom pre vedeckovýskumnú činnosť a doktorandské štúdium&nbsp;–&nbsp;zišlo na &hellip; Čítať ďalej
