{"version":"1.0","provider_name":"Filozofick\u00e1 fakulta | UPJ\u0160","provider_url":"https:\/\/www.upjs.sk\/filozoficka-fakulta","title":"Jubilejn\u00fd 30. ro\u010dn\u00edk Krajsk\u00e9ho kola Olympi\u00e1dy vo franc\u00fazskom jazyku v Ko\u0161iciach - Filozofick\u00e1 fakulta | UPJ\u0160","type":"rich","width":600,"height":338,"html":"<blockquote class=\"wp-embedded-content\" data-secret=\"ISgnjQ5wQa\"><a href=\"https:\/\/www.upjs.sk\/filozoficka-fakulta\/upjs-life\/kk-olympiady-frj-2021\/\">Jubilejn\u00fd 30. ro\u010dn\u00edk Krajsk\u00e9ho kola Olympi\u00e1dy vo franc\u00fazskom jazyku v Ko\u0161iciach<\/a><\/blockquote><iframe sandbox=\"allow-scripts\" security=\"restricted\" src=\"https:\/\/www.upjs.sk\/filozoficka-fakulta\/upjs-life\/kk-olympiady-frj-2021\/embed\/#?secret=ISgnjQ5wQa\" width=\"600\" height=\"338\" title=\"&#8220;Jubilejn\u00fd 30. ro\u010dn\u00edk Krajsk\u00e9ho kola Olympi\u00e1dy vo franc\u00fazskom jazyku v Ko\u0161iciach&#8221; &#8212; Filozofick\u00e1 fakulta | UPJ\u0160\" data-secret=\"ISgnjQ5wQa\" frameborder=\"0\" marginwidth=\"0\" marginheight=\"0\" scrolling=\"no\" class=\"wp-embedded-content\"><\/iframe><script>\n\/*! This file is auto-generated *\/\n!function(d,l){\"use strict\";l.querySelector&&d.addEventListener&&\"undefined\"!=typeof URL&&(d.wp=d.wp||{},d.wp.receiveEmbedMessage||(d.wp.receiveEmbedMessage=function(e){var t=e.data;if((t||t.secret||t.message||t.value)&&!\/[^a-zA-Z0-9]\/.test(t.secret)){for(var s,r,n,a=l.querySelectorAll('iframe[data-secret=\"'+t.secret+'\"]'),o=l.querySelectorAll('blockquote[data-secret=\"'+t.secret+'\"]'),c=new RegExp(\"^https?:$\",\"i\"),i=0;i<o.length;i++)o[i].style.display=\"none\";for(i=0;i<a.length;i++)s=a[i],e.source===s.contentWindow&&(s.removeAttribute(\"style\"),\"height\"===t.message?(1e3<(r=parseInt(t.value,10))?r=1e3:~~r<200&&(r=200),s.height=r):\"link\"===t.message&&(r=new URL(s.getAttribute(\"src\")),n=new URL(t.value),c.test(n.protocol))&&n.host===r.host&&l.activeElement===s&&(d.top.location.href=t.value))}},d.addEventListener(\"message\",d.wp.receiveEmbedMessage,!1),l.addEventListener(\"DOMContentLoaded\",function(){for(var e,t,s=l.querySelectorAll(\"iframe.wp-embedded-content\"),r=0;r<s.length;r++)(t=(e=s[r]).getAttribute(\"data-secret\"))||(t=Math.random().toString(36).substring(2,12),e.src+=\"#?secret=\"+t,e.setAttribute(\"data-secret\",t)),e.contentWindow.postMessage({message:\"ready\",secret:t},\"*\")},!1)))}(window,document);\n\/\/# sourceURL=https:\/\/www.upjs.sk\/filozoficka-fakulta\/wp-includes\/js\/wp-embed.min.js\n<\/script>\n","thumbnail_url":"https:\/\/www.upjs.sk\/app\/uploads\/sites\/7\/2022\/09\/olympiady.jpg","thumbnail_width":450,"thumbnail_height":250,"description":"\u00a0 Po p\u00f4vodnom zru\u0161en\u00ed 30. ro\u010dn\u00edka Krajsk\u00e9ho kola Olympi\u00e1dy vo franc\u00fazskom jazyku v Ko\u0161iciach v \u0161kolskom roku 2019\/2020 pri\u0161la pote\u0161uj\u00faca spr\u00e1va, \u017ee jubilejn\u00fd ro\u010dn\u00edk bol presunut\u00fd na 29. 3. 2021, a to v\u010faka mo\u017enosti zorganizova\u0165 s\u00fa\u0165a\u017en\u00e9 kolo di\u0161tan\u010dnou formou. Aj napriek s\u0165a\u017een\u00fdm podmienkam organiz\u00e1cie podujatia v r\u00e9\u017eii Z\u0160 Stani\u010dn\u00e1 v Ko\u0161iciach, s\u00fa\u0165a\u017en\u00e9 krajsk\u00e9 kolo prebehlo &hellip; \u010c\u00edta\u0165 \u010falej"}

Filozofická fakulta | UPJŠ

Jubilejný 30. ročník Krajského kola Olympiády vo francúzskom jazyku v Košiciach - Filozofická fakulta | UPJŠ

<blockquote class="wp-embedded-content" data-secret="ISgnjQ5wQa"><a href="https://www.upjs.sk/filozoficka-fakulta/upjs-life/kk-olympiady-frj-2021/">Jubilejný 30. ročník Krajského kola Olympiády vo francúzskom jazyku v Košiciach</a></blockquote><iframe sandbox="allow-scripts" security="restricted" src="https://www.upjs.sk/filozoficka-fakulta/upjs-life/kk-olympiady-frj-2021/embed/#?secret=ISgnjQ5wQa" width="600" height="338" title="&#8220;Jubilejný 30. ročník Krajského kola Olympiády vo francúzskom jazyku v Košiciach&#8221; &#8212; Filozofická fakulta | UPJŠ" data-secret="ISgnjQ5wQa" frameborder="0" marginwidth="0" marginheight="0" scrolling="no" class="wp-embedded-content"></iframe><script>
/*! This file is auto-generated */
!function(d,l){"use strict";l.querySelector&&d.addEventListener&&"undefined"!=typeof URL&&(d.wp=d.wp||{},d.wp.receiveEmbedMessage||(d.wp.receiveEmbedMessage=function(e){var t=e.data;if((t||t.secret||t.message||t.value)&&!/[^a-zA-Z0-9]/.test(t.secret)){for(var s,r,n,a=l.querySelectorAll('iframe[data-secret="'+t.secret+'"]'),o=l.querySelectorAll('blockquote[data-secret="'+t.secret+'"]'),c=new RegExp("^https?:$","i"),i=0;i<o.length;i++)o[i].style.display="none";for(i=0;i<a.length;i++)s=a[i],e.source===s.contentWindow&&(s.removeAttribute("style"),"height"===t.message?(1e3<(r=parseInt(t.value,10))?r=1e3:~~r<200&&(r=200),s.height=r):"link"===t.message&&(r=new URL(s.getAttribute("src")),n=new URL(t.value),c.test(n.protocol))&&n.host===r.host&&l.activeElement===s&&(d.top.location.href=t.value))}},d.addEventListener("message",d.wp.receiveEmbedMessage,!1),l.addEventListener("DOMContentLoaded",function(){for(var e,t,s=l.querySelectorAll("iframe.wp-embedded-content"),r=0;r<s.length;r++)(t=(e=s[r]).getAttribute("data-secret"))||(t=Math.random().toString(36).substring(2,12),e.src+="#?secret="+t,e.setAttribute("data-secret",t)),e.contentWindow.postMessage({message:"ready",secret:t},"*")},!1)))}(window,document);
//# sourceURL=https://www.upjs.sk/filozoficka-fakulta/wp-includes/js/wp-embed.min.js
</script>

Po pôvodnom zrušení 30. ročníka Krajského kola Olympiády vo francúzskom jazyku v Košiciach v školskom roku 2019/2020 prišla potešujúca správa, že jubilejný ročník bol presunutý na 29. 3. 2021, a to vďaka možnosti zorganizovať súťažné kolo dištančnou formou. Aj napriek sťaženým podmienkam organizácie podujatia v réžii ZŠ Staničná v Košiciach, súťažné krajské kolo prebehlo &hellip; Čítať ďalej
