{"version":"1.0","provider_name":"Filozofick\u00e1 fakulta | UPJ\u0160","provider_url":"https:\/\/www.upjs.sk\/filozoficka-fakulta","title":"Na Filozofick\u00fa fakultu UPJ\u0160 op\u00e4\u0165 zav\u00edtal Mikul\u00e1\u0161 - Filozofick\u00e1 fakulta | UPJ\u0160","type":"rich","width":600,"height":338,"html":"<blockquote class=\"wp-embedded-content\" data-secret=\"ccoBv6NpJw\"><a href=\"https:\/\/www.upjs.sk\/filozoficka-fakulta\/upjs-life\/mikulas-na-ff-2019\/\">Na Filozofick\u00fa fakultu UPJ\u0160 op\u00e4\u0165 zav\u00edtal Mikul\u00e1\u0161<\/a><\/blockquote><iframe sandbox=\"allow-scripts\" security=\"restricted\" src=\"https:\/\/www.upjs.sk\/filozoficka-fakulta\/upjs-life\/mikulas-na-ff-2019\/embed\/#?secret=ccoBv6NpJw\" width=\"600\" height=\"338\" title=\"&#8220;Na Filozofick\u00fa fakultu UPJ\u0160 op\u00e4\u0165 zav\u00edtal Mikul\u00e1\u0161&#8221; &#8212; Filozofick\u00e1 fakulta | UPJ\u0160\" data-secret=\"ccoBv6NpJw\" frameborder=\"0\" marginwidth=\"0\" marginheight=\"0\" scrolling=\"no\" class=\"wp-embedded-content\"><\/iframe><script>\n\/*! This file is auto-generated *\/\n!function(d,l){\"use strict\";l.querySelector&&d.addEventListener&&\"undefined\"!=typeof URL&&(d.wp=d.wp||{},d.wp.receiveEmbedMessage||(d.wp.receiveEmbedMessage=function(e){var t=e.data;if((t||t.secret||t.message||t.value)&&!\/[^a-zA-Z0-9]\/.test(t.secret)){for(var s,r,n,a=l.querySelectorAll('iframe[data-secret=\"'+t.secret+'\"]'),o=l.querySelectorAll('blockquote[data-secret=\"'+t.secret+'\"]'),c=new RegExp(\"^https?:$\",\"i\"),i=0;i<o.length;i++)o[i].style.display=\"none\";for(i=0;i<a.length;i++)s=a[i],e.source===s.contentWindow&&(s.removeAttribute(\"style\"),\"height\"===t.message?(1e3<(r=parseInt(t.value,10))?r=1e3:~~r<200&&(r=200),s.height=r):\"link\"===t.message&&(r=new URL(s.getAttribute(\"src\")),n=new URL(t.value),c.test(n.protocol))&&n.host===r.host&&l.activeElement===s&&(d.top.location.href=t.value))}},d.addEventListener(\"message\",d.wp.receiveEmbedMessage,!1),l.addEventListener(\"DOMContentLoaded\",function(){for(var e,t,s=l.querySelectorAll(\"iframe.wp-embedded-content\"),r=0;r<s.length;r++)(t=(e=s[r]).getAttribute(\"data-secret\"))||(t=Math.random().toString(36).substring(2,12),e.src+=\"#?secret=\"+t,e.setAttribute(\"data-secret\",t)),e.contentWindow.postMessage({message:\"ready\",secret:t},\"*\")},!1)))}(window,document);\n\/\/# sourceURL=https:\/\/www.upjs.sk\/filozoficka-fakulta\/wp-includes\/js\/wp-embed.min.js\n<\/script>\n","thumbnail_url":"https:\/\/www.upjs.sk\/app\/uploads\/sites\/7\/2022\/09\/1.jpg","thumbnail_width":800,"thumbnail_height":533,"description":"\u00a0 Katedra soci\u00e1lnej pr\u00e1ce Filozofickej fakulty UPJ\u0160 v Ko\u0161iciach usporiadala v stredu 4. decembra 2019 po tret\u00ed raz fakultn\u00e9ho Mikul\u00e1\u0161a. S organiz\u00e1ciou pomohli \u0161tudenti prv\u00e9ho ro\u010dn\u00edka magistersk\u00e9ho a druh\u00e9ho ro\u010dn\u00edka bakal\u00e1rskeho stup\u0148a \u0161t\u00fadia odboru soci\u00e1lna pr\u00e1ca. Na podujat\u00ed sa z\u00fa\u010dastnilo vy\u0161e 40 det\u00ed zamestnancov Filozofickej fakulty UPJ\u0160 a viac ako 30 rodi\u010dov. Mikul\u00e1\u0161ske popoludnie sa &hellip; \u010c\u00edta\u0165 \u010falej"}

Filozofická fakulta | UPJŠ

Na Filozofickú fakultu UPJŠ opäť zavítal Mikuláš - Filozofická fakulta | UPJŠ

<blockquote class="wp-embedded-content" data-secret="ccoBv6NpJw"><a href="https://www.upjs.sk/filozoficka-fakulta/upjs-life/mikulas-na-ff-2019/">Na Filozofickú fakultu UPJŠ opäť zavítal Mikuláš</a></blockquote><iframe sandbox="allow-scripts" security="restricted" src="https://www.upjs.sk/filozoficka-fakulta/upjs-life/mikulas-na-ff-2019/embed/#?secret=ccoBv6NpJw" width="600" height="338" title="&#8220;Na Filozofickú fakultu UPJŠ opäť zavítal Mikuláš&#8221; &#8212; Filozofická fakulta | UPJŠ" data-secret="ccoBv6NpJw" frameborder="0" marginwidth="0" marginheight="0" scrolling="no" class="wp-embedded-content"></iframe><script>
/*! This file is auto-generated */
!function(d,l){"use strict";l.querySelector&&d.addEventListener&&"undefined"!=typeof URL&&(d.wp=d.wp||{},d.wp.receiveEmbedMessage||(d.wp.receiveEmbedMessage=function(e){var t=e.data;if((t||t.secret||t.message||t.value)&&!/[^a-zA-Z0-9]/.test(t.secret)){for(var s,r,n,a=l.querySelectorAll('iframe[data-secret="'+t.secret+'"]'),o=l.querySelectorAll('blockquote[data-secret="'+t.secret+'"]'),c=new RegExp("^https?:$","i"),i=0;i<o.length;i++)o[i].style.display="none";for(i=0;i<a.length;i++)s=a[i],e.source===s.contentWindow&&(s.removeAttribute("style"),"height"===t.message?(1e3<(r=parseInt(t.value,10))?r=1e3:~~r<200&&(r=200),s.height=r):"link"===t.message&&(r=new URL(s.getAttribute("src")),n=new URL(t.value),c.test(n.protocol))&&n.host===r.host&&l.activeElement===s&&(d.top.location.href=t.value))}},d.addEventListener("message",d.wp.receiveEmbedMessage,!1),l.addEventListener("DOMContentLoaded",function(){for(var e,t,s=l.querySelectorAll("iframe.wp-embedded-content"),r=0;r<s.length;r++)(t=(e=s[r]).getAttribute("data-secret"))||(t=Math.random().toString(36).substring(2,12),e.src+="#?secret="+t,e.setAttribute("data-secret",t)),e.contentWindow.postMessage({message:"ready",secret:t},"*")},!1)))}(window,document);
//# sourceURL=https://www.upjs.sk/filozoficka-fakulta/wp-includes/js/wp-embed.min.js
</script>

Katedra sociálnej práce Filozofickej fakulty UPJŠ v Košiciach usporiadala v stredu 4. decembra 2019 po tretí raz fakultného Mikuláša. S organizáciou pomohli študenti prvého ročníka magisterského a druhého ročníka bakalárskeho stupňa štúdia odboru sociálna práca. Na podujatí sa zúčastnilo vyše 40 detí zamestnancov Filozofickej fakulty UPJŠ a viac ako 30 rodičov. Mikulášske popoludnie sa &hellip; Čítať ďalej
