{"id":12388,"date":"2019-10-09T09:44:50","date_gmt":"2019-10-09T09:44:50","guid":{"rendered":"https:\/\/www.upjs.sk\/filozoficka-fakulta\/info-pre-verejnost-a-media\/dod-na-kaa-okt2019\/"},"modified":"2022-11-13T21:40:24","modified_gmt":"2022-11-13T20:40:24","slug":"dod-na-kaa-okt2019","status":"publish","type":"page","link":"https:\/\/www.upjs.sk\/filozoficka-fakulta\/info-pre-verejnost-a-media\/dod-na-kaa-okt2019\/","title":{"rendered":"De\u0148 otvoren\u00fdch dver\u00ed na KAA FF UPJ\u0160\/ Open House at BAS FF UPJ\u0160"},"content":{"rendered":"<p>\u00a0<\/p>\n<p style=\"text-align: justify;\">D\u0148a 4. okt\u00f3bra 2019 sa konal <strong>De\u0148 otvoren\u00fdch dver\u00ed Univerzity Pavla Jozefa \u0160af\u00e1rika v Ko\u0161iciach<\/strong> v priestoroch <span style=\"color:#FFA500\"><strong>Filozofickej fakulty UPJ\u0160<\/strong><\/span> v budove Plat\u00f3n, kde sa prezentovala aj <span style=\"color:#FFA500\"><strong>Katedra anglistiky a amerikanistiky FF UPJ\u0160<\/strong><\/span>.<br \/> \u0160tudentky a \u0161tudenti, ktor\u00ed prejavili z\u00e1ujem o \u0161t\u00fadium na na\u0161ej katedre, si mohli nielen pozrie\u0165 priestory KAA FF UPJ\u0160, ale aj vysk\u00fa\u0161a\u0165 si jej vybavenie. V \u00favodnej prezent\u00e1cii katedra predstavila jednotliv\u00e9 \u0161tudijn\u00e9 programy, mo\u017enosti mobil\u00edt programu Erasmus+, testovacie centrum a svoje klubov\u00e9 a kari\u00e9rne aktivity. Z\u00e1ujemcovia mali priestor aj na ot\u00e1zky, na ktor\u00e9 odpovedali absolventi katedry, jej s\u00fa\u010dasn\u00ed doktorandi a \u0161tudenti magistersk\u00fdch \u0161tudijn\u00fdch programov. Po\u010das doobedia si z\u00e1ujemcovia mali mo\u017enos\u0165 otestova\u0165 svoju angli\u010dtinu a franc\u00faz\u0161tinu a nav\u0161t\u00edvili aj na\u0161e modern\u00e9 tlmo\u010dn\u00edcke laborat\u00f3rium, kde si mohli vysk\u00fa\u0161a\u0165 aj profesion\u00e1lne tlmo\u010dn\u00edcke kab\u00edny.<br \/> D\u00fafame, \u017ee sme vytvorili skvel\u00fd dojem na z\u00e1ujemcov o \u0161t\u00fadium, ktor\u00fdch bolo takmer 80, a \u017ee s mnoh\u00fdmi sa e\u0161te uvid\u00edme na \u010fal\u0161\u00edch DOD alebo v prvom ro\u010dn\u00edku o rok.<\/p>\n<p style=\"text-align: justify;\"><strong>Mgr. Dominika Moh\u0148ansk\u00e1<\/strong><br \/> doktorandka KAA FF UPJ\u0160<\/p>\n<p style=\"text-align: justify;\">On October 4th, 2019 <strong>Pavol Jozef \u0160af\u00e1rik University in Ko\u0161ice<\/strong> organised <strong>Open House<\/strong> in its premises. The <span style=\"color:#FFA500\"><strong>Department of British and American Studies, Faculty of Arts<\/strong><\/span> welcomed almost 80 students and their teachers and parents. The students had the opportunity to get information about the study programmes of the Department, the Erasmus+ programme mobilities, testing centre, club and career activities from the students and alumni of the Department, and they could test themselves in English and French, and try interpreters\u2019 booths.<br \/> We believe the students enjoyed the time spent at our Department and we are looking forward to their future visits during open house days in February and May 2020.<\/p>\n<p style=\"text-align: justify;\"><strong>Dominika Moh\u0148ansk\u00e1, M.A.<\/strong><br \/> PhD student of BAS FF UPJ\u0160<\/p>\n<p style=\"text-align: justify;\">Foto\/Photo: Mari\u00e1n Gladi\u0161, FF UPJ\u0160<\/p>\n","protected":false},"excerpt":{"rendered":"<p>\u00a0 D\u0148a 4. okt\u00f3bra 2019 sa konal De\u0148 otvoren\u00fdch dver\u00ed Univerzity Pavla Jozefa \u0160af\u00e1rika v Ko\u0161iciach v priestoroch Filozofickej fakulty UPJ\u0160 v budove Plat\u00f3n, kde sa prezentovala aj Katedra anglistiky a amerikanistiky FF UPJ\u0160. \u0160tudentky a \u0161tudenti, ktor\u00ed prejavili z\u00e1ujem o \u0161t\u00fadium na na\u0161ej katedre, si mohli nielen pozrie\u0165 priestory KAA FF UPJ\u0160, ale aj &hellip; <a href=\"https:\/\/www.upjs.sk\/filozoficka-fakulta\/info-pre-verejnost-a-media\/dod-na-kaa-okt2019\/\">\u010c\u00edta\u0165 \u010falej<\/a><\/p>\n","protected":false},"author":1,"featured_media":12389,"parent":16533,"menu_order":43,"comment_status":"closed","ping_status":"closed","template":"","meta":{"_acf_changed":false,"_editorskit_title_hidden":false,"_editorskit_reading_time":0,"_editorskit_is_block_options_detached":false,"_editorskit_block_options_position":"{}","footnotes":""},"categories":[],"tags":[],"class_list":["post-12388","page","type-page","status-publish","has-post-thumbnail","hentry"],"acf":{"acf_link_na_externy_obsah":""},"yoast_head":"<!-- This site is optimized with the Yoast SEO plugin v27.2 - https:\/\/yoast.com\/product\/yoast-seo-wordpress\/ -->\n<title>De\u0148 otvoren\u00fdch dver\u00ed na KAA FF UPJ\u0160\/ Open House at BAS FF UPJ\u0160 - Filozofick\u00e1 fakulta | UPJ\u0160<\/title>\n<meta name=\"robots\" content=\"index, follow, max-snippet:-1, max-image-preview:large, max-video-preview:-1\" \/>\n<link rel=\"canonical\" href=\"https:\/\/www.upjs.sk\/filozoficka-fakulta\/info-pre-verejnost-a-media\/dod-na-kaa-okt2019\/\" \/>\n<meta property=\"og:locale\" content=\"sk_SK\" \/>\n<meta property=\"og:type\" content=\"article\" \/>\n<meta property=\"og:title\" content=\"De\u0148 otvoren\u00fdch dver\u00ed na KAA FF UPJ\u0160\/ Open House at BAS FF UPJ\u0160 - Filozofick\u00e1 fakulta | UPJ\u0160\" \/>\n<meta property=\"og:description\" content=\"\u00a0 D\u0148a 4. okt\u00f3bra 2019 sa konal De\u0148 otvoren\u00fdch dver\u00ed Univerzity Pavla Jozefa \u0160af\u00e1rika v Ko\u0161iciach v priestoroch Filozofickej fakulty UPJ\u0160 v budove Plat\u00f3n, kde sa prezentovala aj Katedra anglistiky a amerikanistiky FF UPJ\u0160. \u0160tudentky a \u0161tudenti, ktor\u00ed prejavili z\u00e1ujem o \u0161t\u00fadium na na\u0161ej katedre, si mohli nielen pozrie\u0165 priestory KAA FF UPJ\u0160, ale aj &hellip; \u010c\u00edta\u0165 \u010falej\" \/>\n<meta property=\"og:url\" content=\"https:\/\/www.upjs.sk\/filozoficka-fakulta\/info-pre-verejnost-a-media\/dod-na-kaa-okt2019\/\" \/>\n<meta property=\"og:site_name\" content=\"Filozofick\u00e1 fakulta | UPJ\u0160\" \/>\n<meta property=\"article:modified_time\" content=\"2022-11-13T20:40:24+00:00\" \/>\n<meta property=\"og:image\" content=\"https:\/\/www.upjs.sk\/app\/uploads\/sites\/7\/2022\/09\/1-65.jpg\" \/>\n\t<meta property=\"og:image:width\" content=\"1000\" \/>\n\t<meta property=\"og:image:height\" content=\"750\" \/>\n\t<meta property=\"og:image:type\" content=\"image\/jpeg\" \/>\n<meta name=\"twitter:card\" content=\"summary_large_image\" \/>\n<meta name=\"twitter:label1\" content=\"Predpokladan\u00fd \u010das \u010d\u00edtania\" \/>\n\t<meta name=\"twitter:data1\" content=\"2 min\u00faty\" \/>\n<script type=\"application\/ld+json\" class=\"yoast-schema-graph\">{\"@context\":\"https:\/\/schema.org\",\"@graph\":[{\"@type\":\"WebPage\",\"@id\":\"https:\/\/www.upjs.sk\/filozoficka-fakulta\/info-pre-verejnost-a-media\/dod-na-kaa-okt2019\/\",\"url\":\"https:\/\/www.upjs.sk\/filozoficka-fakulta\/info-pre-verejnost-a-media\/dod-na-kaa-okt2019\/\",\"name\":\"De\u0148 otvoren\u00fdch dver\u00ed na KAA FF UPJ\u0160\/ Open House at BAS FF UPJ\u0160 - Filozofick\u00e1 fakulta | UPJ\u0160\",\"isPartOf\":{\"@id\":\"https:\/\/www.upjs.sk\/filozoficka-fakulta\/#website\"},\"primaryImageOfPage\":{\"@id\":\"https:\/\/www.upjs.sk\/filozoficka-fakulta\/info-pre-verejnost-a-media\/dod-na-kaa-okt2019\/#primaryimage\"},\"image\":{\"@id\":\"https:\/\/www.upjs.sk\/filozoficka-fakulta\/info-pre-verejnost-a-media\/dod-na-kaa-okt2019\/#primaryimage\"},\"thumbnailUrl\":\"https:\/\/www.upjs.sk\/app\/uploads\/sites\/7\/2022\/09\/1-65.jpg\",\"datePublished\":\"2019-10-09T09:44:50+00:00\",\"dateModified\":\"2022-11-13T20:40:24+00:00\",\"breadcrumb\":{\"@id\":\"https:\/\/www.upjs.sk\/filozoficka-fakulta\/info-pre-verejnost-a-media\/dod-na-kaa-okt2019\/#breadcrumb\"},\"inLanguage\":\"sk-SK\",\"potentialAction\":[{\"@type\":\"ReadAction\",\"target\":[\"https:\/\/www.upjs.sk\/filozoficka-fakulta\/info-pre-verejnost-a-media\/dod-na-kaa-okt2019\/\"]}]},{\"@type\":\"ImageObject\",\"inLanguage\":\"sk-SK\",\"@id\":\"https:\/\/www.upjs.sk\/filozoficka-fakulta\/info-pre-verejnost-a-media\/dod-na-kaa-okt2019\/#primaryimage\",\"url\":\"https:\/\/www.upjs.sk\/app\/uploads\/sites\/7\/2022\/09\/1-65.jpg\",\"contentUrl\":\"https:\/\/www.upjs.sk\/app\/uploads\/sites\/7\/2022\/09\/1-65.jpg\",\"width\":1000,\"height\":750,\"caption\":\"dod-na-kaa-okt2019\"},{\"@type\":\"BreadcrumbList\",\"@id\":\"https:\/\/www.upjs.sk\/filozoficka-fakulta\/info-pre-verejnost-a-media\/dod-na-kaa-okt2019\/#breadcrumb\",\"itemListElement\":[{\"@type\":\"ListItem\",\"position\":1,\"name\":\"Home\",\"item\":\"https:\/\/www.upjs.sk\/filozoficka-fakulta\/\"},{\"@type\":\"ListItem\",\"position\":2,\"name\":\"Inform\u00e1cie pre verejnos\u0165 a m\u00e9di\u00e1\",\"item\":\"https:\/\/www.upjs.sk\/filozoficka-fakulta\/info-pre-verejnost-a-media\/\"},{\"@type\":\"ListItem\",\"position\":3,\"name\":\"De\u0148 otvoren\u00fdch dver\u00ed na KAA FF UPJ\u0160\/ Open House at BAS FF UPJ\u0160\"}]},{\"@type\":\"WebSite\",\"@id\":\"https:\/\/www.upjs.sk\/filozoficka-fakulta\/#website\",\"url\":\"https:\/\/www.upjs.sk\/filozoficka-fakulta\/\",\"name\":\"Filozofick\u00e1 fakulta | UPJ\u0160\",\"description\":\"\",\"publisher\":{\"@id\":\"https:\/\/www.upjs.sk\/filozoficka-fakulta\/#organization\"},\"potentialAction\":[{\"@type\":\"SearchAction\",\"target\":{\"@type\":\"EntryPoint\",\"urlTemplate\":\"https:\/\/www.upjs.sk\/filozoficka-fakulta\/?s={search_term_string}\"},\"query-input\":{\"@type\":\"PropertyValueSpecification\",\"valueRequired\":true,\"valueName\":\"search_term_string\"}}],\"inLanguage\":\"sk-SK\"},{\"@type\":\"Organization\",\"@id\":\"https:\/\/www.upjs.sk\/filozoficka-fakulta\/#organization\",\"name\":\"Filozofick\u00e1 fakulta | UPJ\u0160\",\"url\":\"https:\/\/www.upjs.sk\/filozoficka-fakulta\/\",\"logo\":{\"@type\":\"ImageObject\",\"inLanguage\":\"sk-SK\",\"@id\":\"https:\/\/www.upjs.sk\/filozoficka-fakulta\/#\/schema\/logo\/image\/\",\"url\":\"https:\/\/www.upjs.sk\/app\/uploads\/sites\/7\/2022\/09\/logo-filozoficka-fakulta.png\",\"contentUrl\":\"https:\/\/www.upjs.sk\/app\/uploads\/sites\/7\/2022\/09\/logo-filozoficka-fakulta.png\",\"width\":415,\"height\":87,\"caption\":\"Filozofick\u00e1 fakulta | UPJ\u0160\"},\"image\":{\"@id\":\"https:\/\/www.upjs.sk\/filozoficka-fakulta\/#\/schema\/logo\/image\/\"}}]}<\/script>\n<!-- \/ Yoast SEO plugin. -->","yoast_head_json":{"title":"De\u0148 otvoren\u00fdch dver\u00ed na KAA FF UPJ\u0160\/ Open House at BAS FF UPJ\u0160 - Filozofick\u00e1 fakulta | UPJ\u0160","robots":{"index":"index","follow":"follow","max-snippet":"max-snippet:-1","max-image-preview":"max-image-preview:large","max-video-preview":"max-video-preview:-1"},"canonical":"https:\/\/www.upjs.sk\/filozoficka-fakulta\/info-pre-verejnost-a-media\/dod-na-kaa-okt2019\/","og_locale":"sk_SK","og_type":"article","og_title":"De\u0148 otvoren\u00fdch dver\u00ed na KAA FF UPJ\u0160\/ Open House at BAS FF UPJ\u0160 - Filozofick\u00e1 fakulta | UPJ\u0160","og_description":"\u00a0 D\u0148a 4. okt\u00f3bra 2019 sa konal De\u0148 otvoren\u00fdch dver\u00ed Univerzity Pavla Jozefa \u0160af\u00e1rika v Ko\u0161iciach v priestoroch Filozofickej fakulty UPJ\u0160 v budove Plat\u00f3n, kde sa prezentovala aj Katedra anglistiky a amerikanistiky FF UPJ\u0160. \u0160tudentky a \u0161tudenti, ktor\u00ed prejavili z\u00e1ujem o \u0161t\u00fadium na na\u0161ej katedre, si mohli nielen pozrie\u0165 priestory KAA FF UPJ\u0160, ale aj &hellip; \u010c\u00edta\u0165 \u010falej","og_url":"https:\/\/www.upjs.sk\/filozoficka-fakulta\/info-pre-verejnost-a-media\/dod-na-kaa-okt2019\/","og_site_name":"Filozofick\u00e1 fakulta | UPJ\u0160","article_modified_time":"2022-11-13T20:40:24+00:00","og_image":[{"width":1000,"height":750,"url":"https:\/\/www.upjs.sk\/app\/uploads\/sites\/7\/2022\/09\/1-65.jpg","type":"image\/jpeg"}],"twitter_card":"summary_large_image","twitter_misc":{"Predpokladan\u00fd \u010das \u010d\u00edtania":"2 min\u00faty"},"schema":{"@context":"https:\/\/schema.org","@graph":[{"@type":"WebPage","@id":"https:\/\/www.upjs.sk\/filozoficka-fakulta\/info-pre-verejnost-a-media\/dod-na-kaa-okt2019\/","url":"https:\/\/www.upjs.sk\/filozoficka-fakulta\/info-pre-verejnost-a-media\/dod-na-kaa-okt2019\/","name":"De\u0148 otvoren\u00fdch dver\u00ed na KAA FF UPJ\u0160\/ Open House at BAS FF UPJ\u0160 - Filozofick\u00e1 fakulta | UPJ\u0160","isPartOf":{"@id":"https:\/\/www.upjs.sk\/filozoficka-fakulta\/#website"},"primaryImageOfPage":{"@id":"https:\/\/www.upjs.sk\/filozoficka-fakulta\/info-pre-verejnost-a-media\/dod-na-kaa-okt2019\/#primaryimage"},"image":{"@id":"https:\/\/www.upjs.sk\/filozoficka-fakulta\/info-pre-verejnost-a-media\/dod-na-kaa-okt2019\/#primaryimage"},"thumbnailUrl":"https:\/\/www.upjs.sk\/app\/uploads\/sites\/7\/2022\/09\/1-65.jpg","datePublished":"2019-10-09T09:44:50+00:00","dateModified":"2022-11-13T20:40:24+00:00","breadcrumb":{"@id":"https:\/\/www.upjs.sk\/filozoficka-fakulta\/info-pre-verejnost-a-media\/dod-na-kaa-okt2019\/#breadcrumb"},"inLanguage":"sk-SK","potentialAction":[{"@type":"ReadAction","target":["https:\/\/www.upjs.sk\/filozoficka-fakulta\/info-pre-verejnost-a-media\/dod-na-kaa-okt2019\/"]}]},{"@type":"ImageObject","inLanguage":"sk-SK","@id":"https:\/\/www.upjs.sk\/filozoficka-fakulta\/info-pre-verejnost-a-media\/dod-na-kaa-okt2019\/#primaryimage","url":"https:\/\/www.upjs.sk\/app\/uploads\/sites\/7\/2022\/09\/1-65.jpg","contentUrl":"https:\/\/www.upjs.sk\/app\/uploads\/sites\/7\/2022\/09\/1-65.jpg","width":1000,"height":750,"caption":"dod-na-kaa-okt2019"},{"@type":"BreadcrumbList","@id":"https:\/\/www.upjs.sk\/filozoficka-fakulta\/info-pre-verejnost-a-media\/dod-na-kaa-okt2019\/#breadcrumb","itemListElement":[{"@type":"ListItem","position":1,"name":"Home","item":"https:\/\/www.upjs.sk\/filozoficka-fakulta\/"},{"@type":"ListItem","position":2,"name":"Inform\u00e1cie pre verejnos\u0165 a m\u00e9di\u00e1","item":"https:\/\/www.upjs.sk\/filozoficka-fakulta\/info-pre-verejnost-a-media\/"},{"@type":"ListItem","position":3,"name":"De\u0148 otvoren\u00fdch dver\u00ed na KAA FF UPJ\u0160\/ Open House at BAS FF UPJ\u0160"}]},{"@type":"WebSite","@id":"https:\/\/www.upjs.sk\/filozoficka-fakulta\/#website","url":"https:\/\/www.upjs.sk\/filozoficka-fakulta\/","name":"Filozofick\u00e1 fakulta | UPJ\u0160","description":"","publisher":{"@id":"https:\/\/www.upjs.sk\/filozoficka-fakulta\/#organization"},"potentialAction":[{"@type":"SearchAction","target":{"@type":"EntryPoint","urlTemplate":"https:\/\/www.upjs.sk\/filozoficka-fakulta\/?s={search_term_string}"},"query-input":{"@type":"PropertyValueSpecification","valueRequired":true,"valueName":"search_term_string"}}],"inLanguage":"sk-SK"},{"@type":"Organization","@id":"https:\/\/www.upjs.sk\/filozoficka-fakulta\/#organization","name":"Filozofick\u00e1 fakulta | UPJ\u0160","url":"https:\/\/www.upjs.sk\/filozoficka-fakulta\/","logo":{"@type":"ImageObject","inLanguage":"sk-SK","@id":"https:\/\/www.upjs.sk\/filozoficka-fakulta\/#\/schema\/logo\/image\/","url":"https:\/\/www.upjs.sk\/app\/uploads\/sites\/7\/2022\/09\/logo-filozoficka-fakulta.png","contentUrl":"https:\/\/www.upjs.sk\/app\/uploads\/sites\/7\/2022\/09\/logo-filozoficka-fakulta.png","width":415,"height":87,"caption":"Filozofick\u00e1 fakulta | UPJ\u0160"},"image":{"@id":"https:\/\/www.upjs.sk\/filozoficka-fakulta\/#\/schema\/logo\/image\/"}}]}},"_links":{"self":[{"href":"https:\/\/www.upjs.sk\/filozoficka-fakulta\/wp-json\/wp\/v2\/pages\/12388","targetHints":{"allow":["GET"]}}],"collection":[{"href":"https:\/\/www.upjs.sk\/filozoficka-fakulta\/wp-json\/wp\/v2\/pages"}],"about":[{"href":"https:\/\/www.upjs.sk\/filozoficka-fakulta\/wp-json\/wp\/v2\/types\/page"}],"author":[{"embeddable":true,"href":"https:\/\/www.upjs.sk\/filozoficka-fakulta\/wp-json\/wp\/v2\/users\/1"}],"replies":[{"embeddable":true,"href":"https:\/\/www.upjs.sk\/filozoficka-fakulta\/wp-json\/wp\/v2\/comments?post=12388"}],"version-history":[{"count":1,"href":"https:\/\/www.upjs.sk\/filozoficka-fakulta\/wp-json\/wp\/v2\/pages\/12388\/revisions"}],"predecessor-version":[{"id":16963,"href":"https:\/\/www.upjs.sk\/filozoficka-fakulta\/wp-json\/wp\/v2\/pages\/12388\/revisions\/16963"}],"up":[{"embeddable":true,"href":"https:\/\/www.upjs.sk\/filozoficka-fakulta\/wp-json\/wp\/v2\/pages\/16533"}],"wp:featuredmedia":[{"embeddable":true,"href":"https:\/\/www.upjs.sk\/filozoficka-fakulta\/wp-json\/wp\/v2\/media\/12389"}],"wp:attachment":[{"href":"https:\/\/www.upjs.sk\/filozoficka-fakulta\/wp-json\/wp\/v2\/media?parent=12388"}],"wp:term":[{"taxonomy":"category","embeddable":true,"href":"https:\/\/www.upjs.sk\/filozoficka-fakulta\/wp-json\/wp\/v2\/categories?post=12388"},{"taxonomy":"post_tag","embeddable":true,"href":"https:\/\/www.upjs.sk\/filozoficka-fakulta\/wp-json\/wp\/v2\/tags?post=12388"}],"curies":[{"name":"wp","href":"https:\/\/api.w.org\/{rel}","templated":true}]}}