{"id":16464,"date":"2022-09-29T11:55:09","date_gmt":"2022-09-29T11:55:09","guid":{"rendered":"https:\/\/www.upjs.sk\/filozoficka-fakulta\/veda-a-vyskum\/hk-a-ik-legislativa\/"},"modified":"2025-07-04T20:12:05","modified_gmt":"2025-07-04T19:12:05","slug":"hk-a-ik-legislativa","status":"publish","type":"page","link":"https:\/\/www.upjs.sk\/filozoficka-fakulta\/veda-a-vyskum\/hk-a-ik-legislativa\/","title":{"rendered":"Legislat\u00edva a d\u00f4le\u017eit\u00e9 dokumenty pre habilita\u010dn\u00e9 a inaugura\u010dn\u00e9 konanie"},"content":{"rendered":"\n<ul class=\"wp-block-list\">\n<li><a href=\"https:\/\/www.upjs.sk\/app\/uploads\/2022\/09\/VyhlaskaZZ-2019-246-20190901.pdf\" target=\"_blank\" rel=\"noopener\">Vyhl\u00e1\u0161ka Ministerstva \u0161kolstva, vedy, v\u00fdskumu a \u0161portu Slovenskej republiky \u010d. 246\/2019 Z. z. o postupe z\u00edskavania vedecko-pedagogick\u00fdch titulov a umelecko-pedagogick\u00fdch titulov docent a profesor<\/a>&nbsp;<span style=\"font-size: 10px;\">(s \u00fa\u010dinnos\u0165ou od 1. 9. 2019)<\/span><\/li>\n\n\n\n<li><a href=\"https:\/\/haik.upjs.sk\/odbor\/\" target=\"_blank\" rel=\"noopener\">Zlo\u017eenie R\u00e1d odborov habilita\u010dn\u00e9ho a inaugura\u010dn\u00e9ho konania (ROHIK) na UPJ\u0160 v Ko\u0161iciach<\/a><\/li>\n\n\n\n<li><a href=\"https:\/\/www.minedu.sk\/data\/files\/2546.pdf\" target=\"_blank\" rel=\"noopener\">Krit\u00e9ri\u00e1 pou\u017e\u00edvan\u00e9 pri posudzovan\u00ed sp\u00f4sobilosti vysokej \u0161koly uskuto\u010d\u0148ova\u0165 habilita\u010dn\u00e9 konanie a konanie na vymen\u00favanie profesorov<\/a><\/li>\n\n\n\n<li>Krit\u00e9ri\u00e1 na z\u00edskanie vedecko-pedagogick\u00fdch titulov a&nbsp;umelecko-pedagogick\u00fdch titulov docent a profesor na Univerzite Pavla Jozefa \u0160af\u00e1rika v&nbsp;Ko\u0161iciach&nbsp;<span style=\"font-size: 10px;\">(platn\u00e9 od 1. 9. 2021)<\/span>\n<ul class=\"wp-block-list\">\n<li><a href=\"https:\/\/intranet.upjs.sk\/op\/op.Public.php?documentid=4204\" target=\"_blank\" rel=\"noopener\">Rozhodnutie rektora \u010d. 1\/2021<\/a>, ktor\u00fdm sa upravuje postup z\u00edskavania vedecko-pedagogick\u00fdch titulov a umelecko-pedagogick\u00fdch titulov docent a profesor na Univerzite Pavla Jozefa \u0160af\u00e1rika v Ko\u0161iciach <span style=\"font-size: 10px;\"><mark style=\"background-color:rgba(0, 0, 0, 0);color:#ed1c24\" class=\"has-inline-color\">(platn\u00e9 do 19. 6. 2025)<\/mark><\/span><br><a href=\"https:\/\/intranet.upjs.sk\/op\/op.Public.php?documentid=10334\" target=\"_blank\" rel=\"noreferrer noopener\">Rozhodnutie rektora \u010d. 20\/2025<\/a>, ktor\u00fdm sa upravuje postup z\u00edskavania vedecko-pedagogick\u00fdch titulov a umelecko-pedagogick\u00fdch titulov docent a profesor na Univerzite Pavla Jozefa \u0160af\u00e1rika v Ko\u0161iciach <span style=\"font-size: 10px;\"><mark style=\"background-color:rgba(0, 0, 0, 0);color:#ed1c24\" class=\"has-inline-color\">(s \u00fa\u010dinnos\u0165ou od 20. 6. 2025)<\/mark><\/span><\/li>\n\n\n\n<li><a href=\"https:\/\/intranet.upjs.sk\/op\/op.Public.php?documentid=6162\" target=\"_blank\" rel=\"noopener\">Rozhodnutie rektora \u010d. 2\/2021<\/a>, ktor\u00fdm sa ur\u010duj\u00fa krit\u00e9ri\u00e1 na z\u00edskanie vedecko-pedagogick\u00fdch titulov a umelecko-pedagogick\u00fdch titulov docent a profesor na Univerzite Pavla Jozefa \u0160af\u00e1rika v Ko\u0161iciach <span style=\"font-size: 10px;\"><mark style=\"background-color:rgba(0, 0, 0, 0);color:#ed1c24\" class=\"has-inline-color\">(platn\u00e9 do 19. 6. 2025)<\/mark><\/span><br><a href=\"https:\/\/intranet.upjs.sk\/op\/op.Public.php?documentid=10335\" target=\"_blank\" rel=\"noreferrer noopener\">Rozhodnutie rektora \u010d.&nbsp;21\/2025<\/a>, ktor\u00fdm sa ur\u010duj\u00fa krit\u00e9ri\u00e1 na z\u00edskanie vedecko-pedagogick\u00fdch titulov a umelecko-pedagogick\u00fdch titulov docent a profesor na Univerzite Pavla Jozefa \u0160af\u00e1rika v Ko\u0161iciach <span style=\"font-size: 10px;\"><mark style=\"background-color:rgba(0, 0, 0, 0);color:#ed1c24\" class=\"has-inline-color\">(s \u00fa\u010dinnos\u0165ou od 20. 6. 2025)<\/mark><\/span><\/li>\n\n\n\n<li><a href=\"https:\/\/intranet.upjs.sk\/op\/op.Public.php?documentid=4226\" target=\"_blank\" rel=\"noopener\">Rozhodnutie rektora \u010d. 3\/2021<\/a>\u00a0o ur\u010den\u00ed obsahu habilita\u010dn\u00e9ho spisu na Univerzite Pavla Jozefa \u0160af\u00e1rika v Ko\u0161iciach a jej s\u00fa\u010dastiach<br><a href=\"https:\/\/intranet.upjs.sk\/op\/op.ViewOnline.php?documentid=10391&amp;version=1\" target=\"_blank\" rel=\"noreferrer noopener\">Dodatok \u010d. 1<\/a> <span style=\"font-size: 10px;\"><strong><mark style=\"background-color:rgba(0, 0, 0, 0);color:#ed1c24\" class=\"has-inline-color\">nov\u00e9!<\/mark><\/strong><\/span><\/li>\n\n\n\n<li><a href=\"https:\/\/intranet.upjs.sk\/op\/op.Public.php?documentid=4227\" target=\"_blank\" rel=\"noopener\">Rozhodnutie rektora \u010d. 4\/2021<\/a>&nbsp;o ur\u010den\u00ed obsahu inaugura\u010dn\u00e9ho spisu na Univerzite Pavla Jozefa \u0160af\u00e1rika v Ko\u0161iciach a jej s\u00fa\u010dastiach<br><a href=\"https:\/\/intranet.upjs.sk\/op\/op.ViewOnline.php?documentid=10392&amp;version=1\" target=\"_blank\" rel=\"noreferrer noopener\">Dodatok \u010d. 1<\/a> <span style=\"font-size: 10px;\"><strong><mark style=\"background-color:rgba(0, 0, 0, 0);color:#ed1c24\" class=\"has-inline-color\">nov\u00e9!<\/mark><\/strong><\/span><\/li>\n<\/ul>\n<\/li>\n\n\n\n<li><a href=\"https:\/\/intranet.upjs.sk\/op\/op.Public.php?documentid=3218\" target=\"_blank\" rel=\"noopener\">Rozhodnutie rektora \u010d. 6\/2020<\/a>, ktor\u00fdm sa ur\u010duj\u00fa podmienky vyu\u017eitia telekonferen\u010dnej techniky pre \u00fa\u010dely habilita\u010dn\u00e9ho a inaugura\u010dn\u00e9ho konania na Univerzite Pavla Jozefa \u0160af\u00e1rika v Ko\u0161iciach<\/li>\n\n\n\n<li><a href=\"https:\/\/intranet.upjs.sk\/op\/op.Public.php?documentid=4448\" target=\"_blank\" rel=\"noopener\">Rozhodnutie rektora \u010d. 11\/2021<\/a>, ktor\u00fdm sa stanovuj\u00fa krit\u00e9ri\u00e1 v\u00fdberu \u010dlenov habilita\u010dn\u00fdch a inaugura\u010dn\u00fdch komisi\u00ed a oponentov v habilita\u010dn\u00fdch a inaugura\u010dn\u00fdch konaniach na UPJ\u0160 v Ko\u0161iciach<\/li>\n\n\n\n<li><a href=\"https:\/\/www.upjs.sk\/app\/uploads\/2022\/09\/informovany-suhlas.pdf\" target=\"_blank\" rel=\"noopener\">Informa\u010dn\u00e1 povinnos\u0165 pod\u013ea v\u0161eobecn\u00e9ho nariadenia o ochrane \u00fadajov<\/a><\/li>\n<\/ul>\n","protected":false},"excerpt":{"rendered":"","protected":false},"author":1,"featured_media":0,"parent":16446,"menu_order":1,"comment_status":"closed","ping_status":"closed","template":"","meta":{"_acf_changed":false,"_editorskit_title_hidden":false,"_editorskit_reading_time":0,"_editorskit_is_block_options_detached":false,"_editorskit_block_options_position":"{}","footnotes":""},"categories":[],"tags":[],"class_list":["post-16464","page","type-page","status-publish","hentry"],"acf":{"acf_link_na_externy_obsah":""},"yoast_head":"<!-- This site is optimized with the Yoast SEO plugin v27.5 - https:\/\/yoast.com\/product\/yoast-seo-wordpress\/ -->\n<title>Legislat\u00edva a d\u00f4le\u017eit\u00e9 dokumenty pre habilita\u010dn\u00e9 a inaugura\u010dn\u00e9 konanie - Filozofick\u00e1 fakulta | UPJ\u0160<\/title>\n<meta name=\"robots\" content=\"index, follow, max-snippet:-1, max-image-preview:large, max-video-preview:-1\" \/>\n<link rel=\"canonical\" href=\"https:\/\/www.upjs.sk\/filozoficka-fakulta\/veda-a-vyskum\/hk-a-ik-legislativa\/\" \/>\n<meta property=\"og:locale\" content=\"sk_SK\" \/>\n<meta property=\"og:type\" content=\"article\" \/>\n<meta property=\"og:title\" content=\"Legislat\u00edva a d\u00f4le\u017eit\u00e9 dokumenty pre habilita\u010dn\u00e9 a inaugura\u010dn\u00e9 konanie - Filozofick\u00e1 fakulta | UPJ\u0160\" \/>\n<meta property=\"og:url\" content=\"https:\/\/www.upjs.sk\/filozoficka-fakulta\/veda-a-vyskum\/hk-a-ik-legislativa\/\" \/>\n<meta property=\"og:site_name\" content=\"Filozofick\u00e1 fakulta | UPJ\u0160\" \/>\n<meta property=\"article:modified_time\" content=\"2025-07-04T19:12:05+00:00\" \/>\n<meta name=\"twitter:card\" content=\"summary_large_image\" \/>\n<meta name=\"twitter:label1\" content=\"Predpokladan\u00fd \u010das \u010d\u00edtania\" \/>\n\t<meta name=\"twitter:data1\" content=\"2 min\u00faty\" \/>\n<script type=\"application\/ld+json\" class=\"yoast-schema-graph\">{\"@context\":\"https:\\\/\\\/schema.org\",\"@graph\":[{\"@type\":\"WebPage\",\"@id\":\"https:\\\/\\\/www.upjs.sk\\\/filozoficka-fakulta\\\/veda-a-vyskum\\\/hk-a-ik-legislativa\\\/\",\"url\":\"https:\\\/\\\/www.upjs.sk\\\/filozoficka-fakulta\\\/veda-a-vyskum\\\/hk-a-ik-legislativa\\\/\",\"name\":\"Legislat\u00edva a d\u00f4le\u017eit\u00e9 dokumenty pre habilita\u010dn\u00e9 a inaugura\u010dn\u00e9 konanie - Filozofick\u00e1 fakulta | UPJ\u0160\",\"isPartOf\":{\"@id\":\"https:\\\/\\\/www.upjs.sk\\\/filozoficka-fakulta\\\/#website\"},\"datePublished\":\"2022-09-29T11:55:09+00:00\",\"dateModified\":\"2025-07-04T19:12:05+00:00\",\"breadcrumb\":{\"@id\":\"https:\\\/\\\/www.upjs.sk\\\/filozoficka-fakulta\\\/veda-a-vyskum\\\/hk-a-ik-legislativa\\\/#breadcrumb\"},\"inLanguage\":\"sk-SK\",\"potentialAction\":[{\"@type\":\"ReadAction\",\"target\":[\"https:\\\/\\\/www.upjs.sk\\\/filozoficka-fakulta\\\/veda-a-vyskum\\\/hk-a-ik-legislativa\\\/\"]}]},{\"@type\":\"BreadcrumbList\",\"@id\":\"https:\\\/\\\/www.upjs.sk\\\/filozoficka-fakulta\\\/veda-a-vyskum\\\/hk-a-ik-legislativa\\\/#breadcrumb\",\"itemListElement\":[{\"@type\":\"ListItem\",\"position\":1,\"name\":\"Home\",\"item\":\"https:\\\/\\\/www.upjs.sk\\\/filozoficka-fakulta\\\/\"},{\"@type\":\"ListItem\",\"position\":2,\"name\":\"Veda a v\u00fdskum\",\"item\":\"https:\\\/\\\/www.upjs.sk\\\/filozoficka-fakulta\\\/veda-a-vyskum\\\/\"},{\"@type\":\"ListItem\",\"position\":3,\"name\":\"Legislat\u00edva a d\u00f4le\u017eit\u00e9 dokumenty pre habilita\u010dn\u00e9 a inaugura\u010dn\u00e9 konanie\"}]},{\"@type\":\"WebSite\",\"@id\":\"https:\\\/\\\/www.upjs.sk\\\/filozoficka-fakulta\\\/#website\",\"url\":\"https:\\\/\\\/www.upjs.sk\\\/filozoficka-fakulta\\\/\",\"name\":\"Filozofick\u00e1 fakulta | UPJ\u0160\",\"description\":\"\",\"publisher\":{\"@id\":\"https:\\\/\\\/www.upjs.sk\\\/filozoficka-fakulta\\\/#organization\"},\"potentialAction\":[{\"@type\":\"SearchAction\",\"target\":{\"@type\":\"EntryPoint\",\"urlTemplate\":\"https:\\\/\\\/www.upjs.sk\\\/filozoficka-fakulta\\\/?s={search_term_string}\"},\"query-input\":{\"@type\":\"PropertyValueSpecification\",\"valueRequired\":true,\"valueName\":\"search_term_string\"}}],\"inLanguage\":\"sk-SK\"},{\"@type\":\"Organization\",\"@id\":\"https:\\\/\\\/www.upjs.sk\\\/filozoficka-fakulta\\\/#organization\",\"name\":\"Filozofick\u00e1 fakulta | UPJ\u0160\",\"url\":\"https:\\\/\\\/www.upjs.sk\\\/filozoficka-fakulta\\\/\",\"logo\":{\"@type\":\"ImageObject\",\"inLanguage\":\"sk-SK\",\"@id\":\"https:\\\/\\\/www.upjs.sk\\\/filozoficka-fakulta\\\/#\\\/schema\\\/logo\\\/image\\\/\",\"url\":\"https:\\\/\\\/www.upjs.sk\\\/app\\\/uploads\\\/sites\\\/7\\\/2022\\\/09\\\/logo-filozoficka-fakulta.png\",\"contentUrl\":\"https:\\\/\\\/www.upjs.sk\\\/app\\\/uploads\\\/sites\\\/7\\\/2022\\\/09\\\/logo-filozoficka-fakulta.png\",\"width\":415,\"height\":87,\"caption\":\"Filozofick\u00e1 fakulta | UPJ\u0160\"},\"image\":{\"@id\":\"https:\\\/\\\/www.upjs.sk\\\/filozoficka-fakulta\\\/#\\\/schema\\\/logo\\\/image\\\/\"}}]}<\/script>\n<!-- \/ Yoast SEO plugin. -->","yoast_head_json":{"title":"Legislat\u00edva a d\u00f4le\u017eit\u00e9 dokumenty pre habilita\u010dn\u00e9 a inaugura\u010dn\u00e9 konanie - Filozofick\u00e1 fakulta | UPJ\u0160","robots":{"index":"index","follow":"follow","max-snippet":"max-snippet:-1","max-image-preview":"max-image-preview:large","max-video-preview":"max-video-preview:-1"},"canonical":"https:\/\/www.upjs.sk\/filozoficka-fakulta\/veda-a-vyskum\/hk-a-ik-legislativa\/","og_locale":"sk_SK","og_type":"article","og_title":"Legislat\u00edva a d\u00f4le\u017eit\u00e9 dokumenty pre habilita\u010dn\u00e9 a inaugura\u010dn\u00e9 konanie - Filozofick\u00e1 fakulta | UPJ\u0160","og_url":"https:\/\/www.upjs.sk\/filozoficka-fakulta\/veda-a-vyskum\/hk-a-ik-legislativa\/","og_site_name":"Filozofick\u00e1 fakulta | UPJ\u0160","article_modified_time":"2025-07-04T19:12:05+00:00","twitter_card":"summary_large_image","twitter_misc":{"Predpokladan\u00fd \u010das \u010d\u00edtania":"2 min\u00faty"},"schema":{"@context":"https:\/\/schema.org","@graph":[{"@type":"WebPage","@id":"https:\/\/www.upjs.sk\/filozoficka-fakulta\/veda-a-vyskum\/hk-a-ik-legislativa\/","url":"https:\/\/www.upjs.sk\/filozoficka-fakulta\/veda-a-vyskum\/hk-a-ik-legislativa\/","name":"Legislat\u00edva a d\u00f4le\u017eit\u00e9 dokumenty pre habilita\u010dn\u00e9 a inaugura\u010dn\u00e9 konanie - Filozofick\u00e1 fakulta | UPJ\u0160","isPartOf":{"@id":"https:\/\/www.upjs.sk\/filozoficka-fakulta\/#website"},"datePublished":"2022-09-29T11:55:09+00:00","dateModified":"2025-07-04T19:12:05+00:00","breadcrumb":{"@id":"https:\/\/www.upjs.sk\/filozoficka-fakulta\/veda-a-vyskum\/hk-a-ik-legislativa\/#breadcrumb"},"inLanguage":"sk-SK","potentialAction":[{"@type":"ReadAction","target":["https:\/\/www.upjs.sk\/filozoficka-fakulta\/veda-a-vyskum\/hk-a-ik-legislativa\/"]}]},{"@type":"BreadcrumbList","@id":"https:\/\/www.upjs.sk\/filozoficka-fakulta\/veda-a-vyskum\/hk-a-ik-legislativa\/#breadcrumb","itemListElement":[{"@type":"ListItem","position":1,"name":"Home","item":"https:\/\/www.upjs.sk\/filozoficka-fakulta\/"},{"@type":"ListItem","position":2,"name":"Veda a v\u00fdskum","item":"https:\/\/www.upjs.sk\/filozoficka-fakulta\/veda-a-vyskum\/"},{"@type":"ListItem","position":3,"name":"Legislat\u00edva a d\u00f4le\u017eit\u00e9 dokumenty pre habilita\u010dn\u00e9 a inaugura\u010dn\u00e9 konanie"}]},{"@type":"WebSite","@id":"https:\/\/www.upjs.sk\/filozoficka-fakulta\/#website","url":"https:\/\/www.upjs.sk\/filozoficka-fakulta\/","name":"Filozofick\u00e1 fakulta | UPJ\u0160","description":"","publisher":{"@id":"https:\/\/www.upjs.sk\/filozoficka-fakulta\/#organization"},"potentialAction":[{"@type":"SearchAction","target":{"@type":"EntryPoint","urlTemplate":"https:\/\/www.upjs.sk\/filozoficka-fakulta\/?s={search_term_string}"},"query-input":{"@type":"PropertyValueSpecification","valueRequired":true,"valueName":"search_term_string"}}],"inLanguage":"sk-SK"},{"@type":"Organization","@id":"https:\/\/www.upjs.sk\/filozoficka-fakulta\/#organization","name":"Filozofick\u00e1 fakulta | UPJ\u0160","url":"https:\/\/www.upjs.sk\/filozoficka-fakulta\/","logo":{"@type":"ImageObject","inLanguage":"sk-SK","@id":"https:\/\/www.upjs.sk\/filozoficka-fakulta\/#\/schema\/logo\/image\/","url":"https:\/\/www.upjs.sk\/app\/uploads\/sites\/7\/2022\/09\/logo-filozoficka-fakulta.png","contentUrl":"https:\/\/www.upjs.sk\/app\/uploads\/sites\/7\/2022\/09\/logo-filozoficka-fakulta.png","width":415,"height":87,"caption":"Filozofick\u00e1 fakulta | UPJ\u0160"},"image":{"@id":"https:\/\/www.upjs.sk\/filozoficka-fakulta\/#\/schema\/logo\/image\/"}}]}},"_links":{"self":[{"href":"https:\/\/www.upjs.sk\/filozoficka-fakulta\/wp-json\/wp\/v2\/pages\/16464","targetHints":{"allow":["GET"]}}],"collection":[{"href":"https:\/\/www.upjs.sk\/filozoficka-fakulta\/wp-json\/wp\/v2\/pages"}],"about":[{"href":"https:\/\/www.upjs.sk\/filozoficka-fakulta\/wp-json\/wp\/v2\/types\/page"}],"author":[{"embeddable":true,"href":"https:\/\/www.upjs.sk\/filozoficka-fakulta\/wp-json\/wp\/v2\/users\/1"}],"replies":[{"embeddable":true,"href":"https:\/\/www.upjs.sk\/filozoficka-fakulta\/wp-json\/wp\/v2\/comments?post=16464"}],"version-history":[{"count":14,"href":"https:\/\/www.upjs.sk\/filozoficka-fakulta\/wp-json\/wp\/v2\/pages\/16464\/revisions"}],"predecessor-version":[{"id":55722,"href":"https:\/\/www.upjs.sk\/filozoficka-fakulta\/wp-json\/wp\/v2\/pages\/16464\/revisions\/55722"}],"up":[{"embeddable":true,"href":"https:\/\/www.upjs.sk\/filozoficka-fakulta\/wp-json\/wp\/v2\/pages\/16446"}],"wp:attachment":[{"href":"https:\/\/www.upjs.sk\/filozoficka-fakulta\/wp-json\/wp\/v2\/media?parent=16464"}],"wp:term":[{"taxonomy":"category","embeddable":true,"href":"https:\/\/www.upjs.sk\/filozoficka-fakulta\/wp-json\/wp\/v2\/categories?post=16464"},{"taxonomy":"post_tag","embeddable":true,"href":"https:\/\/www.upjs.sk\/filozoficka-fakulta\/wp-json\/wp\/v2\/tags?post=16464"}],"curies":[{"name":"wp","href":"https:\/\/api.w.org\/{rel}","templated":true}]}}