{"id":16528,"date":"2015-12-04T11:11:05","date_gmt":"2015-12-04T11:11:05","guid":{"rendered":"https:\/\/www.upjs.sk\/filozoficka-fakulta\/konferencie-a-seminare\/konferencie-2009-10\/"},"modified":"2024-02-06T20:40:05","modified_gmt":"2024-02-06T19:40:05","slug":"konferencie-2009-10","status":"publish","type":"page","link":"https:\/\/www.upjs.sk\/filozoficka-fakulta\/konferencie-a-seminare\/konferencie-2009-10\/","title":{"rendered":"Konferencie 2009\/2010"},"content":{"rendered":"\n<p class=\"has-text-align-center\">&nbsp;<\/p>\n\n\n\n<p class=\"has-text-align-left\"><strong>Katedra germanistiky FF UPJ\u0160 v Ko\u0161iciach<\/strong><br>v spolupr\u00e1ci s partnersk\u00fdm In\u0161tit\u00fatom germanistiky na Univerzite v Regensburgu<br>medzin\u00e1rodn\u00e1 konferencia<br><span style=\"color: #f5af00;\"><strong>Perspekt\u00edvy zahrani\u010dnej germanistiky<\/strong><\/span><br><strong>25. &#8211; 26. febru\u00e1ra 2010, Ko\u0161ice<\/strong><\/p>\n\n\n<style>.wp-block-kadence-spacer.kt-block-spacer-16528_c2132d-10 .kt-block-spacer{height:30px;}.wp-block-kadence-spacer.kt-block-spacer-16528_c2132d-10 .kt-divider{border-top-width:1px;height:1px;border-top-color:#eee;width:80%;border-top-style:solid;}<\/style>\n<div class=\"wp-block-kadence-spacer aligncenter kt-block-spacer-16528_c2132d-10\"><div class=\"kt-block-spacer kt-block-spacer-halign-center\"><hr class=\"kt-divider\"\/><\/div><\/div>\n\n\n\n<p class=\"has-text-align-left\">Ko\u0161ick\u00fd samospr\u00e1vny kraj<br>v spolupr\u00e1ci s <strong>Katedrou soci\u00e1lnej pr\u00e1ce FF UPJ\u0160 v Ko\u0161iciach<\/strong><br>vedeck\u00e1 konferencia<br><span style=\"color: #f5af00;\"><strong>Migr\u00e1cia \u2013 chudoba \u2013 nezamestnanos\u0165<\/strong><\/span> <span style=\"color: #f5af00;\"><strong>a ich soci\u00e1lne aspekty<\/strong><\/span><br><strong>11. decembra 2009<\/strong><\/p>\n\n\n<style>.wp-block-kadence-spacer.kt-block-spacer-16528_559372-85 .kt-block-spacer{height:30px;}.wp-block-kadence-spacer.kt-block-spacer-16528_559372-85 .kt-divider{border-top-width:1px;height:1px;border-top-color:#eee;width:80%;border-top-style:solid;}<\/style>\n<div class=\"wp-block-kadence-spacer aligncenter kt-block-spacer-16528_559372-85\"><div class=\"kt-block-spacer kt-block-spacer-halign-center\"><hr class=\"kt-divider\"\/><\/div><\/div>\n\n\n\n<p class=\"has-text-align-left\"><strong>Katedra soci\u00e1lnej pr\u00e1ce FF UPJ\u0160 v Ko\u0161iciach<\/strong><br><strong>Katedra pedagogickej psychol\u00f3gie a psychol\u00f3gie zdravia FF UPJ\u0160 v Ko\u0161iciach<\/strong><br>v spolupr\u00e1ci s<br>Ko\u0161ick\u00fdm samospr\u00e1vnym krajom<br>medzin\u00e1rodn\u00e1 vedeck\u00e1 konferencia a konferencia mlad\u00fdch vedeck\u00fdch pracovn\u00edkov<br><span style=\"color: #f5af00;\"><strong>Soci\u00e1lno \u2013 patologick\u00e9 javy a mo\u017enosti soci\u00e1lnej pr\u00e1ce<\/strong><\/span><br><strong>20. novembra 2009, Ko\u0161ice<\/strong><\/p>\n\n\n<style>.wp-block-kadence-spacer.kt-block-spacer-16528_d07747-d0 .kt-block-spacer{height:30px;}.wp-block-kadence-spacer.kt-block-spacer-16528_d07747-d0 .kt-divider{border-top-width:1px;height:1px;border-top-color:#eee;width:80%;border-top-style:solid;}<\/style>\n<div class=\"wp-block-kadence-spacer aligncenter kt-block-spacer-16528_d07747-d0\"><div class=\"kt-block-spacer kt-block-spacer-halign-center\"><hr class=\"kt-divider\"\/><\/div><\/div>\n\n\n\n<p class=\"has-text-align-left\"><strong>Katedra pedagogickej psychol\u00f3gie a psychol\u00f3gie zdravia FF UPJ\u0160 v Ko\u0161iciach<\/strong><br><strong>Katedra psychol\u00f3gie FF UPJ\u0160 v Ko\u0161iciach<\/strong><br>v\u00a0spolupr\u00e1ci so Slovenskou psychologickou spolo\u010dnos\u0165ou pri SAV<br>organizuje<br>Pracovno-odborn\u00e9 stretnutie pracovn\u00edkov UPJ\u0160<br>s riadite\u013ekami a riadite\u013emi z\u00e1kladn\u00fdch a stredn\u00fdch \u0161k\u00f4l<br><span style=\"color: #f5af00;\"><strong>Psychol\u00f3gia v\u00a0\u0161kole<\/strong><\/span><br><strong>5. novembra 2009<\/strong><\/p>\n\n\n<style>.wp-block-kadence-spacer.kt-block-spacer-16528_5862ed-df .kt-block-spacer{height:30px;}.wp-block-kadence-spacer.kt-block-spacer-16528_5862ed-df .kt-divider{border-top-width:1px;height:1px;border-top-color:#eee;width:80%;border-top-style:solid;}<\/style>\n<div class=\"wp-block-kadence-spacer aligncenter kt-block-spacer-16528_5862ed-df\"><div class=\"kt-block-spacer kt-block-spacer-halign-center\"><hr class=\"kt-divider\"\/><\/div><\/div>\n\n\n\n<p class=\"has-text-align-left\"><strong>Katedra filozofie a dej\u00edn filozofie FF UPJ\u0160 v Ko\u0161iciach<br><\/strong>\u00a0a Slovensk\u00e9 filozofick\u00e9 zdru\u017eenie pre SAV v Bratislave<br>III. medzin\u00e1rodn\u00e1 filozofick\u00e1 konferencia<br><span style=\"color: #f5af00;\"><strong>HEGEL\u00a0V\u00a0KONTEXTOCH\u00a0HEIDEGGEROVEJ A\u00a0PATO\u010cKOVEJ FILOZOFIE<\/strong><\/span><br><strong>1. &#8211; 2. okt\u00f3bra 2009, Ko\u0161ice<\/strong><\/p>\n\n\n<style>.wp-block-kadence-spacer.kt-block-spacer-16528_38e22c-3f .kt-block-spacer{height:30px;}.wp-block-kadence-spacer.kt-block-spacer-16528_38e22c-3f .kt-divider{border-top-width:1px;height:1px;border-top-color:#eee;width:80%;border-top-style:solid;}<\/style>\n<div class=\"wp-block-kadence-spacer aligncenter kt-block-spacer-16528_38e22c-3f\"><div class=\"kt-block-spacer kt-block-spacer-halign-center\"><hr class=\"kt-divider\"\/><\/div><\/div>\n\n\n\n<p class=\"has-text-align-left\">Vedeck\u00e1 konferencia<br><span style=\"color: #f5af00;\"><strong>Dohoda o v\u00fdmene obyvate\u013estva<\/strong><\/span> <span style=\"color: #f5af00;\"><strong>medzi \u010ceskoslovenskom a Ma\u010farskom(1946 \u2013 1948)<\/strong><\/span><br><span style=\"color: #f5af00;\"><strong>\u2013 osudy slovensk\u00fdch a ma\u010farsk\u00fdch pres\u00eddlencov<\/strong><\/span><br><strong>16. \u2013 17. septembra 2009, Ko\u0161ice<\/strong><\/p>\n\n\n<style>.wp-block-kadence-spacer.kt-block-spacer-16528_3616d8-e0 .kt-block-spacer{height:30px;}.wp-block-kadence-spacer.kt-block-spacer-16528_3616d8-e0 .kt-divider{border-top-width:1px;height:1px;border-top-color:#eee;width:80%;border-top-style:solid;}<\/style>\n<div class=\"wp-block-kadence-spacer aligncenter kt-block-spacer-16528_3616d8-e0\"><div class=\"kt-block-spacer kt-block-spacer-halign-center\"><hr class=\"kt-divider\"\/><\/div><\/div>\n\n\n\n<p class=\"has-text-align-left\">Medzin\u00e1rodn\u00e1 vedeck\u00e1 konferencia<br><span style=\"color: #f5af00;\"><strong>Univerz\u00e1lie a typol\u00f3gia v slovotvorbe<\/strong><\/span><br><strong>16. \u2013 18. augusta 2009<\/strong><\/p>\n","protected":false},"excerpt":{"rendered":"<p>&nbsp; Katedra germanistiky FF UPJ\u0160 v Ko\u0161iciachv spolupr\u00e1ci s partnersk\u00fdm In\u0161tit\u00fatom germanistiky na Univerzite v Regensburgumedzin\u00e1rodn\u00e1 konferenciaPerspekt\u00edvy zahrani\u010dnej germanistiky25. &#8211; 26. febru\u00e1ra 2010, Ko\u0161ice Ko\u0161ick\u00fd samospr\u00e1vny krajv spolupr\u00e1ci s Katedrou soci\u00e1lnej pr\u00e1ce FF UPJ\u0160 v Ko\u0161iciachvedeck\u00e1 konferenciaMigr\u00e1cia \u2013 chudoba \u2013 nezamestnanos\u0165 a ich soci\u00e1lne aspekty11. decembra 2009 Katedra soci\u00e1lnej pr\u00e1ce FF UPJ\u0160 v Ko\u0161iciachKatedra pedagogickej &hellip; <a href=\"https:\/\/www.upjs.sk\/filozoficka-fakulta\/konferencie-a-seminare\/konferencie-2009-10\/\">\u010c\u00edta\u0165 \u010falej<\/a><\/p>\n","protected":false},"author":1,"featured_media":16529,"parent":16513,"menu_order":13,"comment_status":"closed","ping_status":"closed","template":"","meta":{"_acf_changed":false,"_editorskit_title_hidden":false,"_editorskit_reading_time":1,"_editorskit_is_block_options_detached":false,"_editorskit_block_options_position":"{}","footnotes":""},"categories":[],"tags":[],"class_list":["post-16528","page","type-page","status-publish","has-post-thumbnail","hentry"],"acf":{"acf_link_na_externy_obsah":""},"yoast_head":"<!-- This site is optimized with the Yoast SEO plugin v27.4 - https:\/\/yoast.com\/product\/yoast-seo-wordpress\/ -->\n<title>Konferencie 2009\/2010 - Filozofick\u00e1 fakulta | UPJ\u0160<\/title>\n<meta name=\"robots\" content=\"index, follow, max-snippet:-1, max-image-preview:large, max-video-preview:-1\" \/>\n<link rel=\"canonical\" href=\"https:\/\/www.upjs.sk\/filozoficka-fakulta\/konferencie-a-seminare\/konferencie-2009-10\/\" \/>\n<meta property=\"og:locale\" content=\"sk_SK\" \/>\n<meta property=\"og:type\" content=\"article\" \/>\n<meta property=\"og:title\" content=\"Konferencie 2009\/2010 - Filozofick\u00e1 fakulta | UPJ\u0160\" \/>\n<meta property=\"og:description\" content=\"&nbsp; Katedra germanistiky FF UPJ\u0160 v Ko\u0161iciachv spolupr\u00e1ci s partnersk\u00fdm In\u0161tit\u00fatom germanistiky na Univerzite v Regensburgumedzin\u00e1rodn\u00e1 konferenciaPerspekt\u00edvy zahrani\u010dnej germanistiky25. &#8211; 26. febru\u00e1ra 2010, Ko\u0161ice Ko\u0161ick\u00fd samospr\u00e1vny krajv spolupr\u00e1ci s Katedrou soci\u00e1lnej pr\u00e1ce FF UPJ\u0160 v Ko\u0161iciachvedeck\u00e1 konferenciaMigr\u00e1cia \u2013 chudoba \u2013 nezamestnanos\u0165 a ich soci\u00e1lne aspekty11. decembra 2009 Katedra soci\u00e1lnej pr\u00e1ce FF UPJ\u0160 v Ko\u0161iciachKatedra pedagogickej &hellip; \u010c\u00edta\u0165 \u010falej\" \/>\n<meta property=\"og:url\" content=\"https:\/\/www.upjs.sk\/filozoficka-fakulta\/konferencie-a-seminare\/konferencie-2009-10\/\" \/>\n<meta property=\"og:site_name\" content=\"Filozofick\u00e1 fakulta | UPJ\u0160\" \/>\n<meta property=\"article:modified_time\" content=\"2024-02-06T19:40:05+00:00\" \/>\n<meta property=\"og:image\" content=\"https:\/\/www.upjs.sk\/app\/uploads\/sites\/7\/2022\/10\/konferencia-hegel-1.jpg\" \/>\n\t<meta property=\"og:image:width\" content=\"1754\" \/>\n\t<meta property=\"og:image:height\" content=\"1240\" \/>\n\t<meta property=\"og:image:type\" content=\"image\/jpeg\" \/>\n<meta name=\"twitter:card\" content=\"summary_large_image\" \/>\n<meta name=\"twitter:label1\" content=\"Predpokladan\u00fd \u010das \u010d\u00edtania\" \/>\n\t<meta name=\"twitter:data1\" content=\"2 min\u00faty\" \/>\n<script type=\"application\/ld+json\" class=\"yoast-schema-graph\">{\"@context\":\"https:\\\/\\\/schema.org\",\"@graph\":[{\"@type\":\"WebPage\",\"@id\":\"https:\\\/\\\/www.upjs.sk\\\/filozoficka-fakulta\\\/konferencie-a-seminare\\\/konferencie-2009-10\\\/\",\"url\":\"https:\\\/\\\/www.upjs.sk\\\/filozoficka-fakulta\\\/konferencie-a-seminare\\\/konferencie-2009-10\\\/\",\"name\":\"Konferencie 2009\\\/2010 - Filozofick\u00e1 fakulta | UPJ\u0160\",\"isPartOf\":{\"@id\":\"https:\\\/\\\/www.upjs.sk\\\/filozoficka-fakulta\\\/#website\"},\"primaryImageOfPage\":{\"@id\":\"https:\\\/\\\/www.upjs.sk\\\/filozoficka-fakulta\\\/konferencie-a-seminare\\\/konferencie-2009-10\\\/#primaryimage\"},\"image\":{\"@id\":\"https:\\\/\\\/www.upjs.sk\\\/filozoficka-fakulta\\\/konferencie-a-seminare\\\/konferencie-2009-10\\\/#primaryimage\"},\"thumbnailUrl\":\"https:\\\/\\\/www.upjs.sk\\\/app\\\/uploads\\\/sites\\\/7\\\/2022\\\/10\\\/konferencia-hegel-1.jpg\",\"datePublished\":\"2015-12-04T11:11:05+00:00\",\"dateModified\":\"2024-02-06T19:40:05+00:00\",\"breadcrumb\":{\"@id\":\"https:\\\/\\\/www.upjs.sk\\\/filozoficka-fakulta\\\/konferencie-a-seminare\\\/konferencie-2009-10\\\/#breadcrumb\"},\"inLanguage\":\"sk-SK\",\"potentialAction\":[{\"@type\":\"ReadAction\",\"target\":[\"https:\\\/\\\/www.upjs.sk\\\/filozoficka-fakulta\\\/konferencie-a-seminare\\\/konferencie-2009-10\\\/\"]}]},{\"@type\":\"ImageObject\",\"inLanguage\":\"sk-SK\",\"@id\":\"https:\\\/\\\/www.upjs.sk\\\/filozoficka-fakulta\\\/konferencie-a-seminare\\\/konferencie-2009-10\\\/#primaryimage\",\"url\":\"https:\\\/\\\/www.upjs.sk\\\/app\\\/uploads\\\/sites\\\/7\\\/2022\\\/10\\\/konferencia-hegel-1.jpg\",\"contentUrl\":\"https:\\\/\\\/www.upjs.sk\\\/app\\\/uploads\\\/sites\\\/7\\\/2022\\\/10\\\/konferencia-hegel-1.jpg\",\"width\":1754,\"height\":1240,\"caption\":\"konferencie-2009-10\"},{\"@type\":\"BreadcrumbList\",\"@id\":\"https:\\\/\\\/www.upjs.sk\\\/filozoficka-fakulta\\\/konferencie-a-seminare\\\/konferencie-2009-10\\\/#breadcrumb\",\"itemListElement\":[{\"@type\":\"ListItem\",\"position\":1,\"name\":\"Home\",\"item\":\"https:\\\/\\\/www.upjs.sk\\\/filozoficka-fakulta\\\/\"},{\"@type\":\"ListItem\",\"position\":2,\"name\":\"Konferencie a semin\u00e1re\",\"item\":\"https:\\\/\\\/www.upjs.sk\\\/filozoficka-fakulta\\\/konferencie-a-seminare\\\/\"},{\"@type\":\"ListItem\",\"position\":3,\"name\":\"Konferencie 2009\\\/2010\"}]},{\"@type\":\"WebSite\",\"@id\":\"https:\\\/\\\/www.upjs.sk\\\/filozoficka-fakulta\\\/#website\",\"url\":\"https:\\\/\\\/www.upjs.sk\\\/filozoficka-fakulta\\\/\",\"name\":\"Filozofick\u00e1 fakulta | UPJ\u0160\",\"description\":\"\",\"publisher\":{\"@id\":\"https:\\\/\\\/www.upjs.sk\\\/filozoficka-fakulta\\\/#organization\"},\"potentialAction\":[{\"@type\":\"SearchAction\",\"target\":{\"@type\":\"EntryPoint\",\"urlTemplate\":\"https:\\\/\\\/www.upjs.sk\\\/filozoficka-fakulta\\\/?s={search_term_string}\"},\"query-input\":{\"@type\":\"PropertyValueSpecification\",\"valueRequired\":true,\"valueName\":\"search_term_string\"}}],\"inLanguage\":\"sk-SK\"},{\"@type\":\"Organization\",\"@id\":\"https:\\\/\\\/www.upjs.sk\\\/filozoficka-fakulta\\\/#organization\",\"name\":\"Filozofick\u00e1 fakulta | UPJ\u0160\",\"url\":\"https:\\\/\\\/www.upjs.sk\\\/filozoficka-fakulta\\\/\",\"logo\":{\"@type\":\"ImageObject\",\"inLanguage\":\"sk-SK\",\"@id\":\"https:\\\/\\\/www.upjs.sk\\\/filozoficka-fakulta\\\/#\\\/schema\\\/logo\\\/image\\\/\",\"url\":\"https:\\\/\\\/www.upjs.sk\\\/app\\\/uploads\\\/sites\\\/7\\\/2022\\\/09\\\/logo-filozoficka-fakulta.png\",\"contentUrl\":\"https:\\\/\\\/www.upjs.sk\\\/app\\\/uploads\\\/sites\\\/7\\\/2022\\\/09\\\/logo-filozoficka-fakulta.png\",\"width\":415,\"height\":87,\"caption\":\"Filozofick\u00e1 fakulta | UPJ\u0160\"},\"image\":{\"@id\":\"https:\\\/\\\/www.upjs.sk\\\/filozoficka-fakulta\\\/#\\\/schema\\\/logo\\\/image\\\/\"}}]}<\/script>\n<!-- \/ Yoast SEO plugin. -->","yoast_head_json":{"title":"Konferencie 2009\/2010 - Filozofick\u00e1 fakulta | UPJ\u0160","robots":{"index":"index","follow":"follow","max-snippet":"max-snippet:-1","max-image-preview":"max-image-preview:large","max-video-preview":"max-video-preview:-1"},"canonical":"https:\/\/www.upjs.sk\/filozoficka-fakulta\/konferencie-a-seminare\/konferencie-2009-10\/","og_locale":"sk_SK","og_type":"article","og_title":"Konferencie 2009\/2010 - Filozofick\u00e1 fakulta | UPJ\u0160","og_description":"&nbsp; Katedra germanistiky FF UPJ\u0160 v Ko\u0161iciachv spolupr\u00e1ci s partnersk\u00fdm In\u0161tit\u00fatom germanistiky na Univerzite v Regensburgumedzin\u00e1rodn\u00e1 konferenciaPerspekt\u00edvy zahrani\u010dnej germanistiky25. &#8211; 26. febru\u00e1ra 2010, Ko\u0161ice Ko\u0161ick\u00fd samospr\u00e1vny krajv spolupr\u00e1ci s Katedrou soci\u00e1lnej pr\u00e1ce FF UPJ\u0160 v Ko\u0161iciachvedeck\u00e1 konferenciaMigr\u00e1cia \u2013 chudoba \u2013 nezamestnanos\u0165 a ich soci\u00e1lne aspekty11. decembra 2009 Katedra soci\u00e1lnej pr\u00e1ce FF UPJ\u0160 v Ko\u0161iciachKatedra pedagogickej &hellip; \u010c\u00edta\u0165 \u010falej","og_url":"https:\/\/www.upjs.sk\/filozoficka-fakulta\/konferencie-a-seminare\/konferencie-2009-10\/","og_site_name":"Filozofick\u00e1 fakulta | UPJ\u0160","article_modified_time":"2024-02-06T19:40:05+00:00","og_image":[{"width":1754,"height":1240,"url":"https:\/\/www.upjs.sk\/app\/uploads\/sites\/7\/2022\/10\/konferencia-hegel-1.jpg","type":"image\/jpeg"}],"twitter_card":"summary_large_image","twitter_misc":{"Predpokladan\u00fd \u010das \u010d\u00edtania":"2 min\u00faty"},"schema":{"@context":"https:\/\/schema.org","@graph":[{"@type":"WebPage","@id":"https:\/\/www.upjs.sk\/filozoficka-fakulta\/konferencie-a-seminare\/konferencie-2009-10\/","url":"https:\/\/www.upjs.sk\/filozoficka-fakulta\/konferencie-a-seminare\/konferencie-2009-10\/","name":"Konferencie 2009\/2010 - Filozofick\u00e1 fakulta | UPJ\u0160","isPartOf":{"@id":"https:\/\/www.upjs.sk\/filozoficka-fakulta\/#website"},"primaryImageOfPage":{"@id":"https:\/\/www.upjs.sk\/filozoficka-fakulta\/konferencie-a-seminare\/konferencie-2009-10\/#primaryimage"},"image":{"@id":"https:\/\/www.upjs.sk\/filozoficka-fakulta\/konferencie-a-seminare\/konferencie-2009-10\/#primaryimage"},"thumbnailUrl":"https:\/\/www.upjs.sk\/app\/uploads\/sites\/7\/2022\/10\/konferencia-hegel-1.jpg","datePublished":"2015-12-04T11:11:05+00:00","dateModified":"2024-02-06T19:40:05+00:00","breadcrumb":{"@id":"https:\/\/www.upjs.sk\/filozoficka-fakulta\/konferencie-a-seminare\/konferencie-2009-10\/#breadcrumb"},"inLanguage":"sk-SK","potentialAction":[{"@type":"ReadAction","target":["https:\/\/www.upjs.sk\/filozoficka-fakulta\/konferencie-a-seminare\/konferencie-2009-10\/"]}]},{"@type":"ImageObject","inLanguage":"sk-SK","@id":"https:\/\/www.upjs.sk\/filozoficka-fakulta\/konferencie-a-seminare\/konferencie-2009-10\/#primaryimage","url":"https:\/\/www.upjs.sk\/app\/uploads\/sites\/7\/2022\/10\/konferencia-hegel-1.jpg","contentUrl":"https:\/\/www.upjs.sk\/app\/uploads\/sites\/7\/2022\/10\/konferencia-hegel-1.jpg","width":1754,"height":1240,"caption":"konferencie-2009-10"},{"@type":"BreadcrumbList","@id":"https:\/\/www.upjs.sk\/filozoficka-fakulta\/konferencie-a-seminare\/konferencie-2009-10\/#breadcrumb","itemListElement":[{"@type":"ListItem","position":1,"name":"Home","item":"https:\/\/www.upjs.sk\/filozoficka-fakulta\/"},{"@type":"ListItem","position":2,"name":"Konferencie a semin\u00e1re","item":"https:\/\/www.upjs.sk\/filozoficka-fakulta\/konferencie-a-seminare\/"},{"@type":"ListItem","position":3,"name":"Konferencie 2009\/2010"}]},{"@type":"WebSite","@id":"https:\/\/www.upjs.sk\/filozoficka-fakulta\/#website","url":"https:\/\/www.upjs.sk\/filozoficka-fakulta\/","name":"Filozofick\u00e1 fakulta | UPJ\u0160","description":"","publisher":{"@id":"https:\/\/www.upjs.sk\/filozoficka-fakulta\/#organization"},"potentialAction":[{"@type":"SearchAction","target":{"@type":"EntryPoint","urlTemplate":"https:\/\/www.upjs.sk\/filozoficka-fakulta\/?s={search_term_string}"},"query-input":{"@type":"PropertyValueSpecification","valueRequired":true,"valueName":"search_term_string"}}],"inLanguage":"sk-SK"},{"@type":"Organization","@id":"https:\/\/www.upjs.sk\/filozoficka-fakulta\/#organization","name":"Filozofick\u00e1 fakulta | UPJ\u0160","url":"https:\/\/www.upjs.sk\/filozoficka-fakulta\/","logo":{"@type":"ImageObject","inLanguage":"sk-SK","@id":"https:\/\/www.upjs.sk\/filozoficka-fakulta\/#\/schema\/logo\/image\/","url":"https:\/\/www.upjs.sk\/app\/uploads\/sites\/7\/2022\/09\/logo-filozoficka-fakulta.png","contentUrl":"https:\/\/www.upjs.sk\/app\/uploads\/sites\/7\/2022\/09\/logo-filozoficka-fakulta.png","width":415,"height":87,"caption":"Filozofick\u00e1 fakulta | UPJ\u0160"},"image":{"@id":"https:\/\/www.upjs.sk\/filozoficka-fakulta\/#\/schema\/logo\/image\/"}}]}},"_links":{"self":[{"href":"https:\/\/www.upjs.sk\/filozoficka-fakulta\/wp-json\/wp\/v2\/pages\/16528","targetHints":{"allow":["GET"]}}],"collection":[{"href":"https:\/\/www.upjs.sk\/filozoficka-fakulta\/wp-json\/wp\/v2\/pages"}],"about":[{"href":"https:\/\/www.upjs.sk\/filozoficka-fakulta\/wp-json\/wp\/v2\/types\/page"}],"author":[{"embeddable":true,"href":"https:\/\/www.upjs.sk\/filozoficka-fakulta\/wp-json\/wp\/v2\/users\/1"}],"replies":[{"embeddable":true,"href":"https:\/\/www.upjs.sk\/filozoficka-fakulta\/wp-json\/wp\/v2\/comments?post=16528"}],"version-history":[{"count":8,"href":"https:\/\/www.upjs.sk\/filozoficka-fakulta\/wp-json\/wp\/v2\/pages\/16528\/revisions"}],"predecessor-version":[{"id":56102,"href":"https:\/\/www.upjs.sk\/filozoficka-fakulta\/wp-json\/wp\/v2\/pages\/16528\/revisions\/56102"}],"up":[{"embeddable":true,"href":"https:\/\/www.upjs.sk\/filozoficka-fakulta\/wp-json\/wp\/v2\/pages\/16513"}],"wp:featuredmedia":[{"embeddable":true,"href":"https:\/\/www.upjs.sk\/filozoficka-fakulta\/wp-json\/wp\/v2\/media\/16529"}],"wp:attachment":[{"href":"https:\/\/www.upjs.sk\/filozoficka-fakulta\/wp-json\/wp\/v2\/media?parent=16528"}],"wp:term":[{"taxonomy":"category","embeddable":true,"href":"https:\/\/www.upjs.sk\/filozoficka-fakulta\/wp-json\/wp\/v2\/categories?post=16528"},{"taxonomy":"post_tag","embeddable":true,"href":"https:\/\/www.upjs.sk\/filozoficka-fakulta\/wp-json\/wp\/v2\/tags?post=16528"}],"curies":[{"name":"wp","href":"https:\/\/api.w.org\/{rel}","templated":true}]}}