{"id":16817,"date":"2022-02-17T19:43:37","date_gmt":"2022-02-17T19:43:37","guid":{"rendered":"https:\/\/www.upjs.sk\/filozoficka-fakulta\/el-kronika-2022-23\/el-kronika-2020-21\/"},"modified":"2022-11-13T21:33:34","modified_gmt":"2022-11-13T20:33:34","slug":"el-kronika-2020-21","status":"publish","type":"page","link":"https:\/\/www.upjs.sk\/filozoficka-fakulta\/el-kronika-2025-26\/el-kronika-2020-21\/","title":{"rendered":"Elektronick\u00e1 kronika 2020\/2021"},"content":{"rendered":"<p>\u00a0<\/p>\n<table border=\"0\" cellpadding=\"1\" cellspacing=\"1\" style=\"width:95%\">\n<tbody>\n<tr>\n<td style=\"vertical-align:top\" width=\"23%\">26. j\u00fana 2021<\/td>\n<td style=\"text-align:justify\">Sl\u00e1vnostn\u00e9 prom\u00f3cie absolventov magistersk\u00fdch \u0161tudijn\u00fdch programov<\/td>\n<\/tr>\n<tr>\n<td style=\"vertical-align:top\" width=\"23%\">11. j\u00fana 2021<\/td>\n<td style=\"text-align:justify\">Online diskusia s doc. Mgr. Mark\u00e9tou Andri\u010d\u00edkovou, PhD. v r\u00e1mci projektu Nebu\u010f hejter, bu\u010f kritik! \u2013 Kritika literat\u00fary pre deti a ml\u00e1de\u017e (Katedra slovakistiky, slovansk\u00fdch filol\u00f3gi\u00ed a komunik\u00e1cie FF UPJ\u0160)<\/td>\n<\/tr>\n<tr>\n<td style=\"vertical-align:top\" width=\"23%\">8. &#8211; 18. j\u00fana 2021<\/td>\n<td style=\"text-align:justify\">Nebu\u010f hejter, bu\u010f kritik! \u2013 z\u00e1vere\u010dn\u00e1 v\u00fdstava projektu\u00a0(najlep\u0161ie \u0161tudentsk\u00e9 recenzie a fotointerpret\u00e1cie) (Katedra slovakistiky, slovansk\u00fdch filol\u00f3gi\u00ed a komunik\u00e1cie FF UPJ\u0160)<\/td>\n<\/tr>\n<tr>\n<td style=\"vertical-align:top\" width=\"23%\">4. j\u00fana 2021<\/td>\n<td style=\"text-align:justify\">Webin\u00e1r v r\u00e1mci cyklu odborn\u00fdch podujat\u00ed Rozvoj pedagogick\u00fdch a psychologick\u00fdch sp\u00f4sobilost\u00ed u\u010dite\u013eov UPJ\u0160: Komunik\u00e1cia u\u010dite\u013ea so \u0161tudentom so \u0161pecifick\u00fdmi potrebami (Katedra pedagogiky a Katedra pedagogickej psychol\u00f3gie a psychol\u00f3gie zdravia FF UPJ\u0160)<\/td>\n<\/tr>\n<tr>\n<td style=\"vertical-align:top\" width=\"23%\">12., 19.,\u00a026.\u00a0m\u00e1ja, 2. j\u00fana 2021<\/td>\n<td style=\"text-align:justify\">Eduka\u010dn\u00fd program zameran\u00fd na rozv\u00edjanie kritick\u00e9ho myslenia \u2013 s\u00e9ria online workshopov v angli\u010dtine: Critical Thinking for Educated Mind (Katedra anglistiky a amerikanistiky FF UPJ\u0160)<\/td>\n<\/tr>\n<tr>\n<td style=\"vertical-align:top\" width=\"23%\">3. m\u00e1ja 2021<\/td>\n<td style=\"text-align:justify\">Pozvan\u00e1 predn\u00e1\u0161ka Dr. Davida Livingstona \u2013 &#8222;Pete Seeger: Svedomie Ameriky a Ladi\u010dka&#8220; (Katedra anglistiky a amerikanistiky FF UPJ\u0160)<\/td>\n<\/tr>\n<tr>\n<td style=\"vertical-align:top\" width=\"23%\">27. apr\u00edla 2021<\/td>\n<td style=\"text-align:justify\">Webin\u00e1r: Games in English Lessons (Katedra anglistiky a amerikanistiky FF UPJ\u0160)<\/td>\n<\/tr>\n<tr>\n<td style=\"vertical-align:top\" width=\"23%\">23. apr\u00edla 2021<\/td>\n<td style=\"text-align:justify\">Online predn\u00e1\u0161ka prof. Dr. Mar\u00edny \u0160im\u00e1kovej Spev\u00e1kovej, mim. prof., z Filozofickej fakulty Univerzity v Novom Sade na t\u00e9mu Podoby slovenskej literat\u00fary v Srbsku a liter\u00e1rna situ\u00e1cia v obdob\u00ed postmodernizmu (Katedra slovakistiky, slovansk\u00fdch filol\u00f3gi\u00ed a komunik\u00e1cie FF UPJ\u0160)<\/td>\n<\/tr>\n<tr>\n<td style=\"vertical-align:top\" width=\"23%\">31. marca 2021<\/td>\n<td style=\"text-align:justify\">Online predn\u00e1\u0161ka Preklad a prekladate\u013esk\u00e9 n\u00e1stroje v Eur\u00f3pskej komisii (Katedra anglistiky a amerikanistiky FF UPJ\u0160)<\/td>\n<\/tr>\n<tr>\n<td style=\"vertical-align:top\" width=\"23%\">29. marca 2021<\/td>\n<td style=\"text-align:justify\">Krajsk\u00e9 kolo Olympi\u00e1dy franc\u00fazskeho jazyka (Katedra anglistiky a amerikanistiky FF UPJ\u0160)<\/td>\n<\/tr>\n<tr>\n<td style=\"vertical-align:top\" width=\"23%\">23. marca 2021<\/td>\n<td style=\"text-align:justify\">Online predn\u00e1\u0161ka Dne\u0161n\u00e9 Slovensko o\u010dami redaktora denn\u00edka Le Monde(Katedra anglistiky a amerikanistiky FF UPJ\u0160)<\/td>\n<\/tr>\n<tr>\n<td style=\"vertical-align:top\" width=\"23%\">17. marca 2021<\/td>\n<td style=\"text-align:justify\">Online predn\u00e1\u0161ka Ako si (vy)budova\u0165 kari\u00e9ru prekladate\u013ea v eur\u00f3pskych in\u0161tit\u00faci\u00e1ch(Katedra anglistiky a amerikanistiky FF UPJ\u0160)<\/td>\n<\/tr>\n<tr>\n<td style=\"vertical-align:top\" width=\"23%\">8. marca 2021<\/td>\n<td style=\"text-align:justify\">\u201eJa som t\u00fa po\u00e9ziu \u017eila\u201c \u2013 online predn\u00e1\u0161ka doc. PaedDr. Ivice Hajdu\u010dekovej, PhD., o \u017eivote a tvorbe Ma\u0161e Ha\u013eamovej (Katedra slovakistiky, slovansk\u00fdch filol\u00f3gi\u00ed a komunik\u00e1cie FF UPJ\u0160)<\/td>\n<\/tr>\n<tr>\n<td style=\"vertical-align:top\" width=\"23%\">2. marca 2021<\/td>\n<td style=\"text-align:justify\">Te\u00f3ria literat\u00fary pre maturantov \u2013 online stretnutie s liter\u00e1rnym vedcom a prodekanom FF UPJ\u0160 prof. PhDr. Mari\u00e1nom Andri\u010d\u00edkom, PhD. (Katedra slovakistiky, slovansk\u00fdch filol\u00f3gi\u00ed a komunik\u00e1cie FF UPJ\u0160)<\/td>\n<\/tr>\n<tr>\n<td style=\"vertical-align:top\" width=\"23%\">12. febru\u00e1ra 2021<\/td>\n<td style=\"text-align:justify\">Virtu\u00e1lny De\u0148 otvoren\u00fdch dver\u00ed Filozofickej fakulty UPJ\u0160 v Ko\u0161iciach<\/td>\n<\/tr>\n<tr>\n<td style=\"vertical-align:top\" width=\"23%\">12. febru\u00e1ra 2021<\/td>\n<td style=\"text-align:justify\">Krajsk\u00e9 kolo Olympi\u00e1dy v slovenskom jazyku (Katedra slovakistiky, slovansk\u00fdch filol\u00f3gi\u00ed a komunik\u00e1cie FF UPJ\u0160)<\/td>\n<\/tr>\n<tr>\n<td style=\"vertical-align:top\" width=\"23%\">10. febru\u00e1ra 2021<\/td>\n<td style=\"text-align:justify\">Krajsk\u00e9 kolo Olympi\u00e1dy anglick\u00e9ho jazyka (Katedry anglistiky a amerikanistiky FF UPJ\u0160)<\/td>\n<\/tr>\n<tr>\n<td style=\"vertical-align:top\" width=\"23%\">9. febru\u00e1ra 2021<\/td>\n<td style=\"text-align:justify\">Krajsk\u00e9 kolo Olympi\u00e1dy v nemeckom jazyku (Katedry germanistiky FF UPJ\u0160)<\/td>\n<\/tr>\n<tr>\n<td style=\"vertical-align:top\" width=\"23%\">19. janu\u00e1ra 2021<\/td>\n<td style=\"text-align:justify\">Online predn\u00e1\u0161ka Literat\u00fara ako s\u00fa\u010das\u0165 soci\u00e1lneho diskurzu (Katedra slovakistiky, slovansk\u00fdch filol\u00f3gi\u00ed a komunik\u00e1cie FF UPJ\u0160)<\/td>\n<\/tr>\n<tr>\n<td style=\"vertical-align:top\" width=\"23%\">8. janu\u00e1ra &#8211; 4. febru\u00e1ra 2021<\/td>\n<td style=\"text-align:justify\">Nebu\u010f hejter, bu\u010f kritik! \u2013 s\u00e9ria online stretnut\u00ed (nielen) o liter\u00e1rnej kritike (Katedra slovakistiky, slovansk\u00fdch filol\u00f3gi\u00ed a komunik\u00e1cie FF UPJ\u0160)<\/td>\n<\/tr>\n<tr>\n<td style=\"vertical-align:top\" width=\"23%\">17. decembra 2020<\/td>\n<td style=\"text-align:justify\">Workshop Tendencie v\u00fdvoja etnick\u00fdch vz\u0165ahov na Slovensku: Interview o v\u00fdsledkoch v\u00fdskumu (Katedra hist\u00f3rie a Katedra politol\u00f3gie FF UPJ\u0160)<\/td>\n<\/tr>\n<tr>\n<td style=\"vertical-align:top\" width=\"23%\">11. decembra 2020<\/td>\n<td style=\"text-align:justify\">Arch\u00edvny a verzologick\u00fd v\u00fdskum po\u00e9zie Ma\u0161e Ha\u013eamovej \u2013 online predn\u00e1\u0161ka (Katedra slovakistiky, slovansk\u00fdch filol\u00f3gi\u00ed a komunik\u00e1cie FF UPJ\u0160)<\/td>\n<\/tr>\n<tr>\n<td style=\"vertical-align:top\" width=\"23%\">4. decembra 2020<\/td>\n<td style=\"text-align:justify\">Ko\u0161ick\u00e9 politologick\u00e9 dial\u00f3gy 2020: Za\u010diatok dek\u00e1dy zmien? \u2013 medzin\u00e1rodn\u00e1 online konferencia \u0161tudentov a mlad\u00fdch vedeck\u00fdch pracovn\u00edkov (Katedra politol\u00f3gie FF UPJ\u0160)<\/td>\n<\/tr>\n<tr>\n<td style=\"vertical-align:top\" width=\"23%\">18. &#8211; 19. novembra 2020<\/td>\n<td style=\"text-align:justify\">Online konferencia Stretnutie mlad\u00fdch historikov X.: Hranice v priestore a \u010dase (Katedra hist\u00f3rie FF UPJ\u0160)<\/td>\n<\/tr>\n<tr>\n<td style=\"vertical-align:top\" width=\"23%\">17. novembra 2020<\/td>\n<td style=\"text-align:justify\">De\u0148 \u0161tudentstva 2020: Vedenie Filozofickej fakulty UPJ\u0160 diskutovalo online so z\u00e1stupcami \u0161tudentov<\/td>\n<\/tr>\n<tr>\n<td style=\"vertical-align:top\" width=\"23%\">12. novembra 2020<\/td>\n<td style=\"text-align:justify\">Druh\u00fd &#8222;virtu\u00e1lny sp\u00edker americk\u00e9ho ve\u013evyslanectva&#8220; na KAA FF UPJ\u0160 \u2013 Bradley M. Gardner<\/td>\n<\/tr>\n<tr>\n<td style=\"vertical-align:top\" width=\"23%\">28. okt\u00f3bra 2020<\/td>\n<td style=\"text-align:justify\">Online diskusia\u00a0KAA FF UPJ\u0160 s prof. Jeniffer Thomas, hostkou Ve\u013evyslanectva USA na Slovensku<\/td>\n<\/tr>\n<tr>\n<td style=\"vertical-align:top\" width=\"23%\">27. okt\u00f3bra 2020<\/td>\n<td style=\"text-align:justify\">Virtu\u00e1lny sp\u00edker ve\u013evyslanectva \u2013 nov\u00e1 sch\u00e9ma v r\u00e1mci spolupr\u00e1ce KAA FF UPJ\u0160 a Ve\u013evyslanectva USA na Slovensku<\/td>\n<\/tr>\n<tr>\n<td style=\"vertical-align:top\" width=\"23%\">28. septembra 2020<\/td>\n<td style=\"text-align:justify\">Dopl\u0148uj\u00face vo\u013eby do AS FF UPJ\u0160<\/td>\n<\/tr>\n<tr>\n<td style=\"vertical-align:top\" width=\"23%\">21. septembra 2020<\/td>\n<td style=\"text-align:justify\">Sl\u00e1vnostn\u00e9 otvorenie akademick\u00e9ho roka 2020\/2021 (online)<\/td>\n<\/tr>\n<\/tbody>\n<\/table>\n","protected":false},"excerpt":{"rendered":"<p>\u00a0 26. j\u00fana 2021 Sl\u00e1vnostn\u00e9 prom\u00f3cie absolventov magistersk\u00fdch \u0161tudijn\u00fdch programov 11. j\u00fana 2021 Online diskusia s doc. Mgr. Mark\u00e9tou Andri\u010d\u00edkovou, PhD. v r\u00e1mci projektu Nebu\u010f hejter, bu\u010f kritik! \u2013 Kritika literat\u00fary pre deti a ml\u00e1de\u017e (Katedra slovakistiky, slovansk\u00fdch filol\u00f3gi\u00ed a komunik\u00e1cie FF UPJ\u0160) 8. &#8211; 18. j\u00fana 2021 Nebu\u010f hejter, bu\u010f kritik! \u2013 z\u00e1vere\u010dn\u00e1 v\u00fdstava &hellip; <a href=\"https:\/\/www.upjs.sk\/filozoficka-fakulta\/el-kronika-2025-26\/el-kronika-2020-21\/\">\u010c\u00edta\u0165 \u010falej<\/a><\/p>\n","protected":false},"author":1,"featured_media":0,"parent":57051,"menu_order":4,"comment_status":"closed","ping_status":"closed","template":"","meta":{"_acf_changed":false,"_editorskit_title_hidden":false,"_editorskit_reading_time":0,"_editorskit_is_block_options_detached":false,"_editorskit_block_options_position":"{}","footnotes":""},"categories":[],"tags":[],"class_list":["post-16817","page","type-page","status-publish","hentry"],"acf":{"acf_link_na_externy_obsah":""},"yoast_head":"<!-- This site is optimized with the Yoast SEO plugin v27.4 - https:\/\/yoast.com\/product\/yoast-seo-wordpress\/ -->\n<title>Elektronick\u00e1 kronika 2020\/2021 - Filozofick\u00e1 fakulta | UPJ\u0160<\/title>\n<meta name=\"robots\" content=\"index, follow, max-snippet:-1, max-image-preview:large, max-video-preview:-1\" \/>\n<link rel=\"canonical\" href=\"https:\/\/www.upjs.sk\/filozoficka-fakulta\/el-kronika-2025-26\/el-kronika-2020-21\/\" \/>\n<meta property=\"og:locale\" content=\"sk_SK\" \/>\n<meta property=\"og:type\" content=\"article\" \/>\n<meta property=\"og:title\" content=\"Elektronick\u00e1 kronika 2020\/2021 - Filozofick\u00e1 fakulta | UPJ\u0160\" \/>\n<meta property=\"og:description\" content=\"\u00a0 26. j\u00fana 2021 Sl\u00e1vnostn\u00e9 prom\u00f3cie absolventov magistersk\u00fdch \u0161tudijn\u00fdch programov 11. j\u00fana 2021 Online diskusia s doc. Mgr. Mark\u00e9tou Andri\u010d\u00edkovou, PhD. v r\u00e1mci projektu Nebu\u010f hejter, bu\u010f kritik! \u2013 Kritika literat\u00fary pre deti a ml\u00e1de\u017e (Katedra slovakistiky, slovansk\u00fdch filol\u00f3gi\u00ed a komunik\u00e1cie FF UPJ\u0160) 8. &#8211; 18. j\u00fana 2021 Nebu\u010f hejter, bu\u010f kritik! \u2013 z\u00e1vere\u010dn\u00e1 v\u00fdstava &hellip; \u010c\u00edta\u0165 \u010falej\" \/>\n<meta property=\"og:url\" content=\"https:\/\/www.upjs.sk\/filozoficka-fakulta\/el-kronika-2025-26\/el-kronika-2020-21\/\" \/>\n<meta property=\"og:site_name\" content=\"Filozofick\u00e1 fakulta | UPJ\u0160\" \/>\n<meta property=\"article:modified_time\" content=\"2022-11-13T20:33:34+00:00\" \/>\n<meta name=\"twitter:card\" content=\"summary_large_image\" \/>\n<meta name=\"twitter:label1\" content=\"Predpokladan\u00fd \u010das \u010d\u00edtania\" \/>\n\t<meta name=\"twitter:data1\" content=\"4 min\u00faty\" \/>\n<script type=\"application\/ld+json\" class=\"yoast-schema-graph\">{\"@context\":\"https:\\\/\\\/schema.org\",\"@graph\":[{\"@type\":\"WebPage\",\"@id\":\"https:\\\/\\\/www.upjs.sk\\\/filozoficka-fakulta\\\/el-kronika-2025-26\\\/el-kronika-2020-21\\\/\",\"url\":\"https:\\\/\\\/www.upjs.sk\\\/filozoficka-fakulta\\\/el-kronika-2025-26\\\/el-kronika-2020-21\\\/\",\"name\":\"Elektronick\u00e1 kronika 2020\\\/2021 - Filozofick\u00e1 fakulta | UPJ\u0160\",\"isPartOf\":{\"@id\":\"https:\\\/\\\/www.upjs.sk\\\/filozoficka-fakulta\\\/#website\"},\"datePublished\":\"2022-02-17T19:43:37+00:00\",\"dateModified\":\"2022-11-13T20:33:34+00:00\",\"breadcrumb\":{\"@id\":\"https:\\\/\\\/www.upjs.sk\\\/filozoficka-fakulta\\\/el-kronika-2025-26\\\/el-kronika-2020-21\\\/#breadcrumb\"},\"inLanguage\":\"sk-SK\",\"potentialAction\":[{\"@type\":\"ReadAction\",\"target\":[\"https:\\\/\\\/www.upjs.sk\\\/filozoficka-fakulta\\\/el-kronika-2025-26\\\/el-kronika-2020-21\\\/\"]}]},{\"@type\":\"BreadcrumbList\",\"@id\":\"https:\\\/\\\/www.upjs.sk\\\/filozoficka-fakulta\\\/el-kronika-2025-26\\\/el-kronika-2020-21\\\/#breadcrumb\",\"itemListElement\":[{\"@type\":\"ListItem\",\"position\":1,\"name\":\"Home\",\"item\":\"https:\\\/\\\/www.upjs.sk\\\/filozoficka-fakulta\\\/\"},{\"@type\":\"ListItem\",\"position\":2,\"name\":\"Elektronick\u00e1 kronika 2025\\\/2026\",\"item\":\"https:\\\/\\\/www.upjs.sk\\\/filozoficka-fakulta\\\/el-kronika-2025-26\\\/\"},{\"@type\":\"ListItem\",\"position\":3,\"name\":\"Elektronick\u00e1 kronika 2020\\\/2021\"}]},{\"@type\":\"WebSite\",\"@id\":\"https:\\\/\\\/www.upjs.sk\\\/filozoficka-fakulta\\\/#website\",\"url\":\"https:\\\/\\\/www.upjs.sk\\\/filozoficka-fakulta\\\/\",\"name\":\"Filozofick\u00e1 fakulta | UPJ\u0160\",\"description\":\"\",\"publisher\":{\"@id\":\"https:\\\/\\\/www.upjs.sk\\\/filozoficka-fakulta\\\/#organization\"},\"potentialAction\":[{\"@type\":\"SearchAction\",\"target\":{\"@type\":\"EntryPoint\",\"urlTemplate\":\"https:\\\/\\\/www.upjs.sk\\\/filozoficka-fakulta\\\/?s={search_term_string}\"},\"query-input\":{\"@type\":\"PropertyValueSpecification\",\"valueRequired\":true,\"valueName\":\"search_term_string\"}}],\"inLanguage\":\"sk-SK\"},{\"@type\":\"Organization\",\"@id\":\"https:\\\/\\\/www.upjs.sk\\\/filozoficka-fakulta\\\/#organization\",\"name\":\"Filozofick\u00e1 fakulta | UPJ\u0160\",\"url\":\"https:\\\/\\\/www.upjs.sk\\\/filozoficka-fakulta\\\/\",\"logo\":{\"@type\":\"ImageObject\",\"inLanguage\":\"sk-SK\",\"@id\":\"https:\\\/\\\/www.upjs.sk\\\/filozoficka-fakulta\\\/#\\\/schema\\\/logo\\\/image\\\/\",\"url\":\"https:\\\/\\\/www.upjs.sk\\\/app\\\/uploads\\\/sites\\\/7\\\/2022\\\/09\\\/logo-filozoficka-fakulta.png\",\"contentUrl\":\"https:\\\/\\\/www.upjs.sk\\\/app\\\/uploads\\\/sites\\\/7\\\/2022\\\/09\\\/logo-filozoficka-fakulta.png\",\"width\":415,\"height\":87,\"caption\":\"Filozofick\u00e1 fakulta | UPJ\u0160\"},\"image\":{\"@id\":\"https:\\\/\\\/www.upjs.sk\\\/filozoficka-fakulta\\\/#\\\/schema\\\/logo\\\/image\\\/\"}}]}<\/script>\n<!-- \/ Yoast SEO plugin. -->","yoast_head_json":{"title":"Elektronick\u00e1 kronika 2020\/2021 - Filozofick\u00e1 fakulta | UPJ\u0160","robots":{"index":"index","follow":"follow","max-snippet":"max-snippet:-1","max-image-preview":"max-image-preview:large","max-video-preview":"max-video-preview:-1"},"canonical":"https:\/\/www.upjs.sk\/filozoficka-fakulta\/el-kronika-2025-26\/el-kronika-2020-21\/","og_locale":"sk_SK","og_type":"article","og_title":"Elektronick\u00e1 kronika 2020\/2021 - Filozofick\u00e1 fakulta | UPJ\u0160","og_description":"\u00a0 26. j\u00fana 2021 Sl\u00e1vnostn\u00e9 prom\u00f3cie absolventov magistersk\u00fdch \u0161tudijn\u00fdch programov 11. j\u00fana 2021 Online diskusia s doc. Mgr. Mark\u00e9tou Andri\u010d\u00edkovou, PhD. v r\u00e1mci projektu Nebu\u010f hejter, bu\u010f kritik! \u2013 Kritika literat\u00fary pre deti a ml\u00e1de\u017e (Katedra slovakistiky, slovansk\u00fdch filol\u00f3gi\u00ed a komunik\u00e1cie FF UPJ\u0160) 8. &#8211; 18. j\u00fana 2021 Nebu\u010f hejter, bu\u010f kritik! \u2013 z\u00e1vere\u010dn\u00e1 v\u00fdstava &hellip; \u010c\u00edta\u0165 \u010falej","og_url":"https:\/\/www.upjs.sk\/filozoficka-fakulta\/el-kronika-2025-26\/el-kronika-2020-21\/","og_site_name":"Filozofick\u00e1 fakulta | UPJ\u0160","article_modified_time":"2022-11-13T20:33:34+00:00","twitter_card":"summary_large_image","twitter_misc":{"Predpokladan\u00fd \u010das \u010d\u00edtania":"4 min\u00faty"},"schema":{"@context":"https:\/\/schema.org","@graph":[{"@type":"WebPage","@id":"https:\/\/www.upjs.sk\/filozoficka-fakulta\/el-kronika-2025-26\/el-kronika-2020-21\/","url":"https:\/\/www.upjs.sk\/filozoficka-fakulta\/el-kronika-2025-26\/el-kronika-2020-21\/","name":"Elektronick\u00e1 kronika 2020\/2021 - Filozofick\u00e1 fakulta | UPJ\u0160","isPartOf":{"@id":"https:\/\/www.upjs.sk\/filozoficka-fakulta\/#website"},"datePublished":"2022-02-17T19:43:37+00:00","dateModified":"2022-11-13T20:33:34+00:00","breadcrumb":{"@id":"https:\/\/www.upjs.sk\/filozoficka-fakulta\/el-kronika-2025-26\/el-kronika-2020-21\/#breadcrumb"},"inLanguage":"sk-SK","potentialAction":[{"@type":"ReadAction","target":["https:\/\/www.upjs.sk\/filozoficka-fakulta\/el-kronika-2025-26\/el-kronika-2020-21\/"]}]},{"@type":"BreadcrumbList","@id":"https:\/\/www.upjs.sk\/filozoficka-fakulta\/el-kronika-2025-26\/el-kronika-2020-21\/#breadcrumb","itemListElement":[{"@type":"ListItem","position":1,"name":"Home","item":"https:\/\/www.upjs.sk\/filozoficka-fakulta\/"},{"@type":"ListItem","position":2,"name":"Elektronick\u00e1 kronika 2025\/2026","item":"https:\/\/www.upjs.sk\/filozoficka-fakulta\/el-kronika-2025-26\/"},{"@type":"ListItem","position":3,"name":"Elektronick\u00e1 kronika 2020\/2021"}]},{"@type":"WebSite","@id":"https:\/\/www.upjs.sk\/filozoficka-fakulta\/#website","url":"https:\/\/www.upjs.sk\/filozoficka-fakulta\/","name":"Filozofick\u00e1 fakulta | UPJ\u0160","description":"","publisher":{"@id":"https:\/\/www.upjs.sk\/filozoficka-fakulta\/#organization"},"potentialAction":[{"@type":"SearchAction","target":{"@type":"EntryPoint","urlTemplate":"https:\/\/www.upjs.sk\/filozoficka-fakulta\/?s={search_term_string}"},"query-input":{"@type":"PropertyValueSpecification","valueRequired":true,"valueName":"search_term_string"}}],"inLanguage":"sk-SK"},{"@type":"Organization","@id":"https:\/\/www.upjs.sk\/filozoficka-fakulta\/#organization","name":"Filozofick\u00e1 fakulta | UPJ\u0160","url":"https:\/\/www.upjs.sk\/filozoficka-fakulta\/","logo":{"@type":"ImageObject","inLanguage":"sk-SK","@id":"https:\/\/www.upjs.sk\/filozoficka-fakulta\/#\/schema\/logo\/image\/","url":"https:\/\/www.upjs.sk\/app\/uploads\/sites\/7\/2022\/09\/logo-filozoficka-fakulta.png","contentUrl":"https:\/\/www.upjs.sk\/app\/uploads\/sites\/7\/2022\/09\/logo-filozoficka-fakulta.png","width":415,"height":87,"caption":"Filozofick\u00e1 fakulta | UPJ\u0160"},"image":{"@id":"https:\/\/www.upjs.sk\/filozoficka-fakulta\/#\/schema\/logo\/image\/"}}]}},"_links":{"self":[{"href":"https:\/\/www.upjs.sk\/filozoficka-fakulta\/wp-json\/wp\/v2\/pages\/16817","targetHints":{"allow":["GET"]}}],"collection":[{"href":"https:\/\/www.upjs.sk\/filozoficka-fakulta\/wp-json\/wp\/v2\/pages"}],"about":[{"href":"https:\/\/www.upjs.sk\/filozoficka-fakulta\/wp-json\/wp\/v2\/types\/page"}],"author":[{"embeddable":true,"href":"https:\/\/www.upjs.sk\/filozoficka-fakulta\/wp-json\/wp\/v2\/users\/1"}],"replies":[{"embeddable":true,"href":"https:\/\/www.upjs.sk\/filozoficka-fakulta\/wp-json\/wp\/v2\/comments?post=16817"}],"version-history":[{"count":1,"href":"https:\/\/www.upjs.sk\/filozoficka-fakulta\/wp-json\/wp\/v2\/pages\/16817\/revisions"}],"predecessor-version":[{"id":23891,"href":"https:\/\/www.upjs.sk\/filozoficka-fakulta\/wp-json\/wp\/v2\/pages\/16817\/revisions\/23891"}],"up":[{"embeddable":true,"href":"https:\/\/www.upjs.sk\/filozoficka-fakulta\/wp-json\/wp\/v2\/pages\/57051"}],"wp:attachment":[{"href":"https:\/\/www.upjs.sk\/filozoficka-fakulta\/wp-json\/wp\/v2\/media?parent=16817"}],"wp:term":[{"taxonomy":"category","embeddable":true,"href":"https:\/\/www.upjs.sk\/filozoficka-fakulta\/wp-json\/wp\/v2\/categories?post=16817"},{"taxonomy":"post_tag","embeddable":true,"href":"https:\/\/www.upjs.sk\/filozoficka-fakulta\/wp-json\/wp\/v2\/tags?post=16817"}],"curies":[{"name":"wp","href":"https:\/\/api.w.org\/{rel}","templated":true}]}}