{"id":16825,"date":"2017-10-10T09:23:43","date_gmt":"2017-10-10T09:23:43","guid":{"rendered":"https:\/\/www.upjs.sk\/filozoficka-fakulta\/el-kronika-2022-23\/ekronika-2012-13\/"},"modified":"2022-11-13T21:33:36","modified_gmt":"2022-11-13T20:33:36","slug":"ekronika-2012-13","status":"publish","type":"page","link":"https:\/\/www.upjs.sk\/filozoficka-fakulta\/el-kronika-2025-26\/ekronika-2012-13\/","title":{"rendered":"Elektronick\u00e1 kronika 2012\/2013"},"content":{"rendered":"<p>\u00a0<\/p>\n<table border=\"0\" cellpadding=\"1\" cellspacing=\"1\" style=\"width:95%\">\n<tbody>\n<tr>\n<td valign=\"top\" width=\"25%\">2. j\u00fala 2013<\/td>\n<td style=\"text-align: justify\">Sl\u00e1vnostn\u00e9 prom\u00f3cie absolventov magistersk\u00fdch \u0161tudijn\u00fdch programov FF UPJ\u0160<\/td>\n<\/tr>\n<tr>\n<td valign=\"top\" width=\"25%\">30. m\u00e1ja 2013<\/td>\n<td style=\"text-align: justify\">Semin\u00e1r SAIA &#8211; \u0160tudijn\u00e9\/v\u00fdskumn\u00e9 pobyty v Nemecku, Rak\u00fasku a \u0160vaj\u010diarsku &#8211; 2014\/15<\/td>\n<\/tr>\n<tr>\n<td valign=\"top\" width=\"25%\">23. &#8211; 24. m\u00e1ja 2013<\/td>\n<td style=\"text-align: justify\">Medzin\u00e1rodn\u00e9 \u0161tudentsk\u00e9 psychologick\u00e9 dni 2013 (Katedra psychol\u00f3gie FF UPJ\u0160 a Slovensk\u00e1 psychologick\u00e1 spolo\u010dnos\u0165 pri SAV)<\/td>\n<\/tr>\n<tr>\n<td valign=\"top\" width=\"25%\">17. m\u00e1ja 2013<\/td>\n<td style=\"text-align: justify\">\u0160tudentsk\u00e1 vedeck\u00e1 konferencia na Katedre\u00a0politol\u00f3gie<\/td>\n<\/tr>\n<tr>\n<td valign=\"top\" width=\"25%\">15. m\u00e1ja 2013<\/td>\n<td style=\"text-align: justify\">Beseda s Petrom Zajacom na t\u00e9mu &#8222;\u010co ostalo z novembra \u00b489&#8220; (Katedra\u00a0politol\u00f3gie FF UPJ\u0160)<\/td>\n<\/tr>\n<tr>\n<td valign=\"top\" width=\"25%\">30.\u00a0apr\u00edla 2013<\/td>\n<td style=\"text-align: justify\">\u0160tudentsk\u00e1 vedeck\u00e1 konferencia na Katedre aplikovanej etiky<\/td>\n<\/tr>\n<tr>\n<td valign=\"top\" width=\"25%\">29. apr\u00edla 2013<\/td>\n<td style=\"text-align: justify\">Diskusia s ve\u013evyslancami, na t\u00e9mu Kult\u00farne dimenzie vz\u00e1jomnej spolupr\u00e1ce, pri pr\u00edle\u017eitosti 50. v\u00fdro\u010dia Elyzejskej zmluvy (Katedra\u00a0germanistiky a Katedra\u00a0politol\u00f3gie FF UPJ\u0160)<\/td>\n<\/tr>\n<tr>\n<td valign=\"top\" width=\"25%\">25. apr\u00edla 2013<\/td>\n<td style=\"text-align: justify\">Celoslovensk\u00e9 kolo \u0160VO\u010c 2013 v odbore soci\u00e1lna pr\u00e1ca (Katedra\u00a0 soci\u00e1lnej pr\u00e1ce FF UPJ\u0160)<\/td>\n<\/tr>\n<tr>\n<td valign=\"top\" width=\"25%\">22. apr\u00edla 2013<\/td>\n<td style=\"text-align: justify\">Debata\u00a0s podpredsedom NR SR J\u00e1nom Fige\u013eom na t\u00e9mu Vzdelanie, tvorivos\u0165 inov\u00e1cie &#8211; perspekt\u00edva pre mlad\u00fdch (Katedra politol\u00f3gie FF UPJ\u0160\u00a0v spolupr\u00e1ci s OZ Res Publica)<\/td>\n<\/tr>\n<tr>\n<td valign=\"top\" width=\"25%\">18.\u00a0apr\u00edla 2013<\/td>\n<td style=\"text-align: justify\">Semin\u00e1r SAIA &#8211; N\u00e1rodn\u00fd \u0161tipendijn\u00fd program na \u0161tudijn\u00e9 a v\u00fdskumn\u00e9 pobyty 2013\/2014<\/td>\n<\/tr>\n<tr>\n<td valign=\"top\" width=\"25%\">17. &#8211; 18. apr\u00edla 2013<\/td>\n<td style=\"text-align: justify\">13. medzin\u00e1rodn\u00fd festival dokument\u00e1rnych filmov Jeden svet (Katedra politol\u00f3gie FF UPJ\u0160\u00a0v spolupr\u00e1ci s OZ Res Publica)<\/td>\n<\/tr>\n<tr>\n<td valign=\"top\" width=\"25%\">8. apr\u00edla 2013<\/td>\n<td style=\"text-align: justify\">Debata s poslancom Eur\u00f3pskeho parlamentu Sergejom Kozl\u00edkom na t\u00e9mu Eur\u00f3pska ekonomick\u00e1 politika (Katedra politol\u00f3gie FF UPJ\u0160\u00a0v spolupr\u00e1ci s OZ Res Publica)<\/td>\n<\/tr>\n<tr>\n<td valign=\"top\" width=\"25%\">8. apr\u00edla 2013<\/td>\n<td style=\"text-align: justify\">Dopl\u0148uj\u00face vo\u013eby do Akademick\u00e9ho sen\u00e1tu UPJ\u0160 v Ko\u0161iciach<\/td>\n<\/tr>\n<tr>\n<td valign=\"top\" width=\"25%\">2. apr\u00edla 2013<\/td>\n<td style=\"text-align: justify\">Rektorsk\u00e9 vo\u013eno<\/td>\n<\/tr>\n<tr>\n<td valign=\"top\" width=\"25%\">28. marca 2013<\/td>\n<td style=\"text-align: justify\">Dekansk\u00e9 vo\u013eno \u0161tudentom a u\u010dite\u013eom<\/td>\n<\/tr>\n<tr>\n<td valign=\"top\" width=\"25%\">18. marca 2013<\/td>\n<td style=\"text-align: justify\">Debata s poslancom NR SR Martinom Polia\u010dikom na t\u00e9mu &#8222;LGBT pr\u00e1va a dekriminaliz\u00e1cia marihuany&#8220; (Katedra politol\u00f3gie FF UPJ\u0160\u00a0v spolupr\u00e1ci s OZ Res Publica)<\/td>\n<\/tr>\n<tr>\n<td valign=\"top\" width=\"25%\">15. marca 2013<\/td>\n<td style=\"text-align: justify\">Katedrov\u00e9 kolo \u0160tudenskej vedeckej konferencie v odbore psychol\u00f3gia (Katedra psychol\u00f3gie FF UPJ\u0160)<\/td>\n<\/tr>\n<tr>\n<td valign=\"top\" width=\"25%\">12. marca 2013<\/td>\n<td style=\"text-align: justify\">Predn\u00e1\u0161ka Dr. Hrubeca, riadite\u013ea Centra glob\u00e1ln\u00edch studi\u00ed Akademie v\u011bd \u010cR a Univerzity Karlov\u00e9 v Prahe,\u00a0na t\u00e9mu Od zneuzn\u00e1n\u00ed ke spravedlnosti: Kritick\u00e1 teorie glob\u00e1lni spole\u010dnosti a politiky (Katedra politol\u00f3gie FF UPJ\u0160\u00a0v spolupr\u00e1ci s OZ Res Publica)<\/td>\n<\/tr>\n<tr>\n<td valign=\"top\" width=\"25%\">27. febru\u00e1ra 2013<\/td>\n<td style=\"text-align: justify\">Debata s poslancom NR SR Danielom Lip\u0161icom na t\u00e9mu \u201eBoj proti korupcii\u201c (Katedra politol\u00f3gie FF UPJ\u0160\u00a0v spolupr\u00e1ci s OZ Res Publica)<\/td>\n<\/tr>\n<tr>\n<td valign=\"top\" width=\"25%\">19. febru\u00e1ra 2013<\/td>\n<td style=\"text-align: justify\">Semin\u00e1r SAIA &#8211; Letn\u00e9 jazykov\u00e9 kurzy, \u0161tudijn\u00e9 a vedeck\u00e9 pobyty v zahrani\u010d\u00ed 2013\/14<\/td>\n<\/tr>\n<tr>\n<td valign=\"top\" width=\"25%\">14. febru\u00e1ra 2013<\/td>\n<td style=\"text-align: justify\">Vedeck\u00fd semin\u00e1r pri pr\u00edle\u017eitosti \u017eivotn\u00e9ho jubilea dekana Filozofickej fakulty UPJ\u0160 v Ko\u0161iciach prof. PhDr. J\u00e1na Gb\u00fara, CSc.\u00a0pod n\u00e1zvom Estetick\u00e9 a axiologick\u00e9 poh\u013eady na slovensk\u00fa literat\u00faru konca 19. a za\u010diatku 20. storo\u010dia (Katedra slovakistiky, slovansk\u00fdch filol\u00f3gi\u00ed a komunik\u00e1cie FF UPJ\u0160)<\/td>\n<\/tr>\n<tr>\n<td valign=\"top\" width=\"25%\">30. janu\u00e1ra 2013<\/td>\n<td style=\"text-align: justify\">Semin\u00e1r SAIA &#8211; \u0160tudijn\u00fd a v\u00fdskumn\u00fd pobyt vo \u0160vaj\u010diarsku<\/td>\n<\/tr>\n<tr>\n<td valign=\"top\" width=\"25%\">18. decembra 2012<\/td>\n<td style=\"text-align: justify\">\u0160tudentsk\u00e1 vedeck\u00e1 konferencia na Katedre hist\u00f3rie\u00a0FF UPJ\u0160<\/td>\n<\/tr>\n<tr>\n<td valign=\"top\" width=\"25%\">6. decembra 2012<\/td>\n<td style=\"text-align: justify\">Vedeck\u00e1 konferencia Soci\u00e1lna pr\u00e1ca cesta k zmyslu \u017eivota (Katedra\u00a0\u00a0soci\u00e1lnej pr\u00e1ce FF UPJ\u0160)<\/td>\n<\/tr>\n<tr>\n<td valign=\"top\" width=\"25%\">29. novembra 2012<\/td>\n<td style=\"text-align: justify\">\u0160tudentsk\u00fd ples<\/td>\n<\/tr>\n<tr>\n<td valign=\"top\" width=\"25%\">29. novembra 2012<\/td>\n<td style=\"text-align: justify\">Sl\u00e1vnostn\u00e1\u00a0vedeck\u00e1 konferencia venovan\u00e1 \u017eivotn\u00e9mu jubileu doc. PhDr. Evy \u0160imovej, CSc. (Katedra psychol\u00f3gie FF UPJ\u0160)<\/td>\n<\/tr>\n<tr>\n<td valign=\"top\" width=\"25%\">28. novembra 2012<\/td>\n<td style=\"text-align: justify\">Odborn\u00e1 konferencia S\u00famrak m\u00e9di\u00ed\u00a0(Katedra\u00a0slovakistiky, slovansk\u00fdch filol\u00f3gi\u00ed a komunik\u00e1cie FF UPJ\u0160)<\/td>\n<\/tr>\n<tr>\n<td valign=\"top\" width=\"25%\">21. novembra 2012<\/td>\n<td style=\"text-align: justify\">Semin\u00e1r SAIA &#8211; \u0160tipendi\u00e1 na postgradu\u00e1lne \u0161t\u00fadium 2013\/14<\/td>\n<\/tr>\n<tr>\n<td valign=\"top\" width=\"25%\">16. novembra 2012<\/td>\n<td style=\"text-align: justify\">De\u0148 otvoren\u00fdch dver\u00ed UPJ\u0160 na Filozofickej fakulte, Dekansk\u00e9 vo\u013eno <span style=\"font-size:10px\">(do 13:00 hod.)<\/span><\/td>\n<\/tr>\n<tr>\n<td valign=\"top\" width=\"25%\">15.- 16. novembra 2012<\/td>\n<td style=\"text-align: justify\">II. ro\u010dn\u00edk Ko\u0161ick\u00fdch politologick\u00fdch dial\u00f3gov, Vo\u013eby 2012: Kam kr\u00e1\u010da\u0161 demokracia \u00a0(Katedra politol\u00f3gie FF UPJ\u0160)<\/td>\n<\/tr>\n<tr>\n<td valign=\"top\" width=\"25%\">11.\u00a0novembra 2012<\/td>\n<td style=\"text-align: justify\">Sprievodn\u00e9 podujatie pri pr\u00edle\u017eitosti T\u00fd\u017ed\u0148a vedy a techniky na Slovensku 2012 &#8211; Etika, veda, technika: perspekt\u00edvy a paradoxy (Katedra aplikovanej etiky FF UPJ\u0160)<\/td>\n<\/tr>\n<tr>\n<td valign=\"top\" width=\"25%\">6. novembra 2012<\/td>\n<td style=\"text-align: justify\">Disemina\u010dn\u00fd workshop Index akt\u00edvneho starnutia ako v\u00fdzva pre v\u00fdskum a prax soci\u00e1lnej pr\u00e1ce (Katedra soci\u00e1lnej pr\u00e1ce FF UPJ\u0160)<\/td>\n<\/tr>\n<tr>\n<td valign=\"top\" width=\"25%\">2. novembra 2012<\/td>\n<td style=\"text-align: justify\">Dekansk\u00e9 vo\u013eno \u0161tudentom a u\u010dite\u013eom<\/td>\n<\/tr>\n<tr>\n<td valign=\"top\" width=\"25%\">30.- 31. okt\u00f3bra 2012<\/td>\n<td style=\"text-align: justify\">Medzin\u00e1rodn\u00e9 filozofick\u00e9 symp\u00f3zium Heidegger a gr\u00e9cka filozofia (Katedra filozofie a dej\u00edn filozofie FF UPJ\u0160)<\/td>\n<\/tr>\n<tr>\n<td valign=\"top\" width=\"25%\">29.- 30. okt\u00f3bra 2012<\/td>\n<td style=\"text-align: justify\">II. ro\u010dn\u00edk konferencie doktorandov Stretnutie mlad\u00fdch historikov: Priese\u010dn\u00edky spolo\u010dnej hist\u00f3rie kraj\u00edn V4 (Katedra\u00a0hist\u00f3rie FF UPJ\u0160)<\/td>\n<\/tr>\n<tr>\n<td valign=\"top\" width=\"25%\">25.- 27. okt\u00f3bra 2012<\/td>\n<td style=\"text-align: justify\">Medzin\u00e1rodn\u00e9 pracovn\u00e9 s\u00fastredenie vo forme workshopov\u00a0(ENYSSP v spolupr\u00e1ci s Katedrou pedagogickej psychol\u00f3gie a psychol\u00f3gie zdravia FF UPJ\u0160)<\/td>\n<\/tr>\n<tr>\n<td valign=\"top\" width=\"25%\">25. okt\u00f3bra 2012<\/td>\n<td style=\"text-align: justify\">Sl\u00e1vnostn\u00e1 imatrikul\u00e1cia \u0161tudentov 1. ro\u010dn\u00edka bakal\u00e1rskeho stup\u0148a \u0161t\u00fadia FF UPJ\u0160<\/td>\n<\/tr>\n<tr>\n<td valign=\"top\" width=\"25%\">25. okt\u00f3bra 2012<\/td>\n<td style=\"text-align: justify\">Dopl\u0148uj\u00face vo\u013eby do \u0160tudentskej \u010dasti\u00a0Akademick\u00e9ho sen\u00e1tu\u00a0UPJ\u0160 v Ko\u0161iciach<\/td>\n<\/tr>\n<tr>\n<td valign=\"top\" width=\"25%\">24. okt\u00f3bra 2012<\/td>\n<td style=\"text-align: justify\">Vedeck\u00e1 konferencia Ko\u0161ice \u2013 in\u0161titucion\u00e1lna z\u00e1klad\u0148a kult\u00fary, \u0161kolstva a vedy (Katedra hist\u00f3rie FF UPJ\u0160)<\/td>\n<\/tr>\n<tr>\n<td valign=\"top\" width=\"25%\">8. okt\u00f3bra 2012<\/td>\n<td style=\"text-align: justify\">Pedagogick\u00e1 konferencia\u00a0 na FF UPJ\u0160<\/td>\n<\/tr>\n<tr>\n<td valign=\"top\" width=\"25%\">1. okt\u00f3bra 2012<\/td>\n<td style=\"text-align: justify\">Dopl\u0148uj\u00face vo\u013eby do \u0160tudentskej \u010dasti\u00a0Akademick\u00e9ho sen\u00e1tu FF UPJ\u0160 v Ko\u0161iciach<\/td>\n<\/tr>\n<tr>\n<td valign=\"top\">29. septembra 2012<\/td>\n<td style=\"text-align: justify\">Sl\u00e1vnostn\u00e9 prom\u00f3cie absolventov magistersk\u00fdch, bakal\u00e1rskych \u0161tudijn\u00fdch programov a dopl\u0148uj\u00faceho pedagogick\u00e9ho \u0161t\u00fadia (DP\u0160) Filozofickej fakulty UPJ\u0160 v Ko\u0161iciach<\/td>\n<\/tr>\n<tr>\n<td valign=\"top\">28. septembra 2012<\/td>\n<td style=\"text-align: justify\">Konferencia HORTUS GRAECO-LATINUS CASSOVIENSIS (Katedra romanistiky a klasickej filol\u00f3gie FF UPJ\u0160)<\/td>\n<\/tr>\n<tr>\n<td valign=\"top\">27. septembra 2012<\/td>\n<td style=\"text-align: justify\">Semin\u00e1r SAIA &#8211;\u00a0\u0160tudijn\u00fd a v\u00fdskumn\u00fd pobyt v zahrani\u010d\u00ed<\/td>\n<\/tr>\n<tr>\n<td valign=\"top\">17. septembra 2012<\/td>\n<td style=\"text-align: justify\">Sl\u00e1vnostn\u00e9 otvorenie akademick\u00e9ho roka 2012\/2013 na UPJ\u0160 v Ko\u0161iciach<\/td>\n<\/tr>\n<tr>\n<td valign=\"top\">13.- 14.\u00a0septembra 2012<\/td>\n<td style=\"text-align: justify\">Kurz \u00davod do modelovania \u0161truktur\u00e1lnych rovn\u00edc (Katedra pedagogickej psychol\u00f3gie a psychol\u00f3gie zdravia FF UPJ\u0160 a\u00a0Katedra psychol\u00f3gie FF UPJ\u0160)<\/td>\n<\/tr>\n<\/tbody>\n<\/table>\n<p>\u00a0<\/p>\n","protected":false},"excerpt":{"rendered":"<p>\u00a0 2. j\u00fala 2013 Sl\u00e1vnostn\u00e9 prom\u00f3cie absolventov magistersk\u00fdch \u0161tudijn\u00fdch programov FF UPJ\u0160 30. m\u00e1ja 2013 Semin\u00e1r SAIA &#8211; \u0160tudijn\u00e9\/v\u00fdskumn\u00e9 pobyty v Nemecku, Rak\u00fasku a \u0160vaj\u010diarsku &#8211; 2014\/15 23. &#8211; 24. m\u00e1ja 2013 Medzin\u00e1rodn\u00e9 \u0161tudentsk\u00e9 psychologick\u00e9 dni 2013 (Katedra psychol\u00f3gie FF UPJ\u0160 a Slovensk\u00e1 psychologick\u00e1 spolo\u010dnos\u0165 pri SAV) 17. m\u00e1ja 2013 \u0160tudentsk\u00e1 vedeck\u00e1 konferencia na Katedre\u00a0politol\u00f3gie &hellip; <a href=\"https:\/\/www.upjs.sk\/filozoficka-fakulta\/el-kronika-2025-26\/ekronika-2012-13\/\">\u010c\u00edta\u0165 \u010falej<\/a><\/p>\n","protected":false},"author":1,"featured_media":0,"parent":57051,"menu_order":12,"comment_status":"closed","ping_status":"closed","template":"","meta":{"_acf_changed":false,"_editorskit_title_hidden":false,"_editorskit_reading_time":0,"_editorskit_is_block_options_detached":false,"_editorskit_block_options_position":"{}","footnotes":""},"categories":[],"tags":[],"class_list":["post-16825","page","type-page","status-publish","hentry"],"acf":{"acf_link_na_externy_obsah":""},"yoast_head":"<!-- This site is optimized with the Yoast SEO plugin v27.4 - https:\/\/yoast.com\/product\/yoast-seo-wordpress\/ -->\n<title>Elektronick\u00e1 kronika 2012\/2013 - Filozofick\u00e1 fakulta | UPJ\u0160<\/title>\n<meta name=\"robots\" content=\"index, follow, max-snippet:-1, max-image-preview:large, max-video-preview:-1\" \/>\n<link rel=\"canonical\" href=\"https:\/\/www.upjs.sk\/filozoficka-fakulta\/el-kronika-2025-26\/ekronika-2012-13\/\" \/>\n<meta property=\"og:locale\" content=\"sk_SK\" \/>\n<meta property=\"og:type\" content=\"article\" \/>\n<meta property=\"og:title\" content=\"Elektronick\u00e1 kronika 2012\/2013 - Filozofick\u00e1 fakulta | UPJ\u0160\" \/>\n<meta property=\"og:description\" content=\"\u00a0 2. j\u00fala 2013 Sl\u00e1vnostn\u00e9 prom\u00f3cie absolventov magistersk\u00fdch \u0161tudijn\u00fdch programov FF UPJ\u0160 30. m\u00e1ja 2013 Semin\u00e1r SAIA &#8211; \u0160tudijn\u00e9\/v\u00fdskumn\u00e9 pobyty v Nemecku, Rak\u00fasku a \u0160vaj\u010diarsku &#8211; 2014\/15 23. &#8211; 24. m\u00e1ja 2013 Medzin\u00e1rodn\u00e9 \u0161tudentsk\u00e9 psychologick\u00e9 dni 2013 (Katedra psychol\u00f3gie FF UPJ\u0160 a Slovensk\u00e1 psychologick\u00e1 spolo\u010dnos\u0165 pri SAV) 17. m\u00e1ja 2013 \u0160tudentsk\u00e1 vedeck\u00e1 konferencia na Katedre\u00a0politol\u00f3gie &hellip; \u010c\u00edta\u0165 \u010falej\" \/>\n<meta property=\"og:url\" content=\"https:\/\/www.upjs.sk\/filozoficka-fakulta\/el-kronika-2025-26\/ekronika-2012-13\/\" \/>\n<meta property=\"og:site_name\" content=\"Filozofick\u00e1 fakulta | UPJ\u0160\" \/>\n<meta property=\"article:modified_time\" content=\"2022-11-13T20:33:36+00:00\" \/>\n<meta name=\"twitter:card\" content=\"summary_large_image\" \/>\n<meta name=\"twitter:label1\" content=\"Predpokladan\u00fd \u010das \u010d\u00edtania\" \/>\n\t<meta name=\"twitter:data1\" content=\"5 min\u00fat\" \/>\n<script type=\"application\/ld+json\" class=\"yoast-schema-graph\">{\"@context\":\"https:\\\/\\\/schema.org\",\"@graph\":[{\"@type\":\"WebPage\",\"@id\":\"https:\\\/\\\/www.upjs.sk\\\/filozoficka-fakulta\\\/el-kronika-2025-26\\\/ekronika-2012-13\\\/\",\"url\":\"https:\\\/\\\/www.upjs.sk\\\/filozoficka-fakulta\\\/el-kronika-2025-26\\\/ekronika-2012-13\\\/\",\"name\":\"Elektronick\u00e1 kronika 2012\\\/2013 - Filozofick\u00e1 fakulta | UPJ\u0160\",\"isPartOf\":{\"@id\":\"https:\\\/\\\/www.upjs.sk\\\/filozoficka-fakulta\\\/#website\"},\"datePublished\":\"2017-10-10T09:23:43+00:00\",\"dateModified\":\"2022-11-13T20:33:36+00:00\",\"breadcrumb\":{\"@id\":\"https:\\\/\\\/www.upjs.sk\\\/filozoficka-fakulta\\\/el-kronika-2025-26\\\/ekronika-2012-13\\\/#breadcrumb\"},\"inLanguage\":\"sk-SK\",\"potentialAction\":[{\"@type\":\"ReadAction\",\"target\":[\"https:\\\/\\\/www.upjs.sk\\\/filozoficka-fakulta\\\/el-kronika-2025-26\\\/ekronika-2012-13\\\/\"]}]},{\"@type\":\"BreadcrumbList\",\"@id\":\"https:\\\/\\\/www.upjs.sk\\\/filozoficka-fakulta\\\/el-kronika-2025-26\\\/ekronika-2012-13\\\/#breadcrumb\",\"itemListElement\":[{\"@type\":\"ListItem\",\"position\":1,\"name\":\"Home\",\"item\":\"https:\\\/\\\/www.upjs.sk\\\/filozoficka-fakulta\\\/\"},{\"@type\":\"ListItem\",\"position\":2,\"name\":\"Elektronick\u00e1 kronika 2025\\\/2026\",\"item\":\"https:\\\/\\\/www.upjs.sk\\\/filozoficka-fakulta\\\/el-kronika-2025-26\\\/\"},{\"@type\":\"ListItem\",\"position\":3,\"name\":\"Elektronick\u00e1 kronika 2012\\\/2013\"}]},{\"@type\":\"WebSite\",\"@id\":\"https:\\\/\\\/www.upjs.sk\\\/filozoficka-fakulta\\\/#website\",\"url\":\"https:\\\/\\\/www.upjs.sk\\\/filozoficka-fakulta\\\/\",\"name\":\"Filozofick\u00e1 fakulta | UPJ\u0160\",\"description\":\"\",\"publisher\":{\"@id\":\"https:\\\/\\\/www.upjs.sk\\\/filozoficka-fakulta\\\/#organization\"},\"potentialAction\":[{\"@type\":\"SearchAction\",\"target\":{\"@type\":\"EntryPoint\",\"urlTemplate\":\"https:\\\/\\\/www.upjs.sk\\\/filozoficka-fakulta\\\/?s={search_term_string}\"},\"query-input\":{\"@type\":\"PropertyValueSpecification\",\"valueRequired\":true,\"valueName\":\"search_term_string\"}}],\"inLanguage\":\"sk-SK\"},{\"@type\":\"Organization\",\"@id\":\"https:\\\/\\\/www.upjs.sk\\\/filozoficka-fakulta\\\/#organization\",\"name\":\"Filozofick\u00e1 fakulta | UPJ\u0160\",\"url\":\"https:\\\/\\\/www.upjs.sk\\\/filozoficka-fakulta\\\/\",\"logo\":{\"@type\":\"ImageObject\",\"inLanguage\":\"sk-SK\",\"@id\":\"https:\\\/\\\/www.upjs.sk\\\/filozoficka-fakulta\\\/#\\\/schema\\\/logo\\\/image\\\/\",\"url\":\"https:\\\/\\\/www.upjs.sk\\\/app\\\/uploads\\\/sites\\\/7\\\/2022\\\/09\\\/logo-filozoficka-fakulta.png\",\"contentUrl\":\"https:\\\/\\\/www.upjs.sk\\\/app\\\/uploads\\\/sites\\\/7\\\/2022\\\/09\\\/logo-filozoficka-fakulta.png\",\"width\":415,\"height\":87,\"caption\":\"Filozofick\u00e1 fakulta | UPJ\u0160\"},\"image\":{\"@id\":\"https:\\\/\\\/www.upjs.sk\\\/filozoficka-fakulta\\\/#\\\/schema\\\/logo\\\/image\\\/\"}}]}<\/script>\n<!-- \/ Yoast SEO plugin. -->","yoast_head_json":{"title":"Elektronick\u00e1 kronika 2012\/2013 - Filozofick\u00e1 fakulta | UPJ\u0160","robots":{"index":"index","follow":"follow","max-snippet":"max-snippet:-1","max-image-preview":"max-image-preview:large","max-video-preview":"max-video-preview:-1"},"canonical":"https:\/\/www.upjs.sk\/filozoficka-fakulta\/el-kronika-2025-26\/ekronika-2012-13\/","og_locale":"sk_SK","og_type":"article","og_title":"Elektronick\u00e1 kronika 2012\/2013 - Filozofick\u00e1 fakulta | UPJ\u0160","og_description":"\u00a0 2. j\u00fala 2013 Sl\u00e1vnostn\u00e9 prom\u00f3cie absolventov magistersk\u00fdch \u0161tudijn\u00fdch programov FF UPJ\u0160 30. m\u00e1ja 2013 Semin\u00e1r SAIA &#8211; \u0160tudijn\u00e9\/v\u00fdskumn\u00e9 pobyty v Nemecku, Rak\u00fasku a \u0160vaj\u010diarsku &#8211; 2014\/15 23. &#8211; 24. m\u00e1ja 2013 Medzin\u00e1rodn\u00e9 \u0161tudentsk\u00e9 psychologick\u00e9 dni 2013 (Katedra psychol\u00f3gie FF UPJ\u0160 a Slovensk\u00e1 psychologick\u00e1 spolo\u010dnos\u0165 pri SAV) 17. m\u00e1ja 2013 \u0160tudentsk\u00e1 vedeck\u00e1 konferencia na Katedre\u00a0politol\u00f3gie &hellip; \u010c\u00edta\u0165 \u010falej","og_url":"https:\/\/www.upjs.sk\/filozoficka-fakulta\/el-kronika-2025-26\/ekronika-2012-13\/","og_site_name":"Filozofick\u00e1 fakulta | UPJ\u0160","article_modified_time":"2022-11-13T20:33:36+00:00","twitter_card":"summary_large_image","twitter_misc":{"Predpokladan\u00fd \u010das \u010d\u00edtania":"5 min\u00fat"},"schema":{"@context":"https:\/\/schema.org","@graph":[{"@type":"WebPage","@id":"https:\/\/www.upjs.sk\/filozoficka-fakulta\/el-kronika-2025-26\/ekronika-2012-13\/","url":"https:\/\/www.upjs.sk\/filozoficka-fakulta\/el-kronika-2025-26\/ekronika-2012-13\/","name":"Elektronick\u00e1 kronika 2012\/2013 - Filozofick\u00e1 fakulta | UPJ\u0160","isPartOf":{"@id":"https:\/\/www.upjs.sk\/filozoficka-fakulta\/#website"},"datePublished":"2017-10-10T09:23:43+00:00","dateModified":"2022-11-13T20:33:36+00:00","breadcrumb":{"@id":"https:\/\/www.upjs.sk\/filozoficka-fakulta\/el-kronika-2025-26\/ekronika-2012-13\/#breadcrumb"},"inLanguage":"sk-SK","potentialAction":[{"@type":"ReadAction","target":["https:\/\/www.upjs.sk\/filozoficka-fakulta\/el-kronika-2025-26\/ekronika-2012-13\/"]}]},{"@type":"BreadcrumbList","@id":"https:\/\/www.upjs.sk\/filozoficka-fakulta\/el-kronika-2025-26\/ekronika-2012-13\/#breadcrumb","itemListElement":[{"@type":"ListItem","position":1,"name":"Home","item":"https:\/\/www.upjs.sk\/filozoficka-fakulta\/"},{"@type":"ListItem","position":2,"name":"Elektronick\u00e1 kronika 2025\/2026","item":"https:\/\/www.upjs.sk\/filozoficka-fakulta\/el-kronika-2025-26\/"},{"@type":"ListItem","position":3,"name":"Elektronick\u00e1 kronika 2012\/2013"}]},{"@type":"WebSite","@id":"https:\/\/www.upjs.sk\/filozoficka-fakulta\/#website","url":"https:\/\/www.upjs.sk\/filozoficka-fakulta\/","name":"Filozofick\u00e1 fakulta | UPJ\u0160","description":"","publisher":{"@id":"https:\/\/www.upjs.sk\/filozoficka-fakulta\/#organization"},"potentialAction":[{"@type":"SearchAction","target":{"@type":"EntryPoint","urlTemplate":"https:\/\/www.upjs.sk\/filozoficka-fakulta\/?s={search_term_string}"},"query-input":{"@type":"PropertyValueSpecification","valueRequired":true,"valueName":"search_term_string"}}],"inLanguage":"sk-SK"},{"@type":"Organization","@id":"https:\/\/www.upjs.sk\/filozoficka-fakulta\/#organization","name":"Filozofick\u00e1 fakulta | UPJ\u0160","url":"https:\/\/www.upjs.sk\/filozoficka-fakulta\/","logo":{"@type":"ImageObject","inLanguage":"sk-SK","@id":"https:\/\/www.upjs.sk\/filozoficka-fakulta\/#\/schema\/logo\/image\/","url":"https:\/\/www.upjs.sk\/app\/uploads\/sites\/7\/2022\/09\/logo-filozoficka-fakulta.png","contentUrl":"https:\/\/www.upjs.sk\/app\/uploads\/sites\/7\/2022\/09\/logo-filozoficka-fakulta.png","width":415,"height":87,"caption":"Filozofick\u00e1 fakulta | UPJ\u0160"},"image":{"@id":"https:\/\/www.upjs.sk\/filozoficka-fakulta\/#\/schema\/logo\/image\/"}}]}},"_links":{"self":[{"href":"https:\/\/www.upjs.sk\/filozoficka-fakulta\/wp-json\/wp\/v2\/pages\/16825","targetHints":{"allow":["GET"]}}],"collection":[{"href":"https:\/\/www.upjs.sk\/filozoficka-fakulta\/wp-json\/wp\/v2\/pages"}],"about":[{"href":"https:\/\/www.upjs.sk\/filozoficka-fakulta\/wp-json\/wp\/v2\/types\/page"}],"author":[{"embeddable":true,"href":"https:\/\/www.upjs.sk\/filozoficka-fakulta\/wp-json\/wp\/v2\/users\/1"}],"replies":[{"embeddable":true,"href":"https:\/\/www.upjs.sk\/filozoficka-fakulta\/wp-json\/wp\/v2\/comments?post=16825"}],"version-history":[{"count":1,"href":"https:\/\/www.upjs.sk\/filozoficka-fakulta\/wp-json\/wp\/v2\/pages\/16825\/revisions"}],"predecessor-version":[{"id":23899,"href":"https:\/\/www.upjs.sk\/filozoficka-fakulta\/wp-json\/wp\/v2\/pages\/16825\/revisions\/23899"}],"up":[{"embeddable":true,"href":"https:\/\/www.upjs.sk\/filozoficka-fakulta\/wp-json\/wp\/v2\/pages\/57051"}],"wp:attachment":[{"href":"https:\/\/www.upjs.sk\/filozoficka-fakulta\/wp-json\/wp\/v2\/media?parent=16825"}],"wp:term":[{"taxonomy":"category","embeddable":true,"href":"https:\/\/www.upjs.sk\/filozoficka-fakulta\/wp-json\/wp\/v2\/categories?post=16825"},{"taxonomy":"post_tag","embeddable":true,"href":"https:\/\/www.upjs.sk\/filozoficka-fakulta\/wp-json\/wp\/v2\/tags?post=16825"}],"curies":[{"name":"wp","href":"https:\/\/api.w.org\/{rel}","templated":true}]}}