{"id":39117,"date":"2023-01-31T13:11:23","date_gmt":"2023-01-31T12:11:23","guid":{"rendered":"https:\/\/www.upjs.sk\/filozoficka-fakulta\/?page_id=39117"},"modified":"2024-06-21T20:53:21","modified_gmt":"2024-06-21T19:53:21","slug":"zdruzenia-a-spolky","status":"publish","type":"page","link":"https:\/\/www.upjs.sk\/filozoficka-fakulta\/zdruzenia-a-spolky\/","title":{"rendered":"Zdru\u017eenia a spolky"},"content":{"rendered":"<style>.kadence-column39117_09c0b4-92 > .kt-inside-inner-col{padding-top:var(--global-kb-spacing-xxs, 0.5rem);padding-bottom:var(--global-kb-spacing-xxs, 0.5rem);padding-left:var(--global-kb-spacing-xxs, 0.5rem);}.kadence-column39117_09c0b4-92 > .kt-inside-inner-col,.kadence-column39117_09c0b4-92 > .kt-inside-inner-col:before{border-top-left-radius:0px;border-top-right-radius:0px;border-bottom-right-radius:0px;border-bottom-left-radius:0px;}.kadence-column39117_09c0b4-92 > .kt-inside-inner-col{column-gap:var(--global-kb-gap-sm, 1rem);}.kadence-column39117_09c0b4-92 > .kt-inside-inner-col{flex-direction:column;}.kadence-column39117_09c0b4-92 > .kt-inside-inner-col > .aligncenter{width:100%;}.kadence-column39117_09c0b4-92 > .kt-inside-inner-col{background-color:#F4F4F4;}.kadence-column39117_09c0b4-92 > .kt-inside-inner-col:before{opacity:0.3;}.kadence-column39117_09c0b4-92{position:relative;}@media all and (max-width: 1024px){.kadence-column39117_09c0b4-92 > .kt-inside-inner-col{flex-direction:column;justify-content:center;}}@media all and (max-width: 767px){.kadence-column39117_09c0b4-92 > .kt-inside-inner-col{flex-direction:column;justify-content:center;}}<\/style>\n<div class=\"wp-block-kadence-column kadence-column39117_09c0b4-92 inner-column-1\"><div class=\"kt-inside-inner-col\">\n<h5 class=\"wp-block-heading has-filozoficka-f-color has-text-color\"><strong>OZ Res Publica<\/strong><\/h5>\n\n\n\n<p>Ob\u010dianske zdru\u017eenie Res Publica vzniklo 1. 1. 2011 s my\u0161lienkou spolupracova\u0165 s&nbsp;Katedrou politol\u00f3gie FF UPJ\u0160 v Ko\u0161iciach&nbsp;v oblasti rozvoja ob\u010dianskej spolo\u010dnosti a skvalit\u0148ovania \u0161tudentsk\u00e9ho \u017eivota na UPJ\u0160 prostredn\u00edctvom organizovania vzdel\u00e1vac\u00edch aktiv\u00edt, diskusi\u00ed s osobnos\u0165ami politick\u00e9ho a verejn\u00e9ho \u017eivota, workshopov \u010di podpory publika\u010dnej a pedagogickej \u010dinnosti.<\/p>\n<\/div><\/div>\n\n\n\n<div style=\"height:20px\" aria-hidden=\"true\" class=\"wp-block-spacer\"><\/div>\n\n\n<style>.kadence-column39117_5bdf30-24 > .kt-inside-inner-col{padding-top:var(--global-kb-spacing-xxs, 0.5rem);padding-bottom:var(--global-kb-spacing-xxs, 0.5rem);padding-left:var(--global-kb-spacing-xxs, 0.5rem);}.kadence-column39117_5bdf30-24 > .kt-inside-inner-col,.kadence-column39117_5bdf30-24 > .kt-inside-inner-col:before{border-top-left-radius:0px;border-top-right-radius:0px;border-bottom-right-radius:0px;border-bottom-left-radius:0px;}.kadence-column39117_5bdf30-24 > .kt-inside-inner-col{column-gap:var(--global-kb-gap-sm, 1rem);}.kadence-column39117_5bdf30-24 > .kt-inside-inner-col{flex-direction:column;}.kadence-column39117_5bdf30-24 > .kt-inside-inner-col > .aligncenter{width:100%;}.kadence-column39117_5bdf30-24 > .kt-inside-inner-col{background-color:#F4F4F4;}.kadence-column39117_5bdf30-24 > .kt-inside-inner-col:before{opacity:0.3;}.kadence-column39117_5bdf30-24{position:relative;}@media all and (max-width: 1024px){.kadence-column39117_5bdf30-24 > .kt-inside-inner-col{flex-direction:column;justify-content:center;}}@media all and (max-width: 767px){.kadence-column39117_5bdf30-24 > .kt-inside-inner-col{flex-direction:column;justify-content:center;}}<\/style>\n<div class=\"wp-block-kadence-column kadence-column39117_5bdf30-24 inner-column-1\"><div class=\"kt-inside-inner-col\">\n<h5 class=\"wp-block-heading has-filozoficka-f-color has-text-color\"><strong>\u00dastav psychologickej prevencie, neziskov\u00e1 organiz\u00e1cia<\/strong><\/h5>\n\n\n\n<p>\u00dastav psychologickej prevencie, n. o., je neziskovou organiz\u00e1ciou poskytuj\u00facou v\u0161eobecne prospe\u0161n\u00e9 slu\u017eby. Jej zakladate\u013eom je Univerzita Pavla Jozefa \u0160af\u00e1rika a jej ofici\u00e1lny vznik je 17. 2. 2010.<br>Neziskov\u00e1 organiz\u00e1cia bola zalo\u017een\u00e1 za \u00fa\u010delom poskytovania vzdel\u00e1vania, soci\u00e1lno-psychologick\u00fdch v\u00fdcvikov, poradensk\u00fdch slu\u017eieb a v\u00fdskumu rizikov\u00e9ho spr\u00e1vania a \u00fa\u010dinnosti programov prevencie u\u017e\u00edvania drog medzi dospievaj\u00facimi, vysoko\u0161kol\u00e1kmi a pre prevenciu v\u00fdznamn\u00fdmi dospel\u00fdmi.<\/p>\n<\/div><\/div>\n\n\n\n<div style=\"height:20px\" aria-hidden=\"true\" class=\"wp-block-spacer\"><\/div>\n\n\n<style>.kadence-column39117_73bbb5-18 > .kt-inside-inner-col{padding-top:var(--global-kb-spacing-xxs, 0.5rem);padding-bottom:var(--global-kb-spacing-xxs, 0.5rem);padding-left:var(--global-kb-spacing-xxs, 0.5rem);}.kadence-column39117_73bbb5-18 > .kt-inside-inner-col,.kadence-column39117_73bbb5-18 > .kt-inside-inner-col:before{border-top-left-radius:0px;border-top-right-radius:0px;border-bottom-right-radius:0px;border-bottom-left-radius:0px;}.kadence-column39117_73bbb5-18 > .kt-inside-inner-col{column-gap:var(--global-kb-gap-sm, 1rem);}.kadence-column39117_73bbb5-18 > .kt-inside-inner-col{flex-direction:column;}.kadence-column39117_73bbb5-18 > .kt-inside-inner-col > .aligncenter{width:100%;}.kadence-column39117_73bbb5-18 > .kt-inside-inner-col{background-color:#F4F4F4;}.kadence-column39117_73bbb5-18 > .kt-inside-inner-col:before{opacity:0.3;}.kadence-column39117_73bbb5-18{position:relative;}@media all and (max-width: 1024px){.kadence-column39117_73bbb5-18 > .kt-inside-inner-col{flex-direction:column;justify-content:center;}}@media all and (max-width: 767px){.kadence-column39117_73bbb5-18 > .kt-inside-inner-col{flex-direction:column;justify-content:center;}}<\/style>\n<div class=\"wp-block-kadence-column kadence-column39117_73bbb5-18 inner-column-1\"><div class=\"kt-inside-inner-col\">\n<h5 class=\"wp-block-heading has-filozoficka-f-color has-text-color\"><strong>Ko\u0161ick\u00e1 pobo\u010dka Slovenskej jazykovednej spolo\u010dnosti<\/strong><\/h5>\n\n\n\n<p>Slovensk\u00e1 jazykovedn\u00e1 spolo\u010dnos\u0165 (SJS) je dobrovo\u013en\u00e9, v\u00fdberov\u00e9 zdru\u017eenie vedeck\u00fdch a odborn\u00fdch pracovn\u00edkov v oblasti slovakistiky, slavistiky, v\u0161eobecnej jazykovedy, fonetiky a pr\u00edbuzn\u00fdch discipl\u00edn. Ustanovuj\u00faca sch\u00f4dza ko\u0161ickej pobo\u010dky SJS pri Jazykovednom \u00fastave \u013dudov\u00edta \u0160t\u00fara Slovenskej akad\u00e9mie vied sa uskuto\u010dnila 25. janu\u00e1ra 2018.<\/p>\n<\/div><\/div>\n\n\n\n<div style=\"height:20px\" aria-hidden=\"true\" class=\"wp-block-spacer\"><\/div>\n\n\n<style>.kadence-column39117_c12a4c-fc > .kt-inside-inner-col{padding-top:var(--global-kb-spacing-xxs, 0.5rem);padding-bottom:var(--global-kb-spacing-xxs, 0.5rem);padding-left:var(--global-kb-spacing-xxs, 0.5rem);}.kadence-column39117_c12a4c-fc > .kt-inside-inner-col,.kadence-column39117_c12a4c-fc > .kt-inside-inner-col:before{border-top-left-radius:0px;border-top-right-radius:0px;border-bottom-right-radius:0px;border-bottom-left-radius:0px;}.kadence-column39117_c12a4c-fc > .kt-inside-inner-col{column-gap:var(--global-kb-gap-sm, 1rem);}.kadence-column39117_c12a4c-fc > .kt-inside-inner-col{flex-direction:column;}.kadence-column39117_c12a4c-fc > .kt-inside-inner-col > .aligncenter{width:100%;}.kadence-column39117_c12a4c-fc > .kt-inside-inner-col{background-color:#F4F4F4;}.kadence-column39117_c12a4c-fc > .kt-inside-inner-col:before{opacity:0.3;}.kadence-column39117_c12a4c-fc{position:relative;}@media all and (max-width: 1024px){.kadence-column39117_c12a4c-fc > .kt-inside-inner-col{flex-direction:column;justify-content:center;}}@media all and (max-width: 767px){.kadence-column39117_c12a4c-fc > .kt-inside-inner-col{flex-direction:column;justify-content:center;}}<\/style>\n<div class=\"wp-block-kadence-column kadence-column39117_c12a4c-fc inner-column-1\"><div class=\"kt-inside-inner-col\">\n<h5 class=\"wp-block-heading has-filozoficka-f-color has-text-color\"><strong>Ko\u0161ick\u00e1 pobo\u010dka Slovenskej asoci\u00e1cie \u0161tudentov a absolventov psychol\u00f3gie<\/strong><\/h5>\n\n\n\n<p>Slovensk\u00e1 asoci\u00e1cia \u0161tudentov a absolventov psychol\u00f3gie (SA\u0160AP) je ob\u010diansk\u00e9 zdru\u017eenie p\u00f4sobiace na \u00fazem\u00ed Slovenska u\u017e od roku 2009. Medzi jeho ciele patr\u00ed zdru\u017eova\u0165 \u0161tudentov a absolventov \u0161tudijn\u00e9ho programu psychol\u00f3gia na jednotliv\u00fdch univerzit\u00e1ch, za \u00fa\u010delom vytv\u00e1rania komunity na b\u00e1ze dobrovo\u013en\u00edctva, z\u00e1palu pre psychol\u00f3giu, zodpovednosti, vz\u00e1jomnosti a s\u00fadr\u017enosti. \u010clenovia zdru\u017eenia pod jeho veden\u00edm organizuj\u00fa diskusie, predn\u00e1\u0161ky, workshopy a podobn\u00e9 aktivity, ktor\u00fdmi sa sna\u017eia, pomocou svojich host\u00ed a spoluorganiz\u00e1torov, sprostredkova\u0165 psychologick\u00e9 poznatky \u0161tudentom, z\u00e1ujemcom a \u0161irokej verejnosti, odbornej \u010di neodbornej.<br>Ko\u0161ick\u00e1 pobo\u010dka SA\u0160AP bola zalo\u017een\u00e1 v okt\u00f3bri 2015.<\/p>\n<\/div><\/div>\n\n\n\n<div style=\"height:20px\" aria-hidden=\"true\" class=\"wp-block-spacer\"><\/div>\n\n\n<style>.kadence-column39117_93dcfb-2b > .kt-inside-inner-col{padding-top:var(--global-kb-spacing-xxs, 0.5rem);padding-bottom:var(--global-kb-spacing-xxs, 0.5rem);padding-left:var(--global-kb-spacing-xxs, 0.5rem);}.kadence-column39117_93dcfb-2b > .kt-inside-inner-col,.kadence-column39117_93dcfb-2b > .kt-inside-inner-col:before{border-top-left-radius:0px;border-top-right-radius:0px;border-bottom-right-radius:0px;border-bottom-left-radius:0px;}.kadence-column39117_93dcfb-2b > .kt-inside-inner-col{column-gap:var(--global-kb-gap-sm, 1rem);}.kadence-column39117_93dcfb-2b > .kt-inside-inner-col{flex-direction:column;}.kadence-column39117_93dcfb-2b > .kt-inside-inner-col > .aligncenter{width:100%;}.kadence-column39117_93dcfb-2b > .kt-inside-inner-col{background-color:#F4F4F4;}.kadence-column39117_93dcfb-2b > .kt-inside-inner-col:before{opacity:0.3;}.kadence-column39117_93dcfb-2b{position:relative;}@media all and (max-width: 1024px){.kadence-column39117_93dcfb-2b > .kt-inside-inner-col{flex-direction:column;justify-content:center;}}@media all and (max-width: 767px){.kadence-column39117_93dcfb-2b > .kt-inside-inner-col{flex-direction:column;justify-content:center;}}<\/style>\n<div class=\"wp-block-kadence-column kadence-column39117_93dcfb-2b inner-column-1\"><div class=\"kt-inside-inner-col\">\n<h5 class=\"wp-block-heading has-filozoficka-f-color has-text-color\"><strong>\u0160tudentsk\u00fd spolok Universitas<\/strong><\/h5>\n\n\n\n<p>Spolok Universitas vznikol z iniciat\u00edvy \u0161tudentov a jeho cie\u013eom je nielen zdru\u017eovanie posluch\u00e1\u010dov Katedry hist\u00f3rie FF UPJ\u0160 v Ko\u0161iciach a t\u00fdm budovanie silnej \u0161tudentskej komunity, ale aj populariz\u00e1cia hist\u00f3rie.<br>Prv\u00e9 kroky ved\u00face k vzniku spolku prebehli po\u010das zimn\u00e9ho semestra v roku 2020. V nasleduj\u00facich semestroch, ktor\u00e9 ovplyvnila pand\u00e9mia, spolok p\u00f4sobil ako platforma na online stretnutia \u0161tudentov. Svoju prezen\u010dn\u00fa existenciu spolok od\u0161tartoval v prvom t\u00fd\u017edni zimn\u00e9ho semestra akademick\u00e9ho roku 2023\/2024.<\/p>\n<\/div><\/div>\n","protected":false},"excerpt":{"rendered":"<p>OZ Res Publica Ob\u010dianske zdru\u017eenie Res Publica vzniklo 1. 1. 2011 s my\u0161lienkou spolupracova\u0165 s&nbsp;Katedrou politol\u00f3gie FF UPJ\u0160 v Ko\u0161iciach&nbsp;v oblasti rozvoja ob\u010dianskej spolo\u010dnosti a skvalit\u0148ovania \u0161tudentsk\u00e9ho \u017eivota na UPJ\u0160 prostredn\u00edctvom organizovania vzdel\u00e1vac\u00edch aktiv\u00edt, diskusi\u00ed s osobnos\u0165ami politick\u00e9ho a verejn\u00e9ho \u017eivota, workshopov \u010di podpory publika\u010dnej a pedagogickej \u010dinnosti. \u00dastav psychologickej prevencie, neziskov\u00e1 organiz\u00e1cia \u00dastav psychologickej &hellip; <a href=\"https:\/\/www.upjs.sk\/filozoficka-fakulta\/zdruzenia-a-spolky\/\">\u010c\u00edta\u0165 \u010falej<\/a><\/p>\n","protected":false},"author":21,"featured_media":0,"parent":0,"menu_order":22,"comment_status":"closed","ping_status":"closed","template":"","meta":{"_acf_changed":false,"_editorskit_title_hidden":false,"_editorskit_reading_time":1,"_editorskit_is_block_options_detached":false,"_editorskit_block_options_position":"{}","footnotes":""},"categories":[],"tags":[],"class_list":["post-39117","page","type-page","status-publish","hentry"],"acf":{"acf_link_na_externy_obsah":""},"yoast_head":"<!-- This site is optimized with the Yoast SEO plugin v27.2 - https:\/\/yoast.com\/product\/yoast-seo-wordpress\/ -->\n<title>Zdru\u017eenia a spolky - Filozofick\u00e1 fakulta | UPJ\u0160<\/title>\n<meta name=\"robots\" content=\"index, follow, max-snippet:-1, max-image-preview:large, max-video-preview:-1\" \/>\n<link rel=\"canonical\" href=\"https:\/\/www.upjs.sk\/filozoficka-fakulta\/zdruzenia-a-spolky\/\" \/>\n<meta property=\"og:locale\" content=\"sk_SK\" \/>\n<meta property=\"og:type\" content=\"article\" \/>\n<meta property=\"og:title\" content=\"Zdru\u017eenia a spolky - Filozofick\u00e1 fakulta | UPJ\u0160\" \/>\n<meta property=\"og:description\" content=\"OZ Res Publica Ob\u010dianske zdru\u017eenie Res Publica vzniklo 1. 1. 2011 s my\u0161lienkou spolupracova\u0165 s&nbsp;Katedrou politol\u00f3gie FF UPJ\u0160 v Ko\u0161iciach&nbsp;v oblasti rozvoja ob\u010dianskej spolo\u010dnosti a skvalit\u0148ovania \u0161tudentsk\u00e9ho \u017eivota na UPJ\u0160 prostredn\u00edctvom organizovania vzdel\u00e1vac\u00edch aktiv\u00edt, diskusi\u00ed s osobnos\u0165ami politick\u00e9ho a verejn\u00e9ho \u017eivota, workshopov \u010di podpory publika\u010dnej a pedagogickej \u010dinnosti. \u00dastav psychologickej prevencie, neziskov\u00e1 organiz\u00e1cia \u00dastav psychologickej &hellip; \u010c\u00edta\u0165 \u010falej\" \/>\n<meta property=\"og:url\" content=\"https:\/\/www.upjs.sk\/filozoficka-fakulta\/zdruzenia-a-spolky\/\" \/>\n<meta property=\"og:site_name\" content=\"Filozofick\u00e1 fakulta | UPJ\u0160\" \/>\n<meta property=\"article:modified_time\" content=\"2024-06-21T19:53:21+00:00\" \/>\n<meta name=\"twitter:card\" content=\"summary_large_image\" \/>\n<meta name=\"twitter:label1\" content=\"Predpokladan\u00fd \u010das \u010d\u00edtania\" \/>\n\t<meta name=\"twitter:data1\" content=\"2 min\u00faty\" \/>\n<script type=\"application\/ld+json\" class=\"yoast-schema-graph\">{\"@context\":\"https:\/\/schema.org\",\"@graph\":[{\"@type\":\"WebPage\",\"@id\":\"https:\/\/www.upjs.sk\/filozoficka-fakulta\/zdruzenia-a-spolky\/\",\"url\":\"https:\/\/www.upjs.sk\/filozoficka-fakulta\/zdruzenia-a-spolky\/\",\"name\":\"Zdru\u017eenia a spolky - Filozofick\u00e1 fakulta | UPJ\u0160\",\"isPartOf\":{\"@id\":\"https:\/\/www.upjs.sk\/filozoficka-fakulta\/#website\"},\"datePublished\":\"2023-01-31T12:11:23+00:00\",\"dateModified\":\"2024-06-21T19:53:21+00:00\",\"breadcrumb\":{\"@id\":\"https:\/\/www.upjs.sk\/filozoficka-fakulta\/zdruzenia-a-spolky\/#breadcrumb\"},\"inLanguage\":\"sk-SK\",\"potentialAction\":[{\"@type\":\"ReadAction\",\"target\":[\"https:\/\/www.upjs.sk\/filozoficka-fakulta\/zdruzenia-a-spolky\/\"]}]},{\"@type\":\"BreadcrumbList\",\"@id\":\"https:\/\/www.upjs.sk\/filozoficka-fakulta\/zdruzenia-a-spolky\/#breadcrumb\",\"itemListElement\":[{\"@type\":\"ListItem\",\"position\":1,\"name\":\"Home\",\"item\":\"https:\/\/www.upjs.sk\/filozoficka-fakulta\/\"},{\"@type\":\"ListItem\",\"position\":2,\"name\":\"Zdru\u017eenia a spolky\"}]},{\"@type\":\"WebSite\",\"@id\":\"https:\/\/www.upjs.sk\/filozoficka-fakulta\/#website\",\"url\":\"https:\/\/www.upjs.sk\/filozoficka-fakulta\/\",\"name\":\"Filozofick\u00e1 fakulta | UPJ\u0160\",\"description\":\"\",\"publisher\":{\"@id\":\"https:\/\/www.upjs.sk\/filozoficka-fakulta\/#organization\"},\"potentialAction\":[{\"@type\":\"SearchAction\",\"target\":{\"@type\":\"EntryPoint\",\"urlTemplate\":\"https:\/\/www.upjs.sk\/filozoficka-fakulta\/?s={search_term_string}\"},\"query-input\":{\"@type\":\"PropertyValueSpecification\",\"valueRequired\":true,\"valueName\":\"search_term_string\"}}],\"inLanguage\":\"sk-SK\"},{\"@type\":\"Organization\",\"@id\":\"https:\/\/www.upjs.sk\/filozoficka-fakulta\/#organization\",\"name\":\"Filozofick\u00e1 fakulta | UPJ\u0160\",\"url\":\"https:\/\/www.upjs.sk\/filozoficka-fakulta\/\",\"logo\":{\"@type\":\"ImageObject\",\"inLanguage\":\"sk-SK\",\"@id\":\"https:\/\/www.upjs.sk\/filozoficka-fakulta\/#\/schema\/logo\/image\/\",\"url\":\"https:\/\/www.upjs.sk\/app\/uploads\/sites\/7\/2022\/09\/logo-filozoficka-fakulta.png\",\"contentUrl\":\"https:\/\/www.upjs.sk\/app\/uploads\/sites\/7\/2022\/09\/logo-filozoficka-fakulta.png\",\"width\":415,\"height\":87,\"caption\":\"Filozofick\u00e1 fakulta | UPJ\u0160\"},\"image\":{\"@id\":\"https:\/\/www.upjs.sk\/filozoficka-fakulta\/#\/schema\/logo\/image\/\"}}]}<\/script>\n<!-- \/ Yoast SEO plugin. -->","yoast_head_json":{"title":"Zdru\u017eenia a spolky - Filozofick\u00e1 fakulta | UPJ\u0160","robots":{"index":"index","follow":"follow","max-snippet":"max-snippet:-1","max-image-preview":"max-image-preview:large","max-video-preview":"max-video-preview:-1"},"canonical":"https:\/\/www.upjs.sk\/filozoficka-fakulta\/zdruzenia-a-spolky\/","og_locale":"sk_SK","og_type":"article","og_title":"Zdru\u017eenia a spolky - Filozofick\u00e1 fakulta | UPJ\u0160","og_description":"OZ Res Publica Ob\u010dianske zdru\u017eenie Res Publica vzniklo 1. 1. 2011 s my\u0161lienkou spolupracova\u0165 s&nbsp;Katedrou politol\u00f3gie FF UPJ\u0160 v Ko\u0161iciach&nbsp;v oblasti rozvoja ob\u010dianskej spolo\u010dnosti a skvalit\u0148ovania \u0161tudentsk\u00e9ho \u017eivota na UPJ\u0160 prostredn\u00edctvom organizovania vzdel\u00e1vac\u00edch aktiv\u00edt, diskusi\u00ed s osobnos\u0165ami politick\u00e9ho a verejn\u00e9ho \u017eivota, workshopov \u010di podpory publika\u010dnej a pedagogickej \u010dinnosti. \u00dastav psychologickej prevencie, neziskov\u00e1 organiz\u00e1cia \u00dastav psychologickej &hellip; \u010c\u00edta\u0165 \u010falej","og_url":"https:\/\/www.upjs.sk\/filozoficka-fakulta\/zdruzenia-a-spolky\/","og_site_name":"Filozofick\u00e1 fakulta | UPJ\u0160","article_modified_time":"2024-06-21T19:53:21+00:00","twitter_card":"summary_large_image","twitter_misc":{"Predpokladan\u00fd \u010das \u010d\u00edtania":"2 min\u00faty"},"schema":{"@context":"https:\/\/schema.org","@graph":[{"@type":"WebPage","@id":"https:\/\/www.upjs.sk\/filozoficka-fakulta\/zdruzenia-a-spolky\/","url":"https:\/\/www.upjs.sk\/filozoficka-fakulta\/zdruzenia-a-spolky\/","name":"Zdru\u017eenia a spolky - Filozofick\u00e1 fakulta | UPJ\u0160","isPartOf":{"@id":"https:\/\/www.upjs.sk\/filozoficka-fakulta\/#website"},"datePublished":"2023-01-31T12:11:23+00:00","dateModified":"2024-06-21T19:53:21+00:00","breadcrumb":{"@id":"https:\/\/www.upjs.sk\/filozoficka-fakulta\/zdruzenia-a-spolky\/#breadcrumb"},"inLanguage":"sk-SK","potentialAction":[{"@type":"ReadAction","target":["https:\/\/www.upjs.sk\/filozoficka-fakulta\/zdruzenia-a-spolky\/"]}]},{"@type":"BreadcrumbList","@id":"https:\/\/www.upjs.sk\/filozoficka-fakulta\/zdruzenia-a-spolky\/#breadcrumb","itemListElement":[{"@type":"ListItem","position":1,"name":"Home","item":"https:\/\/www.upjs.sk\/filozoficka-fakulta\/"},{"@type":"ListItem","position":2,"name":"Zdru\u017eenia a spolky"}]},{"@type":"WebSite","@id":"https:\/\/www.upjs.sk\/filozoficka-fakulta\/#website","url":"https:\/\/www.upjs.sk\/filozoficka-fakulta\/","name":"Filozofick\u00e1 fakulta | UPJ\u0160","description":"","publisher":{"@id":"https:\/\/www.upjs.sk\/filozoficka-fakulta\/#organization"},"potentialAction":[{"@type":"SearchAction","target":{"@type":"EntryPoint","urlTemplate":"https:\/\/www.upjs.sk\/filozoficka-fakulta\/?s={search_term_string}"},"query-input":{"@type":"PropertyValueSpecification","valueRequired":true,"valueName":"search_term_string"}}],"inLanguage":"sk-SK"},{"@type":"Organization","@id":"https:\/\/www.upjs.sk\/filozoficka-fakulta\/#organization","name":"Filozofick\u00e1 fakulta | UPJ\u0160","url":"https:\/\/www.upjs.sk\/filozoficka-fakulta\/","logo":{"@type":"ImageObject","inLanguage":"sk-SK","@id":"https:\/\/www.upjs.sk\/filozoficka-fakulta\/#\/schema\/logo\/image\/","url":"https:\/\/www.upjs.sk\/app\/uploads\/sites\/7\/2022\/09\/logo-filozoficka-fakulta.png","contentUrl":"https:\/\/www.upjs.sk\/app\/uploads\/sites\/7\/2022\/09\/logo-filozoficka-fakulta.png","width":415,"height":87,"caption":"Filozofick\u00e1 fakulta | UPJ\u0160"},"image":{"@id":"https:\/\/www.upjs.sk\/filozoficka-fakulta\/#\/schema\/logo\/image\/"}}]}},"_links":{"self":[{"href":"https:\/\/www.upjs.sk\/filozoficka-fakulta\/wp-json\/wp\/v2\/pages\/39117","targetHints":{"allow":["GET"]}}],"collection":[{"href":"https:\/\/www.upjs.sk\/filozoficka-fakulta\/wp-json\/wp\/v2\/pages"}],"about":[{"href":"https:\/\/www.upjs.sk\/filozoficka-fakulta\/wp-json\/wp\/v2\/types\/page"}],"author":[{"embeddable":true,"href":"https:\/\/www.upjs.sk\/filozoficka-fakulta\/wp-json\/wp\/v2\/users\/21"}],"replies":[{"embeddable":true,"href":"https:\/\/www.upjs.sk\/filozoficka-fakulta\/wp-json\/wp\/v2\/comments?post=39117"}],"version-history":[{"count":18,"href":"https:\/\/www.upjs.sk\/filozoficka-fakulta\/wp-json\/wp\/v2\/pages\/39117\/revisions"}],"predecessor-version":[{"id":50473,"href":"https:\/\/www.upjs.sk\/filozoficka-fakulta\/wp-json\/wp\/v2\/pages\/39117\/revisions\/50473"}],"wp:attachment":[{"href":"https:\/\/www.upjs.sk\/filozoficka-fakulta\/wp-json\/wp\/v2\/media?parent=39117"}],"wp:term":[{"taxonomy":"category","embeddable":true,"href":"https:\/\/www.upjs.sk\/filozoficka-fakulta\/wp-json\/wp\/v2\/categories?post=39117"},{"taxonomy":"post_tag","embeddable":true,"href":"https:\/\/www.upjs.sk\/filozoficka-fakulta\/wp-json\/wp\/v2\/tags?post=39117"}],"curies":[{"name":"wp","href":"https:\/\/api.w.org\/{rel}","templated":true}]}}