{"id":57051,"date":"2025-10-06T11:46:31","date_gmt":"2025-10-06T10:46:31","guid":{"rendered":"https:\/\/www.upjs.sk\/filozoficka-fakulta\/?page_id=57051"},"modified":"2026-03-24T09:52:11","modified_gmt":"2026-03-24T08:52:11","slug":"el-kronika-2025-26","status":"publish","type":"page","link":"https:\/\/www.upjs.sk\/filozoficka-fakulta\/el-kronika-2025-26\/","title":{"rendered":"Elektronick\u00e1 kronika 2025\/2026"},"content":{"rendered":"\n<figure class=\"wp-block-table is-style-stripes\"><table><tbody><tr><td>26. 3. 2026<\/td><td>Diskusia s expertom na energetiku Karlom Hirmanom na t\u00e9mu Energetick\u00e1 bezpe\u010dnos\u0165 Slovenskej republiky (Katedra politol\u00f3gie FF UPJ\u0160)<\/td><\/tr><tr><td>19. 3. 2026<\/td><td>Spoznaj EduPage sk\u00f4r, ne\u017e nast\u00fapi\u0161 do praxe! Webin\u00e1r zo s\u00e9rie webin\u00e1rov pre bud\u00facich u\u010dite\u013eov (Katedra pedagogiky FF UPJ\u0160)<\/td><\/tr><tr><td>18. 3. 2026<\/td><td>Workshop Kritick\u00e9 hry: hra, riziko a tvoje vlastn\u00e9 ja v akademickom p\u00edsan\u00ed (Katedra slovakistiky, slovansk\u00fdch filol\u00f3gi\u00ed a komunik\u00e1cie FF UPJ\u0160)<\/td><\/tr><tr><td>16. 3. 2026<\/td><td>Predn\u00e1\u0161ka hos\u0165uj\u00faceho predn\u00e1\u0161aj\u00faceho Dr. M\u00e1t\u00e9 Gergelya Balogha na t\u00e9mu Migra\u010dn\u00e9 trendy do Ameriky \u2013 politiky a ich d\u00f4sledky (Katedra anglistiky a amerikanistiky FF UPJ\u0160)<\/td><\/tr><tr><td>9. 3. 2026<\/td><td>Reflexia a sebareflexia \u2013 11. workshop z cyklu odborn\u00fdch podujat\u00ed Kurz pedagogick\u00fdch kompetenci\u00ed V\u0160 u\u010dite\u013ea (Katedra pedagogiky FF UPJ\u0160)<\/td><\/tr><tr><td>5. 3. 2026<\/td><td>\u017div\u00e1 kni\u017enica: Jej slov\u00e1, jej pr\u00edbeh, jej te\u00f3ria \u2013\u00a0podujatie v r\u00e1mci cyklu podujat\u00ed Rovnos\u0165 v r\u00f4znosti pri pr\u00edle\u017eitosti Medzin\u00e1rodn\u00e9ho d\u0148a \u017eien 2026 (Katedra filozofie FF UPJ\u0160 v spolupr\u00e1ci s Komisiou pre rodov\u00fa rovnos\u0165 na UPJ\u0160)<\/td><\/tr><tr><td>5. 3. 2026<\/td><td>Tlmo\u010denie pre in\u0161tit\u00facie E\u00da, predn\u00e1\u0161aj\u00faci: ved\u00faca slovensk\u00fdch tlmo\u010dn\u00edkov v Eur\u00f3pskej komisii Zuzana Krell-Laluhov\u00e1 (Katedra anglistiky a amerikanistiky FF UPJ\u0160)<\/td><\/tr><tr><td>19. 2. 2026<\/td><td>Spoznaj EduPage sk\u00f4r, ne\u017e nast\u00fapi\u0161 do praxe! Webin\u00e1r zo s\u00e9rie webin\u00e1rov pre bud\u00facich u\u010dite\u013eov (Katedra pedagogiky FF UPJ\u0160)<\/td><\/tr><tr><td>18. 2. 2026<\/td><td>Hos\u0165ovsk\u00e1 predn\u00e1\u0161ka Medi\u00e1ln\u00ed prezentace d\u011bjin \u2013 dokument\u00e1rn\u00ed film jako reflexe minulosti. Predn\u00e1\u0161ka Mgr. Milana Hesa, Ph.D. z Univerzity J. E. Purkyn\u011b v \u00dast\u00ed nad Labem (Katedra hist\u00f3rie FF UPJ\u0160)<\/td><\/tr><tr><td>18. 2. 2026<\/td><td>Predn\u00e1\u0161ka prof. Michele Fiorilla na t\u00e9mu The force of will (and that of things). (Katedra filozofie FF UPJ\u0160)<\/td><\/tr><tr><td>10. 2. 2026<\/td><td>Na KF furt da\u010do\u2026 \u2013 neform\u00e1lne stretnutie \u0161tudentov a vyu\u010duj\u00facich KF pri stolov\u00fdch hr\u00e1ch (Katedra filozofie FF UPJ\u0160)<\/td><\/tr><tr><td>9. 2. 2026<\/td><td>Hodnotenie a sebahodnotenie \u2013 10. workshop z cyklu odborn\u00fdch podujat\u00ed Kurz pedagogick\u00fdch kompetenci\u00ed V\u0160 u\u010dite\u013ea (Katedra pedagogiky FF UPJ\u0160)<\/td><\/tr><tr><td>7. 2. 2026<\/td><td>Kvality u\u010dite\u013ea 21. storo\u010dia \u2013 workshop pre cvi\u010dn\u00fdch u\u010dite\u013eov (Katedra pedagogiky FF UPJ\u0160)<\/td><\/tr><tr><td>6. 2. 2026<\/td><td>De\u0148 otvoren\u00fdch dver\u00ed FF UPJ\u0160<\/td><\/tr><tr><td>4. 2. 2026<\/td><td>U\u010dite\u013e bud\u00facnosti za\u010d\u00edna dnes \u2013 workshop pre cvi\u010dn\u00fdch u\u010dite\u013eov a \u0161tudentov UPJ\u0160 (Katedra pedagogiky FF UPJ\u0160)<\/td><\/tr><tr><td>29. 1. 2026<\/td><td>Novoro\u010dn\u00e9 stretnutie vedenia FF UPJ\u0160 s emeritn\u00fdmi profesormi<\/td><\/tr><tr><td>8. 1. 2026<\/td><td>Inkluz\u00edvna eduk\u00e1cia \u2013 9. workshop z cyklu odborn\u00fdch podujat\u00ed Kurz pedagogick\u00fdch kompetenci\u00ed V\u0160 u\u010dite\u013ea (Katedra pedagogiky FF UPJ\u0160)<\/td><\/tr><tr><td>10. 12. 2025<\/td><td>Diskusia s investigat\u00edvnym report\u00e9rom Petrom \u017datkom (Katedry slovakistiky, slovansk\u00fdch filol\u00f3gi\u00ed a komunik\u00e1cie FF UPJ\u0160)<\/td><\/tr><tr><td>3. 12. 2025<\/td><td>Mikul\u00e1\u0161ska n\u00e1dielka (Katedra soci\u00e1lnej pr\u00e1ce FF UPJ\u0160)<\/td><\/tr><tr><td>2. 12. 2025<\/td><td>Predn\u00e1\u0161ka na t\u00e9mu Ke\u010f politika nie je (len) o politikoch (Katedra filozofie a Katedra soci\u00e1lnej pr\u00e1ce FF UPJ\u0160)<\/td><\/tr><tr><td>17. \u2013 28. 11. 2025<\/td><td>Medzin\u00e1rodn\u00e9 symp\u00f3zium \u010cierne na bielom 2 \u2013 Hranice a prieniky: stret kult\u00far a jazykov (Katedra germanistiky FF UPJ\u0160)<\/td><\/tr><tr><td>20. 11. 2025<\/td><td>Vedeck\u00e1 konferencia organizovan\u00e1 v r\u00e1mci XIV. ro\u010dn\u00edka Ko\u0161ick\u00fdch politologick\u00fdch dial\u00f3gov, s n\u00e1zvom Moc a narat\u00edv: In\u0161trumentaliz\u00e1cia minulosti ako fenom\u00e9n s\u00fa\u010dasnosti. Kam kr\u00e1\u010da\u0161 demokracia (Katedra politol\u00f3gie FF UPJ\u0160)<\/td><\/tr><tr><td>19. 11. 2025<\/td><td>Odborn\u00fd semin\u00e1r Kult\u00fara a umenie na Slovensku v tieni Tretej r\u00ed\u0161e (Katedra hist\u00f3rie FF UPJ\u0160)<\/td><\/tr><tr><td>17. \u2013 21. 11. 2025<\/td><td>\u0160tudentsk\u00e1 interakt\u00edvna v\u00fdstava Respira democratia! D\u00fdchaj, demokracia! (Katedra hist\u00f3rie FF UPJ\u0160)<\/td><\/tr><tr><td>17. 11. 2025<\/td><td>Podujatie \u017deny sa \u010d\u00edtaj\u00fa (Katedra filozofie a Katedra slovakistiky, slovansk\u00fdch filol\u00f3gi\u00ed a komunik\u00e1cie FF UPJ\u0160)<\/td><\/tr><tr><td>13. 11. 2025<\/td><td>Vyu\u010dovacie strat\u00e9gie \u2013 8. workshop z cyklu odborn\u00fdch podujat\u00ed Kurz pedagogick\u00fdch kompetenci\u00ed V\u0160 u\u010dite\u013ea (Katedra pedagogiky FF UPJ\u0160)<\/td><\/tr><tr><td>12. 11. 2025<\/td><td>Predn\u00e1\u0161ka ArchAIve: Historick\u00fd prame\u0148 v \u00e9re algoritmov, ktor\u00e1 sa realizuje v r\u00e1mci T\u00fd\u017ed\u0148a vedy a techniky 2025 (Katedra hist\u00f3rie FF UPJ\u0160)<\/td><\/tr><tr><td>10. 11. 2025<\/td><td>Zhroma\u017edenie akademickej obce FF UPJ\u0160<\/td><\/tr><tr><td>7. 11. 2025<\/td><td>De\u0148 otvoren\u00fdch dver\u00ed na UPJ\u0160<\/td><\/tr><tr><td>28. 10. 2025<\/td><td>Podujatie Od fjordov k fant\u00e1zii \u2013 dopoludnie so severom a Muminovcami (Katedra slovakistiky, slovansk\u00fdch filol\u00f3gi\u00ed a komunik\u00e1cie FF UPJ\u0160)<\/td><\/tr><tr><td>23. 10. 2025<\/td><td>Liter\u00e1rne stretnutie s Olesyou Mam\u010di\u010d (Katedra slovakistiky, slovansk\u00fdch filol\u00f3gi\u00ed a komunik\u00e1cie FF UPJ\u0160)<\/td><\/tr><tr><td>22. \u2013 23. 10. 2025<\/td><td>Jesenn\u00e1 \u0161kola doktorandov FF UPJ\u0160 v Ko\u0161iciach 2025<\/td><\/tr><tr><td>22. 10. 2025<\/td><td>Vo\u013eby do \u0161tudentskej \u010dasti spolo\u010dn\u00e9ho volebn\u00e9ho obvodu Akademick\u00e9ho sen\u00e1tu UPJ\u0160<\/td><\/tr><tr><td>20. \u2013 24. 2025<\/td><td>BIP Erasmus+ na Katedre germanistiky FF UPJ\u0160<\/td><\/tr><tr><td>20. 10. 2025<\/td><td>Prekladate\u013esk\u00e9 podujatie Jeden Beowulf&nbsp;\u2013&nbsp;dva preklady (Katedra anglistiky a amerikanistiky FF UPJ\u0160)<\/td><\/tr><tr><td>13. \u2013 17. 10. 2025<\/td><td>BIP Erasmus+ na Katedre hist\u00f3rie FF UPJ\u0160<\/td><\/tr><tr><td>9. 10. 2025<\/td><td>Akt\u00edvne u\u010denie \u2013 7. workshop z cyklu odborn\u00fdch podujat\u00ed Kurz pedagogick\u00fdch kompetenci\u00ed V\u0160 u\u010dite\u013ea (Katedra pedagogiky FF UPJ\u0160)<\/td><\/tr><tr><td>9. 10. 2025<\/td><td>Autori Juraj Kuniak, Daniel Pastir\u010d\u00e1k a Stanislava Chrob\u00e1kov\u00e1 Repar predstavuj\u00fa svoje nov\u00e9 kni\u017en\u00e9 tituly. Podujatie z cyklu Frakt\u00e1l live. (Katedra slovakistiky, slovansk\u00fdch filol\u00f3gi\u00ed a komunik\u00e1cie FF UPJ\u0160)<\/td><\/tr><tr><td>6. \u2013 7. 10. 2025<\/td><td>Dni nem\u010diny\/Deutsche Sprachtage 2025 (Katedra germanistiky FF UPJ\u0160)<\/td><\/tr><tr><td>1. 10. \u2013 11. 11. 2025<\/td><td>V\u00fdstava fotografi\u00ed s n\u00e1zvom \u201eSpolo\u010dne v 13. komnate alebo ke\u010f fotografia prehovor\u00ed\u201c (Katedra soci\u00e1lnej pr\u00e1ce FF UPJ\u0160 v spolupr\u00e1ci s neziskovou organiz\u00e1ciou Maj\u00e1k)<\/td><\/tr><tr><td>1. \u2013 31. 10. 2025<\/td><td>Pono\u017ekov\u00fd okt\u00f3ber (Katedra soci\u00e1lnej pr\u00e1ce FF UPJ\u0160)<\/td><\/tr><tr><td>26. 9. 2025<\/td><td>Taliansky ve\u013evyslanec nav\u0161t\u00edvil UPJ\u0160 v Ko\u0161iciach a diskutoval so \u0161tudentmi FF UPJ\u0160<\/td><\/tr><tr><td>25. 9. 2025<\/td><td>Diskusia pri pr\u00edle\u017eitosti D\u0148a obet\u00ed holokaustu a rasov\u00e9ho n\u00e1silia na t\u00e9mu \u201eNikdy viac je teraz!\u201c (Katedra hist\u00f3rie FF UPJ\u0160)<\/td><\/tr><tr><td>24. \u2013 25. 9. 2025<\/td><td>Digit\u00e1lne met\u00f3dy a AI vo v\u00fdskume \u2013 Katedru politol\u00f3gie FF UPJ\u0160 nav\u0161t\u00edvil prof. Richard Rogers z University of Amsterdam<\/td><\/tr><tr><td>24. 9. 2025<\/td><td>FF UPJ\u0160 uviedla do prev\u00e1dzky modern\u00fa Triedu bud\u00facnosti (Future Classroom Lab)<\/td><\/tr><tr><td>20. 9. 2025<\/td><td>Sl\u00e1vnostn\u00e9 prom\u00f3cie absolventov bakal\u00e1rskych a magistersk\u00fdch \u0161tudijn\u00fdch programov Filozofickej fakulty UPJ\u0160 v Ko\u0161iciach<\/td><\/tr><tr><td>17. 9. 2025<\/td><td>Dekani filozofick\u00fdch fak\u00falt sa zi\u0161li na UPJ\u0160<\/td><\/tr><tr><td>16. 9. 2025<\/td><td>Sl\u00e1vnostn\u00e9 otvorenie akademick\u00e9ho roka 2025\/2026<\/td><\/tr><tr><td>12. \u2013 13. 9. 2025<\/td><td>Bien\u00e1lna medzin\u00e1rodn\u00fa vedeck\u00fa konferenciu East Meets West: Cross-Cultural Perspectives on America\u2019s Changing Image (Katedra anglistiky a amerikanistiky FF UPJ\u0160)<\/td><\/tr><tr><td>12. 9. 2025<\/td><td>Imatrikul\u00e1cia prv\u00e1kov FF UPJ\u0160<\/td><\/tr><tr><td>11. 9. 2025<\/td><td>FutureTeach 2025:&nbsp;Vzdel\u00e1vanie&nbsp;u\u010dite\u013eov&nbsp;&nbsp;v 21. storo\u010d\u00ed (Katedra pedagogiky FF UPJ\u0160)<\/td><\/tr><tr><td>9. 9. 2025<\/td><td>Eur\u00f3psky de\u0148 jazykov 2025<\/td><\/tr><\/tbody><\/table><\/figure>\n","protected":false},"excerpt":{"rendered":"<p>26. 3. 2026 Diskusia s expertom na energetiku Karlom Hirmanom na t\u00e9mu Energetick\u00e1 bezpe\u010dnos\u0165 Slovenskej republiky (Katedra politol\u00f3gie FF UPJ\u0160) 19. 3. 2026 Spoznaj EduPage sk\u00f4r, ne\u017e nast\u00fapi\u0161 do praxe! Webin\u00e1r zo s\u00e9rie webin\u00e1rov pre bud\u00facich u\u010dite\u013eov (Katedra pedagogiky FF UPJ\u0160) 18. 3. 2026 Workshop Kritick\u00e9 hry: hra, riziko a tvoje vlastn\u00e9 ja v akademickom &hellip; <a href=\"https:\/\/www.upjs.sk\/filozoficka-fakulta\/el-kronika-2025-26\/\">\u010c\u00edta\u0165 \u010falej<\/a><\/p>\n","protected":false},"author":21,"featured_media":0,"parent":0,"menu_order":13,"comment_status":"closed","ping_status":"closed","template":"","meta":{"_acf_changed":false,"_editorskit_title_hidden":false,"_editorskit_reading_time":0,"_editorskit_is_block_options_detached":false,"_editorskit_block_options_position":"{}","footnotes":""},"categories":[],"tags":[],"class_list":["post-57051","page","type-page","status-publish","hentry"],"acf":{"acf_link_na_externy_obsah":""},"yoast_head":"<!-- This site is optimized with the Yoast SEO plugin v27.2 - https:\/\/yoast.com\/product\/yoast-seo-wordpress\/ -->\n<title>Elektronick\u00e1 kronika 2025\/2026 - Filozofick\u00e1 fakulta | UPJ\u0160<\/title>\n<meta name=\"robots\" content=\"index, follow, max-snippet:-1, max-image-preview:large, max-video-preview:-1\" \/>\n<link rel=\"canonical\" href=\"https:\/\/www.upjs.sk\/filozoficka-fakulta\/el-kronika-2025-26\/\" \/>\n<meta property=\"og:locale\" content=\"sk_SK\" \/>\n<meta property=\"og:type\" content=\"article\" \/>\n<meta property=\"og:title\" content=\"Elektronick\u00e1 kronika 2025\/2026 - Filozofick\u00e1 fakulta | UPJ\u0160\" \/>\n<meta property=\"og:description\" content=\"26. 3. 2026 Diskusia s expertom na energetiku Karlom Hirmanom na t\u00e9mu Energetick\u00e1 bezpe\u010dnos\u0165 Slovenskej republiky (Katedra politol\u00f3gie FF UPJ\u0160) 19. 3. 2026 Spoznaj EduPage sk\u00f4r, ne\u017e nast\u00fapi\u0161 do praxe! Webin\u00e1r zo s\u00e9rie webin\u00e1rov pre bud\u00facich u\u010dite\u013eov (Katedra pedagogiky FF UPJ\u0160) 18. 3. 2026 Workshop Kritick\u00e9 hry: hra, riziko a tvoje vlastn\u00e9 ja v akademickom &hellip; \u010c\u00edta\u0165 \u010falej\" \/>\n<meta property=\"og:url\" content=\"https:\/\/www.upjs.sk\/filozoficka-fakulta\/el-kronika-2025-26\/\" \/>\n<meta property=\"og:site_name\" content=\"Filozofick\u00e1 fakulta | UPJ\u0160\" \/>\n<meta property=\"article:modified_time\" content=\"2026-03-24T08:52:11+00:00\" \/>\n<meta name=\"twitter:card\" content=\"summary_large_image\" \/>\n<meta name=\"twitter:label1\" content=\"Predpokladan\u00fd \u010das \u010d\u00edtania\" \/>\n\t<meta name=\"twitter:data1\" content=\"6 min\u00fat\" \/>\n<script type=\"application\/ld+json\" class=\"yoast-schema-graph\">{\"@context\":\"https:\/\/schema.org\",\"@graph\":[{\"@type\":\"WebPage\",\"@id\":\"https:\/\/www.upjs.sk\/filozoficka-fakulta\/el-kronika-2025-26\/\",\"url\":\"https:\/\/www.upjs.sk\/filozoficka-fakulta\/el-kronika-2025-26\/\",\"name\":\"Elektronick\u00e1 kronika 2025\/2026 - Filozofick\u00e1 fakulta | UPJ\u0160\",\"isPartOf\":{\"@id\":\"https:\/\/www.upjs.sk\/filozoficka-fakulta\/#website\"},\"datePublished\":\"2025-10-06T10:46:31+00:00\",\"dateModified\":\"2026-03-24T08:52:11+00:00\",\"breadcrumb\":{\"@id\":\"https:\/\/www.upjs.sk\/filozoficka-fakulta\/el-kronika-2025-26\/#breadcrumb\"},\"inLanguage\":\"sk-SK\",\"potentialAction\":[{\"@type\":\"ReadAction\",\"target\":[\"https:\/\/www.upjs.sk\/filozoficka-fakulta\/el-kronika-2025-26\/\"]}]},{\"@type\":\"BreadcrumbList\",\"@id\":\"https:\/\/www.upjs.sk\/filozoficka-fakulta\/el-kronika-2025-26\/#breadcrumb\",\"itemListElement\":[{\"@type\":\"ListItem\",\"position\":1,\"name\":\"Home\",\"item\":\"https:\/\/www.upjs.sk\/filozoficka-fakulta\/\"},{\"@type\":\"ListItem\",\"position\":2,\"name\":\"Elektronick\u00e1 kronika 2025\/2026\"}]},{\"@type\":\"WebSite\",\"@id\":\"https:\/\/www.upjs.sk\/filozoficka-fakulta\/#website\",\"url\":\"https:\/\/www.upjs.sk\/filozoficka-fakulta\/\",\"name\":\"Filozofick\u00e1 fakulta | UPJ\u0160\",\"description\":\"\",\"publisher\":{\"@id\":\"https:\/\/www.upjs.sk\/filozoficka-fakulta\/#organization\"},\"potentialAction\":[{\"@type\":\"SearchAction\",\"target\":{\"@type\":\"EntryPoint\",\"urlTemplate\":\"https:\/\/www.upjs.sk\/filozoficka-fakulta\/?s={search_term_string}\"},\"query-input\":{\"@type\":\"PropertyValueSpecification\",\"valueRequired\":true,\"valueName\":\"search_term_string\"}}],\"inLanguage\":\"sk-SK\"},{\"@type\":\"Organization\",\"@id\":\"https:\/\/www.upjs.sk\/filozoficka-fakulta\/#organization\",\"name\":\"Filozofick\u00e1 fakulta | UPJ\u0160\",\"url\":\"https:\/\/www.upjs.sk\/filozoficka-fakulta\/\",\"logo\":{\"@type\":\"ImageObject\",\"inLanguage\":\"sk-SK\",\"@id\":\"https:\/\/www.upjs.sk\/filozoficka-fakulta\/#\/schema\/logo\/image\/\",\"url\":\"https:\/\/www.upjs.sk\/app\/uploads\/sites\/7\/2022\/09\/logo-filozoficka-fakulta.png\",\"contentUrl\":\"https:\/\/www.upjs.sk\/app\/uploads\/sites\/7\/2022\/09\/logo-filozoficka-fakulta.png\",\"width\":415,\"height\":87,\"caption\":\"Filozofick\u00e1 fakulta | UPJ\u0160\"},\"image\":{\"@id\":\"https:\/\/www.upjs.sk\/filozoficka-fakulta\/#\/schema\/logo\/image\/\"}}]}<\/script>\n<!-- \/ Yoast SEO plugin. -->","yoast_head_json":{"title":"Elektronick\u00e1 kronika 2025\/2026 - Filozofick\u00e1 fakulta | UPJ\u0160","robots":{"index":"index","follow":"follow","max-snippet":"max-snippet:-1","max-image-preview":"max-image-preview:large","max-video-preview":"max-video-preview:-1"},"canonical":"https:\/\/www.upjs.sk\/filozoficka-fakulta\/el-kronika-2025-26\/","og_locale":"sk_SK","og_type":"article","og_title":"Elektronick\u00e1 kronika 2025\/2026 - Filozofick\u00e1 fakulta | UPJ\u0160","og_description":"26. 3. 2026 Diskusia s expertom na energetiku Karlom Hirmanom na t\u00e9mu Energetick\u00e1 bezpe\u010dnos\u0165 Slovenskej republiky (Katedra politol\u00f3gie FF UPJ\u0160) 19. 3. 2026 Spoznaj EduPage sk\u00f4r, ne\u017e nast\u00fapi\u0161 do praxe! Webin\u00e1r zo s\u00e9rie webin\u00e1rov pre bud\u00facich u\u010dite\u013eov (Katedra pedagogiky FF UPJ\u0160) 18. 3. 2026 Workshop Kritick\u00e9 hry: hra, riziko a tvoje vlastn\u00e9 ja v akademickom &hellip; \u010c\u00edta\u0165 \u010falej","og_url":"https:\/\/www.upjs.sk\/filozoficka-fakulta\/el-kronika-2025-26\/","og_site_name":"Filozofick\u00e1 fakulta | UPJ\u0160","article_modified_time":"2026-03-24T08:52:11+00:00","twitter_card":"summary_large_image","twitter_misc":{"Predpokladan\u00fd \u010das \u010d\u00edtania":"6 min\u00fat"},"schema":{"@context":"https:\/\/schema.org","@graph":[{"@type":"WebPage","@id":"https:\/\/www.upjs.sk\/filozoficka-fakulta\/el-kronika-2025-26\/","url":"https:\/\/www.upjs.sk\/filozoficka-fakulta\/el-kronika-2025-26\/","name":"Elektronick\u00e1 kronika 2025\/2026 - Filozofick\u00e1 fakulta | UPJ\u0160","isPartOf":{"@id":"https:\/\/www.upjs.sk\/filozoficka-fakulta\/#website"},"datePublished":"2025-10-06T10:46:31+00:00","dateModified":"2026-03-24T08:52:11+00:00","breadcrumb":{"@id":"https:\/\/www.upjs.sk\/filozoficka-fakulta\/el-kronika-2025-26\/#breadcrumb"},"inLanguage":"sk-SK","potentialAction":[{"@type":"ReadAction","target":["https:\/\/www.upjs.sk\/filozoficka-fakulta\/el-kronika-2025-26\/"]}]},{"@type":"BreadcrumbList","@id":"https:\/\/www.upjs.sk\/filozoficka-fakulta\/el-kronika-2025-26\/#breadcrumb","itemListElement":[{"@type":"ListItem","position":1,"name":"Home","item":"https:\/\/www.upjs.sk\/filozoficka-fakulta\/"},{"@type":"ListItem","position":2,"name":"Elektronick\u00e1 kronika 2025\/2026"}]},{"@type":"WebSite","@id":"https:\/\/www.upjs.sk\/filozoficka-fakulta\/#website","url":"https:\/\/www.upjs.sk\/filozoficka-fakulta\/","name":"Filozofick\u00e1 fakulta | UPJ\u0160","description":"","publisher":{"@id":"https:\/\/www.upjs.sk\/filozoficka-fakulta\/#organization"},"potentialAction":[{"@type":"SearchAction","target":{"@type":"EntryPoint","urlTemplate":"https:\/\/www.upjs.sk\/filozoficka-fakulta\/?s={search_term_string}"},"query-input":{"@type":"PropertyValueSpecification","valueRequired":true,"valueName":"search_term_string"}}],"inLanguage":"sk-SK"},{"@type":"Organization","@id":"https:\/\/www.upjs.sk\/filozoficka-fakulta\/#organization","name":"Filozofick\u00e1 fakulta | UPJ\u0160","url":"https:\/\/www.upjs.sk\/filozoficka-fakulta\/","logo":{"@type":"ImageObject","inLanguage":"sk-SK","@id":"https:\/\/www.upjs.sk\/filozoficka-fakulta\/#\/schema\/logo\/image\/","url":"https:\/\/www.upjs.sk\/app\/uploads\/sites\/7\/2022\/09\/logo-filozoficka-fakulta.png","contentUrl":"https:\/\/www.upjs.sk\/app\/uploads\/sites\/7\/2022\/09\/logo-filozoficka-fakulta.png","width":415,"height":87,"caption":"Filozofick\u00e1 fakulta | UPJ\u0160"},"image":{"@id":"https:\/\/www.upjs.sk\/filozoficka-fakulta\/#\/schema\/logo\/image\/"}}]}},"_links":{"self":[{"href":"https:\/\/www.upjs.sk\/filozoficka-fakulta\/wp-json\/wp\/v2\/pages\/57051","targetHints":{"allow":["GET"]}}],"collection":[{"href":"https:\/\/www.upjs.sk\/filozoficka-fakulta\/wp-json\/wp\/v2\/pages"}],"about":[{"href":"https:\/\/www.upjs.sk\/filozoficka-fakulta\/wp-json\/wp\/v2\/types\/page"}],"author":[{"embeddable":true,"href":"https:\/\/www.upjs.sk\/filozoficka-fakulta\/wp-json\/wp\/v2\/users\/21"}],"replies":[{"embeddable":true,"href":"https:\/\/www.upjs.sk\/filozoficka-fakulta\/wp-json\/wp\/v2\/comments?post=57051"}],"version-history":[{"count":19,"href":"https:\/\/www.upjs.sk\/filozoficka-fakulta\/wp-json\/wp\/v2\/pages\/57051\/revisions"}],"predecessor-version":[{"id":59451,"href":"https:\/\/www.upjs.sk\/filozoficka-fakulta\/wp-json\/wp\/v2\/pages\/57051\/revisions\/59451"}],"wp:attachment":[{"href":"https:\/\/www.upjs.sk\/filozoficka-fakulta\/wp-json\/wp\/v2\/media?parent=57051"}],"wp:term":[{"taxonomy":"category","embeddable":true,"href":"https:\/\/www.upjs.sk\/filozoficka-fakulta\/wp-json\/wp\/v2\/categories?post=57051"},{"taxonomy":"post_tag","embeddable":true,"href":"https:\/\/www.upjs.sk\/filozoficka-fakulta\/wp-json\/wp\/v2\/tags?post=57051"}],"curies":[{"name":"wp","href":"https:\/\/api.w.org\/{rel}","templated":true}]}}