{"id":112462,"date":"2024-05-03T09:32:19","date_gmt":"2024-05-03T08:32:19","guid":{"rendered":"https:\/\/www.upjs.sk\/lekarska-fakulta\/fakulta\/konferencie-a-podujatia\/podujatia-v-roku-2024\/"},"modified":"2024-07-11T11:37:17","modified_gmt":"2024-07-11T10:37:17","slug":"podujatia-2024","status":"publish","type":"page","link":"https:\/\/www.upjs.sk\/lekarska-fakulta\/fakulta\/konferencie-a-podujatia\/podujatia-2024\/","title":{"rendered":"Podujatia v roku 2024"},"content":{"rendered":"\n<p><strong><mark style=\"background-color:rgba(0, 0, 0, 0)\" class=\"has-inline-color has-lekarska-f-color\">APR\u00cdL 2024<\/mark><\/strong><\/p>\n\n\n\n<figure class=\"wp-block-table is-style-stripes\"><table><tbody><tr><td colspan=\"2\"><strong><strong>XXIII. STOMATOLOGICK\u00c9 DNI KO\u0160ICE<\/strong><\/strong><\/td><\/tr><tr><td>Term\u00edn konania:<\/td><td>3. &#8211; 4. apr\u00edla 2024<\/td><\/tr><tr><td>Miesto konania:<\/td><td>UPJ\u0160 LF v KO\u0160ICIACH<\/td><\/tr><tr><td>Organizuj\u00face subjekty:<\/td><td>UPJ\u0160 LEK\u00c1RSKA FAKULTA V KO\u0160ICIACH<br>UNIVERZITN\u00c1 NEMOCNICA L. PASTEURA V KO\u0160ICIACH <br>SLOVENSK\u00c1 STOMATOLOGICK\u00c1 SPOLO\u010cNOS\u0164 V BRATISLAVE<br>KLINIKA STOMATOL\u00d3GIE A MAXILOFACI\u00c1LNEJ CHIRURGIE UPJ\u0160 LF V KO\u0160ICIACH<mark style=\"background-color:rgba(0, 0, 0, 0)\" class=\"has-inline-color has-biela-color\"> &#8230;&#8230;&#8230;&#8230;&#8230;&#8230;&#8230;..<\/mark><br>I. STOMATOLOGICK\u00c1 KLINIKA UPJ\u0160 LF V KO\u0160ICIACH <br>KSaMFCH LF UPJ\u0160 A AKAD\u00c9MIA KO\u0160ICE, n.o. <br>SLOVENSK\u00c1 KOMORA ZUBN\u00ddCH LEK\u00c1ROV <br>SLOVENSK\u00c1 KOMORA SESTIER A P\u00d4RODN\u00ddCH ASISTENTIEK<\/td><\/tr><tr><td>Koordin\u00e1tor:<\/td><td>ING. IGOR KUBOV\u010c\u00cdK<\/td><\/tr><tr><td>Pozn\u00e1mka:<\/td><td><a href=\"https:\/\/kvvkosice.sk\/wp-content\/uploads\/2024\/01\/PROGRAM-SDK-2024.pdf\" class=\"ek-link\">Inform\u00e1cia o podujat\u00ed<\/a>, <a href=\"https:\/\/www.upjs.sk\/public\/media\/0455\/Pediatria Kosice 2022 - Program A5.pdf\" class=\"ek-link\">Program<\/a><\/td><\/tr><\/tbody><\/table><\/figure>\n\n\n\n<p><strong><mark style=\"background-color:rgba(0, 0, 0, 0)\" class=\"has-inline-color has-lekarska-f-color\">M\u00c1J 2024<\/mark><\/strong><\/p>\n\n\n\n<figure class=\"wp-block-table is-style-stripes\"><table><tbody><tr><td colspan=\"2\"><strong>XXIV. VEDECK\u00c1 PRACOVN\u00c1 SCH\u00d4DZA PRE V\u0160EOBECN\u00ddCH LEK\u00c1ROV<\/strong><\/td><\/tr><tr><td>Term\u00edn konania:<\/td><td>20. m\u00e1ja 2024<\/td><\/tr><tr><td>Miesto konania:<\/td><td>Ruskov, Dom kult\u00fary<\/td><\/tr><tr><td>Organizuj\u00face subjekty:<\/td><td>SPOLOK LEK\u00c1ROV V&nbsp;KO\u0160ICIACH <br>CENTRUM PRE LIE\u010cBU OBEZITY LF UPJ\u0160 V&nbsp;KO\u0160ICIACH <mark style=\"background-color:rgba(0, 0, 0, 0)\" class=\"has-inline-color has-biela-color\">&#8230;&#8230;&#8230;&#8230;&#8230;&#8230;&#8230;&#8230;&#8230;&#8230;&#8230;&#8230;&#8230;&#8230;&#8230;&#8230;&#8230;&#8230;<\/mark><br>REGION\u00c1LNA LEK\u00c1RSKA KOMORA, KO\u0160ICE<br>OBEC RUSKOV<\/td><\/tr><tr><td>Koordin\u00e1tor:<\/td><td>MUDr. Ivan Majer\u010d\u00e1k, MPH<br>Prof. MUDr. Oliver R\u00e1cz, CSc.<br>Ing. Katar\u00edna Derzsiov\u00e1<\/td><\/tr><tr><td>Pozn\u00e1mka:<\/td><td><a href=\"https:\/\/www.upjs.sk\/app\/uploads\/sites\/9\/2024\/05\/RUSKOVOBEZITA-new.pdf\" class=\"ek-link\"><\/a><a href=\"https:\/\/www.upjs.sk\/app\/uploads\/sites\/9\/2024\/05\/RUSKOVOBEZITA.pdf\" class=\"ek-link\">Inform\u00e1cia o podujat\u00ed, Program<\/a><\/td><\/tr><\/tbody><\/table><\/figure>\n\n\n\n<figure class=\"wp-block-table is-style-stripes\"><table><tbody><tr><td colspan=\"2\"><strong><strong><strong>DE\u0147 VYSOKO\u0160KOL\u00c1KA<\/strong><\/strong><\/strong><\/td><\/tr><tr><td>Term\u00edn konania:<\/td><td>20. &#8211; 23. m\u00e1ja 2024<\/td><\/tr><tr><td>Miesto konania:<\/td><td>UPJ\u0160 LF v KO\u0160ICIACH<\/td><\/tr><tr><td>Organizuj\u00face subjekty:<\/td><td>Lek\u00e1rska fakulta&nbsp;UPJ\u0160<br>Univerzita Pavla Jozefa \u0160af\u00e1rika v Ko\u0161iciach <mark style=\"background-color:rgba(0, 0, 0, 0)\" class=\"has-inline-color has-biela-color\">&#8230;&#8230;&#8230;&#8230;&#8230;&#8230;&#8230;&#8230;&#8230;&#8230;&#8230;&#8230;&#8230;&#8230;&#8230;&#8230;&#8230;&#8230;&#8230;&#8230;&#8230;&#8230;..<br><\/mark><\/td><\/tr><tr><td>Koordin\u00e1tor:<\/td><td><\/td><\/tr><tr><td>Pozn\u00e1mka:<\/td><td><a href=\"https:\/\/www.upjs.sk\/app\/uploads\/sites\/9\/2024\/05\/RUSKOVOBEZITA-new.pdf\" class=\"ek-link\"><\/a><a href=\"https:\/\/www.upjs.sk\/app\/uploads\/sites\/9\/2024\/05\/RUSKOVOBEZITA.pdf\" class=\"ek-link\"><\/a><a aria-label=\"Inform\u00e1cia o podujat\u00ed, Program (opens in a new tab)\" href=\"https:\/\/www.upjs.sk\/app\/uploads\/sites\/9\/2024\/05\/program_LF-1.pdf\" target=\"_blank\" rel=\"noreferrer noopener\" class=\"ek-link\">Inform\u00e1cia o podujat\u00ed, Program<\/a><\/td><\/tr><\/tbody><\/table><\/figure>\n\n\n\n<p><strong><mark style=\"background-color:rgba(0, 0, 0, 0)\" class=\"has-inline-color has-lekarska-f-color\"> J\u00daN 2024<\/mark><\/strong><\/p>\n\n\n\n<figure class=\"wp-block-table is-style-stripes\"><table><tbody><tr><td colspan=\"3\"><strong>40. konferencia Kliniky det\u00ed a dorastu UPJ\u0160 LF a DFN, XVI. D\u00e9mantov de\u0148<\/strong><\/td><\/tr><tr><td>Term\u00edn konania:<\/td><td>06. j\u00fana 2024<\/td><\/tr><tr><td>Miesto konania:<\/td><td>Hotel Yasmin Ko\u0161ice<\/td><\/tr><tr><td>Organizuj\u00face subjekty:<\/td><td>Progress CA, s.r.o.<br>Klinika det\u00ed a dorastu UPJ\u0160 LF a DFN <mark style=\"background-color:rgba(0, 0, 0, 0)\" class=\"has-inline-color has-biela-color\">&#8230;&#8230;&#8230;&#8230;&#8230;&#8230;&#8230;&#8230;&#8230;&#8230;&#8230;&#8230;&#8230;&#8230;&#8230;&#8230;&#8230;&#8230;&#8230;&#8230;&#8230;&#8230;&#8230;&#8230;&#8230;..<br><\/mark><\/td><\/tr><tr><td>Koordin\u00e1tori:<\/td><td>Doc. MUDr. Veronika Vargov\u00e1, PhD.<br>Prof. MUDr. L\u00e1szl\u00f3 Barkai, DSc.<br>Doc. MUDr. Milan Kuchta, CSc.<br>MUDr. Juliana Ferenczov\u00e1, PhD.<br>MUDr. Gabriel Ko\u013evek, PhD.<br>MUDr. R\u00f3bert Ostr\u00f3<br>MUDr. Miroslava Petr\u00e1\u0161ov\u00e1, PhD.<br>MUDr. Krist\u00edna Kubejov\u00e1, PhD.<br>Mgr. Jana Hanze\u013eov\u00e1<\/td><\/tr><tr><td>Pozn\u00e1mka:<\/td><td><a href=\"https:\/\/www.upjs.sk\/app\/uploads\/sites\/9\/2024\/05\/RUSKOVOBEZITA-new.pdf\" class=\"ek-link\"><\/a><a href=\"https:\/\/www.upjs.sk\/app\/uploads\/sites\/9\/2024\/04\/Pediatria-Kosice-2024-1-info-1.pdf\" class=\"ek-link\">Inform\u00e1cia o podujat\u00ed, Program<\/a><\/td><\/tr><\/tbody><\/table><\/figure>\n\n\n\n<figure class=\"wp-block-table is-style-stripes\"><table><tbody><tr><td colspan=\"3\"><strong>Medzin\u00e1rodn\u00fd de\u0148 klinick\u00fdch sk\u00fa\u0161an\u00ed 2024 na Lek\u00e1rskej fakulte UPJ\u0160 v Ko\u0161iciach<\/strong><\/td><\/tr><tr><td>Term\u00edn konania:<\/td><td>04. j\u00fana 2024<\/td><\/tr><tr><td>Miesto konania:<\/td><td>Univerzita Pavla Jozefa \u0160af\u00e1rika v Ko\u0161iciach, Lek\u00e1rska fakulta<mark style=\"background-color:rgba(0, 0, 0, 0)\" class=\"has-inline-color has-biela-color\"> &#8230;&#8230;  &#8230;&#8230;&#8230;&#8230;&#8230;&#8230;&#8230;&#8230;&#8230;&#8230;&#8230;&#8230;&#8230;<\/mark><\/td><\/tr><tr><td>Organizuj\u00face subjekty:<\/td><td>SLOVACRIN<br>Lek\u00e1rska fakulta&nbsp;Univerzity Pavla Jozefa \u0160af\u00e1rika v Ko\u0161iciach<\/td><\/tr><tr><td>Koordin\u00e1tor:<\/td><td>UPJ\u0160 LF<\/td><\/tr><tr><td>Pozn\u00e1mka:<\/td><td><a href=\"https:\/\/www.upjs.sk\/app\/uploads\/sites\/9\/2024\/05\/RUSKOVOBEZITA-new.pdf\" class=\"ek-link\"><\/a><a href=\"https:\/\/www.upjs.sk\/app\/uploads\/sites\/9\/2024\/05\/Medzinarodny-den-klinickych-skusani-2024.pdf\" class=\"ek-link\">Inform\u00e1cia o podujat\u00ed, Program<\/a><\/td><\/tr><\/tbody><\/table><\/figure>\n\n\n\n<p><strong><mark style=\"background-color:rgba(0, 0, 0, 0)\" class=\"has-inline-color has-lekarska-f-color\"> J\u00daL 2024<\/mark><\/strong><\/p>\n\n\n\n<figure class=\"wp-block-table is-style-stripes\"><table><tbody><tr><td colspan=\"3\"><strong>14. ro\u010dn\u00edk Univerzity bez hran\u00edc<\/strong><\/td><\/tr><tr><td>Term\u00edn konania:<\/td><td>08.07.2024 \u2013 12.07.2024<\/td><\/tr><tr><td>Miesto konania:<\/td><td>UPJ\u0160<\/td><\/tr><tr><td>Organizuj\u00face subjekty:<\/td><td>UPJ\u0160 <mark style=\"background-color:rgba(0, 0, 0, 0)\" class=\"has-inline-color has-biela-color\">&#8230;&#8230;&#8230;&#8230;&#8230;&#8230;&#8230;&#8230;&#8230;&#8230;&#8230;&#8230;&#8230;&#8230;&#8230;&#8230;&#8230;&#8230;&#8230;&#8230;&#8230;&#8230;&#8230;&#8230;&#8230;&#8230;&#8230;&#8230;&#8230;&#8230;&#8230;&#8230;&#8230;&#8230;&#8230;&#8230;&#8230;&#8230;&#8230;&#8230;&#8230;&#8230;&#8230;&#8230;&#8230;&#8230;.<br><\/mark><\/td><\/tr><tr><td>Koordin\u00e1tori:<\/td><td>Mgr. Lucia Kater\u017eabekov\u00e1<\/td><\/tr><tr><td>Pozn\u00e1mka:<\/td><td><a href=\"https:\/\/www.upjs.sk\/app\/uploads\/sites\/9\/2024\/05\/RUSKOVOBEZITA-new.pdf\" class=\"ek-link\"><\/a><a href=\"https:\/\/www.upjs.sk\/app\/uploads\/2024\/07\/program-UBH-2024-1.pdf\" class=\"ek-link\">Inform\u00e1cia o podujat\u00ed, Program<\/a><\/td><\/tr><\/tbody><\/table><\/figure>\n","protected":false},"excerpt":{"rendered":"<p>APR\u00cdL 2024 XXIII. STOMATOLOGICK\u00c9 DNI KO\u0160ICE Term\u00edn konania: 3. &#8211; 4. apr\u00edla 2024 Miesto konania: UPJ\u0160 LF v KO\u0160ICIACH Organizuj\u00face subjekty: UPJ\u0160 LEK\u00c1RSKA FAKULTA V KO\u0160ICIACHUNIVERZITN\u00c1 NEMOCNICA L. PASTEURA V KO\u0160ICIACH SLOVENSK\u00c1 STOMATOLOGICK\u00c1 SPOLO\u010cNOS\u0164 V BRATISLAVEKLINIKA STOMATOL\u00d3GIE A MAXILOFACI\u00c1LNEJ CHIRURGIE UPJ\u0160 LF V KO\u0160ICIACH &#8230;&#8230;&#8230;&#8230;&#8230;&#8230;&#8230;..I. STOMATOLOGICK\u00c1 KLINIKA UPJ\u0160 LF V KO\u0160ICIACH KSaMFCH LF UPJ\u0160 A &hellip; <a href=\"https:\/\/www.upjs.sk\/lekarska-fakulta\/fakulta\/konferencie-a-podujatia\/podujatia-2024\/\">\u010c\u00edta\u0165 \u010falej<\/a><\/p>\n","protected":false},"author":75,"featured_media":0,"parent":14171,"menu_order":2,"comment_status":"closed","ping_status":"closed","template":"","meta":{"_acf_changed":false,"_editorskit_title_hidden":false,"_editorskit_reading_time":0,"_editorskit_is_block_options_detached":false,"_editorskit_block_options_position":"{}","footnotes":""},"categories":[],"tags":[],"class_list":["post-112462","page","type-page","status-publish","hentry"],"acf":{"acf_link_na_externy_obsah":""},"yoast_head":"<!-- This site is optimized with the Yoast SEO plugin v27.4 - https:\/\/yoast.com\/product\/yoast-seo-wordpress\/ -->\n<title>Podujatia v roku 2024 - Lek\u00e1rska fakulta | UPJ\u0160<\/title>\n<meta name=\"robots\" content=\"index, follow, max-snippet:-1, max-image-preview:large, max-video-preview:-1\" \/>\n<link rel=\"canonical\" href=\"https:\/\/www.upjs.sk\/lekarska-fakulta\/fakulta\/konferencie-a-podujatia\/podujatia-2024\/\" \/>\n<meta property=\"og:locale\" content=\"sk_SK\" \/>\n<meta property=\"og:type\" content=\"article\" \/>\n<meta property=\"og:title\" content=\"Podujatia v roku 2024 - Lek\u00e1rska fakulta | UPJ\u0160\" \/>\n<meta property=\"og:description\" content=\"APR\u00cdL 2024 XXIII. STOMATOLOGICK\u00c9 DNI KO\u0160ICE Term\u00edn konania: 3. &#8211; 4. apr\u00edla 2024 Miesto konania: UPJ\u0160 LF v KO\u0160ICIACH Organizuj\u00face subjekty: UPJ\u0160 LEK\u00c1RSKA FAKULTA V KO\u0160ICIACHUNIVERZITN\u00c1 NEMOCNICA L. PASTEURA V KO\u0160ICIACH SLOVENSK\u00c1 STOMATOLOGICK\u00c1 SPOLO\u010cNOS\u0164 V BRATISLAVEKLINIKA STOMATOL\u00d3GIE A MAXILOFACI\u00c1LNEJ CHIRURGIE UPJ\u0160 LF V KO\u0160ICIACH &#8230;&#8230;&#8230;&#8230;&#8230;&#8230;&#8230;..I. STOMATOLOGICK\u00c1 KLINIKA UPJ\u0160 LF V KO\u0160ICIACH KSaMFCH LF UPJ\u0160 A &hellip; \u010c\u00edta\u0165 \u010falej\" \/>\n<meta property=\"og:url\" content=\"https:\/\/www.upjs.sk\/lekarska-fakulta\/fakulta\/konferencie-a-podujatia\/podujatia-2024\/\" \/>\n<meta property=\"og:site_name\" content=\"Lek\u00e1rska fakulta | UPJ\u0160\" \/>\n<meta property=\"article:modified_time\" content=\"2024-07-11T10:37:17+00:00\" \/>\n<meta name=\"twitter:card\" content=\"summary_large_image\" \/>\n<meta name=\"twitter:label1\" content=\"Predpokladan\u00fd \u010das \u010d\u00edtania\" \/>\n\t<meta name=\"twitter:data1\" content=\"2 min\u00faty\" \/>\n<script type=\"application\/ld+json\" class=\"yoast-schema-graph\">{\"@context\":\"https:\\\/\\\/schema.org\",\"@graph\":[{\"@type\":\"WebPage\",\"@id\":\"https:\\\/\\\/www.upjs.sk\\\/lekarska-fakulta\\\/fakulta\\\/konferencie-a-podujatia\\\/podujatia-2024\\\/\",\"url\":\"https:\\\/\\\/www.upjs.sk\\\/lekarska-fakulta\\\/fakulta\\\/konferencie-a-podujatia\\\/podujatia-2024\\\/\",\"name\":\"Podujatia v roku 2024 - Lek\u00e1rska fakulta | UPJ\u0160\",\"isPartOf\":{\"@id\":\"https:\\\/\\\/www.upjs.sk\\\/lekarska-fakulta\\\/#website\"},\"datePublished\":\"2024-05-03T08:32:19+00:00\",\"dateModified\":\"2024-07-11T10:37:17+00:00\",\"breadcrumb\":{\"@id\":\"https:\\\/\\\/www.upjs.sk\\\/lekarska-fakulta\\\/fakulta\\\/konferencie-a-podujatia\\\/podujatia-2024\\\/#breadcrumb\"},\"inLanguage\":\"sk-SK\",\"potentialAction\":[{\"@type\":\"ReadAction\",\"target\":[\"https:\\\/\\\/www.upjs.sk\\\/lekarska-fakulta\\\/fakulta\\\/konferencie-a-podujatia\\\/podujatia-2024\\\/\"]}]},{\"@type\":\"BreadcrumbList\",\"@id\":\"https:\\\/\\\/www.upjs.sk\\\/lekarska-fakulta\\\/fakulta\\\/konferencie-a-podujatia\\\/podujatia-2024\\\/#breadcrumb\",\"itemListElement\":[{\"@type\":\"ListItem\",\"position\":1,\"name\":\"Home\",\"item\":\"https:\\\/\\\/www.upjs.sk\\\/lekarska-fakulta\\\/\"},{\"@type\":\"ListItem\",\"position\":2,\"name\":\"O fakulte\",\"item\":\"https:\\\/\\\/www.upjs.sk\\\/lekarska-fakulta\\\/fakulta\\\/\"},{\"@type\":\"ListItem\",\"position\":3,\"name\":\"Konferencie a podujatia\",\"item\":\"https:\\\/\\\/www.upjs.sk\\\/lekarska-fakulta\\\/fakulta\\\/konferencie-a-podujatia\\\/\"},{\"@type\":\"ListItem\",\"position\":4,\"name\":\"Podujatia v roku 2024\"}]},{\"@type\":\"WebSite\",\"@id\":\"https:\\\/\\\/www.upjs.sk\\\/lekarska-fakulta\\\/#website\",\"url\":\"https:\\\/\\\/www.upjs.sk\\\/lekarska-fakulta\\\/\",\"name\":\"Lek\u00e1rska fakulta | UPJ\u0160\",\"description\":\"\",\"publisher\":{\"@id\":\"https:\\\/\\\/www.upjs.sk\\\/lekarska-fakulta\\\/#organization\"},\"potentialAction\":[{\"@type\":\"SearchAction\",\"target\":{\"@type\":\"EntryPoint\",\"urlTemplate\":\"https:\\\/\\\/www.upjs.sk\\\/lekarska-fakulta\\\/?s={search_term_string}\"},\"query-input\":{\"@type\":\"PropertyValueSpecification\",\"valueRequired\":true,\"valueName\":\"search_term_string\"}}],\"inLanguage\":\"sk-SK\"},{\"@type\":\"Organization\",\"@id\":\"https:\\\/\\\/www.upjs.sk\\\/lekarska-fakulta\\\/#organization\",\"name\":\"Lek\u00e1rska fakulta | UPJ\u0160\",\"url\":\"https:\\\/\\\/www.upjs.sk\\\/lekarska-fakulta\\\/\",\"logo\":{\"@type\":\"ImageObject\",\"inLanguage\":\"sk-SK\",\"@id\":\"https:\\\/\\\/www.upjs.sk\\\/lekarska-fakulta\\\/#\\\/schema\\\/logo\\\/image\\\/\",\"url\":\"https:\\\/\\\/www.upjs.sk\\\/app\\\/uploads\\\/sites\\\/9\\\/2022\\\/09\\\/logo-lekarska-fakulta.png\",\"contentUrl\":\"https:\\\/\\\/www.upjs.sk\\\/app\\\/uploads\\\/sites\\\/9\\\/2022\\\/09\\\/logo-lekarska-fakulta.png\",\"width\":415,\"height\":87,\"caption\":\"Lek\u00e1rska fakulta | UPJ\u0160\"},\"image\":{\"@id\":\"https:\\\/\\\/www.upjs.sk\\\/lekarska-fakulta\\\/#\\\/schema\\\/logo\\\/image\\\/\"}}]}<\/script>\n<!-- \/ Yoast SEO plugin. -->","yoast_head_json":{"title":"Podujatia v roku 2024 - Lek\u00e1rska fakulta | UPJ\u0160","robots":{"index":"index","follow":"follow","max-snippet":"max-snippet:-1","max-image-preview":"max-image-preview:large","max-video-preview":"max-video-preview:-1"},"canonical":"https:\/\/www.upjs.sk\/lekarska-fakulta\/fakulta\/konferencie-a-podujatia\/podujatia-2024\/","og_locale":"sk_SK","og_type":"article","og_title":"Podujatia v roku 2024 - Lek\u00e1rska fakulta | UPJ\u0160","og_description":"APR\u00cdL 2024 XXIII. STOMATOLOGICK\u00c9 DNI KO\u0160ICE Term\u00edn konania: 3. &#8211; 4. apr\u00edla 2024 Miesto konania: UPJ\u0160 LF v KO\u0160ICIACH Organizuj\u00face subjekty: UPJ\u0160 LEK\u00c1RSKA FAKULTA V KO\u0160ICIACHUNIVERZITN\u00c1 NEMOCNICA L. PASTEURA V KO\u0160ICIACH SLOVENSK\u00c1 STOMATOLOGICK\u00c1 SPOLO\u010cNOS\u0164 V BRATISLAVEKLINIKA STOMATOL\u00d3GIE A MAXILOFACI\u00c1LNEJ CHIRURGIE UPJ\u0160 LF V KO\u0160ICIACH &#8230;&#8230;&#8230;&#8230;&#8230;&#8230;&#8230;..I. STOMATOLOGICK\u00c1 KLINIKA UPJ\u0160 LF V KO\u0160ICIACH KSaMFCH LF UPJ\u0160 A &hellip; \u010c\u00edta\u0165 \u010falej","og_url":"https:\/\/www.upjs.sk\/lekarska-fakulta\/fakulta\/konferencie-a-podujatia\/podujatia-2024\/","og_site_name":"Lek\u00e1rska fakulta | UPJ\u0160","article_modified_time":"2024-07-11T10:37:17+00:00","twitter_card":"summary_large_image","twitter_misc":{"Predpokladan\u00fd \u010das \u010d\u00edtania":"2 min\u00faty"},"schema":{"@context":"https:\/\/schema.org","@graph":[{"@type":"WebPage","@id":"https:\/\/www.upjs.sk\/lekarska-fakulta\/fakulta\/konferencie-a-podujatia\/podujatia-2024\/","url":"https:\/\/www.upjs.sk\/lekarska-fakulta\/fakulta\/konferencie-a-podujatia\/podujatia-2024\/","name":"Podujatia v roku 2024 - Lek\u00e1rska fakulta | UPJ\u0160","isPartOf":{"@id":"https:\/\/www.upjs.sk\/lekarska-fakulta\/#website"},"datePublished":"2024-05-03T08:32:19+00:00","dateModified":"2024-07-11T10:37:17+00:00","breadcrumb":{"@id":"https:\/\/www.upjs.sk\/lekarska-fakulta\/fakulta\/konferencie-a-podujatia\/podujatia-2024\/#breadcrumb"},"inLanguage":"sk-SK","potentialAction":[{"@type":"ReadAction","target":["https:\/\/www.upjs.sk\/lekarska-fakulta\/fakulta\/konferencie-a-podujatia\/podujatia-2024\/"]}]},{"@type":"BreadcrumbList","@id":"https:\/\/www.upjs.sk\/lekarska-fakulta\/fakulta\/konferencie-a-podujatia\/podujatia-2024\/#breadcrumb","itemListElement":[{"@type":"ListItem","position":1,"name":"Home","item":"https:\/\/www.upjs.sk\/lekarska-fakulta\/"},{"@type":"ListItem","position":2,"name":"O fakulte","item":"https:\/\/www.upjs.sk\/lekarska-fakulta\/fakulta\/"},{"@type":"ListItem","position":3,"name":"Konferencie a podujatia","item":"https:\/\/www.upjs.sk\/lekarska-fakulta\/fakulta\/konferencie-a-podujatia\/"},{"@type":"ListItem","position":4,"name":"Podujatia v roku 2024"}]},{"@type":"WebSite","@id":"https:\/\/www.upjs.sk\/lekarska-fakulta\/#website","url":"https:\/\/www.upjs.sk\/lekarska-fakulta\/","name":"Lek\u00e1rska fakulta | UPJ\u0160","description":"","publisher":{"@id":"https:\/\/www.upjs.sk\/lekarska-fakulta\/#organization"},"potentialAction":[{"@type":"SearchAction","target":{"@type":"EntryPoint","urlTemplate":"https:\/\/www.upjs.sk\/lekarska-fakulta\/?s={search_term_string}"},"query-input":{"@type":"PropertyValueSpecification","valueRequired":true,"valueName":"search_term_string"}}],"inLanguage":"sk-SK"},{"@type":"Organization","@id":"https:\/\/www.upjs.sk\/lekarska-fakulta\/#organization","name":"Lek\u00e1rska fakulta | UPJ\u0160","url":"https:\/\/www.upjs.sk\/lekarska-fakulta\/","logo":{"@type":"ImageObject","inLanguage":"sk-SK","@id":"https:\/\/www.upjs.sk\/lekarska-fakulta\/#\/schema\/logo\/image\/","url":"https:\/\/www.upjs.sk\/app\/uploads\/sites\/9\/2022\/09\/logo-lekarska-fakulta.png","contentUrl":"https:\/\/www.upjs.sk\/app\/uploads\/sites\/9\/2022\/09\/logo-lekarska-fakulta.png","width":415,"height":87,"caption":"Lek\u00e1rska fakulta | UPJ\u0160"},"image":{"@id":"https:\/\/www.upjs.sk\/lekarska-fakulta\/#\/schema\/logo\/image\/"}}]}},"_links":{"self":[{"href":"https:\/\/www.upjs.sk\/lekarska-fakulta\/wp-json\/wp\/v2\/pages\/112462","targetHints":{"allow":["GET"]}}],"collection":[{"href":"https:\/\/www.upjs.sk\/lekarska-fakulta\/wp-json\/wp\/v2\/pages"}],"about":[{"href":"https:\/\/www.upjs.sk\/lekarska-fakulta\/wp-json\/wp\/v2\/types\/page"}],"author":[{"embeddable":true,"href":"https:\/\/www.upjs.sk\/lekarska-fakulta\/wp-json\/wp\/v2\/users\/75"}],"replies":[{"embeddable":true,"href":"https:\/\/www.upjs.sk\/lekarska-fakulta\/wp-json\/wp\/v2\/comments?post=112462"}],"version-history":[{"count":20,"href":"https:\/\/www.upjs.sk\/lekarska-fakulta\/wp-json\/wp\/v2\/pages\/112462\/revisions"}],"predecessor-version":[{"id":115705,"href":"https:\/\/www.upjs.sk\/lekarska-fakulta\/wp-json\/wp\/v2\/pages\/112462\/revisions\/115705"}],"up":[{"embeddable":true,"href":"https:\/\/www.upjs.sk\/lekarska-fakulta\/wp-json\/wp\/v2\/pages\/14171"}],"wp:attachment":[{"href":"https:\/\/www.upjs.sk\/lekarska-fakulta\/wp-json\/wp\/v2\/media?parent=112462"}],"wp:term":[{"taxonomy":"category","embeddable":true,"href":"https:\/\/www.upjs.sk\/lekarska-fakulta\/wp-json\/wp\/v2\/categories?post=112462"},{"taxonomy":"post_tag","embeddable":true,"href":"https:\/\/www.upjs.sk\/lekarska-fakulta\/wp-json\/wp\/v2\/tags?post=112462"}],"curies":[{"name":"wp","href":"https:\/\/api.w.org\/{rel}","templated":true}]}}