{"id":13108,"date":"2023-02-02T10:35:33","date_gmt":"2023-02-02T09:35:58","guid":{"rendered":"https:\/\/www.upjs.sk\/lekarska-fakulta\/root\/informacie-pre-zamestnancov\/evidencia-vyucby\/"},"modified":"2025-04-30T11:19:25","modified_gmt":"2025-04-30T10:19:25","slug":"evidencia-vyucby","status":"publish","type":"page","link":"https:\/\/www.upjs.sk\/lekarska-fakulta\/informacie-pre-zamestnancov\/evidencia-vyucby\/","title":{"rendered":"Evidencia v\u00fdu\u010dby a hodnotenie VV \u010dinnosti"},"content":{"rendered":"\n<ul class=\"wp-block-list\">\n<li><a href=\"https:\/\/forms.office.com\/Pages\/ResponsePage.aspx?id=8oy29VsDjUKH9vc4QWEwbSpsSSiQbeBFuzMFz5uhipBUNkw3R0k3UFJNOVlXT1hMUDlUQUNHQ1FYNC4u\">Formul\u00e1r evidencie zmien vo v\u00fdu\u010dbe<\/a><br>&#8211; oznamovanie zmien vo v\u00fdu\u010dbe, napr. zmena vyu\u010duj\u00faceho, d\u00e1tumu a&nbsp;\u010dasu v\u00fdu\u010dby, spojenie skup\u00edn a&nbsp;pod.<br><mark style=\"background-color:rgba(0, 0, 0, 0);color:#a0a0a0\" class=\"has-inline-color\">(vy\u017eaduje sa prihl\u00e1senie e-mailov\u00fdm \u00fa\u010dtom UPJ\u0160) <\/mark><mark style=\"background-color:rgba(0, 0, 0, 0)\" class=\"has-inline-color has-zakladna-siva-color\">&nbsp;<\/mark><\/li>\n\n\n\n<li>Pr\u00edstupov\u00fd syst\u00e9m <a aria-label=\"PSAula (opens in a new tab)\" href=\"https:\/\/it.upjs.sk\/\" target=\"_blank\" rel=\"noreferrer noopener\" class=\"ek-link\">PSAula<\/a> &#8211; Evidencia pohybu v posluch\u00e1r\u0148ach UPJ\u0160 LF<br>&#8211; mo\u017enos\u0165 pre \u0161tudentov skontrolova\u0165 si svoj zoznam pr\u00edstupov (registrovan\u00e9 pr\u00edchody a odchody z posluch\u00e1rn\u00ed)<\/li>\n<\/ul>\n\n\n\n<div style=\"height:20px\" aria-hidden=\"true\" class=\"wp-block-spacer\"><\/div>\n\n\n\n<p><strong>Formul\u00e1re nahlasovania \u00fa\u010dasti na odborn\u00fdch a vedeck\u00fdch podujatiach <\/strong><\/p>\n\n\n\n<ul class=\"wp-block-list\">\n<li><a href=\"https:\/\/forms.office.com\/Pages\/ResponsePage.aspx?id=8oy29VsDjUKH9vc4QWEwbToIP7s9_7VDpHaBb-7y7JJURUU0OFlaSEU1VFY0S1FHNUozM1QxWVBSRS4u\" target=\"_blank\" rel=\"noreferrer noopener\">Nekonferen\u010dn\u00e9 pozvan\u00e9\/vy\u017eiadan\u00e9 predn\u00e1\u0161ky zamestnancov fakulty na v\u00fdznamn\u00fdch zahrani\u010dn\u00fdch univerzit\u00e1ch a\u00a0akademick\u00fdch ustanovizniach dolo\u017een\u00e9 pozvan\u00edm<\/a><br>&#8211; pozv\u00e1nku pre potreby vn\u00fatorn\u00e9ho syst\u00e9mu kvality a pre kvalifika\u010dn\u00e9 postupy zamestnancov posla\u0165 na: <strong><strong><a href=\"mailto:renata.kocisova@upjs.sk\">renata.kocisova@upjs.sk<\/a> <\/strong><\/strong><\/li>\n\n\n\n<li><a href=\"https:\/\/forms.office.com\/e\/ppMB6FjdnG\" target=\"_blank\" rel=\"noreferrer noopener\">Plen\u00e1rne pozvan\u00e9\/vy\u017eiadan\u00e9 predn\u00e1\u0161ky zamestnancov fakulty na v\u00fdznamn\u00fdch konferenci\u00e1ch dolo\u017een\u00e9 pozvan\u00edm<\/a><br>&#8211; pozv\u00e1nku pre potreby vn\u00fatorn\u00e9ho syst\u00e9mu kvality a pre kvalifika\u010dn\u00e9 postupy zamestnancov posla\u0165 na: <strong><a href=\"mailto:renata.kocisova@upjs.sk\">renata.kocisova@upjs.sk<\/a> <\/strong><\/li>\n<\/ul>\n\n\n\n<p><\/p>\n\n\n\n<p><strong>Vykazovanie pedagogickej \u010dinnosti<\/strong><\/p>\n\n\n\n<ul class=\"wp-block-list\">\n<li>In\u0161trukcie k vykazovaniu pedagogick\u00fdch aktiv\u00edt<\/li>\n\n\n\n<li>V\u00fdkaz pedagogick\u00fdch aktiv\u00edt (Formul\u00e1r 1)<\/li>\n\n\n\n<li>Potvrdenie prednostu (Formul\u00e1r 2) &nbsp;<\/li>\n<\/ul>\n\n\n\n<div style=\"height:20px\" aria-hidden=\"true\" class=\"wp-block-spacer\"><\/div>\n\n\n\n<p><strong>Vykazovanie VV \u010dinnosti<\/strong><\/p>\n\n\n\n<ul class=\"wp-block-list\">\n<li>Metodika bodovacieho syst\u00e9mu<\/li>\n\n\n\n<li><a href=\"podklady-k-osobnemu-hodnoteniu-zamestnancov\/\" class=\"ek-link\">Podklady k osobn\u00e9mu hodnoteniu vedeckov\u00fdskumnej \u010dinnosti zamestnancov<\/a><\/li>\n<\/ul>\n","protected":false},"excerpt":{"rendered":"<p>Formul\u00e1re nahlasovania \u00fa\u010dasti na odborn\u00fdch a vedeck\u00fdch podujatiach Vykazovanie pedagogickej \u010dinnosti Vykazovanie VV \u010dinnosti<\/p>\n","protected":false},"author":1,"featured_media":0,"parent":13078,"menu_order":1,"comment_status":"closed","ping_status":"closed","template":"","meta":{"_acf_changed":false,"_editorskit_title_hidden":false,"_editorskit_reading_time":1,"_editorskit_is_block_options_detached":false,"_editorskit_block_options_position":"{}","footnotes":""},"categories":[],"tags":[],"class_list":["post-13108","page","type-page","status-publish","hentry"],"acf":{"acf_link_na_externy_obsah":""},"yoast_head":"<!-- This site is optimized with the Yoast SEO plugin v27.2 - https:\/\/yoast.com\/product\/yoast-seo-wordpress\/ -->\n<title>Evidencia v\u00fdu\u010dby a hodnotenie VV \u010dinnosti - Lek\u00e1rska fakulta | UPJ\u0160<\/title>\n<meta name=\"robots\" content=\"index, follow, max-snippet:-1, max-image-preview:large, max-video-preview:-1\" \/>\n<link rel=\"canonical\" href=\"https:\/\/www.upjs.sk\/lekarska-fakulta\/informacie-pre-zamestnancov\/evidencia-vyucby\/\" \/>\n<meta property=\"og:locale\" content=\"sk_SK\" \/>\n<meta property=\"og:type\" content=\"article\" \/>\n<meta property=\"og:title\" content=\"Evidencia v\u00fdu\u010dby a hodnotenie VV \u010dinnosti - Lek\u00e1rska fakulta | UPJ\u0160\" \/>\n<meta property=\"og:description\" content=\"Formul\u00e1re nahlasovania \u00fa\u010dasti na odborn\u00fdch a vedeck\u00fdch podujatiach Vykazovanie pedagogickej \u010dinnosti Vykazovanie VV \u010dinnosti\" \/>\n<meta property=\"og:url\" content=\"https:\/\/www.upjs.sk\/lekarska-fakulta\/informacie-pre-zamestnancov\/evidencia-vyucby\/\" \/>\n<meta property=\"og:site_name\" content=\"Lek\u00e1rska fakulta | UPJ\u0160\" \/>\n<meta property=\"article:modified_time\" content=\"2025-04-30T10:19:25+00:00\" \/>\n<meta name=\"twitter:card\" content=\"summary_large_image\" \/>\n<meta name=\"twitter:label1\" content=\"Predpokladan\u00fd \u010das \u010d\u00edtania\" \/>\n\t<meta name=\"twitter:data1\" content=\"1 min\u00fata\" \/>\n<script type=\"application\/ld+json\" class=\"yoast-schema-graph\">{\"@context\":\"https:\/\/schema.org\",\"@graph\":[{\"@type\":\"WebPage\",\"@id\":\"https:\/\/www.upjs.sk\/lekarska-fakulta\/informacie-pre-zamestnancov\/evidencia-vyucby\/\",\"url\":\"https:\/\/www.upjs.sk\/lekarska-fakulta\/informacie-pre-zamestnancov\/evidencia-vyucby\/\",\"name\":\"Evidencia v\u00fdu\u010dby a hodnotenie VV \u010dinnosti - Lek\u00e1rska fakulta | UPJ\u0160\",\"isPartOf\":{\"@id\":\"https:\/\/www.upjs.sk\/lekarska-fakulta\/#website\"},\"datePublished\":\"2023-02-02T09:35:58+00:00\",\"dateModified\":\"2025-04-30T10:19:25+00:00\",\"breadcrumb\":{\"@id\":\"https:\/\/www.upjs.sk\/lekarska-fakulta\/informacie-pre-zamestnancov\/evidencia-vyucby\/#breadcrumb\"},\"inLanguage\":\"sk-SK\",\"potentialAction\":[{\"@type\":\"ReadAction\",\"target\":[\"https:\/\/www.upjs.sk\/lekarska-fakulta\/informacie-pre-zamestnancov\/evidencia-vyucby\/\"]}]},{\"@type\":\"BreadcrumbList\",\"@id\":\"https:\/\/www.upjs.sk\/lekarska-fakulta\/informacie-pre-zamestnancov\/evidencia-vyucby\/#breadcrumb\",\"itemListElement\":[{\"@type\":\"ListItem\",\"position\":1,\"name\":\"Home\",\"item\":\"https:\/\/www.upjs.sk\/lekarska-fakulta\/\"},{\"@type\":\"ListItem\",\"position\":2,\"name\":\"Inform\u00e1cie pre zamestnancov\",\"item\":\"https:\/\/www.upjs.sk\/lekarska-fakulta\/informacie-pre-zamestnancov\/\"},{\"@type\":\"ListItem\",\"position\":3,\"name\":\"Evidencia v\u00fdu\u010dby a hodnotenie VV \u010dinnosti\"}]},{\"@type\":\"WebSite\",\"@id\":\"https:\/\/www.upjs.sk\/lekarska-fakulta\/#website\",\"url\":\"https:\/\/www.upjs.sk\/lekarska-fakulta\/\",\"name\":\"Lek\u00e1rska fakulta | UPJ\u0160\",\"description\":\"\",\"publisher\":{\"@id\":\"https:\/\/www.upjs.sk\/lekarska-fakulta\/#organization\"},\"potentialAction\":[{\"@type\":\"SearchAction\",\"target\":{\"@type\":\"EntryPoint\",\"urlTemplate\":\"https:\/\/www.upjs.sk\/lekarska-fakulta\/?s={search_term_string}\"},\"query-input\":{\"@type\":\"PropertyValueSpecification\",\"valueRequired\":true,\"valueName\":\"search_term_string\"}}],\"inLanguage\":\"sk-SK\"},{\"@type\":\"Organization\",\"@id\":\"https:\/\/www.upjs.sk\/lekarska-fakulta\/#organization\",\"name\":\"Lek\u00e1rska fakulta | UPJ\u0160\",\"url\":\"https:\/\/www.upjs.sk\/lekarska-fakulta\/\",\"logo\":{\"@type\":\"ImageObject\",\"inLanguage\":\"sk-SK\",\"@id\":\"https:\/\/www.upjs.sk\/lekarska-fakulta\/#\/schema\/logo\/image\/\",\"url\":\"https:\/\/www.upjs.sk\/app\/uploads\/sites\/9\/2022\/09\/logo-lekarska-fakulta.png\",\"contentUrl\":\"https:\/\/www.upjs.sk\/app\/uploads\/sites\/9\/2022\/09\/logo-lekarska-fakulta.png\",\"width\":415,\"height\":87,\"caption\":\"Lek\u00e1rska fakulta | UPJ\u0160\"},\"image\":{\"@id\":\"https:\/\/www.upjs.sk\/lekarska-fakulta\/#\/schema\/logo\/image\/\"}}]}<\/script>\n<!-- \/ Yoast SEO plugin. -->","yoast_head_json":{"title":"Evidencia v\u00fdu\u010dby a hodnotenie VV \u010dinnosti - Lek\u00e1rska fakulta | UPJ\u0160","robots":{"index":"index","follow":"follow","max-snippet":"max-snippet:-1","max-image-preview":"max-image-preview:large","max-video-preview":"max-video-preview:-1"},"canonical":"https:\/\/www.upjs.sk\/lekarska-fakulta\/informacie-pre-zamestnancov\/evidencia-vyucby\/","og_locale":"sk_SK","og_type":"article","og_title":"Evidencia v\u00fdu\u010dby a hodnotenie VV \u010dinnosti - Lek\u00e1rska fakulta | UPJ\u0160","og_description":"Formul\u00e1re nahlasovania \u00fa\u010dasti na odborn\u00fdch a vedeck\u00fdch podujatiach Vykazovanie pedagogickej \u010dinnosti Vykazovanie VV \u010dinnosti","og_url":"https:\/\/www.upjs.sk\/lekarska-fakulta\/informacie-pre-zamestnancov\/evidencia-vyucby\/","og_site_name":"Lek\u00e1rska fakulta | UPJ\u0160","article_modified_time":"2025-04-30T10:19:25+00:00","twitter_card":"summary_large_image","twitter_misc":{"Predpokladan\u00fd \u010das \u010d\u00edtania":"1 min\u00fata"},"schema":{"@context":"https:\/\/schema.org","@graph":[{"@type":"WebPage","@id":"https:\/\/www.upjs.sk\/lekarska-fakulta\/informacie-pre-zamestnancov\/evidencia-vyucby\/","url":"https:\/\/www.upjs.sk\/lekarska-fakulta\/informacie-pre-zamestnancov\/evidencia-vyucby\/","name":"Evidencia v\u00fdu\u010dby a hodnotenie VV \u010dinnosti - Lek\u00e1rska fakulta | UPJ\u0160","isPartOf":{"@id":"https:\/\/www.upjs.sk\/lekarska-fakulta\/#website"},"datePublished":"2023-02-02T09:35:58+00:00","dateModified":"2025-04-30T10:19:25+00:00","breadcrumb":{"@id":"https:\/\/www.upjs.sk\/lekarska-fakulta\/informacie-pre-zamestnancov\/evidencia-vyucby\/#breadcrumb"},"inLanguage":"sk-SK","potentialAction":[{"@type":"ReadAction","target":["https:\/\/www.upjs.sk\/lekarska-fakulta\/informacie-pre-zamestnancov\/evidencia-vyucby\/"]}]},{"@type":"BreadcrumbList","@id":"https:\/\/www.upjs.sk\/lekarska-fakulta\/informacie-pre-zamestnancov\/evidencia-vyucby\/#breadcrumb","itemListElement":[{"@type":"ListItem","position":1,"name":"Home","item":"https:\/\/www.upjs.sk\/lekarska-fakulta\/"},{"@type":"ListItem","position":2,"name":"Inform\u00e1cie pre zamestnancov","item":"https:\/\/www.upjs.sk\/lekarska-fakulta\/informacie-pre-zamestnancov\/"},{"@type":"ListItem","position":3,"name":"Evidencia v\u00fdu\u010dby a hodnotenie VV \u010dinnosti"}]},{"@type":"WebSite","@id":"https:\/\/www.upjs.sk\/lekarska-fakulta\/#website","url":"https:\/\/www.upjs.sk\/lekarska-fakulta\/","name":"Lek\u00e1rska fakulta | UPJ\u0160","description":"","publisher":{"@id":"https:\/\/www.upjs.sk\/lekarska-fakulta\/#organization"},"potentialAction":[{"@type":"SearchAction","target":{"@type":"EntryPoint","urlTemplate":"https:\/\/www.upjs.sk\/lekarska-fakulta\/?s={search_term_string}"},"query-input":{"@type":"PropertyValueSpecification","valueRequired":true,"valueName":"search_term_string"}}],"inLanguage":"sk-SK"},{"@type":"Organization","@id":"https:\/\/www.upjs.sk\/lekarska-fakulta\/#organization","name":"Lek\u00e1rska fakulta | UPJ\u0160","url":"https:\/\/www.upjs.sk\/lekarska-fakulta\/","logo":{"@type":"ImageObject","inLanguage":"sk-SK","@id":"https:\/\/www.upjs.sk\/lekarska-fakulta\/#\/schema\/logo\/image\/","url":"https:\/\/www.upjs.sk\/app\/uploads\/sites\/9\/2022\/09\/logo-lekarska-fakulta.png","contentUrl":"https:\/\/www.upjs.sk\/app\/uploads\/sites\/9\/2022\/09\/logo-lekarska-fakulta.png","width":415,"height":87,"caption":"Lek\u00e1rska fakulta | UPJ\u0160"},"image":{"@id":"https:\/\/www.upjs.sk\/lekarska-fakulta\/#\/schema\/logo\/image\/"}}]}},"_links":{"self":[{"href":"https:\/\/www.upjs.sk\/lekarska-fakulta\/wp-json\/wp\/v2\/pages\/13108","targetHints":{"allow":["GET"]}}],"collection":[{"href":"https:\/\/www.upjs.sk\/lekarska-fakulta\/wp-json\/wp\/v2\/pages"}],"about":[{"href":"https:\/\/www.upjs.sk\/lekarska-fakulta\/wp-json\/wp\/v2\/types\/page"}],"author":[{"embeddable":true,"href":"https:\/\/www.upjs.sk\/lekarska-fakulta\/wp-json\/wp\/v2\/users\/1"}],"replies":[{"embeddable":true,"href":"https:\/\/www.upjs.sk\/lekarska-fakulta\/wp-json\/wp\/v2\/comments?post=13108"}],"version-history":[{"count":20,"href":"https:\/\/www.upjs.sk\/lekarska-fakulta\/wp-json\/wp\/v2\/pages\/13108\/revisions"}],"predecessor-version":[{"id":135340,"href":"https:\/\/www.upjs.sk\/lekarska-fakulta\/wp-json\/wp\/v2\/pages\/13108\/revisions\/135340"}],"up":[{"embeddable":true,"href":"https:\/\/www.upjs.sk\/lekarska-fakulta\/wp-json\/wp\/v2\/pages\/13078"}],"wp:attachment":[{"href":"https:\/\/www.upjs.sk\/lekarska-fakulta\/wp-json\/wp\/v2\/media?parent=13108"}],"wp:term":[{"taxonomy":"category","embeddable":true,"href":"https:\/\/www.upjs.sk\/lekarska-fakulta\/wp-json\/wp\/v2\/categories?post=13108"},{"taxonomy":"post_tag","embeddable":true,"href":"https:\/\/www.upjs.sk\/lekarska-fakulta\/wp-json\/wp\/v2\/tags?post=13108"}],"curies":[{"name":"wp","href":"https:\/\/api.w.org\/{rel}","templated":true}]}}