{"id":13130,"date":"2023-04-15T02:37:53","date_gmt":"2023-04-15T01:37:53","guid":{"rendered":"https:\/\/www.upjs.sk\/lekarska-fakulta\/root\/vyskum-na-fakulte\/"},"modified":"2023-04-15T02:53:49","modified_gmt":"2023-04-15T01:53:49","slug":"vyskum-na-fakulte","status":"publish","type":"page","link":"https:\/\/www.upjs.sk\/lekarska-fakulta\/vyskum-na-fakulte\/","title":{"rendered":"Vedeckov\u00fdskumn\u00e1 \u010dinnos\u0165 na fakulte"},"content":{"rendered":"\n<div class=\"wp-block-group is-layout-constrained wp-block-group-is-layout-constrained\">\n<figure class=\"wp-block-image alignleft size-full is-resized\"><img loading=\"lazy\" decoding=\"async\" src=\"https:\/\/www.upjs.sk\/app\/uploads\/sites\/9\/2022\/09\/Obrazok1-1.jpg\" alt=\"vyskum-na-fakulte\" class=\"wp-image-13131\" width=\"250\" height=\"184\" srcset=\"https:\/\/www.upjs.sk\/app\/uploads\/sites\/9\/2022\/09\/Obrazok1-1.jpg 500w, https:\/\/www.upjs.sk\/app\/uploads\/sites\/9\/2022\/09\/Obrazok1-1-300x220.jpg 300w\" sizes=\"auto, (max-width: 250px) 100vw, 250px\" \/><\/figure>\n\n\n\n<p>Vedeckov\u00fdskumn\u00e1 \u010dinnos\u0165 zamestnancov UPJ\u0160, Lek\u00e1rskej fakulty je realizovan\u00e1 rie\u0161en\u00edm <a href=\"https:\/\/www.upjs.sk\/lekarska-fakulta\/vyskum-na-fakulte\/vedecke-projekty\/\">vedeck\u00fdch projektov<\/a> z\u00e1kladn\u00e9ho a&nbsp;aplikovan\u00e9ho v\u00fdskumu podporovan\u00e9ho jednotliv\u00fdmi ministerstvami SR (napr. APVV, VEGA, projekty zo \u0160F E\u00da) ako aj medzin\u00e1rodn\u00fdch projektov (napr. Horizont). Okrem toho m\u00e1 univerzita zaveden\u00fd <a href=\"https:\/\/www.upjs.sk\/pracoviska\/ccvapp\/podpora-projektov\/grantove-schemy\/vvgsupjs\/\">Vn\u00fatorn\u00fd vedeck\u00fd grantov\u00fd syst\u00e9m<\/a> UPJ\u0160 v&nbsp;Ko\u0161iciach a&nbsp;podobn\u00fd syst\u00e9m podpory mlad\u00fdch vedeck\u00fdch pracovn\u00edkov m\u00e1 aj Lek\u00e1rska fakulta \u2013 <a href=\"https:\/\/www.upjs.sk\/lekarska-fakulta\/studenti-lf\/doktorandske\/gsd\/\" class=\"ek-link\">Grantov\u00fd syst\u00e9m doktorandov<\/a>.<\/p>\n<\/div>\n\n\n\n<div style=\"height:10px\" aria-hidden=\"true\" class=\"wp-block-spacer\"><\/div>\n\n\n\n<div class=\"wp-block-group is-layout-constrained wp-block-group-is-layout-constrained\">\n<figure class=\"wp-block-image alignleft size-full is-resized\"><img loading=\"lazy\" decoding=\"async\" src=\"https:\/\/www.upjs.sk\/app\/uploads\/sites\/9\/2022\/09\/Obrazok2.jpg\" alt=\"\" class=\"wp-image-13132\" width=\"241\" height=\"191\" srcset=\"https:\/\/www.upjs.sk\/app\/uploads\/sites\/9\/2022\/09\/Obrazok2.jpg 482w, https:\/\/www.upjs.sk\/app\/uploads\/sites\/9\/2022\/09\/Obrazok2-300x238.jpg 300w\" sizes=\"auto, (max-width: 241px) 100vw, 241px\" \/><\/figure>\n\n\n\n<p>Ka\u017edoro\u010dne s\u00fa na univerzite aj lek\u00e1rskej fakulte organizovan\u00e9 \u0161tudentsk\u00e9 vedeck\u00e9 konferencie (<a href=\"https:\/\/www.upjs.sk\/lekarska-fakulta\/informacie-pre-studentov\/studentska-vedecka-odborna-cinnost\/\">\u0160VO\u010c<\/a>), ako aj mnoh\u00e9 in\u00e9 vedeck\u00e9 a&nbsp;odborn\u00e9 podujatia, vr\u00e1tane medzin\u00e1rodn\u00fdch, na ktor\u00fdch m\u00f4\u017eu zamestnanci i doktorandi prezentova\u0165 v\u00fdsledky dosiahnut\u00e9 v r\u00e1mci svojej vedeckov\u00fdskumnej \u010dinnosti. Univerzita m\u00e1 akreditovan\u00fd tret\u00ed stupe\u0148 vysoko\u0161kolsk\u00e9ho \u0161t\u00fadia (<a href=\"https:\/\/www.upjs.sk\/lekarska-fakulta\/studenti-lf\/doktorandske\/akreditacie\/\" class=\"ek-link\">doktorandsk\u00e9 \u0161t\u00fadium<\/a>) v&nbsp;\u0161tudijn\u00fdch odboroch: v\u0161eobecn\u00e9 lek\u00e1rstvo, zubn\u00e9 lek\u00e1rstvo, farm\u00e1cia, verejn\u00e9 zdravotn\u00edctvo. V\u00fdchova doktorandov je k\u013e\u00fa\u010dov\u00e1 pre rozvoj vedecko-v\u00fdskumnej \u010dinnosti na fakulte.<\/p>\n<\/div>\n\n\n\n<div style=\"height:10px\" aria-hidden=\"true\" class=\"wp-block-spacer\"><\/div>\n\n\n\n<ul class=\"wp-block-list\">\n<li><a href=\"https:\/\/www.upjs.sk\/lekarska-fakulta\/fakulta\/organy-fakulty\/vedecka-rada\/\">Vedeck\u00e1 rada<\/a><\/li>\n\n\n\n<li><a href=\"https:\/\/www.upjs.sk\/lekarska-fakulta\/vyskum-na-fakulte\/koncepcia-rozvoja\/\">Koncepcia rozvoja &#8211; dlhodob\u00fd z\u00e1mer<\/a><\/li>\n\n\n\n<li><a href=\"https:\/\/www.upjs.sk\/lekarska-fakulta\/vyskum-na-fakulte\/spravy-vvc\/\" class=\"ek-link\">Spr\u00e1vy o vedeckov\u00fdskumnej \u010dinnosti<\/a><\/li>\n<\/ul>\n","protected":false},"excerpt":{"rendered":"<p>Vedeckov\u00fdskumn\u00e1 \u010dinnos\u0165 zamestnancov UPJ\u0160, Lek\u00e1rskej fakulty je realizovan\u00e1 rie\u0161en\u00edm vedeck\u00fdch projektov z\u00e1kladn\u00e9ho a&nbsp;aplikovan\u00e9ho v\u00fdskumu podporovan\u00e9ho jednotliv\u00fdmi ministerstvami SR (napr. APVV, VEGA, projekty zo \u0160F E\u00da) ako aj medzin\u00e1rodn\u00fdch projektov (napr. Horizont). Okrem toho m\u00e1 univerzita zaveden\u00fd Vn\u00fatorn\u00fd vedeck\u00fd grantov\u00fd syst\u00e9m UPJ\u0160 v&nbsp;Ko\u0161iciach a&nbsp;podobn\u00fd syst\u00e9m podpory mlad\u00fdch vedeck\u00fdch pracovn\u00edkov m\u00e1 aj Lek\u00e1rska fakulta \u2013 Grantov\u00fd syst\u00e9m &hellip; <a href=\"https:\/\/www.upjs.sk\/lekarska-fakulta\/vyskum-na-fakulte\/\">\u010c\u00edta\u0165 \u010falej<\/a><\/p>\n","protected":false},"author":1,"featured_media":13131,"parent":0,"menu_order":5,"comment_status":"closed","ping_status":"closed","template":"","meta":{"_acf_changed":false,"_editorskit_title_hidden":false,"_editorskit_reading_time":1,"_editorskit_is_block_options_detached":false,"_editorskit_block_options_position":"{}","footnotes":""},"categories":[],"tags":[],"class_list":["post-13130","page","type-page","status-publish","has-post-thumbnail","hentry"],"acf":{"acf_link_na_externy_obsah":""},"yoast_head":"<!-- This site is optimized with the Yoast SEO plugin v27.5 - https:\/\/yoast.com\/product\/yoast-seo-wordpress\/ -->\n<title>Vedeckov\u00fdskumn\u00e1 \u010dinnos\u0165 na fakulte - Lek\u00e1rska fakulta | UPJ\u0160<\/title>\n<meta name=\"robots\" content=\"index, follow, max-snippet:-1, max-image-preview:large, max-video-preview:-1\" \/>\n<link rel=\"canonical\" href=\"https:\/\/www.upjs.sk\/lekarska-fakulta\/vyskum-na-fakulte\/\" \/>\n<meta property=\"og:locale\" content=\"sk_SK\" \/>\n<meta property=\"og:type\" content=\"article\" \/>\n<meta property=\"og:title\" content=\"Vedeckov\u00fdskumn\u00e1 \u010dinnos\u0165 na fakulte - Lek\u00e1rska fakulta | UPJ\u0160\" \/>\n<meta property=\"og:description\" content=\"Vedeckov\u00fdskumn\u00e1 \u010dinnos\u0165 zamestnancov UPJ\u0160, Lek\u00e1rskej fakulty je realizovan\u00e1 rie\u0161en\u00edm vedeck\u00fdch projektov z\u00e1kladn\u00e9ho a&nbsp;aplikovan\u00e9ho v\u00fdskumu podporovan\u00e9ho jednotliv\u00fdmi ministerstvami SR (napr. APVV, VEGA, projekty zo \u0160F E\u00da) ako aj medzin\u00e1rodn\u00fdch projektov (napr. Horizont). Okrem toho m\u00e1 univerzita zaveden\u00fd Vn\u00fatorn\u00fd vedeck\u00fd grantov\u00fd syst\u00e9m UPJ\u0160 v&nbsp;Ko\u0161iciach a&nbsp;podobn\u00fd syst\u00e9m podpory mlad\u00fdch vedeck\u00fdch pracovn\u00edkov m\u00e1 aj Lek\u00e1rska fakulta \u2013 Grantov\u00fd syst\u00e9m &hellip; \u010c\u00edta\u0165 \u010falej\" \/>\n<meta property=\"og:url\" content=\"https:\/\/www.upjs.sk\/lekarska-fakulta\/vyskum-na-fakulte\/\" \/>\n<meta property=\"og:site_name\" content=\"Lek\u00e1rska fakulta | UPJ\u0160\" \/>\n<meta property=\"article:modified_time\" content=\"2023-04-15T01:53:49+00:00\" \/>\n<meta property=\"og:image\" content=\"https:\/\/www.upjs.sk\/app\/uploads\/sites\/9\/2022\/09\/Obrazok1-1.jpg\" \/>\n\t<meta property=\"og:image:width\" content=\"500\" \/>\n\t<meta property=\"og:image:height\" content=\"367\" \/>\n\t<meta property=\"og:image:type\" content=\"image\/jpeg\" \/>\n<meta name=\"twitter:card\" content=\"summary_large_image\" \/>\n<meta name=\"twitter:label1\" content=\"Predpokladan\u00fd \u010das \u010d\u00edtania\" \/>\n\t<meta name=\"twitter:data1\" content=\"2 min\u00faty\" \/>\n<script type=\"application\/ld+json\" class=\"yoast-schema-graph\">{\"@context\":\"https:\\\/\\\/schema.org\",\"@graph\":[{\"@type\":\"WebPage\",\"@id\":\"https:\\\/\\\/www.upjs.sk\\\/lekarska-fakulta\\\/vyskum-na-fakulte\\\/\",\"url\":\"https:\\\/\\\/www.upjs.sk\\\/lekarska-fakulta\\\/vyskum-na-fakulte\\\/\",\"name\":\"Vedeckov\u00fdskumn\u00e1 \u010dinnos\u0165 na fakulte - Lek\u00e1rska fakulta | UPJ\u0160\",\"isPartOf\":{\"@id\":\"https:\\\/\\\/www.upjs.sk\\\/lekarska-fakulta\\\/#website\"},\"primaryImageOfPage\":{\"@id\":\"https:\\\/\\\/www.upjs.sk\\\/lekarska-fakulta\\\/vyskum-na-fakulte\\\/#primaryimage\"},\"image\":{\"@id\":\"https:\\\/\\\/www.upjs.sk\\\/lekarska-fakulta\\\/vyskum-na-fakulte\\\/#primaryimage\"},\"thumbnailUrl\":\"https:\\\/\\\/www.upjs.sk\\\/app\\\/uploads\\\/sites\\\/9\\\/2022\\\/09\\\/Obrazok1-1.jpg\",\"datePublished\":\"2023-04-15T01:37:53+00:00\",\"dateModified\":\"2023-04-15T01:53:49+00:00\",\"breadcrumb\":{\"@id\":\"https:\\\/\\\/www.upjs.sk\\\/lekarska-fakulta\\\/vyskum-na-fakulte\\\/#breadcrumb\"},\"inLanguage\":\"sk-SK\",\"potentialAction\":[{\"@type\":\"ReadAction\",\"target\":[\"https:\\\/\\\/www.upjs.sk\\\/lekarska-fakulta\\\/vyskum-na-fakulte\\\/\"]}]},{\"@type\":\"ImageObject\",\"inLanguage\":\"sk-SK\",\"@id\":\"https:\\\/\\\/www.upjs.sk\\\/lekarska-fakulta\\\/vyskum-na-fakulte\\\/#primaryimage\",\"url\":\"https:\\\/\\\/www.upjs.sk\\\/app\\\/uploads\\\/sites\\\/9\\\/2022\\\/09\\\/Obrazok1-1.jpg\",\"contentUrl\":\"https:\\\/\\\/www.upjs.sk\\\/app\\\/uploads\\\/sites\\\/9\\\/2022\\\/09\\\/Obrazok1-1.jpg\",\"width\":500,\"height\":367,\"caption\":\"vyskum-na-fakulte\"},{\"@type\":\"BreadcrumbList\",\"@id\":\"https:\\\/\\\/www.upjs.sk\\\/lekarska-fakulta\\\/vyskum-na-fakulte\\\/#breadcrumb\",\"itemListElement\":[{\"@type\":\"ListItem\",\"position\":1,\"name\":\"Home\",\"item\":\"https:\\\/\\\/www.upjs.sk\\\/lekarska-fakulta\\\/\"},{\"@type\":\"ListItem\",\"position\":2,\"name\":\"Vedeckov\u00fdskumn\u00e1 \u010dinnos\u0165 na fakulte\"}]},{\"@type\":\"WebSite\",\"@id\":\"https:\\\/\\\/www.upjs.sk\\\/lekarska-fakulta\\\/#website\",\"url\":\"https:\\\/\\\/www.upjs.sk\\\/lekarska-fakulta\\\/\",\"name\":\"Lek\u00e1rska fakulta | UPJ\u0160\",\"description\":\"\",\"publisher\":{\"@id\":\"https:\\\/\\\/www.upjs.sk\\\/lekarska-fakulta\\\/#organization\"},\"potentialAction\":[{\"@type\":\"SearchAction\",\"target\":{\"@type\":\"EntryPoint\",\"urlTemplate\":\"https:\\\/\\\/www.upjs.sk\\\/lekarska-fakulta\\\/?s={search_term_string}\"},\"query-input\":{\"@type\":\"PropertyValueSpecification\",\"valueRequired\":true,\"valueName\":\"search_term_string\"}}],\"inLanguage\":\"sk-SK\"},{\"@type\":\"Organization\",\"@id\":\"https:\\\/\\\/www.upjs.sk\\\/lekarska-fakulta\\\/#organization\",\"name\":\"Lek\u00e1rska fakulta | UPJ\u0160\",\"url\":\"https:\\\/\\\/www.upjs.sk\\\/lekarska-fakulta\\\/\",\"logo\":{\"@type\":\"ImageObject\",\"inLanguage\":\"sk-SK\",\"@id\":\"https:\\\/\\\/www.upjs.sk\\\/lekarska-fakulta\\\/#\\\/schema\\\/logo\\\/image\\\/\",\"url\":\"https:\\\/\\\/www.upjs.sk\\\/app\\\/uploads\\\/sites\\\/9\\\/2022\\\/09\\\/logo-lekarska-fakulta.png\",\"contentUrl\":\"https:\\\/\\\/www.upjs.sk\\\/app\\\/uploads\\\/sites\\\/9\\\/2022\\\/09\\\/logo-lekarska-fakulta.png\",\"width\":415,\"height\":87,\"caption\":\"Lek\u00e1rska fakulta | UPJ\u0160\"},\"image\":{\"@id\":\"https:\\\/\\\/www.upjs.sk\\\/lekarska-fakulta\\\/#\\\/schema\\\/logo\\\/image\\\/\"}}]}<\/script>\n<!-- \/ Yoast SEO plugin. -->","yoast_head_json":{"title":"Vedeckov\u00fdskumn\u00e1 \u010dinnos\u0165 na fakulte - Lek\u00e1rska fakulta | UPJ\u0160","robots":{"index":"index","follow":"follow","max-snippet":"max-snippet:-1","max-image-preview":"max-image-preview:large","max-video-preview":"max-video-preview:-1"},"canonical":"https:\/\/www.upjs.sk\/lekarska-fakulta\/vyskum-na-fakulte\/","og_locale":"sk_SK","og_type":"article","og_title":"Vedeckov\u00fdskumn\u00e1 \u010dinnos\u0165 na fakulte - Lek\u00e1rska fakulta | UPJ\u0160","og_description":"Vedeckov\u00fdskumn\u00e1 \u010dinnos\u0165 zamestnancov UPJ\u0160, Lek\u00e1rskej fakulty je realizovan\u00e1 rie\u0161en\u00edm vedeck\u00fdch projektov z\u00e1kladn\u00e9ho a&nbsp;aplikovan\u00e9ho v\u00fdskumu podporovan\u00e9ho jednotliv\u00fdmi ministerstvami SR (napr. APVV, VEGA, projekty zo \u0160F E\u00da) ako aj medzin\u00e1rodn\u00fdch projektov (napr. Horizont). Okrem toho m\u00e1 univerzita zaveden\u00fd Vn\u00fatorn\u00fd vedeck\u00fd grantov\u00fd syst\u00e9m UPJ\u0160 v&nbsp;Ko\u0161iciach a&nbsp;podobn\u00fd syst\u00e9m podpory mlad\u00fdch vedeck\u00fdch pracovn\u00edkov m\u00e1 aj Lek\u00e1rska fakulta \u2013 Grantov\u00fd syst\u00e9m &hellip; \u010c\u00edta\u0165 \u010falej","og_url":"https:\/\/www.upjs.sk\/lekarska-fakulta\/vyskum-na-fakulte\/","og_site_name":"Lek\u00e1rska fakulta | UPJ\u0160","article_modified_time":"2023-04-15T01:53:49+00:00","og_image":[{"width":500,"height":367,"url":"https:\/\/www.upjs.sk\/app\/uploads\/sites\/9\/2022\/09\/Obrazok1-1.jpg","type":"image\/jpeg"}],"twitter_card":"summary_large_image","twitter_misc":{"Predpokladan\u00fd \u010das \u010d\u00edtania":"2 min\u00faty"},"schema":{"@context":"https:\/\/schema.org","@graph":[{"@type":"WebPage","@id":"https:\/\/www.upjs.sk\/lekarska-fakulta\/vyskum-na-fakulte\/","url":"https:\/\/www.upjs.sk\/lekarska-fakulta\/vyskum-na-fakulte\/","name":"Vedeckov\u00fdskumn\u00e1 \u010dinnos\u0165 na fakulte - Lek\u00e1rska fakulta | UPJ\u0160","isPartOf":{"@id":"https:\/\/www.upjs.sk\/lekarska-fakulta\/#website"},"primaryImageOfPage":{"@id":"https:\/\/www.upjs.sk\/lekarska-fakulta\/vyskum-na-fakulte\/#primaryimage"},"image":{"@id":"https:\/\/www.upjs.sk\/lekarska-fakulta\/vyskum-na-fakulte\/#primaryimage"},"thumbnailUrl":"https:\/\/www.upjs.sk\/app\/uploads\/sites\/9\/2022\/09\/Obrazok1-1.jpg","datePublished":"2023-04-15T01:37:53+00:00","dateModified":"2023-04-15T01:53:49+00:00","breadcrumb":{"@id":"https:\/\/www.upjs.sk\/lekarska-fakulta\/vyskum-na-fakulte\/#breadcrumb"},"inLanguage":"sk-SK","potentialAction":[{"@type":"ReadAction","target":["https:\/\/www.upjs.sk\/lekarska-fakulta\/vyskum-na-fakulte\/"]}]},{"@type":"ImageObject","inLanguage":"sk-SK","@id":"https:\/\/www.upjs.sk\/lekarska-fakulta\/vyskum-na-fakulte\/#primaryimage","url":"https:\/\/www.upjs.sk\/app\/uploads\/sites\/9\/2022\/09\/Obrazok1-1.jpg","contentUrl":"https:\/\/www.upjs.sk\/app\/uploads\/sites\/9\/2022\/09\/Obrazok1-1.jpg","width":500,"height":367,"caption":"vyskum-na-fakulte"},{"@type":"BreadcrumbList","@id":"https:\/\/www.upjs.sk\/lekarska-fakulta\/vyskum-na-fakulte\/#breadcrumb","itemListElement":[{"@type":"ListItem","position":1,"name":"Home","item":"https:\/\/www.upjs.sk\/lekarska-fakulta\/"},{"@type":"ListItem","position":2,"name":"Vedeckov\u00fdskumn\u00e1 \u010dinnos\u0165 na fakulte"}]},{"@type":"WebSite","@id":"https:\/\/www.upjs.sk\/lekarska-fakulta\/#website","url":"https:\/\/www.upjs.sk\/lekarska-fakulta\/","name":"Lek\u00e1rska fakulta | UPJ\u0160","description":"","publisher":{"@id":"https:\/\/www.upjs.sk\/lekarska-fakulta\/#organization"},"potentialAction":[{"@type":"SearchAction","target":{"@type":"EntryPoint","urlTemplate":"https:\/\/www.upjs.sk\/lekarska-fakulta\/?s={search_term_string}"},"query-input":{"@type":"PropertyValueSpecification","valueRequired":true,"valueName":"search_term_string"}}],"inLanguage":"sk-SK"},{"@type":"Organization","@id":"https:\/\/www.upjs.sk\/lekarska-fakulta\/#organization","name":"Lek\u00e1rska fakulta | UPJ\u0160","url":"https:\/\/www.upjs.sk\/lekarska-fakulta\/","logo":{"@type":"ImageObject","inLanguage":"sk-SK","@id":"https:\/\/www.upjs.sk\/lekarska-fakulta\/#\/schema\/logo\/image\/","url":"https:\/\/www.upjs.sk\/app\/uploads\/sites\/9\/2022\/09\/logo-lekarska-fakulta.png","contentUrl":"https:\/\/www.upjs.sk\/app\/uploads\/sites\/9\/2022\/09\/logo-lekarska-fakulta.png","width":415,"height":87,"caption":"Lek\u00e1rska fakulta | UPJ\u0160"},"image":{"@id":"https:\/\/www.upjs.sk\/lekarska-fakulta\/#\/schema\/logo\/image\/"}}]}},"_links":{"self":[{"href":"https:\/\/www.upjs.sk\/lekarska-fakulta\/wp-json\/wp\/v2\/pages\/13130","targetHints":{"allow":["GET"]}}],"collection":[{"href":"https:\/\/www.upjs.sk\/lekarska-fakulta\/wp-json\/wp\/v2\/pages"}],"about":[{"href":"https:\/\/www.upjs.sk\/lekarska-fakulta\/wp-json\/wp\/v2\/types\/page"}],"author":[{"embeddable":true,"href":"https:\/\/www.upjs.sk\/lekarska-fakulta\/wp-json\/wp\/v2\/users\/1"}],"replies":[{"embeddable":true,"href":"https:\/\/www.upjs.sk\/lekarska-fakulta\/wp-json\/wp\/v2\/comments?post=13130"}],"version-history":[{"count":12,"href":"https:\/\/www.upjs.sk\/lekarska-fakulta\/wp-json\/wp\/v2\/pages\/13130\/revisions"}],"predecessor-version":[{"id":84046,"href":"https:\/\/www.upjs.sk\/lekarska-fakulta\/wp-json\/wp\/v2\/pages\/13130\/revisions\/84046"}],"wp:featuredmedia":[{"embeddable":true,"href":"https:\/\/www.upjs.sk\/lekarska-fakulta\/wp-json\/wp\/v2\/media\/13131"}],"wp:attachment":[{"href":"https:\/\/www.upjs.sk\/lekarska-fakulta\/wp-json\/wp\/v2\/media?parent=13130"}],"wp:term":[{"taxonomy":"category","embeddable":true,"href":"https:\/\/www.upjs.sk\/lekarska-fakulta\/wp-json\/wp\/v2\/categories?post=13130"},{"taxonomy":"post_tag","embeddable":true,"href":"https:\/\/www.upjs.sk\/lekarska-fakulta\/wp-json\/wp\/v2\/tags?post=13130"}],"curies":[{"name":"wp","href":"https:\/\/api.w.org\/{rel}","templated":true}]}}