{"id":13449,"date":"2023-02-28T09:33:24","date_gmt":"2023-02-28T08:33:24","guid":{"rendered":"https:\/\/www.upjs.sk\/lekarska-fakulta\/root\/vyskum-na-fakulte\/oddelenie-pre-vedu-a-vyskum\/"},"modified":"2025-11-11T11:25:35","modified_gmt":"2025-11-11T10:25:35","slug":"oddelenie-pre-vedu-a-vyskum","status":"publish","type":"page","link":"https:\/\/www.upjs.sk\/lekarska-fakulta\/vyskum-na-fakulte\/oddelenie-pre-vedu-a-vyskum\/","title":{"rendered":"Oddelenie pre vedu a v\u00fdskum"},"content":{"rendered":"\n<div class=\"wp-block-columns is-style-gapless is-layout-flex wp-container-core-columns-is-layout-9d6595d7 wp-block-columns-is-layout-flex\">\n<div class=\"wp-block-column is-content-justification-left is-layout-constrained wp-container-core-column-is-layout-8c890d92 wp-block-column-is-layout-constrained\" style=\"flex-basis:170px\"><style>.kb-image13449_e21fcf-2b.kb-image-is-ratio-size, .kb-image13449_e21fcf-2b .kb-image-is-ratio-size{max-width:150px;width:100%;}.wp-block-kadence-column > .kt-inside-inner-col > .kb-image13449_e21fcf-2b.kb-image-is-ratio-size, .wp-block-kadence-column > .kt-inside-inner-col > .kb-image13449_e21fcf-2b .kb-image-is-ratio-size{align-self:unset;}.kb-image13449_e21fcf-2b{max-width:150px;}.image-is-svg.kb-image13449_e21fcf-2b{-webkit-flex:0 1 100%;flex:0 1 100%;}.image-is-svg.kb-image13449_e21fcf-2b img{width:100%;}.kb-image13449_e21fcf-2b .kb-image-has-overlay:after{opacity:0.3;}.kb-image13449_e21fcf-2b img.kb-img, .kb-image13449_e21fcf-2b .kb-img img{box-shadow:6px 6px 12px 0px #C92432;}<\/style>\n<figure class=\"wp-block-kadence-image kb-image13449_e21fcf-2b size-full kb-image-is-ratio-size\"><div class=\"kb-is-ratio-image kb-image-ratio-port23\"><img loading=\"lazy\" decoding=\"async\" width=\"292\" height=\"400\" src=\"https:\/\/www.upjs.sk\/app\/uploads\/sites\/9\/2022\/12\/Kristian.jpg\" alt=\"\" class=\"kb-img wp-image-71656\" srcset=\"https:\/\/www.upjs.sk\/app\/uploads\/sites\/9\/2022\/12\/Kristian.jpg 292w, https:\/\/www.upjs.sk\/app\/uploads\/sites\/9\/2022\/12\/Kristian-219x300.jpg 219w\" sizes=\"auto, (max-width: 292px) 100vw, 292px\" \/><\/div><\/figure>\n<\/div>\n\n\n\n<div class=\"wp-block-column is-vertically-aligned-bottom is-layout-flow wp-block-column-is-layout-flow\" style=\"flex-basis:75%\">\n<p><strong>prof. MUDr. Pavol Kristian, PhD.<br><\/strong>prodekan pre vedeckov\u00fdskumn\u00fa \u010dinnos\u0165 na Univerzite Pavla Jozefa \u0160af\u00e1rika v&nbsp;Ko\u0161iciach, Lek\u00e1rskej fakulte<br>telef\u00f3n: +421 55 234 3519<br>e-mail: <a href=\"mailto:pavol.kristian@upjs.sk\" class=\"ek-link\">pavol.kristian@upjs.sk<\/a><\/p>\n<\/div>\n<\/div>\n\n\n\n<p><strong>Referenti pre vedu a v\u00fdskum:<\/strong><\/p>\n\n\n\n<div class=\"wp-block-columns is-style-gapless is-layout-flex wp-container-core-columns-is-layout-9d6595d7 wp-block-columns-is-layout-flex\">\n<div class=\"wp-block-column is-content-justification-left is-layout-constrained wp-container-core-column-is-layout-8c890d92 wp-block-column-is-layout-constrained\" style=\"flex-basis:170px\"><style>.kb-image13449_5f31b1-1f.kb-image-is-ratio-size, .kb-image13449_5f31b1-1f .kb-image-is-ratio-size{max-width:150px;width:100%;}.wp-block-kadence-column > .kt-inside-inner-col > .kb-image13449_5f31b1-1f.kb-image-is-ratio-size, .wp-block-kadence-column > .kt-inside-inner-col > .kb-image13449_5f31b1-1f .kb-image-is-ratio-size{align-self:unset;}.kb-image13449_5f31b1-1f{max-width:150px;}.image-is-svg.kb-image13449_5f31b1-1f{-webkit-flex:0 1 100%;flex:0 1 100%;}.image-is-svg.kb-image13449_5f31b1-1f img{width:100%;}.kb-image13449_5f31b1-1f .kb-image-has-overlay:after{opacity:0.3;}.kb-image13449_5f31b1-1f img.kb-img, .kb-image13449_5f31b1-1f .kb-img img{box-shadow:6px 6px 12px 0px #C92432;}<\/style>\n<figure class=\"wp-block-kadence-image kb-image13449_5f31b1-1f size-full kb-image-is-ratio-size\"><div class=\"kb-is-ratio-image kb-image-ratio-port23\"><img loading=\"lazy\" decoding=\"async\" width=\"80\" height=\"100\" src=\"https:\/\/www.upjs.sk\/app\/uploads\/sites\/9\/2022\/09\/Kocisova.jpg\" alt=\"oddelenie-pre-vedu-a-vyskum\" class=\"kb-img wp-image-13451\"\/><\/div><\/figure>\n<\/div>\n\n\n\n<div class=\"wp-block-column is-vertically-aligned-bottom is-layout-flow wp-block-column-is-layout-flow\" style=\"flex-basis:75%\">\n<p><strong><strong>Ing. Ren\u00e1ta Ko\u010di\u0161ov\u00e1<\/strong><br><\/strong><em>habilita\u010dn\u00e9 a inaugura\u010dn\u00e9 konanie<\/em><br>telef\u00f3n: +421 55 234 3342<br>e-mail: <a href=\"mailto:renata.kocisova@upjs.sk\">renata.kocisova@upjs.sk<\/a><\/p>\n<\/div>\n<\/div>\n\n\n\n<div class=\"wp-block-columns is-style-gapless is-layout-flex wp-container-core-columns-is-layout-9d6595d7 wp-block-columns-is-layout-flex\">\n<div class=\"wp-block-column is-content-justification-left is-layout-constrained wp-container-core-column-is-layout-8c890d92 wp-block-column-is-layout-constrained\" style=\"flex-basis:170px\"><style>.kb-image13449_61970b-96.kb-image-is-ratio-size, .kb-image13449_61970b-96 .kb-image-is-ratio-size{max-width:150px;width:100%;}.wp-block-kadence-column > .kt-inside-inner-col > .kb-image13449_61970b-96.kb-image-is-ratio-size, .wp-block-kadence-column > .kt-inside-inner-col > .kb-image13449_61970b-96 .kb-image-is-ratio-size{align-self:unset;}.kb-image13449_61970b-96{max-width:150px;}.image-is-svg.kb-image13449_61970b-96{-webkit-flex:0 1 100%;flex:0 1 100%;}.image-is-svg.kb-image13449_61970b-96 img{width:100%;}.kb-image13449_61970b-96 .kb-image-has-overlay:after{opacity:0.3;}.kb-image13449_61970b-96 img.kb-img, .kb-image13449_61970b-96 .kb-img img{box-shadow:6px 6px 12px 0px #C92432;}<\/style>\n<figure class=\"wp-block-kadence-image kb-image13449_61970b-96 size-full kb-image-is-ratio-size\"><div class=\"kb-is-ratio-image kb-image-ratio-port23\"><img loading=\"lazy\" decoding=\"async\" width=\"80\" height=\"100\" src=\"https:\/\/www.upjs.sk\/app\/uploads\/sites\/9\/2022\/09\/Tomkova.jpg\" alt=\"\" class=\"kb-img wp-image-13452\"\/><\/div><\/figure>\n<\/div>\n\n\n\n<div class=\"wp-block-column is-vertically-aligned-bottom is-layout-flow wp-block-column-is-layout-flow\" style=\"flex-basis:75%\">\n<p><strong><strong><strong>Mgr. Zuzana Tomkov\u00e1<\/strong><br><\/strong><\/strong><em>doktorandsk\u00e9 \u0161t\u00fadium<\/em><br>telef\u00f3n: +421 55 234 3316<br>e-mail: <a href=\"mailto:zuzana.tomkova@upjs.sk\">zuzana.tomkova@upjs.sk<\/a><\/p>\n<\/div>\n<\/div>\n\n\n\n<div class=\"wp-block-columns is-style-gapless is-layout-flex wp-container-core-columns-is-layout-9d6595d7 wp-block-columns-is-layout-flex\">\n<div class=\"wp-block-column is-content-justification-left is-layout-constrained wp-container-core-column-is-layout-8c890d92 wp-block-column-is-layout-constrained\" style=\"flex-basis:170px\"><style>.kb-image13449_9b9bce-20.kb-image-is-ratio-size, .kb-image13449_9b9bce-20 .kb-image-is-ratio-size{max-width:150px;width:100%;}.wp-block-kadence-column > .kt-inside-inner-col > .kb-image13449_9b9bce-20.kb-image-is-ratio-size, .wp-block-kadence-column > .kt-inside-inner-col > .kb-image13449_9b9bce-20 .kb-image-is-ratio-size{align-self:unset;}.kb-image13449_9b9bce-20{max-width:150px;}.image-is-svg.kb-image13449_9b9bce-20{-webkit-flex:0 1 100%;flex:0 1 100%;}.image-is-svg.kb-image13449_9b9bce-20 img{width:100%;}.kb-image13449_9b9bce-20 .kb-image-has-overlay:after{opacity:0.3;}.kb-image13449_9b9bce-20 img.kb-img, .kb-image13449_9b9bce-20 .kb-img img{box-shadow:6px 6px 12px 0px #C92432;}<\/style>\n<figure class=\"wp-block-kadence-image kb-image13449_9b9bce-20 size-full kb-image-is-ratio-size\"><div class=\"kb-is-ratio-image kb-image-ratio-port23\"><img loading=\"lazy\" decoding=\"async\" width=\"150\" height=\"180\" src=\"https:\/\/www.upjs.sk\/app\/uploads\/sites\/9\/2022\/09\/person.png\" alt=\"\" class=\"kb-img wp-image-12963\"\/><\/div><\/figure>\n<\/div>\n\n\n\n<div class=\"wp-block-column is-vertically-aligned-bottom is-layout-flow wp-block-column-is-layout-flow\" style=\"flex-basis:75%\">\n<p><strong><strong>Mgr. Eva Drot\u00e1rov\u00e1 Mayerov\u00e1<\/strong><br><\/strong>telef\u00f3n: +421 55 234 3316<br>e-mail: <a href=\"mailto:eva.mayerova@upjs.sk\">eva.mayerova@upjs.sk<\/a><\/p>\n<\/div>\n<\/div>\n","protected":false},"excerpt":{"rendered":"<p>prof. MUDr. Pavol Kristian, PhD.prodekan pre vedeckov\u00fdskumn\u00fa \u010dinnos\u0165 na Univerzite Pavla Jozefa \u0160af\u00e1rika v&nbsp;Ko\u0161iciach, Lek\u00e1rskej fakultetelef\u00f3n: +421 55 234 3519e-mail: pavol.kristian@upjs.sk Referenti pre vedu a v\u00fdskum: Ing. Ren\u00e1ta Ko\u010di\u0161ov\u00e1habilita\u010dn\u00e9 a inaugura\u010dn\u00e9 konanietelef\u00f3n: +421 55 234 3342e-mail: renata.kocisova@upjs.sk Mgr. Zuzana Tomkov\u00e1doktorandsk\u00e9 \u0161t\u00fadiumtelef\u00f3n: +421 55 234 3316e-mail: zuzana.tomkova@upjs.sk Mgr. Eva Drot\u00e1rov\u00e1 Mayerov\u00e1telef\u00f3n: +421 55 234 3316e-mail: eva.mayerova@upjs.sk<\/p>\n","protected":false},"author":1,"featured_media":0,"parent":13130,"menu_order":6,"comment_status":"closed","ping_status":"closed","template":"","meta":{"_acf_changed":false,"_editorskit_title_hidden":false,"_editorskit_reading_time":1,"_editorskit_is_block_options_detached":false,"_editorskit_block_options_position":"{}","footnotes":""},"categories":[],"tags":[],"class_list":["post-13449","page","type-page","status-publish","hentry"],"acf":{"acf_link_na_externy_obsah":""},"yoast_head":"<!-- This site is optimized with the Yoast SEO plugin v27.2 - https:\/\/yoast.com\/product\/yoast-seo-wordpress\/ -->\n<title>Oddelenie pre vedu a v\u00fdskum - Lek\u00e1rska fakulta | UPJ\u0160<\/title>\n<meta name=\"robots\" content=\"index, follow, max-snippet:-1, max-image-preview:large, max-video-preview:-1\" \/>\n<link rel=\"canonical\" href=\"https:\/\/www.upjs.sk\/lekarska-fakulta\/vyskum-na-fakulte\/oddelenie-pre-vedu-a-vyskum\/\" \/>\n<meta property=\"og:locale\" content=\"sk_SK\" \/>\n<meta property=\"og:type\" content=\"article\" \/>\n<meta property=\"og:title\" content=\"Oddelenie pre vedu a v\u00fdskum - Lek\u00e1rska fakulta | UPJ\u0160\" \/>\n<meta property=\"og:description\" content=\"prof. MUDr. Pavol Kristian, PhD.prodekan pre vedeckov\u00fdskumn\u00fa \u010dinnos\u0165 na Univerzite Pavla Jozefa \u0160af\u00e1rika v&nbsp;Ko\u0161iciach, Lek\u00e1rskej fakultetelef\u00f3n: +421 55 234 3519e-mail: pavol.kristian@upjs.sk Referenti pre vedu a v\u00fdskum: Ing. Ren\u00e1ta Ko\u010di\u0161ov\u00e1habilita\u010dn\u00e9 a inaugura\u010dn\u00e9 konanietelef\u00f3n: +421 55 234 3342e-mail: renata.kocisova@upjs.sk Mgr. Zuzana Tomkov\u00e1doktorandsk\u00e9 \u0161t\u00fadiumtelef\u00f3n: +421 55 234 3316e-mail: zuzana.tomkova@upjs.sk Mgr. Eva Drot\u00e1rov\u00e1 Mayerov\u00e1telef\u00f3n: +421 55 234 3316e-mail: eva.mayerova@upjs.sk\" \/>\n<meta property=\"og:url\" content=\"https:\/\/www.upjs.sk\/lekarska-fakulta\/vyskum-na-fakulte\/oddelenie-pre-vedu-a-vyskum\/\" \/>\n<meta property=\"og:site_name\" content=\"Lek\u00e1rska fakulta | UPJ\u0160\" \/>\n<meta property=\"article:modified_time\" content=\"2025-11-11T10:25:35+00:00\" \/>\n<meta property=\"og:image\" content=\"https:\/\/www.upjs.sk\/app\/uploads\/sites\/9\/2022\/12\/Kristian.jpg\" \/>\n\t<meta property=\"og:image:width\" content=\"292\" \/>\n\t<meta property=\"og:image:height\" content=\"400\" \/>\n\t<meta property=\"og:image:type\" content=\"image\/jpeg\" \/>\n<meta name=\"twitter:card\" content=\"summary_large_image\" \/>\n<meta name=\"twitter:label1\" content=\"Predpokladan\u00fd \u010das \u010d\u00edtania\" \/>\n\t<meta name=\"twitter:data1\" content=\"2 min\u00faty\" \/>\n<script type=\"application\/ld+json\" class=\"yoast-schema-graph\">{\"@context\":\"https:\/\/schema.org\",\"@graph\":[{\"@type\":\"WebPage\",\"@id\":\"https:\/\/www.upjs.sk\/lekarska-fakulta\/vyskum-na-fakulte\/oddelenie-pre-vedu-a-vyskum\/\",\"url\":\"https:\/\/www.upjs.sk\/lekarska-fakulta\/vyskum-na-fakulte\/oddelenie-pre-vedu-a-vyskum\/\",\"name\":\"Oddelenie pre vedu a v\u00fdskum - Lek\u00e1rska fakulta | UPJ\u0160\",\"isPartOf\":{\"@id\":\"https:\/\/www.upjs.sk\/lekarska-fakulta\/#website\"},\"primaryImageOfPage\":{\"@id\":\"https:\/\/www.upjs.sk\/lekarska-fakulta\/vyskum-na-fakulte\/oddelenie-pre-vedu-a-vyskum\/#primaryimage\"},\"image\":{\"@id\":\"https:\/\/www.upjs.sk\/lekarska-fakulta\/vyskum-na-fakulte\/oddelenie-pre-vedu-a-vyskum\/#primaryimage\"},\"thumbnailUrl\":\"https:\/\/www.upjs.sk\/app\/uploads\/sites\/9\/2022\/12\/Kristian.jpg\",\"datePublished\":\"2023-02-28T08:33:24+00:00\",\"dateModified\":\"2025-11-11T10:25:35+00:00\",\"breadcrumb\":{\"@id\":\"https:\/\/www.upjs.sk\/lekarska-fakulta\/vyskum-na-fakulte\/oddelenie-pre-vedu-a-vyskum\/#breadcrumb\"},\"inLanguage\":\"sk-SK\",\"potentialAction\":[{\"@type\":\"ReadAction\",\"target\":[\"https:\/\/www.upjs.sk\/lekarska-fakulta\/vyskum-na-fakulte\/oddelenie-pre-vedu-a-vyskum\/\"]}]},{\"@type\":\"ImageObject\",\"inLanguage\":\"sk-SK\",\"@id\":\"https:\/\/www.upjs.sk\/lekarska-fakulta\/vyskum-na-fakulte\/oddelenie-pre-vedu-a-vyskum\/#primaryimage\",\"url\":\"https:\/\/www.upjs.sk\/app\/uploads\/sites\/9\/2022\/12\/Kristian.jpg\",\"contentUrl\":\"https:\/\/www.upjs.sk\/app\/uploads\/sites\/9\/2022\/12\/Kristian.jpg\"},{\"@type\":\"BreadcrumbList\",\"@id\":\"https:\/\/www.upjs.sk\/lekarska-fakulta\/vyskum-na-fakulte\/oddelenie-pre-vedu-a-vyskum\/#breadcrumb\",\"itemListElement\":[{\"@type\":\"ListItem\",\"position\":1,\"name\":\"Home\",\"item\":\"https:\/\/www.upjs.sk\/lekarska-fakulta\/\"},{\"@type\":\"ListItem\",\"position\":2,\"name\":\"Vedeckov\u00fdskumn\u00e1 \u010dinnos\u0165 na fakulte\",\"item\":\"https:\/\/www.upjs.sk\/lekarska-fakulta\/vyskum-na-fakulte\/\"},{\"@type\":\"ListItem\",\"position\":3,\"name\":\"Oddelenie pre vedu a v\u00fdskum\"}]},{\"@type\":\"WebSite\",\"@id\":\"https:\/\/www.upjs.sk\/lekarska-fakulta\/#website\",\"url\":\"https:\/\/www.upjs.sk\/lekarska-fakulta\/\",\"name\":\"Lek\u00e1rska fakulta | UPJ\u0160\",\"description\":\"\",\"publisher\":{\"@id\":\"https:\/\/www.upjs.sk\/lekarska-fakulta\/#organization\"},\"potentialAction\":[{\"@type\":\"SearchAction\",\"target\":{\"@type\":\"EntryPoint\",\"urlTemplate\":\"https:\/\/www.upjs.sk\/lekarska-fakulta\/?s={search_term_string}\"},\"query-input\":{\"@type\":\"PropertyValueSpecification\",\"valueRequired\":true,\"valueName\":\"search_term_string\"}}],\"inLanguage\":\"sk-SK\"},{\"@type\":\"Organization\",\"@id\":\"https:\/\/www.upjs.sk\/lekarska-fakulta\/#organization\",\"name\":\"Lek\u00e1rska fakulta | UPJ\u0160\",\"url\":\"https:\/\/www.upjs.sk\/lekarska-fakulta\/\",\"logo\":{\"@type\":\"ImageObject\",\"inLanguage\":\"sk-SK\",\"@id\":\"https:\/\/www.upjs.sk\/lekarska-fakulta\/#\/schema\/logo\/image\/\",\"url\":\"https:\/\/www.upjs.sk\/app\/uploads\/sites\/9\/2022\/09\/logo-lekarska-fakulta.png\",\"contentUrl\":\"https:\/\/www.upjs.sk\/app\/uploads\/sites\/9\/2022\/09\/logo-lekarska-fakulta.png\",\"width\":415,\"height\":87,\"caption\":\"Lek\u00e1rska fakulta | UPJ\u0160\"},\"image\":{\"@id\":\"https:\/\/www.upjs.sk\/lekarska-fakulta\/#\/schema\/logo\/image\/\"}}]}<\/script>\n<!-- \/ Yoast SEO plugin. -->","yoast_head_json":{"title":"Oddelenie pre vedu a v\u00fdskum - Lek\u00e1rska fakulta | UPJ\u0160","robots":{"index":"index","follow":"follow","max-snippet":"max-snippet:-1","max-image-preview":"max-image-preview:large","max-video-preview":"max-video-preview:-1"},"canonical":"https:\/\/www.upjs.sk\/lekarska-fakulta\/vyskum-na-fakulte\/oddelenie-pre-vedu-a-vyskum\/","og_locale":"sk_SK","og_type":"article","og_title":"Oddelenie pre vedu a v\u00fdskum - Lek\u00e1rska fakulta | UPJ\u0160","og_description":"prof. MUDr. Pavol Kristian, PhD.prodekan pre vedeckov\u00fdskumn\u00fa \u010dinnos\u0165 na Univerzite Pavla Jozefa \u0160af\u00e1rika v&nbsp;Ko\u0161iciach, Lek\u00e1rskej fakultetelef\u00f3n: +421 55 234 3519e-mail: pavol.kristian@upjs.sk Referenti pre vedu a v\u00fdskum: Ing. Ren\u00e1ta Ko\u010di\u0161ov\u00e1habilita\u010dn\u00e9 a inaugura\u010dn\u00e9 konanietelef\u00f3n: +421 55 234 3342e-mail: renata.kocisova@upjs.sk Mgr. Zuzana Tomkov\u00e1doktorandsk\u00e9 \u0161t\u00fadiumtelef\u00f3n: +421 55 234 3316e-mail: zuzana.tomkova@upjs.sk Mgr. Eva Drot\u00e1rov\u00e1 Mayerov\u00e1telef\u00f3n: +421 55 234 3316e-mail: eva.mayerova@upjs.sk","og_url":"https:\/\/www.upjs.sk\/lekarska-fakulta\/vyskum-na-fakulte\/oddelenie-pre-vedu-a-vyskum\/","og_site_name":"Lek\u00e1rska fakulta | UPJ\u0160","article_modified_time":"2025-11-11T10:25:35+00:00","og_image":[{"width":292,"height":400,"url":"https:\/\/www.upjs.sk\/app\/uploads\/sites\/9\/2022\/12\/Kristian.jpg","type":"image\/jpeg"}],"twitter_card":"summary_large_image","twitter_misc":{"Predpokladan\u00fd \u010das \u010d\u00edtania":"2 min\u00faty"},"schema":{"@context":"https:\/\/schema.org","@graph":[{"@type":"WebPage","@id":"https:\/\/www.upjs.sk\/lekarska-fakulta\/vyskum-na-fakulte\/oddelenie-pre-vedu-a-vyskum\/","url":"https:\/\/www.upjs.sk\/lekarska-fakulta\/vyskum-na-fakulte\/oddelenie-pre-vedu-a-vyskum\/","name":"Oddelenie pre vedu a v\u00fdskum - Lek\u00e1rska fakulta | UPJ\u0160","isPartOf":{"@id":"https:\/\/www.upjs.sk\/lekarska-fakulta\/#website"},"primaryImageOfPage":{"@id":"https:\/\/www.upjs.sk\/lekarska-fakulta\/vyskum-na-fakulte\/oddelenie-pre-vedu-a-vyskum\/#primaryimage"},"image":{"@id":"https:\/\/www.upjs.sk\/lekarska-fakulta\/vyskum-na-fakulte\/oddelenie-pre-vedu-a-vyskum\/#primaryimage"},"thumbnailUrl":"https:\/\/www.upjs.sk\/app\/uploads\/sites\/9\/2022\/12\/Kristian.jpg","datePublished":"2023-02-28T08:33:24+00:00","dateModified":"2025-11-11T10:25:35+00:00","breadcrumb":{"@id":"https:\/\/www.upjs.sk\/lekarska-fakulta\/vyskum-na-fakulte\/oddelenie-pre-vedu-a-vyskum\/#breadcrumb"},"inLanguage":"sk-SK","potentialAction":[{"@type":"ReadAction","target":["https:\/\/www.upjs.sk\/lekarska-fakulta\/vyskum-na-fakulte\/oddelenie-pre-vedu-a-vyskum\/"]}]},{"@type":"ImageObject","inLanguage":"sk-SK","@id":"https:\/\/www.upjs.sk\/lekarska-fakulta\/vyskum-na-fakulte\/oddelenie-pre-vedu-a-vyskum\/#primaryimage","url":"https:\/\/www.upjs.sk\/app\/uploads\/sites\/9\/2022\/12\/Kristian.jpg","contentUrl":"https:\/\/www.upjs.sk\/app\/uploads\/sites\/9\/2022\/12\/Kristian.jpg"},{"@type":"BreadcrumbList","@id":"https:\/\/www.upjs.sk\/lekarska-fakulta\/vyskum-na-fakulte\/oddelenie-pre-vedu-a-vyskum\/#breadcrumb","itemListElement":[{"@type":"ListItem","position":1,"name":"Home","item":"https:\/\/www.upjs.sk\/lekarska-fakulta\/"},{"@type":"ListItem","position":2,"name":"Vedeckov\u00fdskumn\u00e1 \u010dinnos\u0165 na fakulte","item":"https:\/\/www.upjs.sk\/lekarska-fakulta\/vyskum-na-fakulte\/"},{"@type":"ListItem","position":3,"name":"Oddelenie pre vedu a v\u00fdskum"}]},{"@type":"WebSite","@id":"https:\/\/www.upjs.sk\/lekarska-fakulta\/#website","url":"https:\/\/www.upjs.sk\/lekarska-fakulta\/","name":"Lek\u00e1rska fakulta | UPJ\u0160","description":"","publisher":{"@id":"https:\/\/www.upjs.sk\/lekarska-fakulta\/#organization"},"potentialAction":[{"@type":"SearchAction","target":{"@type":"EntryPoint","urlTemplate":"https:\/\/www.upjs.sk\/lekarska-fakulta\/?s={search_term_string}"},"query-input":{"@type":"PropertyValueSpecification","valueRequired":true,"valueName":"search_term_string"}}],"inLanguage":"sk-SK"},{"@type":"Organization","@id":"https:\/\/www.upjs.sk\/lekarska-fakulta\/#organization","name":"Lek\u00e1rska fakulta | UPJ\u0160","url":"https:\/\/www.upjs.sk\/lekarska-fakulta\/","logo":{"@type":"ImageObject","inLanguage":"sk-SK","@id":"https:\/\/www.upjs.sk\/lekarska-fakulta\/#\/schema\/logo\/image\/","url":"https:\/\/www.upjs.sk\/app\/uploads\/sites\/9\/2022\/09\/logo-lekarska-fakulta.png","contentUrl":"https:\/\/www.upjs.sk\/app\/uploads\/sites\/9\/2022\/09\/logo-lekarska-fakulta.png","width":415,"height":87,"caption":"Lek\u00e1rska fakulta | UPJ\u0160"},"image":{"@id":"https:\/\/www.upjs.sk\/lekarska-fakulta\/#\/schema\/logo\/image\/"}}]}},"_links":{"self":[{"href":"https:\/\/www.upjs.sk\/lekarska-fakulta\/wp-json\/wp\/v2\/pages\/13449","targetHints":{"allow":["GET"]}}],"collection":[{"href":"https:\/\/www.upjs.sk\/lekarska-fakulta\/wp-json\/wp\/v2\/pages"}],"about":[{"href":"https:\/\/www.upjs.sk\/lekarska-fakulta\/wp-json\/wp\/v2\/types\/page"}],"author":[{"embeddable":true,"href":"https:\/\/www.upjs.sk\/lekarska-fakulta\/wp-json\/wp\/v2\/users\/1"}],"replies":[{"embeddable":true,"href":"https:\/\/www.upjs.sk\/lekarska-fakulta\/wp-json\/wp\/v2\/comments?post=13449"}],"version-history":[{"count":8,"href":"https:\/\/www.upjs.sk\/lekarska-fakulta\/wp-json\/wp\/v2\/pages\/13449\/revisions"}],"predecessor-version":[{"id":147931,"href":"https:\/\/www.upjs.sk\/lekarska-fakulta\/wp-json\/wp\/v2\/pages\/13449\/revisions\/147931"}],"up":[{"embeddable":true,"href":"https:\/\/www.upjs.sk\/lekarska-fakulta\/wp-json\/wp\/v2\/pages\/13130"}],"wp:attachment":[{"href":"https:\/\/www.upjs.sk\/lekarska-fakulta\/wp-json\/wp\/v2\/media?parent=13449"}],"wp:term":[{"taxonomy":"category","embeddable":true,"href":"https:\/\/www.upjs.sk\/lekarska-fakulta\/wp-json\/wp\/v2\/categories?post=13449"},{"taxonomy":"post_tag","embeddable":true,"href":"https:\/\/www.upjs.sk\/lekarska-fakulta\/wp-json\/wp\/v2\/tags?post=13449"}],"curies":[{"name":"wp","href":"https:\/\/api.w.org\/{rel}","templated":true}]}}