{"id":140155,"date":"2025-07-18T08:39:01","date_gmt":"2025-07-18T07:39:31","guid":{"rendered":"https:\/\/www.upjs.sk\/lekarska-fakulta\/?page_id=140155"},"modified":"2025-07-24T09:13:50","modified_gmt":"2025-07-24T08:13:50","slug":"vychodoslovensky-ustav-srdcovych-a-cievnych-chorob-a-s","status":"publish","type":"page","link":"https:\/\/www.upjs.sk\/lekarska-fakulta\/adresa-a-kontakty\/orientacny-plan-lf\/vychodoslovensky-ustav-srdcovych-a-cievnych-chorob-a-s\/","title":{"rendered":"V\u00fdchodoslovensk\u00fd \u00fastav srdcov\u00fdch a cievnych chor\u00f4b, a. s."},"content":{"rendered":"\n<h4 class=\"wp-block-heading\">Ondavsk\u00e1 8<\/h4>\n\n\n<style>.kb-google-maps-container140155_98a59f-55{height:450px;}<\/style><div class=\"kb-google-maps-container kb-google-maps-container140155_98a59f-55  wp-block-kadence-googlemaps\" data-mapid=\"140155_98a59f55\"><iframe width=\"100%\" height=\"100%\"\n\t\t\t\t\t\t\tstyle=\"border:0\" loading=\"lazy\"\n\t\t\t\t\t\t\tsrc=\"https:\/\/www.google.com\/maps\/embed\/v1\/place?key=AIzaSyBAM2o7PiQqwk15LC1XRH2e_KJ-jUa7KYk&#038;zoom=16&#038;maptype=satellite&#038;q=Ondavsk%C3%A1+8\"\n\t\t\t\t\t\t\ttitle=\"Google map of Ondavsk\u00e1 8\"><\/iframe><\/div><script>function kb_google_map140155_98a59f55() { let center = { lat: 37.8201, lng: -122.4781}; let map = new google.maps.Map(document.getElementById(\"kb-google-map140155_98a59f55\"), {\n\t\t\t\t\t    zoom: 16,\n\t\t\t\t\t    center: center,mapTypeId: \"satellite\",});let marker = new google.maps.Marker({   position: { lat: 37.8201, lng: -122.4781},    map: map,  });}<\/script>","protected":false},"excerpt":{"rendered":"<p>Ondavsk\u00e1 8<\/p>\n","protected":false},"author":75,"featured_media":0,"parent":14156,"menu_order":3,"comment_status":"closed","ping_status":"closed","template":"","meta":{"_acf_changed":false,"_editorskit_title_hidden":false,"_editorskit_reading_time":0,"_editorskit_is_block_options_detached":false,"_editorskit_block_options_position":"{}","footnotes":""},"categories":[],"tags":[],"class_list":["post-140155","page","type-page","status-publish","hentry"],"acf":{"acf_link_na_externy_obsah":""},"yoast_head":"<!-- This site is optimized with the Yoast SEO plugin v27.2 - https:\/\/yoast.com\/product\/yoast-seo-wordpress\/ -->\n<title>V\u00fdchodoslovensk\u00fd \u00fastav srdcov\u00fdch a cievnych chor\u00f4b, a. s. - Lek\u00e1rska fakulta | UPJ\u0160<\/title>\n<meta name=\"robots\" content=\"index, follow, max-snippet:-1, max-image-preview:large, max-video-preview:-1\" \/>\n<link rel=\"canonical\" href=\"https:\/\/www.upjs.sk\/lekarska-fakulta\/adresa-a-kontakty\/orientacny-plan-lf\/vychodoslovensky-ustav-srdcovych-a-cievnych-chorob-a-s\/\" \/>\n<meta property=\"og:locale\" content=\"sk_SK\" \/>\n<meta property=\"og:type\" content=\"article\" \/>\n<meta property=\"og:title\" content=\"V\u00fdchodoslovensk\u00fd \u00fastav srdcov\u00fdch a cievnych chor\u00f4b, a. s. - Lek\u00e1rska fakulta | UPJ\u0160\" \/>\n<meta property=\"og:description\" content=\"Ondavsk\u00e1 8\" \/>\n<meta property=\"og:url\" content=\"https:\/\/www.upjs.sk\/lekarska-fakulta\/adresa-a-kontakty\/orientacny-plan-lf\/vychodoslovensky-ustav-srdcovych-a-cievnych-chorob-a-s\/\" \/>\n<meta property=\"og:site_name\" content=\"Lek\u00e1rska fakulta | UPJ\u0160\" \/>\n<meta property=\"article:modified_time\" content=\"2025-07-24T08:13:50+00:00\" \/>\n<meta name=\"twitter:card\" content=\"summary_large_image\" \/>\n<script type=\"application\/ld+json\" class=\"yoast-schema-graph\">{\"@context\":\"https:\/\/schema.org\",\"@graph\":[{\"@type\":\"WebPage\",\"@id\":\"https:\/\/www.upjs.sk\/lekarska-fakulta\/adresa-a-kontakty\/orientacny-plan-lf\/vychodoslovensky-ustav-srdcovych-a-cievnych-chorob-a-s\/\",\"url\":\"https:\/\/www.upjs.sk\/lekarska-fakulta\/adresa-a-kontakty\/orientacny-plan-lf\/vychodoslovensky-ustav-srdcovych-a-cievnych-chorob-a-s\/\",\"name\":\"V\u00fdchodoslovensk\u00fd \u00fastav srdcov\u00fdch a cievnych chor\u00f4b, a. s. - Lek\u00e1rska fakulta | UPJ\u0160\",\"isPartOf\":{\"@id\":\"https:\/\/www.upjs.sk\/lekarska-fakulta\/#website\"},\"datePublished\":\"2025-07-18T07:39:31+00:00\",\"dateModified\":\"2025-07-24T08:13:50+00:00\",\"breadcrumb\":{\"@id\":\"https:\/\/www.upjs.sk\/lekarska-fakulta\/adresa-a-kontakty\/orientacny-plan-lf\/vychodoslovensky-ustav-srdcovych-a-cievnych-chorob-a-s\/#breadcrumb\"},\"inLanguage\":\"sk-SK\",\"potentialAction\":[{\"@type\":\"ReadAction\",\"target\":[\"https:\/\/www.upjs.sk\/lekarska-fakulta\/adresa-a-kontakty\/orientacny-plan-lf\/vychodoslovensky-ustav-srdcovych-a-cievnych-chorob-a-s\/\"]}]},{\"@type\":\"BreadcrumbList\",\"@id\":\"https:\/\/www.upjs.sk\/lekarska-fakulta\/adresa-a-kontakty\/orientacny-plan-lf\/vychodoslovensky-ustav-srdcovych-a-cievnych-chorob-a-s\/#breadcrumb\",\"itemListElement\":[{\"@type\":\"ListItem\",\"position\":1,\"name\":\"Home\",\"item\":\"https:\/\/www.upjs.sk\/lekarska-fakulta\/\"},{\"@type\":\"ListItem\",\"position\":2,\"name\":\"Kontakty\",\"item\":\"https:\/\/www.upjs.sk\/lekarska-fakulta\/adresa-a-kontakty\/\"},{\"@type\":\"ListItem\",\"position\":3,\"name\":\"Orienta\u010dn\u00fd pl\u00e1n UPJ\u0160 LF\",\"item\":\"https:\/\/www.upjs.sk\/lekarska-fakulta\/adresa-a-kontakty\/orientacny-plan-lf\/\"},{\"@type\":\"ListItem\",\"position\":4,\"name\":\"V\u00fdchodoslovensk\u00fd \u00fastav srdcov\u00fdch a cievnych chor\u00f4b, a. s.\"}]},{\"@type\":\"WebSite\",\"@id\":\"https:\/\/www.upjs.sk\/lekarska-fakulta\/#website\",\"url\":\"https:\/\/www.upjs.sk\/lekarska-fakulta\/\",\"name\":\"Lek\u00e1rska fakulta | UPJ\u0160\",\"description\":\"\",\"publisher\":{\"@id\":\"https:\/\/www.upjs.sk\/lekarska-fakulta\/#organization\"},\"potentialAction\":[{\"@type\":\"SearchAction\",\"target\":{\"@type\":\"EntryPoint\",\"urlTemplate\":\"https:\/\/www.upjs.sk\/lekarska-fakulta\/?s={search_term_string}\"},\"query-input\":{\"@type\":\"PropertyValueSpecification\",\"valueRequired\":true,\"valueName\":\"search_term_string\"}}],\"inLanguage\":\"sk-SK\"},{\"@type\":\"Organization\",\"@id\":\"https:\/\/www.upjs.sk\/lekarska-fakulta\/#organization\",\"name\":\"Lek\u00e1rska fakulta | UPJ\u0160\",\"url\":\"https:\/\/www.upjs.sk\/lekarska-fakulta\/\",\"logo\":{\"@type\":\"ImageObject\",\"inLanguage\":\"sk-SK\",\"@id\":\"https:\/\/www.upjs.sk\/lekarska-fakulta\/#\/schema\/logo\/image\/\",\"url\":\"https:\/\/www.upjs.sk\/app\/uploads\/sites\/9\/2022\/09\/logo-lekarska-fakulta.png\",\"contentUrl\":\"https:\/\/www.upjs.sk\/app\/uploads\/sites\/9\/2022\/09\/logo-lekarska-fakulta.png\",\"width\":415,\"height\":87,\"caption\":\"Lek\u00e1rska fakulta | UPJ\u0160\"},\"image\":{\"@id\":\"https:\/\/www.upjs.sk\/lekarska-fakulta\/#\/schema\/logo\/image\/\"}}]}<\/script>\n<!-- \/ Yoast SEO plugin. -->","yoast_head_json":{"title":"V\u00fdchodoslovensk\u00fd \u00fastav srdcov\u00fdch a cievnych chor\u00f4b, a. s. - Lek\u00e1rska fakulta | UPJ\u0160","robots":{"index":"index","follow":"follow","max-snippet":"max-snippet:-1","max-image-preview":"max-image-preview:large","max-video-preview":"max-video-preview:-1"},"canonical":"https:\/\/www.upjs.sk\/lekarska-fakulta\/adresa-a-kontakty\/orientacny-plan-lf\/vychodoslovensky-ustav-srdcovych-a-cievnych-chorob-a-s\/","og_locale":"sk_SK","og_type":"article","og_title":"V\u00fdchodoslovensk\u00fd \u00fastav srdcov\u00fdch a cievnych chor\u00f4b, a. s. - Lek\u00e1rska fakulta | UPJ\u0160","og_description":"Ondavsk\u00e1 8","og_url":"https:\/\/www.upjs.sk\/lekarska-fakulta\/adresa-a-kontakty\/orientacny-plan-lf\/vychodoslovensky-ustav-srdcovych-a-cievnych-chorob-a-s\/","og_site_name":"Lek\u00e1rska fakulta | UPJ\u0160","article_modified_time":"2025-07-24T08:13:50+00:00","twitter_card":"summary_large_image","schema":{"@context":"https:\/\/schema.org","@graph":[{"@type":"WebPage","@id":"https:\/\/www.upjs.sk\/lekarska-fakulta\/adresa-a-kontakty\/orientacny-plan-lf\/vychodoslovensky-ustav-srdcovych-a-cievnych-chorob-a-s\/","url":"https:\/\/www.upjs.sk\/lekarska-fakulta\/adresa-a-kontakty\/orientacny-plan-lf\/vychodoslovensky-ustav-srdcovych-a-cievnych-chorob-a-s\/","name":"V\u00fdchodoslovensk\u00fd \u00fastav srdcov\u00fdch a cievnych chor\u00f4b, a. s. - Lek\u00e1rska fakulta | UPJ\u0160","isPartOf":{"@id":"https:\/\/www.upjs.sk\/lekarska-fakulta\/#website"},"datePublished":"2025-07-18T07:39:31+00:00","dateModified":"2025-07-24T08:13:50+00:00","breadcrumb":{"@id":"https:\/\/www.upjs.sk\/lekarska-fakulta\/adresa-a-kontakty\/orientacny-plan-lf\/vychodoslovensky-ustav-srdcovych-a-cievnych-chorob-a-s\/#breadcrumb"},"inLanguage":"sk-SK","potentialAction":[{"@type":"ReadAction","target":["https:\/\/www.upjs.sk\/lekarska-fakulta\/adresa-a-kontakty\/orientacny-plan-lf\/vychodoslovensky-ustav-srdcovych-a-cievnych-chorob-a-s\/"]}]},{"@type":"BreadcrumbList","@id":"https:\/\/www.upjs.sk\/lekarska-fakulta\/adresa-a-kontakty\/orientacny-plan-lf\/vychodoslovensky-ustav-srdcovych-a-cievnych-chorob-a-s\/#breadcrumb","itemListElement":[{"@type":"ListItem","position":1,"name":"Home","item":"https:\/\/www.upjs.sk\/lekarska-fakulta\/"},{"@type":"ListItem","position":2,"name":"Kontakty","item":"https:\/\/www.upjs.sk\/lekarska-fakulta\/adresa-a-kontakty\/"},{"@type":"ListItem","position":3,"name":"Orienta\u010dn\u00fd pl\u00e1n UPJ\u0160 LF","item":"https:\/\/www.upjs.sk\/lekarska-fakulta\/adresa-a-kontakty\/orientacny-plan-lf\/"},{"@type":"ListItem","position":4,"name":"V\u00fdchodoslovensk\u00fd \u00fastav srdcov\u00fdch a cievnych chor\u00f4b, a. s."}]},{"@type":"WebSite","@id":"https:\/\/www.upjs.sk\/lekarska-fakulta\/#website","url":"https:\/\/www.upjs.sk\/lekarska-fakulta\/","name":"Lek\u00e1rska fakulta | UPJ\u0160","description":"","publisher":{"@id":"https:\/\/www.upjs.sk\/lekarska-fakulta\/#organization"},"potentialAction":[{"@type":"SearchAction","target":{"@type":"EntryPoint","urlTemplate":"https:\/\/www.upjs.sk\/lekarska-fakulta\/?s={search_term_string}"},"query-input":{"@type":"PropertyValueSpecification","valueRequired":true,"valueName":"search_term_string"}}],"inLanguage":"sk-SK"},{"@type":"Organization","@id":"https:\/\/www.upjs.sk\/lekarska-fakulta\/#organization","name":"Lek\u00e1rska fakulta | UPJ\u0160","url":"https:\/\/www.upjs.sk\/lekarska-fakulta\/","logo":{"@type":"ImageObject","inLanguage":"sk-SK","@id":"https:\/\/www.upjs.sk\/lekarska-fakulta\/#\/schema\/logo\/image\/","url":"https:\/\/www.upjs.sk\/app\/uploads\/sites\/9\/2022\/09\/logo-lekarska-fakulta.png","contentUrl":"https:\/\/www.upjs.sk\/app\/uploads\/sites\/9\/2022\/09\/logo-lekarska-fakulta.png","width":415,"height":87,"caption":"Lek\u00e1rska fakulta | UPJ\u0160"},"image":{"@id":"https:\/\/www.upjs.sk\/lekarska-fakulta\/#\/schema\/logo\/image\/"}}]}},"_links":{"self":[{"href":"https:\/\/www.upjs.sk\/lekarska-fakulta\/wp-json\/wp\/v2\/pages\/140155","targetHints":{"allow":["GET"]}}],"collection":[{"href":"https:\/\/www.upjs.sk\/lekarska-fakulta\/wp-json\/wp\/v2\/pages"}],"about":[{"href":"https:\/\/www.upjs.sk\/lekarska-fakulta\/wp-json\/wp\/v2\/types\/page"}],"author":[{"embeddable":true,"href":"https:\/\/www.upjs.sk\/lekarska-fakulta\/wp-json\/wp\/v2\/users\/75"}],"replies":[{"embeddable":true,"href":"https:\/\/www.upjs.sk\/lekarska-fakulta\/wp-json\/wp\/v2\/comments?post=140155"}],"version-history":[{"count":1,"href":"https:\/\/www.upjs.sk\/lekarska-fakulta\/wp-json\/wp\/v2\/pages\/140155\/revisions"}],"predecessor-version":[{"id":140156,"href":"https:\/\/www.upjs.sk\/lekarska-fakulta\/wp-json\/wp\/v2\/pages\/140155\/revisions\/140156"}],"up":[{"embeddable":true,"href":"https:\/\/www.upjs.sk\/lekarska-fakulta\/wp-json\/wp\/v2\/pages\/14156"}],"wp:attachment":[{"href":"https:\/\/www.upjs.sk\/lekarska-fakulta\/wp-json\/wp\/v2\/media?parent=140155"}],"wp:term":[{"taxonomy":"category","embeddable":true,"href":"https:\/\/www.upjs.sk\/lekarska-fakulta\/wp-json\/wp\/v2\/categories?post=140155"},{"taxonomy":"post_tag","embeddable":true,"href":"https:\/\/www.upjs.sk\/lekarska-fakulta\/wp-json\/wp\/v2\/tags?post=140155"}],"curies":[{"name":"wp","href":"https:\/\/api.w.org\/{rel}","templated":true}]}}