{"id":14121,"date":"2023-02-03T12:27:35","date_gmt":"2023-02-03T11:27:35","guid":{"rendered":"https:\/\/www.upjs.sk\/lekarska-fakulta\/root\/vnutorny-system-hodnotenia-kvality\/rady-studijnych-programov\/"},"modified":"2026-02-10T15:52:34","modified_gmt":"2026-02-10T14:52:34","slug":"rady-studijnych-programov","status":"publish","type":"page","link":"https:\/\/www.upjs.sk\/lekarska-fakulta\/fakulta\/vnutorny-system-hodnotenia-kvality\/rady-studijnych-programov\/","title":{"rendered":"Rady \u0161tudijn\u00fdch programov"},"content":{"rendered":"\n<p>V priebehu rokov 2021 a 2022 prebieha proces zos\u00fala\u010fovania \u0161tudijn\u00fdch programov v s\u00falade s\u00a0<a href=\"https:\/\/www.upjs.sk\/kvalita\/akreditacne-procesy\/dolezite-dokumenty-a-formulare\/\" class=\"ek-link\">Akredita\u010dn\u00fdm poriadkom UPJ\u0160<\/a> a \u0161tandardmi SAAV\u0160. Samotn\u00e9 vytv\u00e1ranie \u0161tudijn\u00fdch programov na UPJ\u0160 je realizovan\u00e9 na z\u00e1klade prijat\u00fdch <a href=\"https:\/\/www.upjs.sk\/kvalita\/akreditacne-procesy\/dolezite-dokumenty-a-formulare\/\" class=\"ek-link\">pravidiel Vn\u00fatorn\u00e9ho syst\u00e9mu kvality vysoko\u0161kolsk\u00e9ho vzdel\u00e1vania<\/a> (VSK). Podporu a rozvoj VSK, kvality v\u00fdskumnej, v\u00fdvojovej, umeleckej alebo \u010fal\u0161ej tvorivej \u010dinnosti a kvality podporn\u00fdch \u010dinnost\u00ed univerzity koordinuje <a href=\"https:\/\/www.upjs.sk\/kvalita\/akreditacne-procesy\/\" class=\"ek-link\">Rada pre vn\u00fatorn\u00e9 overovanie kvality<\/a>. Kvalitu \u0161tudijn\u00fdch programov na bakal\u00e1rskom (I. stupe\u0148), magisterskom (II. stupe\u0148) a spojenom bakal\u00e1rskom a\u00a0magisterskom (spojen\u00fd I. a II. stupe\u0148) stupni \u0161t\u00fadia v jednotliv\u00fdch \u0161tudijn\u00fdch odboroch (\u0160O) zabezpe\u010duj\u00fa a\u00a0overuj\u00fa <strong>Rady \u0161tudijn\u00fdch programov (R\u0160P)<\/strong>. Kvalitu \u0161tudijn\u00fdch programov na III. stupni \u0161t\u00fadia (doktorandsk\u00e9 \u0161t\u00fadium) zabezpe\u010duj\u00fa R\u0160P v spolupr\u00e1ci s Odborov\u00fdmi komisiami \u0161tudijn\u00fdch programov.<\/p>\n\n\n\n<p><strong>Rady \u0161tudijn\u00fdch programov (spojen\u00fd I. a&nbsp;II. stupe\u0148 \u0161t\u00fadia)<\/strong><\/p>\n\n\n\n<div class=\"wp-block-columns is-layout-flex wp-container-core-columns-is-layout-9d6595d7 wp-block-columns-is-layout-flex\">\n<div class=\"wp-block-column is-layout-flow wp-block-column-is-layout-flow\" style=\"flex-basis:33.33%\">\n<ul class=\"wp-block-list\">\n<li><a href=\"https:\/\/studijne-programy.upjs.sk\/program\/VL\" target=\"_blank\" rel=\"noreferrer noopener\">v\u0161eobecn\u00e9 lek\u00e1rstvo<\/a><\/li>\n\n\n\n<li><a href=\"https:\/\/studijne-programy.upjs.sk\/program\/ZL\">zubn\u00e9 lek\u00e1rstvo<\/a><\/li>\n<\/ul>\n<\/div>\n\n\n\n<div class=\"wp-block-column is-layout-flow wp-block-column-is-layout-flow\" style=\"flex-basis:66.66%\"><\/div>\n<\/div>\n\n\n<style>.wp-block-kadence-advancedheading.kt-adv-heading14121_ebef0f-f0, .wp-block-kadence-advancedheading.kt-adv-heading14121_ebef0f-f0[data-kb-block=\"kb-adv-heading14121_ebef0f-f0\"]{font-style:normal;}.wp-block-kadence-advancedheading.kt-adv-heading14121_ebef0f-f0 mark.kt-highlight, .wp-block-kadence-advancedheading.kt-adv-heading14121_ebef0f-f0[data-kb-block=\"kb-adv-heading14121_ebef0f-f0\"] mark.kt-highlight{font-style:normal;color:#f76a0c;-webkit-box-decoration-break:clone;box-decoration-break:clone;padding-top:0px;padding-right:0px;padding-bottom:0px;padding-left:0px;}<\/style>\n<p class=\"kt-adv-heading14121_ebef0f-f0 wp-block-kadence-advancedheading\" data-kb-block=\"kb-adv-heading14121_ebef0f-f0\"><strong>Rady \u0161tudijn\u00fdch programov (I. stupe\u0148 \u0161t\u00fadia)<\/strong><\/p>\n\n\n\n<ul class=\"wp-block-list\">\n<li><a href=\"https:\/\/studijne-programy.upjs.sk\/program\/F\">fyzioterapia<\/a><\/li>\n\n\n\n<li><a href=\"https:\/\/studijne-programy.upjs.sk\/program\/LVMvZ\">laborat\u00f3rne vy\u0161etrovacie met\u00f3dy v&nbsp;zdravotn\u00edctve<\/a><\/li>\n\n\n\n<li><a href=\"https:\/\/studijne-programy.upjs.sk\/program\/O%C5%A0\">o\u0161etrovate\u013estvo<\/a><\/li>\n\n\n\n<li><a href=\"https:\/\/studijne-programy.upjs.sk\/program\/VZ\">verejn\u00e9 zdravotn\u00edctvo<\/a><\/li>\n<\/ul>\n\n\n<style>.wp-block-kadence-advancedheading.kt-adv-heading14121_afcff4-66, .wp-block-kadence-advancedheading.kt-adv-heading14121_afcff4-66[data-kb-block=\"kb-adv-heading14121_afcff4-66\"]{font-style:normal;}.wp-block-kadence-advancedheading.kt-adv-heading14121_afcff4-66 mark.kt-highlight, .wp-block-kadence-advancedheading.kt-adv-heading14121_afcff4-66[data-kb-block=\"kb-adv-heading14121_afcff4-66\"] mark.kt-highlight{font-style:normal;color:#f76a0c;-webkit-box-decoration-break:clone;box-decoration-break:clone;padding-top:0px;padding-right:0px;padding-bottom:0px;padding-left:0px;}<\/style>\n<p class=\"kt-adv-heading14121_afcff4-66 wp-block-kadence-advancedheading\" data-kb-block=\"kb-adv-heading14121_afcff4-66\"><\/p>\n\n\n\n<p class=\"has--font-size\"><strong>Rady \u0161tudijn\u00fdch programov (II. stupe\u0148 \u0161t\u00fadia)<\/strong><\/p>\n\n\n\n<ul class=\"wp-block-list has--font-size has-,,-font-size\">\n<li><a href=\"https:\/\/studijne-programy.upjs.sk\/program\/F-M\">fyzioterapia <\/a><\/li>\n\n\n\n<li><a href=\"https:\/\/studijne-programy.upjs.sk\/program\/VZ-M\">verejn\u00e9 zdravotn\u00edctvo<\/a><\/li>\n<\/ul>\n\n\n<style>.wp-block-kadence-advancedheading.kt-adv-heading14121_3220d9-e3, .wp-block-kadence-advancedheading.kt-adv-heading14121_3220d9-e3[data-kb-block=\"kb-adv-heading14121_3220d9-e3\"]{font-style:normal;}.wp-block-kadence-advancedheading.kt-adv-heading14121_3220d9-e3 mark.kt-highlight, .wp-block-kadence-advancedheading.kt-adv-heading14121_3220d9-e3[data-kb-block=\"kb-adv-heading14121_3220d9-e3\"] mark.kt-highlight{font-style:normal;color:#f76a0c;-webkit-box-decoration-break:clone;box-decoration-break:clone;padding-top:0px;padding-right:0px;padding-bottom:0px;padding-left:0px;}<\/style>\n<p class=\"kt-adv-heading14121_3220d9-e3 wp-block-kadence-advancedheading\" data-kb-block=\"kb-adv-heading14121_3220d9-e3\"><\/p>\n\n\n\n<p><strong>Rady \u0161tudijn\u00fdch programov (III. stupe\u0148 \u0161t\u00fadia)<\/strong><\/p>\n\n\n\n<div class=\"wp-block-columns is-layout-flex wp-container-core-columns-is-layout-9d6595d7 wp-block-columns-is-layout-flex\">\n<div class=\"wp-block-column is-layout-flow wp-block-column-is-layout-flow\" style=\"flex-basis:33.33%\">\n<ul class=\"wp-block-list\">\n<li><a href=\"https:\/\/studijne-programy.upjs.sk\/program\/ANATd\">anat\u00f3mia, histol\u00f3gia a&nbsp;embryol\u00f3gia<\/a> &nbsp;<\/li>\n\n\n\n<li><a href=\"https:\/\/studijne-programy.upjs.sk\/program\/EPIDd\">epidemiol\u00f3gia<\/a>&nbsp;&nbsp;&nbsp;&nbsp;&nbsp;&nbsp;&nbsp;&nbsp;&nbsp;&nbsp;&nbsp;&nbsp;&nbsp;&nbsp;&nbsp;&nbsp;&nbsp;&nbsp;&nbsp;&nbsp;&nbsp;&nbsp;&nbsp;&nbsp;&nbsp;&nbsp;&nbsp;&nbsp;&nbsp;&nbsp;&nbsp;&nbsp;&nbsp; <\/li>\n\n\n\n<li><a href=\"https:\/\/studijne-programy.upjs.sk\/program\/GYNd\">gynekol\u00f3gia a&nbsp;p\u00f4rodn\u00edctvo<\/a>&nbsp;&nbsp;&nbsp;&nbsp;&nbsp;&nbsp;&nbsp;&nbsp;&nbsp;<\/li>\n\n\n\n<li><a href=\"https:\/\/studijne-programy.upjs.sk\/program\/CHIRd\">chirurgia<\/a>&nbsp;&nbsp;&nbsp;&nbsp;&nbsp;&nbsp;&nbsp;&nbsp;&nbsp;&nbsp;&nbsp;&nbsp;&nbsp;&nbsp;&nbsp;&nbsp;&nbsp;&nbsp;&nbsp;&nbsp;&nbsp;&nbsp;&nbsp;&nbsp;&nbsp;&nbsp;&nbsp;&nbsp;&nbsp;&nbsp;&nbsp;&nbsp;&nbsp;&nbsp;&nbsp;&nbsp;&nbsp;&nbsp;&nbsp;<\/li>\n\n\n\n<li><a href=\"https:\/\/studijne-programy.upjs.sk\/program\/KBd\">klinick\u00e1 bioch\u00e9mia&nbsp;<\/a>&nbsp;&nbsp;&nbsp;&nbsp;&nbsp;&nbsp;&nbsp;&nbsp;&nbsp;&nbsp;&nbsp;&nbsp;&nbsp;&nbsp;&nbsp;&nbsp;&nbsp;&nbsp;&nbsp;&nbsp;&nbsp;&nbsp;&nbsp;&nbsp;<\/li>\n\n\n\n<li><a href=\"https:\/\/studijne-programy.upjs.sk\/program\/LFd\">lek\u00e1rska farmakol\u00f3gia&nbsp;<\/a>&nbsp;&nbsp;&nbsp;&nbsp;&nbsp;&nbsp;&nbsp;&nbsp;&nbsp;&nbsp;&nbsp;&nbsp;&nbsp;&nbsp;&nbsp;&nbsp;&nbsp; <\/li>\n\n\n\n<li><a href=\"https:\/\/studijne-programy.upjs.sk\/program\/NEUd\">neurol\u00f3gia<\/a>&nbsp;&nbsp;&nbsp;&nbsp;&nbsp;&nbsp;&nbsp;&nbsp;&nbsp;&nbsp;&nbsp;&nbsp;&nbsp;&nbsp;&nbsp;&nbsp;&nbsp;&nbsp;&nbsp;&nbsp;&nbsp;&nbsp;&nbsp;&nbsp;&nbsp;&nbsp;&nbsp;&nbsp;&nbsp;&nbsp;&nbsp;&nbsp;&nbsp;&nbsp;&nbsp;&nbsp;&nbsp;&nbsp;&nbsp;<\/li>\n\n\n\n<li><a href=\"https:\/\/studijne-programy.upjs.sk\/program\/NPFd\">norm\u00e1lna a patologick\u00e1 fyziol\u00f3gia&nbsp;&nbsp;<\/a><\/li>\n\n\n\n<li><a href=\"https:\/\/studijne-programy.upjs.sk\/program\/VZd\">verejn\u00e9 zdravotn\u00edctvo&nbsp;&nbsp;<\/a>&nbsp;&nbsp;&nbsp;&nbsp;&nbsp;&nbsp;&nbsp;&nbsp;&nbsp;&nbsp;&nbsp;&nbsp;&nbsp;&nbsp;&nbsp;&nbsp;<\/li>\n\n\n\n<li><a href=\"https:\/\/studijne-programy.upjs.sk\/program\/VCHd\">vn\u00fatorn\u00e9 choroby&nbsp;<\/a>&nbsp;&nbsp;&nbsp;&nbsp;&nbsp;&nbsp;&nbsp;&nbsp;&nbsp;&nbsp;&nbsp;&nbsp;&nbsp;&nbsp;&nbsp;&nbsp;&nbsp;&nbsp;&nbsp;&nbsp;&nbsp;&nbsp;&nbsp;<\/li>\n\n\n\n<li><a href=\"https:\/\/studijne-programy.upjs.sk\/program\/ZLd\">zubn\u00e9 lek\u00e1rstvo<\/a>&nbsp;&nbsp;<\/li>\n<\/ul>\n<\/div>\n\n\n\n<div class=\"wp-block-column is-layout-flow wp-block-column-is-layout-flow\" style=\"flex-basis:66.66%\"><\/div>\n<\/div>\n","protected":false},"excerpt":{"rendered":"<p>V priebehu rokov 2021 a 2022 prebieha proces zos\u00fala\u010fovania \u0161tudijn\u00fdch programov v s\u00falade s\u00a0Akredita\u010dn\u00fdm poriadkom UPJ\u0160 a \u0161tandardmi SAAV\u0160. Samotn\u00e9 vytv\u00e1ranie \u0161tudijn\u00fdch programov na UPJ\u0160 je realizovan\u00e9 na z\u00e1klade prijat\u00fdch pravidiel Vn\u00fatorn\u00e9ho syst\u00e9mu kvality vysoko\u0161kolsk\u00e9ho vzdel\u00e1vania (VSK). Podporu a rozvoj VSK, kvality v\u00fdskumnej, v\u00fdvojovej, umeleckej alebo \u010fal\u0161ej tvorivej \u010dinnosti a kvality podporn\u00fdch \u010dinnost\u00ed univerzity koordinuje &hellip; <a href=\"https:\/\/www.upjs.sk\/lekarska-fakulta\/fakulta\/vnutorny-system-hodnotenia-kvality\/rady-studijnych-programov\/\">\u010c\u00edta\u0165 \u010falej<\/a><\/p>\n","protected":false},"author":1,"featured_media":0,"parent":14108,"menu_order":1,"comment_status":"closed","ping_status":"closed","template":"","meta":{"_acf_changed":false,"_editorskit_title_hidden":false,"_editorskit_reading_time":1,"_editorskit_is_block_options_detached":false,"_editorskit_block_options_position":"{}","footnotes":""},"categories":[],"tags":[],"class_list":["post-14121","page","type-page","status-publish","hentry"],"acf":{"acf_link_na_externy_obsah":""},"yoast_head":"<!-- This site is optimized with the Yoast SEO plugin v27.4 - https:\/\/yoast.com\/product\/yoast-seo-wordpress\/ -->\n<title>Rady \u0161tudijn\u00fdch programov - Lek\u00e1rska fakulta | UPJ\u0160<\/title>\n<meta name=\"robots\" content=\"index, follow, max-snippet:-1, max-image-preview:large, max-video-preview:-1\" \/>\n<link rel=\"canonical\" href=\"https:\/\/www.upjs.sk\/lekarska-fakulta\/fakulta\/vnutorny-system-hodnotenia-kvality\/rady-studijnych-programov\/\" \/>\n<meta property=\"og:locale\" content=\"sk_SK\" \/>\n<meta property=\"og:type\" content=\"article\" \/>\n<meta property=\"og:title\" content=\"Rady \u0161tudijn\u00fdch programov - Lek\u00e1rska fakulta | UPJ\u0160\" \/>\n<meta property=\"og:description\" content=\"V priebehu rokov 2021 a 2022 prebieha proces zos\u00fala\u010fovania \u0161tudijn\u00fdch programov v s\u00falade s\u00a0Akredita\u010dn\u00fdm poriadkom UPJ\u0160 a \u0161tandardmi SAAV\u0160. Samotn\u00e9 vytv\u00e1ranie \u0161tudijn\u00fdch programov na UPJ\u0160 je realizovan\u00e9 na z\u00e1klade prijat\u00fdch pravidiel Vn\u00fatorn\u00e9ho syst\u00e9mu kvality vysoko\u0161kolsk\u00e9ho vzdel\u00e1vania (VSK). Podporu a rozvoj VSK, kvality v\u00fdskumnej, v\u00fdvojovej, umeleckej alebo \u010fal\u0161ej tvorivej \u010dinnosti a kvality podporn\u00fdch \u010dinnost\u00ed univerzity koordinuje &hellip; \u010c\u00edta\u0165 \u010falej\" \/>\n<meta property=\"og:url\" content=\"https:\/\/www.upjs.sk\/lekarska-fakulta\/fakulta\/vnutorny-system-hodnotenia-kvality\/rady-studijnych-programov\/\" \/>\n<meta property=\"og:site_name\" content=\"Lek\u00e1rska fakulta | UPJ\u0160\" \/>\n<meta property=\"article:modified_time\" content=\"2026-02-10T14:52:34+00:00\" \/>\n<meta name=\"twitter:card\" content=\"summary_large_image\" \/>\n<meta name=\"twitter:label1\" content=\"Predpokladan\u00fd \u010das \u010d\u00edtania\" \/>\n\t<meta name=\"twitter:data1\" content=\"1 min\u00fata\" \/>\n<script type=\"application\/ld+json\" class=\"yoast-schema-graph\">{\"@context\":\"https:\\\/\\\/schema.org\",\"@graph\":[{\"@type\":\"WebPage\",\"@id\":\"https:\\\/\\\/www.upjs.sk\\\/lekarska-fakulta\\\/fakulta\\\/vnutorny-system-hodnotenia-kvality\\\/rady-studijnych-programov\\\/\",\"url\":\"https:\\\/\\\/www.upjs.sk\\\/lekarska-fakulta\\\/fakulta\\\/vnutorny-system-hodnotenia-kvality\\\/rady-studijnych-programov\\\/\",\"name\":\"Rady \u0161tudijn\u00fdch programov - Lek\u00e1rska fakulta | UPJ\u0160\",\"isPartOf\":{\"@id\":\"https:\\\/\\\/www.upjs.sk\\\/lekarska-fakulta\\\/#website\"},\"datePublished\":\"2023-02-03T11:27:35+00:00\",\"dateModified\":\"2026-02-10T14:52:34+00:00\",\"breadcrumb\":{\"@id\":\"https:\\\/\\\/www.upjs.sk\\\/lekarska-fakulta\\\/fakulta\\\/vnutorny-system-hodnotenia-kvality\\\/rady-studijnych-programov\\\/#breadcrumb\"},\"inLanguage\":\"sk-SK\",\"potentialAction\":[{\"@type\":\"ReadAction\",\"target\":[\"https:\\\/\\\/www.upjs.sk\\\/lekarska-fakulta\\\/fakulta\\\/vnutorny-system-hodnotenia-kvality\\\/rady-studijnych-programov\\\/\"]}]},{\"@type\":\"BreadcrumbList\",\"@id\":\"https:\\\/\\\/www.upjs.sk\\\/lekarska-fakulta\\\/fakulta\\\/vnutorny-system-hodnotenia-kvality\\\/rady-studijnych-programov\\\/#breadcrumb\",\"itemListElement\":[{\"@type\":\"ListItem\",\"position\":1,\"name\":\"Home\",\"item\":\"https:\\\/\\\/www.upjs.sk\\\/lekarska-fakulta\\\/\"},{\"@type\":\"ListItem\",\"position\":2,\"name\":\"O fakulte\",\"item\":\"https:\\\/\\\/www.upjs.sk\\\/lekarska-fakulta\\\/fakulta\\\/\"},{\"@type\":\"ListItem\",\"position\":3,\"name\":\"Vn\u00fatorn\u00fd syst\u00e9m hodnotenia kvality\",\"item\":\"https:\\\/\\\/www.upjs.sk\\\/lekarska-fakulta\\\/fakulta\\\/vnutorny-system-hodnotenia-kvality\\\/\"},{\"@type\":\"ListItem\",\"position\":4,\"name\":\"Rady \u0161tudijn\u00fdch programov\"}]},{\"@type\":\"WebSite\",\"@id\":\"https:\\\/\\\/www.upjs.sk\\\/lekarska-fakulta\\\/#website\",\"url\":\"https:\\\/\\\/www.upjs.sk\\\/lekarska-fakulta\\\/\",\"name\":\"Lek\u00e1rska fakulta | UPJ\u0160\",\"description\":\"\",\"publisher\":{\"@id\":\"https:\\\/\\\/www.upjs.sk\\\/lekarska-fakulta\\\/#organization\"},\"potentialAction\":[{\"@type\":\"SearchAction\",\"target\":{\"@type\":\"EntryPoint\",\"urlTemplate\":\"https:\\\/\\\/www.upjs.sk\\\/lekarska-fakulta\\\/?s={search_term_string}\"},\"query-input\":{\"@type\":\"PropertyValueSpecification\",\"valueRequired\":true,\"valueName\":\"search_term_string\"}}],\"inLanguage\":\"sk-SK\"},{\"@type\":\"Organization\",\"@id\":\"https:\\\/\\\/www.upjs.sk\\\/lekarska-fakulta\\\/#organization\",\"name\":\"Lek\u00e1rska fakulta | UPJ\u0160\",\"url\":\"https:\\\/\\\/www.upjs.sk\\\/lekarska-fakulta\\\/\",\"logo\":{\"@type\":\"ImageObject\",\"inLanguage\":\"sk-SK\",\"@id\":\"https:\\\/\\\/www.upjs.sk\\\/lekarska-fakulta\\\/#\\\/schema\\\/logo\\\/image\\\/\",\"url\":\"https:\\\/\\\/www.upjs.sk\\\/app\\\/uploads\\\/sites\\\/9\\\/2022\\\/09\\\/logo-lekarska-fakulta.png\",\"contentUrl\":\"https:\\\/\\\/www.upjs.sk\\\/app\\\/uploads\\\/sites\\\/9\\\/2022\\\/09\\\/logo-lekarska-fakulta.png\",\"width\":415,\"height\":87,\"caption\":\"Lek\u00e1rska fakulta | UPJ\u0160\"},\"image\":{\"@id\":\"https:\\\/\\\/www.upjs.sk\\\/lekarska-fakulta\\\/#\\\/schema\\\/logo\\\/image\\\/\"}}]}<\/script>\n<!-- \/ Yoast SEO plugin. -->","yoast_head_json":{"title":"Rady \u0161tudijn\u00fdch programov - Lek\u00e1rska fakulta | UPJ\u0160","robots":{"index":"index","follow":"follow","max-snippet":"max-snippet:-1","max-image-preview":"max-image-preview:large","max-video-preview":"max-video-preview:-1"},"canonical":"https:\/\/www.upjs.sk\/lekarska-fakulta\/fakulta\/vnutorny-system-hodnotenia-kvality\/rady-studijnych-programov\/","og_locale":"sk_SK","og_type":"article","og_title":"Rady \u0161tudijn\u00fdch programov - Lek\u00e1rska fakulta | UPJ\u0160","og_description":"V priebehu rokov 2021 a 2022 prebieha proces zos\u00fala\u010fovania \u0161tudijn\u00fdch programov v s\u00falade s\u00a0Akredita\u010dn\u00fdm poriadkom UPJ\u0160 a \u0161tandardmi SAAV\u0160. Samotn\u00e9 vytv\u00e1ranie \u0161tudijn\u00fdch programov na UPJ\u0160 je realizovan\u00e9 na z\u00e1klade prijat\u00fdch pravidiel Vn\u00fatorn\u00e9ho syst\u00e9mu kvality vysoko\u0161kolsk\u00e9ho vzdel\u00e1vania (VSK). Podporu a rozvoj VSK, kvality v\u00fdskumnej, v\u00fdvojovej, umeleckej alebo \u010fal\u0161ej tvorivej \u010dinnosti a kvality podporn\u00fdch \u010dinnost\u00ed univerzity koordinuje &hellip; \u010c\u00edta\u0165 \u010falej","og_url":"https:\/\/www.upjs.sk\/lekarska-fakulta\/fakulta\/vnutorny-system-hodnotenia-kvality\/rady-studijnych-programov\/","og_site_name":"Lek\u00e1rska fakulta | UPJ\u0160","article_modified_time":"2026-02-10T14:52:34+00:00","twitter_card":"summary_large_image","twitter_misc":{"Predpokladan\u00fd \u010das \u010d\u00edtania":"1 min\u00fata"},"schema":{"@context":"https:\/\/schema.org","@graph":[{"@type":"WebPage","@id":"https:\/\/www.upjs.sk\/lekarska-fakulta\/fakulta\/vnutorny-system-hodnotenia-kvality\/rady-studijnych-programov\/","url":"https:\/\/www.upjs.sk\/lekarska-fakulta\/fakulta\/vnutorny-system-hodnotenia-kvality\/rady-studijnych-programov\/","name":"Rady \u0161tudijn\u00fdch programov - Lek\u00e1rska fakulta | UPJ\u0160","isPartOf":{"@id":"https:\/\/www.upjs.sk\/lekarska-fakulta\/#website"},"datePublished":"2023-02-03T11:27:35+00:00","dateModified":"2026-02-10T14:52:34+00:00","breadcrumb":{"@id":"https:\/\/www.upjs.sk\/lekarska-fakulta\/fakulta\/vnutorny-system-hodnotenia-kvality\/rady-studijnych-programov\/#breadcrumb"},"inLanguage":"sk-SK","potentialAction":[{"@type":"ReadAction","target":["https:\/\/www.upjs.sk\/lekarska-fakulta\/fakulta\/vnutorny-system-hodnotenia-kvality\/rady-studijnych-programov\/"]}]},{"@type":"BreadcrumbList","@id":"https:\/\/www.upjs.sk\/lekarska-fakulta\/fakulta\/vnutorny-system-hodnotenia-kvality\/rady-studijnych-programov\/#breadcrumb","itemListElement":[{"@type":"ListItem","position":1,"name":"Home","item":"https:\/\/www.upjs.sk\/lekarska-fakulta\/"},{"@type":"ListItem","position":2,"name":"O fakulte","item":"https:\/\/www.upjs.sk\/lekarska-fakulta\/fakulta\/"},{"@type":"ListItem","position":3,"name":"Vn\u00fatorn\u00fd syst\u00e9m hodnotenia kvality","item":"https:\/\/www.upjs.sk\/lekarska-fakulta\/fakulta\/vnutorny-system-hodnotenia-kvality\/"},{"@type":"ListItem","position":4,"name":"Rady \u0161tudijn\u00fdch programov"}]},{"@type":"WebSite","@id":"https:\/\/www.upjs.sk\/lekarska-fakulta\/#website","url":"https:\/\/www.upjs.sk\/lekarska-fakulta\/","name":"Lek\u00e1rska fakulta | UPJ\u0160","description":"","publisher":{"@id":"https:\/\/www.upjs.sk\/lekarska-fakulta\/#organization"},"potentialAction":[{"@type":"SearchAction","target":{"@type":"EntryPoint","urlTemplate":"https:\/\/www.upjs.sk\/lekarska-fakulta\/?s={search_term_string}"},"query-input":{"@type":"PropertyValueSpecification","valueRequired":true,"valueName":"search_term_string"}}],"inLanguage":"sk-SK"},{"@type":"Organization","@id":"https:\/\/www.upjs.sk\/lekarska-fakulta\/#organization","name":"Lek\u00e1rska fakulta | UPJ\u0160","url":"https:\/\/www.upjs.sk\/lekarska-fakulta\/","logo":{"@type":"ImageObject","inLanguage":"sk-SK","@id":"https:\/\/www.upjs.sk\/lekarska-fakulta\/#\/schema\/logo\/image\/","url":"https:\/\/www.upjs.sk\/app\/uploads\/sites\/9\/2022\/09\/logo-lekarska-fakulta.png","contentUrl":"https:\/\/www.upjs.sk\/app\/uploads\/sites\/9\/2022\/09\/logo-lekarska-fakulta.png","width":415,"height":87,"caption":"Lek\u00e1rska fakulta | UPJ\u0160"},"image":{"@id":"https:\/\/www.upjs.sk\/lekarska-fakulta\/#\/schema\/logo\/image\/"}}]}},"_links":{"self":[{"href":"https:\/\/www.upjs.sk\/lekarska-fakulta\/wp-json\/wp\/v2\/pages\/14121","targetHints":{"allow":["GET"]}}],"collection":[{"href":"https:\/\/www.upjs.sk\/lekarska-fakulta\/wp-json\/wp\/v2\/pages"}],"about":[{"href":"https:\/\/www.upjs.sk\/lekarska-fakulta\/wp-json\/wp\/v2\/types\/page"}],"author":[{"embeddable":true,"href":"https:\/\/www.upjs.sk\/lekarska-fakulta\/wp-json\/wp\/v2\/users\/1"}],"replies":[{"embeddable":true,"href":"https:\/\/www.upjs.sk\/lekarska-fakulta\/wp-json\/wp\/v2\/comments?post=14121"}],"version-history":[{"count":18,"href":"https:\/\/www.upjs.sk\/lekarska-fakulta\/wp-json\/wp\/v2\/pages\/14121\/revisions"}],"predecessor-version":[{"id":154414,"href":"https:\/\/www.upjs.sk\/lekarska-fakulta\/wp-json\/wp\/v2\/pages\/14121\/revisions\/154414"}],"up":[{"embeddable":true,"href":"https:\/\/www.upjs.sk\/lekarska-fakulta\/wp-json\/wp\/v2\/pages\/14108"}],"wp:attachment":[{"href":"https:\/\/www.upjs.sk\/lekarska-fakulta\/wp-json\/wp\/v2\/media?parent=14121"}],"wp:term":[{"taxonomy":"category","embeddable":true,"href":"https:\/\/www.upjs.sk\/lekarska-fakulta\/wp-json\/wp\/v2\/categories?post=14121"},{"taxonomy":"post_tag","embeddable":true,"href":"https:\/\/www.upjs.sk\/lekarska-fakulta\/wp-json\/wp\/v2\/tags?post=14121"}],"curies":[{"name":"wp","href":"https:\/\/api.w.org\/{rel}","templated":true}]}}