{"id":15284,"date":"2022-06-22T15:21:43","date_gmt":"2022-06-22T15:21:43","guid":{"rendered":"https:\/\/www.upjs.sk\/lekarska-fakulta\/studium-na-fakulte\/pregradualne\/prax\/"},"modified":"2026-03-04T15:16:00","modified_gmt":"2026-03-04T14:16:00","slug":"prax","status":"publish","type":"page","link":"https:\/\/www.upjs.sk\/lekarska-fakulta\/studenti-lf\/pregradualne\/prax\/","title":{"rendered":"Odborn\u00e1 prax"},"content":{"rendered":"\n<ul class=\"wp-block-list\">\n<li><a href=\"https:\/\/www.upjs.sk\/app\/uploads\/sites\/9\/2026\/02\/Rozpis-odbornej-praxe-v-akademickom-roku-2025-2026.pdf\" target=\"_blank\" rel=\"noreferrer noopener\">Rozpis odbornej praxe v akademickom roku 2025\/2026<\/a>&nbsp;<span style=\"color: #ffffff;\"><span style=\"background-color: #990000;\">&nbsp;NOV\u00c9&nbsp;<\/span><\/span><\/li>\n\n\n\n<li>Organiz\u00e1cia odbornej praxe \u0161tudentov LF UPJ\u0160 v AR 2025\/2026 <a href=\"https:\/\/www.upjs.sk\/app\/uploads\/sites\/9\/2026\/02\/Organizacia-odbornej-praxe-studentov-VL_AR-2025_2026.pdf\" target=\"_blank\" rel=\"noreferrer noopener\">VL<\/a> \u2022 <a href=\"https:\/\/www.upjs.sk\/app\/uploads\/sites\/9\/2026\/02\/Organizacia-odbornej-praxe-studentov-ZL_AR-2025_2026.pdf\" target=\"_blank\" rel=\"noreferrer noopener\">ZL<\/a> \u2022 <strong><a href=\"https:\/\/www.upjs.sk\/app\/uploads\/sites\/9\/2026\/03\/Organizacia-odbornej-praxe-studentov-1ZL-5_AR-2025_2026.pdf\" target=\"_blank\" rel=\"noreferrer noopener\"><mark style=\"background-color:#C92432\" class=\"has-inline-color has-biela-color\">ZL5<\/mark><\/a><\/strong><mark style=\"background-color:rgba(0, 0, 0, 0)\" class=\"has-inline-color has-lekarska-f-color\">&nbsp;<\/mark>\u2022 <a href=\"https:\/\/www.upjs.sk\/app\/uploads\/sites\/9\/2026\/02\/Organizacia-odbornej-praxe-studentov-Bc.-a-Mgr._AR-2025_2026.pdf\" target=\"_blank\" rel=\"noreferrer noopener\">Bc+Mgr<\/a> \u2022 <a href=\"https:\/\/www.upjs.sk\/app\/uploads\/sites\/9\/2026\/02\/Organizacia-odbornej-praxe-studentov-LVMvZ_AR-2025_2026.pdf\" target=\"_blank\" rel=\"noreferrer noopener\">LVMvZ<\/a>&nbsp; <span style=\"color: #ffffff;\"><span style=\"background-color: #990000;\">&nbsp;NOV\u00c9&nbsp;<\/span><\/span><\/li>\n\n\n\n<li><a href=\"\/public\/media\/13731\/prihlaska_potvrdenie_DC_20.pdf\">Prihl\u00e1\u0161ka na dobrovo\u013en\u00edcku \u010dinnos\u0165<\/a> <strong><span style=\"font-size: 10px;\">[21.04.2020]<\/span><\/strong><\/li>\n\n\n\n<li><a href=\"https:\/\/www.upjs.sk\/app\/uploads\/sites\/9\/2026\/02\/Pokyny-k-odbornej-praxi-2VL_25_26.pdf\" target=\"_blank\" rel=\"noreferrer noopener\">Pokyny k odbornej praxi 2VL<\/a><\/li>\n\n\n\n<li><a href=\"https:\/\/www.upjs.sk\/app\/uploads\/sites\/9\/2026\/02\/Pokyny_na_vyplnenie_Zaznamnika_klickej_praxe_2VL-1.pdf\" target=\"_blank\" rel=\"noreferrer noopener\">Pokyny na vyplnenie Z\u00e1znamn\u00edka klinickej praxe 2VL<\/a>\n<ul class=\"wp-block-list\">\n<li><a href=\"https:\/\/www.upjs.sk\/app\/uploads\/sites\/9\/2023\/11\/ziadost_na_vykonanie_odbornej_praxe.doc\" target=\"_blank\" rel=\"noopener\">\u017diados\u0165 na vykonanie odbornej praxe<\/a><\/li>\n\n\n\n<li><a href=\"https:\/\/www.upjs.sk\/app\/uploads\/sites\/9\/2022\/09\/ziadost_odborna_prax_v_zahranici.rtf\">\u017diados\u0165 o povolenie odbornej praxe v zahrani\u010d\u00ed<\/a><\/li>\n\n\n\n<li><a href=\"https:\/\/www.upjs.sk\/app\/uploads\/sites\/9\/2023\/02\/zmluva-o-zabezpeceni-odbornej-praxe.doc.docx\">Zmluva o zabezpe\u010den\u00ed odbornej praxe<\/a><\/li>\n\n\n\n<li><a href=\"https:\/\/www.upjs.sk\/app\/uploads\/sites\/9\/2023\/04\/Zmluva_o_dobrovolnej_odbornej_pomoci.docx\">Zmluva o dobrovo\u013enej odbornej pomoci<\/a><br><\/li>\n<\/ul>\n<\/li>\n<\/ul>\n\n\n\n<ul class=\"wp-block-list\">\n<li>N\u00e1pl\u0148 praxe: <a href=\"https:\/\/www.upjs.sk\/app\/uploads\/sites\/9\/2022\/09\/F1.pdf\">F1<\/a> \u2022 <a href=\"https:\/\/www.upjs.sk\/app\/uploads\/sites\/9\/2022\/09\/F2.pdf\">F2<\/a> \u2022 <a href=\"https:\/\/www.upjs.sk\/app\/uploads\/sites\/9\/2022\/09\/O1.pdf\">O1<\/a> \u2022 <a href=\"https:\/\/www.upjs.sk\/app\/uploads\/sites\/9\/2022\/09\/O2.pdf\">O2<\/a> \u2022 <a href=\"https:\/\/www.upjs.sk\/app\/uploads\/sites\/9\/2022\/09\/VL2.pdf\">VL2<\/a> \u2022 <a href=\"https:\/\/www.upjs.sk\/app\/uploads\/sites\/9\/2022\/09\/VL4.pdf\">VL4<\/a> \u2022 VL5-VL \u2022 <a href=\"https:\/\/www.upjs.sk\/app\/uploads\/sites\/9\/2022\/09\/VL5-G.pdf\">VL5-G<\/a> \u2022 <a href=\"https:\/\/www.upjs.sk\/app\/uploads\/sites\/9\/2022\/09\/VL5-CH.pdf\">VL5-CH<\/a> \u2022 <a href=\"https:\/\/www.upjs.sk\/app\/uploads\/sites\/9\/2022\/09\/VZ1.pdf\">VZ1<\/a> \u2022 <a href=\"https:\/\/www.upjs.sk\/app\/uploads\/sites\/9\/2022\/09\/VZ2.pdf\">VZ2<\/a> \u2022<strong>\u00a0<a href=\"https:\/\/www.upjs.sk\/app\/uploads\/sites\/9\/2026\/03\/ZL1-5rocne.pdf\" target=\"_blank\" rel=\"noreferrer noopener\"><mark style=\"background-color:#C92432\" class=\"has-inline-color has-biela-color\">ZL5-1<\/mark><\/a> <\/strong>\u2022 <a href=\"https:\/\/www.upjs.sk\/app\/uploads\/sites\/9\/2022\/09\/ZL2.pdf\">ZL2<\/a> \u2022 <a href=\"https:\/\/www.upjs.sk\/app\/uploads\/sites\/9\/2022\/09\/ZL3.pdf\">ZL3<\/a> \u2022 <a href=\"https:\/\/www.upjs.sk\/app\/uploads\/sites\/9\/2022\/09\/ZL5.pdf\">ZL5<\/a> \u2022 <a aria-label=\"LVMaZ1 (opens in a new tab)\" href=\"https:\/\/www.upjs.sk\/app\/uploads\/sites\/9\/2024\/04\/LVMvZ-1.pdf\" target=\"_blank\" rel=\"noreferrer noopener\" class=\"ek-link\">LVMaZ1<\/a> \u2022 <a aria-label=\"LVMaZ2 (opens in a new tab)\" href=\"https:\/\/www.upjs.sk\/app\/uploads\/sites\/9\/2024\/04\/LVMvZ-2.pdf\" target=\"_blank\" rel=\"noreferrer noopener\" class=\"ek-link\">LVMaZ2<\/a><\/li>\n\n\n\n<li>Vyhodnotenie praxe pre v\u0161eobecn\u00e9 lek\u00e1rstvo\n<ul class=\"wp-block-list\">\n<li><a href=\"https:\/\/www.upjs.sk\/app\/uploads\/sites\/9\/2022\/09\/VP-VL2.doc\" target=\"_blank\" rel=\"noreferrer noopener\">VP-VL2<\/a> \u2022 <a href=\"https:\/\/www.upjs.sk\/app\/uploads\/sites\/9\/2022\/09\/VP-VL4.doc\">VP-VL4<\/a> \u2022 <a href=\"https:\/\/www.upjs.sk\/app\/uploads\/sites\/9\/2022\/09\/VP-VL5-G.doc\">VP-VL5-G<\/a> \u2022 <a href=\"https:\/\/www.upjs.sk\/app\/uploads\/sites\/9\/2022\/09\/VP-VL5-CH.doc\">VP-VL5-CH<\/a> \u2022 <a aria-label=\"VP-VL5-VL (opens in a new tab)\" class=\"ek-link\" href=\"https:\/\/www.upjs.sk\/app\/uploads\/sites\/9\/2024\/07\/Vyhodnotenie-Odb.-praxe-zo-vseob-prakt.-lekarstva-5-VL-.pdf\" target=\"_blank\" rel=\"noreferrer noopener\">VP-VL5-VL<\/a><br><\/li>\n<\/ul>\n<\/li>\n<\/ul>\n\n\n\n<ul class=\"wp-block-list\">\n<li><a href=\"https:\/\/www.upjs.sk\/app\/uploads\/sites\/9\/2022\/09\/Vyhodnotenie_praxe_pre_zubne_lekarstvo.doc\">Vyhodnotenie praxe pre zubn\u00e9 lek\u00e1rstvo<\/a><\/li>\n\n\n\n<li>Vyhodnotenie praxe pre o\u0161etrovate\u013estvo\n<ul class=\"wp-block-list\">\n<li><a href=\"https:\/\/www.upjs.sk\/app\/uploads\/sites\/9\/2025\/04\/OS1.doc\" target=\"_blank\" rel=\"noreferrer noopener\">OS1<\/a> \u2022 <a href=\"https:\/\/www.upjs.sk\/app\/uploads\/sites\/9\/2025\/04\/OS2.doc\" target=\"_blank\" rel=\"noreferrer noopener\">OS2<\/a> \u2022 <a href=\"https:\/\/www.upjs.sk\/app\/uploads\/sites\/9\/2025\/04\/OS3.doc\" target=\"_blank\" rel=\"noreferrer noopener\">OS3<\/a><br><\/li>\n<\/ul>\n<\/li>\n<\/ul>\n\n\n\n<ul class=\"wp-block-list\">\n<li><a href=\"https:\/\/www.upjs.sk\/app\/uploads\/sites\/9\/2022\/09\/vyhodnotenie_praxe_pre_bakalarske-studium.doc\">Vyhodnotenie praxe pre F, VZ a LVMaZ<\/a><\/li>\n<\/ul>\n\n\n<style>.wp-block-kadence-advancedheading.kt-adv-heading15284_b586b2-38, .wp-block-kadence-advancedheading.kt-adv-heading15284_b586b2-38[data-kb-block=\"kb-adv-heading15284_b586b2-38\"]{font-style:normal;}.wp-block-kadence-advancedheading.kt-adv-heading15284_b586b2-38 mark.kt-highlight, .wp-block-kadence-advancedheading.kt-adv-heading15284_b586b2-38[data-kb-block=\"kb-adv-heading15284_b586b2-38\"] mark.kt-highlight{font-style:normal;color:#f76a0c;-webkit-box-decoration-break:clone;box-decoration-break:clone;padding-top:0px;padding-right:0px;padding-bottom:0px;padding-left:0px;}<\/style>\n<p class=\"kt-adv-heading15284_b586b2-38 wp-block-kadence-advancedheading\" data-kb-block=\"kb-adv-heading15284_b586b2-38\"><\/p>\n","protected":false},"excerpt":{"rendered":"","protected":false},"author":1,"featured_media":0,"parent":12757,"menu_order":5,"comment_status":"closed","ping_status":"closed","template":"","meta":{"_acf_changed":false,"_editorskit_title_hidden":false,"_editorskit_reading_time":1,"_editorskit_is_block_options_detached":false,"_editorskit_block_options_position":"{}","footnotes":""},"categories":[],"tags":[],"class_list":["post-15284","page","type-page","status-publish","hentry"],"acf":{"acf_link_na_externy_obsah":""},"yoast_head":"<!-- This site is optimized with the Yoast SEO plugin v27.2 - https:\/\/yoast.com\/product\/yoast-seo-wordpress\/ -->\n<title>Odborn\u00e1 prax - Lek\u00e1rska fakulta | UPJ\u0160<\/title>\n<meta name=\"robots\" content=\"index, follow, max-snippet:-1, max-image-preview:large, max-video-preview:-1\" \/>\n<link rel=\"canonical\" href=\"https:\/\/www.upjs.sk\/lekarska-fakulta\/studenti-lf\/pregradualne\/prax\/\" \/>\n<meta property=\"og:locale\" content=\"sk_SK\" \/>\n<meta property=\"og:type\" content=\"article\" \/>\n<meta property=\"og:title\" content=\"Odborn\u00e1 prax - Lek\u00e1rska fakulta | UPJ\u0160\" \/>\n<meta property=\"og:url\" content=\"https:\/\/www.upjs.sk\/lekarska-fakulta\/studenti-lf\/pregradualne\/prax\/\" \/>\n<meta property=\"og:site_name\" content=\"Lek\u00e1rska fakulta | UPJ\u0160\" \/>\n<meta property=\"article:modified_time\" content=\"2026-03-04T14:16:00+00:00\" \/>\n<meta name=\"twitter:card\" content=\"summary_large_image\" \/>\n<meta name=\"twitter:label1\" content=\"Predpokladan\u00fd \u010das \u010d\u00edtania\" \/>\n\t<meta name=\"twitter:data1\" content=\"1 min\u00fata\" \/>\n<script type=\"application\/ld+json\" class=\"yoast-schema-graph\">{\"@context\":\"https:\/\/schema.org\",\"@graph\":[{\"@type\":\"WebPage\",\"@id\":\"https:\/\/www.upjs.sk\/lekarska-fakulta\/studenti-lf\/pregradualne\/prax\/\",\"url\":\"https:\/\/www.upjs.sk\/lekarska-fakulta\/studenti-lf\/pregradualne\/prax\/\",\"name\":\"Odborn\u00e1 prax - Lek\u00e1rska fakulta | UPJ\u0160\",\"isPartOf\":{\"@id\":\"https:\/\/www.upjs.sk\/lekarska-fakulta\/#website\"},\"datePublished\":\"2022-06-22T15:21:43+00:00\",\"dateModified\":\"2026-03-04T14:16:00+00:00\",\"breadcrumb\":{\"@id\":\"https:\/\/www.upjs.sk\/lekarska-fakulta\/studenti-lf\/pregradualne\/prax\/#breadcrumb\"},\"inLanguage\":\"sk-SK\",\"potentialAction\":[{\"@type\":\"ReadAction\",\"target\":[\"https:\/\/www.upjs.sk\/lekarska-fakulta\/studenti-lf\/pregradualne\/prax\/\"]}]},{\"@type\":\"BreadcrumbList\",\"@id\":\"https:\/\/www.upjs.sk\/lekarska-fakulta\/studenti-lf\/pregradualne\/prax\/#breadcrumb\",\"itemListElement\":[{\"@type\":\"ListItem\",\"position\":1,\"name\":\"Home\",\"item\":\"https:\/\/www.upjs.sk\/lekarska-fakulta\/\"},{\"@type\":\"ListItem\",\"position\":2,\"name\":\"\u0160tudenti\",\"item\":\"https:\/\/www.upjs.sk\/lekarska-fakulta\/studenti-lf\/\"},{\"@type\":\"ListItem\",\"position\":3,\"name\":\"Bakal\u00e1rske, magistersk\u00e9 a doktorsk\u00e9 \u0161t\u00fadium\",\"item\":\"https:\/\/www.upjs.sk\/lekarska-fakulta\/studenti-lf\/pregradualne\/\"},{\"@type\":\"ListItem\",\"position\":4,\"name\":\"Odborn\u00e1 prax\"}]},{\"@type\":\"WebSite\",\"@id\":\"https:\/\/www.upjs.sk\/lekarska-fakulta\/#website\",\"url\":\"https:\/\/www.upjs.sk\/lekarska-fakulta\/\",\"name\":\"Lek\u00e1rska fakulta | UPJ\u0160\",\"description\":\"\",\"publisher\":{\"@id\":\"https:\/\/www.upjs.sk\/lekarska-fakulta\/#organization\"},\"potentialAction\":[{\"@type\":\"SearchAction\",\"target\":{\"@type\":\"EntryPoint\",\"urlTemplate\":\"https:\/\/www.upjs.sk\/lekarska-fakulta\/?s={search_term_string}\"},\"query-input\":{\"@type\":\"PropertyValueSpecification\",\"valueRequired\":true,\"valueName\":\"search_term_string\"}}],\"inLanguage\":\"sk-SK\"},{\"@type\":\"Organization\",\"@id\":\"https:\/\/www.upjs.sk\/lekarska-fakulta\/#organization\",\"name\":\"Lek\u00e1rska fakulta | UPJ\u0160\",\"url\":\"https:\/\/www.upjs.sk\/lekarska-fakulta\/\",\"logo\":{\"@type\":\"ImageObject\",\"inLanguage\":\"sk-SK\",\"@id\":\"https:\/\/www.upjs.sk\/lekarska-fakulta\/#\/schema\/logo\/image\/\",\"url\":\"https:\/\/www.upjs.sk\/app\/uploads\/sites\/9\/2022\/09\/logo-lekarska-fakulta.png\",\"contentUrl\":\"https:\/\/www.upjs.sk\/app\/uploads\/sites\/9\/2022\/09\/logo-lekarska-fakulta.png\",\"width\":415,\"height\":87,\"caption\":\"Lek\u00e1rska fakulta | UPJ\u0160\"},\"image\":{\"@id\":\"https:\/\/www.upjs.sk\/lekarska-fakulta\/#\/schema\/logo\/image\/\"}}]}<\/script>\n<!-- \/ Yoast SEO plugin. -->","yoast_head_json":{"title":"Odborn\u00e1 prax - Lek\u00e1rska fakulta | UPJ\u0160","robots":{"index":"index","follow":"follow","max-snippet":"max-snippet:-1","max-image-preview":"max-image-preview:large","max-video-preview":"max-video-preview:-1"},"canonical":"https:\/\/www.upjs.sk\/lekarska-fakulta\/studenti-lf\/pregradualne\/prax\/","og_locale":"sk_SK","og_type":"article","og_title":"Odborn\u00e1 prax - Lek\u00e1rska fakulta | UPJ\u0160","og_url":"https:\/\/www.upjs.sk\/lekarska-fakulta\/studenti-lf\/pregradualne\/prax\/","og_site_name":"Lek\u00e1rska fakulta | UPJ\u0160","article_modified_time":"2026-03-04T14:16:00+00:00","twitter_card":"summary_large_image","twitter_misc":{"Predpokladan\u00fd \u010das \u010d\u00edtania":"1 min\u00fata"},"schema":{"@context":"https:\/\/schema.org","@graph":[{"@type":"WebPage","@id":"https:\/\/www.upjs.sk\/lekarska-fakulta\/studenti-lf\/pregradualne\/prax\/","url":"https:\/\/www.upjs.sk\/lekarska-fakulta\/studenti-lf\/pregradualne\/prax\/","name":"Odborn\u00e1 prax - Lek\u00e1rska fakulta | UPJ\u0160","isPartOf":{"@id":"https:\/\/www.upjs.sk\/lekarska-fakulta\/#website"},"datePublished":"2022-06-22T15:21:43+00:00","dateModified":"2026-03-04T14:16:00+00:00","breadcrumb":{"@id":"https:\/\/www.upjs.sk\/lekarska-fakulta\/studenti-lf\/pregradualne\/prax\/#breadcrumb"},"inLanguage":"sk-SK","potentialAction":[{"@type":"ReadAction","target":["https:\/\/www.upjs.sk\/lekarska-fakulta\/studenti-lf\/pregradualne\/prax\/"]}]},{"@type":"BreadcrumbList","@id":"https:\/\/www.upjs.sk\/lekarska-fakulta\/studenti-lf\/pregradualne\/prax\/#breadcrumb","itemListElement":[{"@type":"ListItem","position":1,"name":"Home","item":"https:\/\/www.upjs.sk\/lekarska-fakulta\/"},{"@type":"ListItem","position":2,"name":"\u0160tudenti","item":"https:\/\/www.upjs.sk\/lekarska-fakulta\/studenti-lf\/"},{"@type":"ListItem","position":3,"name":"Bakal\u00e1rske, magistersk\u00e9 a doktorsk\u00e9 \u0161t\u00fadium","item":"https:\/\/www.upjs.sk\/lekarska-fakulta\/studenti-lf\/pregradualne\/"},{"@type":"ListItem","position":4,"name":"Odborn\u00e1 prax"}]},{"@type":"WebSite","@id":"https:\/\/www.upjs.sk\/lekarska-fakulta\/#website","url":"https:\/\/www.upjs.sk\/lekarska-fakulta\/","name":"Lek\u00e1rska fakulta | UPJ\u0160","description":"","publisher":{"@id":"https:\/\/www.upjs.sk\/lekarska-fakulta\/#organization"},"potentialAction":[{"@type":"SearchAction","target":{"@type":"EntryPoint","urlTemplate":"https:\/\/www.upjs.sk\/lekarska-fakulta\/?s={search_term_string}"},"query-input":{"@type":"PropertyValueSpecification","valueRequired":true,"valueName":"search_term_string"}}],"inLanguage":"sk-SK"},{"@type":"Organization","@id":"https:\/\/www.upjs.sk\/lekarska-fakulta\/#organization","name":"Lek\u00e1rska fakulta | UPJ\u0160","url":"https:\/\/www.upjs.sk\/lekarska-fakulta\/","logo":{"@type":"ImageObject","inLanguage":"sk-SK","@id":"https:\/\/www.upjs.sk\/lekarska-fakulta\/#\/schema\/logo\/image\/","url":"https:\/\/www.upjs.sk\/app\/uploads\/sites\/9\/2022\/09\/logo-lekarska-fakulta.png","contentUrl":"https:\/\/www.upjs.sk\/app\/uploads\/sites\/9\/2022\/09\/logo-lekarska-fakulta.png","width":415,"height":87,"caption":"Lek\u00e1rska fakulta | UPJ\u0160"},"image":{"@id":"https:\/\/www.upjs.sk\/lekarska-fakulta\/#\/schema\/logo\/image\/"}}]}},"_links":{"self":[{"href":"https:\/\/www.upjs.sk\/lekarska-fakulta\/wp-json\/wp\/v2\/pages\/15284","targetHints":{"allow":["GET"]}}],"collection":[{"href":"https:\/\/www.upjs.sk\/lekarska-fakulta\/wp-json\/wp\/v2\/pages"}],"about":[{"href":"https:\/\/www.upjs.sk\/lekarska-fakulta\/wp-json\/wp\/v2\/types\/page"}],"author":[{"embeddable":true,"href":"https:\/\/www.upjs.sk\/lekarska-fakulta\/wp-json\/wp\/v2\/users\/1"}],"replies":[{"embeddable":true,"href":"https:\/\/www.upjs.sk\/lekarska-fakulta\/wp-json\/wp\/v2\/comments?post=15284"}],"version-history":[{"count":19,"href":"https:\/\/www.upjs.sk\/lekarska-fakulta\/wp-json\/wp\/v2\/pages\/15284\/revisions"}],"predecessor-version":[{"id":155667,"href":"https:\/\/www.upjs.sk\/lekarska-fakulta\/wp-json\/wp\/v2\/pages\/15284\/revisions\/155667"}],"up":[{"embeddable":true,"href":"https:\/\/www.upjs.sk\/lekarska-fakulta\/wp-json\/wp\/v2\/pages\/12757"}],"wp:attachment":[{"href":"https:\/\/www.upjs.sk\/lekarska-fakulta\/wp-json\/wp\/v2\/media?parent=15284"}],"wp:term":[{"taxonomy":"category","embeddable":true,"href":"https:\/\/www.upjs.sk\/lekarska-fakulta\/wp-json\/wp\/v2\/categories?post=15284"},{"taxonomy":"post_tag","embeddable":true,"href":"https:\/\/www.upjs.sk\/lekarska-fakulta\/wp-json\/wp\/v2\/tags?post=15284"}],"curies":[{"name":"wp","href":"https:\/\/api.w.org\/{rel}","templated":true}]}}