{"id":15633,"date":"2023-02-05T12:45:30","date_gmt":"2023-02-05T11:45:30","guid":{"rendered":"https:\/\/www.upjs.sk\/lekarska-fakulta\/studium-na-fakulte\/dalsie-vzdelavanie\/specializacna-skuska\/"},"modified":"2026-02-25T09:49:03","modified_gmt":"2026-02-25T08:49:03","slug":"specializacna-skuska","status":"publish","type":"page","link":"https:\/\/www.upjs.sk\/lekarska-fakulta\/studenti-lf\/dalsie-vzdelavanie\/formulare\/specializacna-skuska\/","title":{"rendered":"\u0160pecializa\u010dn\u00e1 sk\u00fa\u0161ka"},"content":{"rendered":"<style>.wp-block-kadence-advancedheading.kt-adv-heading15633_61836e-eb, .wp-block-kadence-advancedheading.kt-adv-heading15633_61836e-eb[data-kb-block=\"kb-adv-heading15633_61836e-eb\"]{font-style:normal;}.wp-block-kadence-advancedheading.kt-adv-heading15633_61836e-eb mark.kt-highlight, .wp-block-kadence-advancedheading.kt-adv-heading15633_61836e-eb[data-kb-block=\"kb-adv-heading15633_61836e-eb\"] mark.kt-highlight{font-style:normal;color:#f76a0c;-webkit-box-decoration-break:clone;box-decoration-break:clone;padding-top:0px;padding-right:0px;padding-bottom:0px;padding-left:0px;}<\/style>\n<h4 class=\"kt-adv-heading15633_61836e-eb wp-block-kadence-advancedheading\" data-kb-block=\"kb-adv-heading15633_61836e-eb\">Formul\u00e1re potrebn\u00e9 k \u0161pecializa\u010dnej sk\u00fa\u0161ke \u2013 pre lek\u00e1rov, sestry a fyzioterapeutov<\/h4>\n\n\n\n<p><strong>\u0160pecializa\u010dn\u00e1 sk\u00fa\u0161ka:<\/strong><br><strong>Na sk\u00fa\u0161ku sa \u00fa\u010dastn\u00edk hl\u00e1si prihl\u00e1\u0161kou na \u0161pecializa\u010dn\u00fa sk\u00fa\u0161ku<\/strong>, ktor\u00e1 je zverejnen\u00e1 na webovej str\u00e1nke fakulty, a to po splnen\u00ed v\u0161etk\u00fdch po\u017eadovan\u00fdch krit\u00e9ri\u00ed, <strong>najnesk\u00f4r 6 t\u00fd\u017ed\u0148ov pred term\u00ednom sk\u00fa\u0161ky!<\/strong><br><strong><em>\u0160tudijn\u00fd poriadok pre \u010fal\u0161ie vzdel\u00e1vanie zdravotn\u00edckych pracovn\u00edkov Univerzity Pavla Jozefa \u0160af\u00e1rika v\u00a0Ko\u0161iciach, Lek\u00e1rskej fakulty<\/em><\/strong><em> \u2013 platnos\u0165 od 15.5.2019<\/em><\/p>\n\n\n\n<p>6 t\u00fd\u017ed\u0148ov pred \u0161pecializa\u010dnou sk\u00fa\u0161kou je potrebn\u00e9 odovzda\u0165 na Oddelenie pre \u010fal\u0161ie vzdel\u00e1vanie ZP <strong>(prinies\u0165 u\u017e vyplnen\u00e9 v\u0161etky strany formul\u00e1rov, skontrolovan\u00e9 a\u00a0podp\u00edsan\u00e9 \u0161kolite\u013eom a garantom):<\/strong><\/p>\n\n\n\n<ol class=\"wp-block-list\">\n<li><a href=\"https:\/\/www.upjs.sk\/app\/uploads\/sites\/9\/2022\/09\/1_PRIHLASKA_na_zaverecnu_skusku.doc\" class=\"ek-link\">Prihl\u00e1\u0161ka na z\u00e1vere\u010dn\u00fa sk\u00fa\u0161ku<\/a><\/li>\n\n\n\n<li>Index odbornosti \u2013 potvrden\u00e1 odborn\u00e1 zdravotn\u00edcka prax (na ka\u017edej strane podp\u00edsan\u00fd ur\u010den\u00fdm \u0161kolite\u013eom)<\/li>\n\n\n\n<li>Z\u00e1znamn\u00edk zdravotn\u00fdch v\u00fdkonov (ZZV) \u2013 vyplnen\u00fd (na ka\u017edej strane podp\u00edsan\u00fd ur\u010den\u00fdm \u0161kolite\u013eom \u2013 \u00faplne na konci v ZZV m\u00e1 by\u0165 vyp\u00edsan\u00fd s\u00fa\u010det v\u00fdkonov)<\/li>\n<\/ol>\n\n\n\n<div style=\"height:20px\" aria-hidden=\"true\" class=\"wp-block-spacer\"><\/div>\n\n\n\n<p><strong>Osobitne pre zaraden\u00fdch v \u0161pecializa\u010dnom odbore Zdravotn\u00edcky mana\u017ement a financovanie:<\/strong><\/p>\n\n\n\n<ol class=\"wp-block-list\">\n<li><a href=\"https:\/\/www.upjs.sk\/app\/uploads\/sites\/9\/2022\/09\/1_PRIHLASKA_na_zaverecnu_skusku_ZMaF.doc\" class=\"ek-link\">Prihl\u00e1\u0161ka na z\u00e1vere\u010dn\u00fa sk\u00fa\u0161ku<\/a> \u2013 ZMaF<\/li>\n\n\n\n<li><a href=\"https:\/\/www.upjs.sk\/app\/uploads\/sites\/9\/2022\/09\/2_Zadanie_zaverecnej_prace_ZMaF.doc\" class=\"ek-link\">Zadanie z\u00e1vere\u010dnej pr\u00e1ce<\/a> \u2013 ZMaF<\/li>\n\n\n\n<li><a href=\"https:\/\/www.upjs.sk\/app\/uploads\/sites\/9\/2022\/09\/3_Cestne_prehlasenie_ZMaF.doc\" class=\"ek-link\">Prehl\u00e1senie k \u0161pecializa\u010dnej pr\u00e1ci<\/a> \u2013 ZMaF<\/li>\n\n\n\n<li><a href=\"https:\/\/www.upjs.sk\/app\/uploads\/sites\/9\/2023\/06\/Licencna_zmluva_2023.doc\" class=\"ek-link\">Licen\u010dn\u00e1 zmluva o pou\u017eit\u00ed z\u00e1vere\u010dnej pr\u00e1ce<\/a> \u2013 ZMaF<\/li>\n\n\n\n<li>2x \u0161pecializa\u010dn\u00e1 pr\u00e1ca v tvrdej v\u00e4zbe<\/li>\n\n\n\n<li>Pdf form\u00e1t pr\u00e1ce na CD<\/li>\n\n\n\n<li>Index odbornosti \u2013 s potvrdenou riadiacou praxou (podp\u00edsan\u00e1 ur\u010den\u00fdm \u0161kolite\u013eom)<\/li>\n\n\n\n<li>Z\u00e1znamn\u00edk zdravotn\u00fdch v\u00fdkonov (ZZV) \u2013 vyplnen\u00fd (na ka\u017edej strane podp\u00edsan\u00fd ur\u010den\u00fdm \u0161kolite\u013eom \u2013 \u00faplne na konci v ZZV m\u00e1 by\u0165 vyp\u00edsan\u00fd s\u00fa\u010det v\u00fdkonov)<\/li>\n<\/ol>\n\n\n\n<div style=\"height:20px\" aria-hidden=\"true\" class=\"wp-block-spacer\"><\/div>\n\n\n\n<p><strong>Ostatn\u00e9 dokumenty:<\/strong><\/p>\n\n\n\n<ul class=\"wp-block-list\">\n<li><a href=\"https:\/\/www.upjs.sk\/app\/uploads\/sites\/9\/2023\/02\/Priloha2-obal_specializacnej_prace.doc\" class=\"ek-link\">Obal \u0161pecializacnej pr\u00e1ce<\/a><\/li>\n\n\n\n<li><a href=\"https:\/\/www.upjs.sk\/app\/uploads\/sites\/9\/2022\/09\/TITULNY_LIST_specializacnej_prace.doc\" class=\"ek-link\">Tituln\u00fd list \u0161pecializa\u010dnej pr\u00e1ce<\/a><\/li>\n\n\n\n<li><a href=\"https:\/\/www.upjs.sk\/app\/uploads\/sites\/9\/2022\/09\/Posudok_oponenta_spec_prace.doc\" class=\"ek-link\">Posudok oponenta \u0161pecializa\u010dnej pr\u00e1ce<\/a> &#8211; formul\u00e1r len pre oponenta<\/li>\n\n\n\n<li><a href=\"https:\/\/www.upjs.sk\/lekarska-fakulta\/fakulta\/zakladne-dokumenty\/\" target=\"_blank\" aria-label=\" (opens in a new tab)\" rel=\"noreferrer noopener\" class=\"ek-link\">\u0160tudijn\u00fd poriadok pre \u010fal\u0161ie vzdel\u00e1vanie zdravotn\u00edckych pracovn\u00edkov UPJ\u0160 LF<\/a> &#8211; platn\u00fd od 15.06.2022<\/li>\n<\/ul>\n","protected":false},"excerpt":{"rendered":"<p>Formul\u00e1re potrebn\u00e9 k \u0161pecializa\u010dnej sk\u00fa\u0161ke \u2013 pre lek\u00e1rov, sestry a fyzioterapeutov \u0160pecializa\u010dn\u00e1 sk\u00fa\u0161ka:Na sk\u00fa\u0161ku sa \u00fa\u010dastn\u00edk hl\u00e1si prihl\u00e1\u0161kou na \u0161pecializa\u010dn\u00fa sk\u00fa\u0161ku, ktor\u00e1 je zverejnen\u00e1 na webovej str\u00e1nke fakulty, a to po splnen\u00ed v\u0161etk\u00fdch po\u017eadovan\u00fdch krit\u00e9ri\u00ed, najnesk\u00f4r 6 t\u00fd\u017ed\u0148ov pred term\u00ednom sk\u00fa\u0161ky!\u0160tudijn\u00fd poriadok pre \u010fal\u0161ie vzdel\u00e1vanie zdravotn\u00edckych pracovn\u00edkov Univerzity Pavla Jozefa \u0160af\u00e1rika v\u00a0Ko\u0161iciach, Lek\u00e1rskej fakulty \u2013 &hellip; <a href=\"https:\/\/www.upjs.sk\/lekarska-fakulta\/studenti-lf\/dalsie-vzdelavanie\/formulare\/specializacna-skuska\/\">\u010c\u00edta\u0165 \u010falej<\/a><\/p>\n","protected":false},"author":1,"featured_media":0,"parent":15579,"menu_order":5,"comment_status":"closed","ping_status":"closed","template":"","meta":{"_acf_changed":false,"_editorskit_title_hidden":false,"_editorskit_reading_time":1,"_editorskit_is_block_options_detached":false,"_editorskit_block_options_position":"{}","footnotes":""},"categories":[],"tags":[],"class_list":["post-15633","page","type-page","status-publish","hentry"],"acf":{"acf_link_na_externy_obsah":""},"yoast_head":"<!-- This site is optimized with the Yoast SEO plugin v27.4 - https:\/\/yoast.com\/product\/yoast-seo-wordpress\/ -->\n<title>\u0160pecializa\u010dn\u00e1 sk\u00fa\u0161ka - Lek\u00e1rska fakulta | UPJ\u0160<\/title>\n<meta name=\"robots\" content=\"index, follow, max-snippet:-1, max-image-preview:large, max-video-preview:-1\" \/>\n<link rel=\"canonical\" href=\"https:\/\/www.upjs.sk\/lekarska-fakulta\/studenti-lf\/dalsie-vzdelavanie\/formulare\/specializacna-skuska\/\" \/>\n<meta property=\"og:locale\" content=\"sk_SK\" \/>\n<meta property=\"og:type\" content=\"article\" \/>\n<meta property=\"og:title\" content=\"\u0160pecializa\u010dn\u00e1 sk\u00fa\u0161ka - Lek\u00e1rska fakulta | UPJ\u0160\" \/>\n<meta property=\"og:description\" content=\"Formul\u00e1re potrebn\u00e9 k \u0161pecializa\u010dnej sk\u00fa\u0161ke \u2013 pre lek\u00e1rov, sestry a fyzioterapeutov \u0160pecializa\u010dn\u00e1 sk\u00fa\u0161ka:Na sk\u00fa\u0161ku sa \u00fa\u010dastn\u00edk hl\u00e1si prihl\u00e1\u0161kou na \u0161pecializa\u010dn\u00fa sk\u00fa\u0161ku, ktor\u00e1 je zverejnen\u00e1 na webovej str\u00e1nke fakulty, a to po splnen\u00ed v\u0161etk\u00fdch po\u017eadovan\u00fdch krit\u00e9ri\u00ed, najnesk\u00f4r 6 t\u00fd\u017ed\u0148ov pred term\u00ednom sk\u00fa\u0161ky!\u0160tudijn\u00fd poriadok pre \u010fal\u0161ie vzdel\u00e1vanie zdravotn\u00edckych pracovn\u00edkov Univerzity Pavla Jozefa \u0160af\u00e1rika v\u00a0Ko\u0161iciach, Lek\u00e1rskej fakulty \u2013 &hellip; \u010c\u00edta\u0165 \u010falej\" \/>\n<meta property=\"og:url\" content=\"https:\/\/www.upjs.sk\/lekarska-fakulta\/studenti-lf\/dalsie-vzdelavanie\/formulare\/specializacna-skuska\/\" \/>\n<meta property=\"og:site_name\" content=\"Lek\u00e1rska fakulta | UPJ\u0160\" \/>\n<meta property=\"article:modified_time\" content=\"2026-02-25T08:49:03+00:00\" \/>\n<meta name=\"twitter:card\" content=\"summary_large_image\" \/>\n<meta name=\"twitter:label1\" content=\"Predpokladan\u00fd \u010das \u010d\u00edtania\" \/>\n\t<meta name=\"twitter:data1\" content=\"2 min\u00faty\" \/>\n<script type=\"application\/ld+json\" class=\"yoast-schema-graph\">{\"@context\":\"https:\\\/\\\/schema.org\",\"@graph\":[{\"@type\":\"WebPage\",\"@id\":\"https:\\\/\\\/www.upjs.sk\\\/lekarska-fakulta\\\/studenti-lf\\\/dalsie-vzdelavanie\\\/formulare\\\/specializacna-skuska\\\/\",\"url\":\"https:\\\/\\\/www.upjs.sk\\\/lekarska-fakulta\\\/studenti-lf\\\/dalsie-vzdelavanie\\\/formulare\\\/specializacna-skuska\\\/\",\"name\":\"\u0160pecializa\u010dn\u00e1 sk\u00fa\u0161ka - Lek\u00e1rska fakulta | UPJ\u0160\",\"isPartOf\":{\"@id\":\"https:\\\/\\\/www.upjs.sk\\\/lekarska-fakulta\\\/#website\"},\"datePublished\":\"2023-02-05T11:45:30+00:00\",\"dateModified\":\"2026-02-25T08:49:03+00:00\",\"breadcrumb\":{\"@id\":\"https:\\\/\\\/www.upjs.sk\\\/lekarska-fakulta\\\/studenti-lf\\\/dalsie-vzdelavanie\\\/formulare\\\/specializacna-skuska\\\/#breadcrumb\"},\"inLanguage\":\"sk-SK\",\"potentialAction\":[{\"@type\":\"ReadAction\",\"target\":[\"https:\\\/\\\/www.upjs.sk\\\/lekarska-fakulta\\\/studenti-lf\\\/dalsie-vzdelavanie\\\/formulare\\\/specializacna-skuska\\\/\"]}]},{\"@type\":\"BreadcrumbList\",\"@id\":\"https:\\\/\\\/www.upjs.sk\\\/lekarska-fakulta\\\/studenti-lf\\\/dalsie-vzdelavanie\\\/formulare\\\/specializacna-skuska\\\/#breadcrumb\",\"itemListElement\":[{\"@type\":\"ListItem\",\"position\":1,\"name\":\"Home\",\"item\":\"https:\\\/\\\/www.upjs.sk\\\/lekarska-fakulta\\\/\"},{\"@type\":\"ListItem\",\"position\":2,\"name\":\"\u0160tudenti\",\"item\":\"https:\\\/\\\/www.upjs.sk\\\/lekarska-fakulta\\\/studenti-lf\\\/\"},{\"@type\":\"ListItem\",\"position\":3,\"name\":\"\u010eal\u0161ie vzdel\u00e1vanie zdravotn\u00edckych pracovn\u00edkov\",\"item\":\"https:\\\/\\\/www.upjs.sk\\\/lekarska-fakulta\\\/studenti-lf\\\/dalsie-vzdelavanie\\\/\"},{\"@type\":\"ListItem\",\"position\":4,\"name\":\"Formul\u00e1re na stiahnutie\",\"item\":\"https:\\\/\\\/www.upjs.sk\\\/lekarska-fakulta\\\/studenti-lf\\\/dalsie-vzdelavanie\\\/formulare\\\/\"},{\"@type\":\"ListItem\",\"position\":5,\"name\":\"\u0160pecializa\u010dn\u00e1 sk\u00fa\u0161ka\"}]},{\"@type\":\"WebSite\",\"@id\":\"https:\\\/\\\/www.upjs.sk\\\/lekarska-fakulta\\\/#website\",\"url\":\"https:\\\/\\\/www.upjs.sk\\\/lekarska-fakulta\\\/\",\"name\":\"Lek\u00e1rska fakulta | UPJ\u0160\",\"description\":\"\",\"publisher\":{\"@id\":\"https:\\\/\\\/www.upjs.sk\\\/lekarska-fakulta\\\/#organization\"},\"potentialAction\":[{\"@type\":\"SearchAction\",\"target\":{\"@type\":\"EntryPoint\",\"urlTemplate\":\"https:\\\/\\\/www.upjs.sk\\\/lekarska-fakulta\\\/?s={search_term_string}\"},\"query-input\":{\"@type\":\"PropertyValueSpecification\",\"valueRequired\":true,\"valueName\":\"search_term_string\"}}],\"inLanguage\":\"sk-SK\"},{\"@type\":\"Organization\",\"@id\":\"https:\\\/\\\/www.upjs.sk\\\/lekarska-fakulta\\\/#organization\",\"name\":\"Lek\u00e1rska fakulta | UPJ\u0160\",\"url\":\"https:\\\/\\\/www.upjs.sk\\\/lekarska-fakulta\\\/\",\"logo\":{\"@type\":\"ImageObject\",\"inLanguage\":\"sk-SK\",\"@id\":\"https:\\\/\\\/www.upjs.sk\\\/lekarska-fakulta\\\/#\\\/schema\\\/logo\\\/image\\\/\",\"url\":\"https:\\\/\\\/www.upjs.sk\\\/app\\\/uploads\\\/sites\\\/9\\\/2022\\\/09\\\/logo-lekarska-fakulta.png\",\"contentUrl\":\"https:\\\/\\\/www.upjs.sk\\\/app\\\/uploads\\\/sites\\\/9\\\/2022\\\/09\\\/logo-lekarska-fakulta.png\",\"width\":415,\"height\":87,\"caption\":\"Lek\u00e1rska fakulta | UPJ\u0160\"},\"image\":{\"@id\":\"https:\\\/\\\/www.upjs.sk\\\/lekarska-fakulta\\\/#\\\/schema\\\/logo\\\/image\\\/\"}}]}<\/script>\n<!-- \/ Yoast SEO plugin. -->","yoast_head_json":{"title":"\u0160pecializa\u010dn\u00e1 sk\u00fa\u0161ka - Lek\u00e1rska fakulta | UPJ\u0160","robots":{"index":"index","follow":"follow","max-snippet":"max-snippet:-1","max-image-preview":"max-image-preview:large","max-video-preview":"max-video-preview:-1"},"canonical":"https:\/\/www.upjs.sk\/lekarska-fakulta\/studenti-lf\/dalsie-vzdelavanie\/formulare\/specializacna-skuska\/","og_locale":"sk_SK","og_type":"article","og_title":"\u0160pecializa\u010dn\u00e1 sk\u00fa\u0161ka - Lek\u00e1rska fakulta | UPJ\u0160","og_description":"Formul\u00e1re potrebn\u00e9 k \u0161pecializa\u010dnej sk\u00fa\u0161ke \u2013 pre lek\u00e1rov, sestry a fyzioterapeutov \u0160pecializa\u010dn\u00e1 sk\u00fa\u0161ka:Na sk\u00fa\u0161ku sa \u00fa\u010dastn\u00edk hl\u00e1si prihl\u00e1\u0161kou na \u0161pecializa\u010dn\u00fa sk\u00fa\u0161ku, ktor\u00e1 je zverejnen\u00e1 na webovej str\u00e1nke fakulty, a to po splnen\u00ed v\u0161etk\u00fdch po\u017eadovan\u00fdch krit\u00e9ri\u00ed, najnesk\u00f4r 6 t\u00fd\u017ed\u0148ov pred term\u00ednom sk\u00fa\u0161ky!\u0160tudijn\u00fd poriadok pre \u010fal\u0161ie vzdel\u00e1vanie zdravotn\u00edckych pracovn\u00edkov Univerzity Pavla Jozefa \u0160af\u00e1rika v\u00a0Ko\u0161iciach, Lek\u00e1rskej fakulty \u2013 &hellip; \u010c\u00edta\u0165 \u010falej","og_url":"https:\/\/www.upjs.sk\/lekarska-fakulta\/studenti-lf\/dalsie-vzdelavanie\/formulare\/specializacna-skuska\/","og_site_name":"Lek\u00e1rska fakulta | UPJ\u0160","article_modified_time":"2026-02-25T08:49:03+00:00","twitter_card":"summary_large_image","twitter_misc":{"Predpokladan\u00fd \u010das \u010d\u00edtania":"2 min\u00faty"},"schema":{"@context":"https:\/\/schema.org","@graph":[{"@type":"WebPage","@id":"https:\/\/www.upjs.sk\/lekarska-fakulta\/studenti-lf\/dalsie-vzdelavanie\/formulare\/specializacna-skuska\/","url":"https:\/\/www.upjs.sk\/lekarska-fakulta\/studenti-lf\/dalsie-vzdelavanie\/formulare\/specializacna-skuska\/","name":"\u0160pecializa\u010dn\u00e1 sk\u00fa\u0161ka - Lek\u00e1rska fakulta | UPJ\u0160","isPartOf":{"@id":"https:\/\/www.upjs.sk\/lekarska-fakulta\/#website"},"datePublished":"2023-02-05T11:45:30+00:00","dateModified":"2026-02-25T08:49:03+00:00","breadcrumb":{"@id":"https:\/\/www.upjs.sk\/lekarska-fakulta\/studenti-lf\/dalsie-vzdelavanie\/formulare\/specializacna-skuska\/#breadcrumb"},"inLanguage":"sk-SK","potentialAction":[{"@type":"ReadAction","target":["https:\/\/www.upjs.sk\/lekarska-fakulta\/studenti-lf\/dalsie-vzdelavanie\/formulare\/specializacna-skuska\/"]}]},{"@type":"BreadcrumbList","@id":"https:\/\/www.upjs.sk\/lekarska-fakulta\/studenti-lf\/dalsie-vzdelavanie\/formulare\/specializacna-skuska\/#breadcrumb","itemListElement":[{"@type":"ListItem","position":1,"name":"Home","item":"https:\/\/www.upjs.sk\/lekarska-fakulta\/"},{"@type":"ListItem","position":2,"name":"\u0160tudenti","item":"https:\/\/www.upjs.sk\/lekarska-fakulta\/studenti-lf\/"},{"@type":"ListItem","position":3,"name":"\u010eal\u0161ie vzdel\u00e1vanie zdravotn\u00edckych pracovn\u00edkov","item":"https:\/\/www.upjs.sk\/lekarska-fakulta\/studenti-lf\/dalsie-vzdelavanie\/"},{"@type":"ListItem","position":4,"name":"Formul\u00e1re na stiahnutie","item":"https:\/\/www.upjs.sk\/lekarska-fakulta\/studenti-lf\/dalsie-vzdelavanie\/formulare\/"},{"@type":"ListItem","position":5,"name":"\u0160pecializa\u010dn\u00e1 sk\u00fa\u0161ka"}]},{"@type":"WebSite","@id":"https:\/\/www.upjs.sk\/lekarska-fakulta\/#website","url":"https:\/\/www.upjs.sk\/lekarska-fakulta\/","name":"Lek\u00e1rska fakulta | UPJ\u0160","description":"","publisher":{"@id":"https:\/\/www.upjs.sk\/lekarska-fakulta\/#organization"},"potentialAction":[{"@type":"SearchAction","target":{"@type":"EntryPoint","urlTemplate":"https:\/\/www.upjs.sk\/lekarska-fakulta\/?s={search_term_string}"},"query-input":{"@type":"PropertyValueSpecification","valueRequired":true,"valueName":"search_term_string"}}],"inLanguage":"sk-SK"},{"@type":"Organization","@id":"https:\/\/www.upjs.sk\/lekarska-fakulta\/#organization","name":"Lek\u00e1rska fakulta | UPJ\u0160","url":"https:\/\/www.upjs.sk\/lekarska-fakulta\/","logo":{"@type":"ImageObject","inLanguage":"sk-SK","@id":"https:\/\/www.upjs.sk\/lekarska-fakulta\/#\/schema\/logo\/image\/","url":"https:\/\/www.upjs.sk\/app\/uploads\/sites\/9\/2022\/09\/logo-lekarska-fakulta.png","contentUrl":"https:\/\/www.upjs.sk\/app\/uploads\/sites\/9\/2022\/09\/logo-lekarska-fakulta.png","width":415,"height":87,"caption":"Lek\u00e1rska fakulta | UPJ\u0160"},"image":{"@id":"https:\/\/www.upjs.sk\/lekarska-fakulta\/#\/schema\/logo\/image\/"}}]}},"_links":{"self":[{"href":"https:\/\/www.upjs.sk\/lekarska-fakulta\/wp-json\/wp\/v2\/pages\/15633","targetHints":{"allow":["GET"]}}],"collection":[{"href":"https:\/\/www.upjs.sk\/lekarska-fakulta\/wp-json\/wp\/v2\/pages"}],"about":[{"href":"https:\/\/www.upjs.sk\/lekarska-fakulta\/wp-json\/wp\/v2\/types\/page"}],"author":[{"embeddable":true,"href":"https:\/\/www.upjs.sk\/lekarska-fakulta\/wp-json\/wp\/v2\/users\/1"}],"replies":[{"embeddable":true,"href":"https:\/\/www.upjs.sk\/lekarska-fakulta\/wp-json\/wp\/v2\/comments?post=15633"}],"version-history":[{"count":11,"href":"https:\/\/www.upjs.sk\/lekarska-fakulta\/wp-json\/wp\/v2\/pages\/15633\/revisions"}],"predecessor-version":[{"id":155333,"href":"https:\/\/www.upjs.sk\/lekarska-fakulta\/wp-json\/wp\/v2\/pages\/15633\/revisions\/155333"}],"up":[{"embeddable":true,"href":"https:\/\/www.upjs.sk\/lekarska-fakulta\/wp-json\/wp\/v2\/pages\/15579"}],"wp:attachment":[{"href":"https:\/\/www.upjs.sk\/lekarska-fakulta\/wp-json\/wp\/v2\/media?parent=15633"}],"wp:term":[{"taxonomy":"category","embeddable":true,"href":"https:\/\/www.upjs.sk\/lekarska-fakulta\/wp-json\/wp\/v2\/categories?post=15633"},{"taxonomy":"post_tag","embeddable":true,"href":"https:\/\/www.upjs.sk\/lekarska-fakulta\/wp-json\/wp\/v2\/tags?post=15633"}],"curies":[{"name":"wp","href":"https:\/\/api.w.org\/{rel}","templated":true}]}}