{"id":15893,"date":"2023-01-30T21:44:31","date_gmt":"2023-01-30T20:44:31","guid":{"rendered":"https:\/\/www.upjs.sk\/lekarska-fakulta\/studium-na-fakulte\/mimoskolska-cinnost\/kluby-smmk\/"},"modified":"2025-10-03T07:48:25","modified_gmt":"2025-10-03T06:48:25","slug":"kluby-smmk","status":"publish","type":"page","link":"https:\/\/www.upjs.sk\/lekarska-fakulta\/studenti-lf\/mimoskolska-cinnost\/smmk\/kluby-smmk\/","title":{"rendered":"Kluby Spolku medikov mesta Ko\u0161ice"},"content":{"rendered":"\n<p><a href=\"http:\/\/spolokmedikovke.sk\/\" target=\"_blank\" aria-label=\" (opens in a new tab)\" rel=\"noreferrer noopener\" class=\"ek-link\"><img decoding=\"async\" style=\"float: right; height: 100px; margin-left: 5px; margin-right: 5px; width: 117px;\" src=\"http:\/\/www.upjs.sk\/\/app\/uploads\/sites\/9\/2022\/09\/smmk-3.png\" alt=\"\"><\/a>Nako\u013eko v Spolku medikov mesta Ko\u0161ice je moment\u00e1lne zap\u00edsan\u00fdch viac ako 350 \u010dlenov je pr\u00e1ca v spolku rozdelen\u00e1 do \u00f4smich pracovn\u00fdch skup\u00edn &#8211; klubov.<\/p>\n\n\n<style>.wp-block-kadence-spacer.kt-block-spacer-15893_5af991-f8 .kt-block-spacer{height:30px;}.wp-block-kadence-spacer.kt-block-spacer-15893_5af991-f8 .kt-divider{border-top-width:1px;height:1px;border-top-color:#eee;width:80%;border-top-style:solid;}<\/style>\n<div class=\"wp-block-kadence-spacer aligncenter kt-block-spacer-15893_5af991-f8\"><div class=\"kt-block-spacer kt-block-spacer-halign-center\"><hr class=\"kt-divider\"\/><\/div><\/div>\n\n\n\n<ol class=\"wp-block-list\">\n<li><strong>Klub vzdel\u00e1vania v medic\u00edne (KVM)<\/strong>: Prim\u00e1rnym cie\u013eom ka\u017ed\u00e9ho medika by malo by\u0165 sta\u0165 sa \u010do najlep\u0161\u00edm lek\u00e1rom. Na\u0161e vedomosti, sk\u00fasenosti a zru\u010dnosti u\u017e dlhoro\u010dne dop\u013a\u0148a a zlep\u0161uje n\u00e1\u0161 klub vzdel\u00e1vania v medic\u00edne. Organizuje pre na\u0161ich \u0161tudentov r\u00f4zne workshopy a tr\u00e9ningy. Zapoji\u0165 sa m\u00f4\u017ee ka\u017ed\u00fd \u010di u\u017e ako organiz\u00e1tor alebo ako \u0161tudent so z\u00e1ujmom dozvedie\u0165 sa nie\u010do viac. Medzi aktivity tohto klubu patria neodmyslite\u013ene kurzy chirurgick\u00e9ho \u0161itia, Internistick\u00e9 semin\u00e1re a mnoh\u00e9 in\u00e9.<br>Lok\u00e1lny koordin\u00e1tor klubu: <strong><strong>Katar\u00edna Hybelov\u00e1<\/strong><\/strong><\/li>\n\n\n\n<li><strong>Klub \u013eudsk\u00fdch pr\u00e1v a mieru (K\u013dM)<\/strong>: Hoci patr\u00ed medzi na\u0161e najmlad\u0161ie kluby, je tento klub jednou z na\u0161ich v\u00fdkladn\u00fdch skr\u00ed\u0148. Organizuje aktivity, pomocou ktor\u00fdch napom\u00e1ha predch\u00e1dza\u0165 soci\u00e1lnemu vyl\u00fa\u010deniu, extr\u00e9mizmu, \u0161ikane a mnoh\u00fdm in\u00fdm fenom\u00e9nom modernej doby. \u010clenovia tohto klubu neust\u00e1le vzdel\u00e1vaj\u00fa \u0161tudentov z\u00e1kladn\u00fdch, stredn\u00fdch ako aj vysok\u00fdch \u0161k\u00f4l oh\u013eadne \u013eudsk\u00fdch pr\u00e1v, \u010d\u00edm prispievaj\u00fa k rozvoju spolo\u010dnosti.<br>Lok\u00e1lny koordin\u00e1tor klubu: <strong><strong>Anna Emma Pa\u013eov\u00e1<\/strong><\/strong><\/li>\n\n\n\n<li><strong>Klub detskej n\u00e1deje (KDN)<\/strong>: Tento klub patr\u00ed medzi na\u0161e najnav\u0161tevovanej\u0161ie a je orientovan\u00fd na spr\u00edjemnenie \u010dasu, ktor\u00fd deti a ml\u00e1de\u017e tr\u00e1via na oddeleniach Detskej fakultnej nemocnice v Ko\u0161iciach. Nieko\u013ekokr\u00e1t do t\u00fd\u017ed\u0148a na\u0161i \u010dlenovia nav\u0161tevuj\u00fa mal\u00fdch pacientov, kde vypom\u00e1haj\u00fa, spr\u00edjem\u0148uj\u00fa \u010das, hraj\u00fa spolo\u010densk\u00e9 hry a ve\u013ea in\u00e9ho.<br>Lok\u00e1lny koordin\u00e1tor klubu: <strong><strong>Simona Gibalov\u00e1<\/strong><\/strong><\/li>\n\n\n\n<li><strong>Klub reproduk\u010dn\u00e9ho zdravia (KRZ)<\/strong>: Sexu\u00e1lna v\u00fdchova je dnes ve\u013emi nedoce\u0148ovan\u00e1, tabuizovan\u00e1 a podce\u0148ovan\u00e1. Pr\u00e1ve v tejto nie najlep\u0161ej situ\u00e1ci\u00ed prich\u00e1dza na sc\u00e9nu Klub reproduk\u010dn\u00e9ho zdravia, ktor\u00fd organizuje pre \u0161tudentov stredn\u00fdch \u0161k\u00f4l aktivity na udr\u017eanie dobr\u00e9ho \u017eensk\u00e9ho a mu\u017esk\u00e9ho zdravia ako aj ka\u017edoro\u010dn\u00e9 st\u00e1lice ako Movember, Pink october \u010di World AIDS day.<br>Lok\u00e1lny koordin\u00e1tor klubu: <strong>Alina Vaj\u00e1nyi<\/strong><\/li>\n\n\n\n<li><strong>Klub zahrani\u010dn\u00fdch aktiv\u00edt (KZA)<\/strong>: <a aria-label=\" (opens in a new tab)\" class=\"ek-link\" href=\"https:\/\/ifmsa.org\/\" target=\"_blank\" rel=\"noreferrer noopener\"><img decoding=\"async\" style=\"float: right; height: 100px; margin: 5px; width: 120px;\" src=\"http:\/\/www.upjs.sk\/\/app\/uploads\/sites\/9\/2022\/09\/ifmsa.png\" alt=\"\"><\/a>Klub zahrani\u010dn\u00fdch aktiv\u00edt ka\u017edoro\u010dne organizuje a pripravuje zahrani\u010dn\u00e9 st\u00e1\u017eov\u00e9 pobyty v r\u00e1mci v\u00fdskumn\u00fdch alebo profesion\u00e1lnych &#8211; klinick\u00fdch st\u00e1\u017ei <strong>IFMSA<\/strong> (<a aria-label=\" (opens in a new tab)\" class=\"ek-link\" href=\"https:\/\/ifmsa.org\/\" target=\"_blank\" rel=\"noreferrer noopener\">International federation of medical students\u00b4 associations<\/a>). Okrem spom\u00ednanej pr\u00e1ce na letn\u00fdch mesa\u010dn\u00fdch st\u00e1\u017each klub poskytuje komplexn\u00fa starostlivos\u0165 o \u0161tudentov zo v\u0161etk\u00fdch kraj\u00edn sveta, ktor\u00fd n\u00e1s poctia n\u00e1v\u0161tevou \u010di u\u017e v letn\u00fdch mesiacoch alebo po\u010das akademick\u00e9ho roka.<br>Lok\u00e1lni koordin\u00e1tori klubu: LEO-in (SCOPE) &#8211; <strong><strong>Da\u0161a Va\u0148ov\u00e1<\/strong><\/strong>, LEO-out (SCOPE) &#8211;<strong> <strong>Alica Olexov\u00e1<\/strong><\/strong>, LORE (SCORE) &#8211; <strong><strong>Matej Barabas<\/strong><\/strong>\u00a0<\/li>\n\n\n\n<li><strong>Klub verejn\u00e9ho zdravia (KVZ)<\/strong>: N\u00e1\u0161 najv\u00e4\u010d\u0161\u00ed klub je u\u017e ka\u017edoro\u010dne klub verejn\u00e9ho zdravia, ktor\u00fd rob\u00ed jednu z najd\u00f4le\u017eitej\u0161\u00edch aktiv\u00edt, prisl\u00fachaj\u00facu medikom a to prevenciu. Prevencia ak\u00fdchko\u013evek ochoren\u00ed je lep\u0161ia a lacnej\u0161ia ako ich lie\u010dba. Pod touto my\u0161lienkou tento klub organizuje mnoh\u00e9 aktivity ako napr\u00edklad \u0160kola zdravia, H\u00fdb sa do schodov \u010di nav\u0161tevuje matersk\u00e9 \u0161koly v r\u00e1mci aktivity Nemocnica u medved\u00edka.<br>Lok\u00e1lny koordin\u00e1tor klubu: <strong><strong>Ema J\u00e1no\u0161ik<\/strong><\/strong><\/li>\n\n\n\n<li><strong>Klub spolo\u010densk\u00fdch aktiv\u00edt (KSA)<\/strong>: Ke\u010f\u017ee \u0161tudentsk\u00fd \u017eivot nie je len o \u0161t\u00fadiu, ale aj o z\u00e1bave tak ka\u017edoro\u010dne nieko\u013ekokr\u00e1t do roka organizujeme pre na\u0161ich \u0161tudentov a ich polovi\u010dky spolo\u010densk\u00e9 podujatia. Medzi ktor\u00e9 patria r\u00f4zne p\u00e1rty ako aj najstar\u0161\u00ed ples v Ko\u0161iciach &#8211; Imatrikula\u010dn\u00fd ples medikov.<br>Lok\u00e1lny koordin\u00e1tor klubu: <strong><strong>Karin \u0160te\u0148ov\u00e1<\/strong><\/strong><\/li>\n<\/ol>\n\n\n\n<p>Ak\u00e9ko\u013evek inform\u00e1cie t\u00fdkaj\u00face sa jednotliv\u00fdch klubov V\u00e1m radi poskytn\u00fa ved\u00faci klubov, \u010dlenovia klubov v priestoroch SMMK (ved\u013ea posluch\u00e1rne \u010d. 4 &#8211; 2. poschodie).<\/p>\n\n\n\n<p><\/p>\n","protected":false},"excerpt":{"rendered":"<p>Nako\u013eko v Spolku medikov mesta Ko\u0161ice je moment\u00e1lne zap\u00edsan\u00fdch viac ako 350 \u010dlenov je pr\u00e1ca v spolku rozdelen\u00e1 do \u00f4smich pracovn\u00fdch skup\u00edn &#8211; klubov. Ak\u00e9ko\u013evek inform\u00e1cie t\u00fdkaj\u00face sa jednotliv\u00fdch klubov V\u00e1m radi poskytn\u00fa ved\u00faci klubov, \u010dlenovia klubov v priestoroch SMMK (ved\u013ea posluch\u00e1rne \u010d. 4 &#8211; 2. poschodie).<\/p>\n","protected":false},"author":1,"featured_media":15894,"parent":15888,"menu_order":0,"comment_status":"closed","ping_status":"closed","template":"","meta":{"_acf_changed":false,"_editorskit_title_hidden":false,"_editorskit_reading_time":2,"_editorskit_is_block_options_detached":false,"_editorskit_block_options_position":"{}","footnotes":""},"categories":[],"tags":[],"class_list":["post-15893","page","type-page","status-publish","has-post-thumbnail","hentry"],"acf":{"acf_link_na_externy_obsah":""},"yoast_head":"<!-- This site is optimized with the Yoast SEO plugin v27.5 - https:\/\/yoast.com\/product\/yoast-seo-wordpress\/ -->\n<title>Kluby Spolku medikov mesta Ko\u0161ice - Lek\u00e1rska fakulta | UPJ\u0160<\/title>\n<meta name=\"robots\" content=\"index, follow, max-snippet:-1, max-image-preview:large, max-video-preview:-1\" \/>\n<link rel=\"canonical\" href=\"https:\/\/www.upjs.sk\/lekarska-fakulta\/studenti-lf\/mimoskolska-cinnost\/smmk\/kluby-smmk\/\" \/>\n<meta property=\"og:locale\" content=\"sk_SK\" \/>\n<meta property=\"og:type\" content=\"article\" \/>\n<meta property=\"og:title\" content=\"Kluby Spolku medikov mesta Ko\u0161ice - Lek\u00e1rska fakulta | UPJ\u0160\" \/>\n<meta property=\"og:description\" content=\"Nako\u013eko v Spolku medikov mesta Ko\u0161ice je moment\u00e1lne zap\u00edsan\u00fdch viac ako 350 \u010dlenov je pr\u00e1ca v spolku rozdelen\u00e1 do \u00f4smich pracovn\u00fdch skup\u00edn &#8211; klubov. Ak\u00e9ko\u013evek inform\u00e1cie t\u00fdkaj\u00face sa jednotliv\u00fdch klubov V\u00e1m radi poskytn\u00fa ved\u00faci klubov, \u010dlenovia klubov v priestoroch SMMK (ved\u013ea posluch\u00e1rne \u010d. 4 &#8211; 2. poschodie).\" \/>\n<meta property=\"og:url\" content=\"https:\/\/www.upjs.sk\/lekarska-fakulta\/studenti-lf\/mimoskolska-cinnost\/smmk\/kluby-smmk\/\" \/>\n<meta property=\"og:site_name\" content=\"Lek\u00e1rska fakulta | UPJ\u0160\" \/>\n<meta property=\"article:modified_time\" content=\"2025-10-03T06:48:25+00:00\" \/>\n<meta property=\"og:image\" content=\"https:\/\/www.upjs.sk\/app\/uploads\/sites\/9\/2022\/09\/smmk-3.png\" \/>\n\t<meta property=\"og:image:width\" content=\"189\" \/>\n\t<meta property=\"og:image:height\" content=\"161\" \/>\n\t<meta property=\"og:image:type\" content=\"image\/png\" \/>\n<meta name=\"twitter:card\" content=\"summary_large_image\" \/>\n<meta name=\"twitter:label1\" content=\"Predpokladan\u00fd \u010das \u010d\u00edtania\" \/>\n\t<meta name=\"twitter:data1\" content=\"4 min\u00faty\" \/>\n<script type=\"application\/ld+json\" class=\"yoast-schema-graph\">{\"@context\":\"https:\\\/\\\/schema.org\",\"@graph\":[{\"@type\":\"WebPage\",\"@id\":\"https:\\\/\\\/www.upjs.sk\\\/lekarska-fakulta\\\/studenti-lf\\\/mimoskolska-cinnost\\\/smmk\\\/kluby-smmk\\\/\",\"url\":\"https:\\\/\\\/www.upjs.sk\\\/lekarska-fakulta\\\/studenti-lf\\\/mimoskolska-cinnost\\\/smmk\\\/kluby-smmk\\\/\",\"name\":\"Kluby Spolku medikov mesta Ko\u0161ice - Lek\u00e1rska fakulta | UPJ\u0160\",\"isPartOf\":{\"@id\":\"https:\\\/\\\/www.upjs.sk\\\/lekarska-fakulta\\\/#website\"},\"primaryImageOfPage\":{\"@id\":\"https:\\\/\\\/www.upjs.sk\\\/lekarska-fakulta\\\/studenti-lf\\\/mimoskolska-cinnost\\\/smmk\\\/kluby-smmk\\\/#primaryimage\"},\"image\":{\"@id\":\"https:\\\/\\\/www.upjs.sk\\\/lekarska-fakulta\\\/studenti-lf\\\/mimoskolska-cinnost\\\/smmk\\\/kluby-smmk\\\/#primaryimage\"},\"thumbnailUrl\":\"https:\\\/\\\/www.upjs.sk\\\/app\\\/uploads\\\/sites\\\/9\\\/2022\\\/09\\\/smmk-3.png\",\"datePublished\":\"2023-01-30T20:44:31+00:00\",\"dateModified\":\"2025-10-03T06:48:25+00:00\",\"breadcrumb\":{\"@id\":\"https:\\\/\\\/www.upjs.sk\\\/lekarska-fakulta\\\/studenti-lf\\\/mimoskolska-cinnost\\\/smmk\\\/kluby-smmk\\\/#breadcrumb\"},\"inLanguage\":\"sk-SK\",\"potentialAction\":[{\"@type\":\"ReadAction\",\"target\":[\"https:\\\/\\\/www.upjs.sk\\\/lekarska-fakulta\\\/studenti-lf\\\/mimoskolska-cinnost\\\/smmk\\\/kluby-smmk\\\/\"]}]},{\"@type\":\"ImageObject\",\"inLanguage\":\"sk-SK\",\"@id\":\"https:\\\/\\\/www.upjs.sk\\\/lekarska-fakulta\\\/studenti-lf\\\/mimoskolska-cinnost\\\/smmk\\\/kluby-smmk\\\/#primaryimage\",\"url\":\"https:\\\/\\\/www.upjs.sk\\\/app\\\/uploads\\\/sites\\\/9\\\/2022\\\/09\\\/smmk-3.png\",\"contentUrl\":\"https:\\\/\\\/www.upjs.sk\\\/app\\\/uploads\\\/sites\\\/9\\\/2022\\\/09\\\/smmk-3.png\",\"width\":189,\"height\":161,\"caption\":\"kluby-smmk\"},{\"@type\":\"BreadcrumbList\",\"@id\":\"https:\\\/\\\/www.upjs.sk\\\/lekarska-fakulta\\\/studenti-lf\\\/mimoskolska-cinnost\\\/smmk\\\/kluby-smmk\\\/#breadcrumb\",\"itemListElement\":[{\"@type\":\"ListItem\",\"position\":1,\"name\":\"Home\",\"item\":\"https:\\\/\\\/www.upjs.sk\\\/lekarska-fakulta\\\/\"},{\"@type\":\"ListItem\",\"position\":2,\"name\":\"\u0160tudenti\",\"item\":\"https:\\\/\\\/www.upjs.sk\\\/lekarska-fakulta\\\/studenti-lf\\\/\"},{\"@type\":\"ListItem\",\"position\":3,\"name\":\"Mimo\u0161kolsk\u00e1 \u010dinnos\u0165\",\"item\":\"https:\\\/\\\/www.upjs.sk\\\/lekarska-fakulta\\\/studenti-lf\\\/mimoskolska-cinnost\\\/\"},{\"@type\":\"ListItem\",\"position\":4,\"name\":\"Spolok medikov mesta Ko\u0161ice\",\"item\":\"https:\\\/\\\/www.upjs.sk\\\/lekarska-fakulta\\\/studenti-lf\\\/mimoskolska-cinnost\\\/smmk\\\/\"},{\"@type\":\"ListItem\",\"position\":5,\"name\":\"Kluby Spolku medikov mesta Ko\u0161ice\"}]},{\"@type\":\"WebSite\",\"@id\":\"https:\\\/\\\/www.upjs.sk\\\/lekarska-fakulta\\\/#website\",\"url\":\"https:\\\/\\\/www.upjs.sk\\\/lekarska-fakulta\\\/\",\"name\":\"Lek\u00e1rska fakulta | UPJ\u0160\",\"description\":\"\",\"publisher\":{\"@id\":\"https:\\\/\\\/www.upjs.sk\\\/lekarska-fakulta\\\/#organization\"},\"potentialAction\":[{\"@type\":\"SearchAction\",\"target\":{\"@type\":\"EntryPoint\",\"urlTemplate\":\"https:\\\/\\\/www.upjs.sk\\\/lekarska-fakulta\\\/?s={search_term_string}\"},\"query-input\":{\"@type\":\"PropertyValueSpecification\",\"valueRequired\":true,\"valueName\":\"search_term_string\"}}],\"inLanguage\":\"sk-SK\"},{\"@type\":\"Organization\",\"@id\":\"https:\\\/\\\/www.upjs.sk\\\/lekarska-fakulta\\\/#organization\",\"name\":\"Lek\u00e1rska fakulta | UPJ\u0160\",\"url\":\"https:\\\/\\\/www.upjs.sk\\\/lekarska-fakulta\\\/\",\"logo\":{\"@type\":\"ImageObject\",\"inLanguage\":\"sk-SK\",\"@id\":\"https:\\\/\\\/www.upjs.sk\\\/lekarska-fakulta\\\/#\\\/schema\\\/logo\\\/image\\\/\",\"url\":\"https:\\\/\\\/www.upjs.sk\\\/app\\\/uploads\\\/sites\\\/9\\\/2022\\\/09\\\/logo-lekarska-fakulta.png\",\"contentUrl\":\"https:\\\/\\\/www.upjs.sk\\\/app\\\/uploads\\\/sites\\\/9\\\/2022\\\/09\\\/logo-lekarska-fakulta.png\",\"width\":415,\"height\":87,\"caption\":\"Lek\u00e1rska fakulta | UPJ\u0160\"},\"image\":{\"@id\":\"https:\\\/\\\/www.upjs.sk\\\/lekarska-fakulta\\\/#\\\/schema\\\/logo\\\/image\\\/\"}}]}<\/script>\n<!-- \/ Yoast SEO plugin. -->","yoast_head_json":{"title":"Kluby Spolku medikov mesta Ko\u0161ice - Lek\u00e1rska fakulta | UPJ\u0160","robots":{"index":"index","follow":"follow","max-snippet":"max-snippet:-1","max-image-preview":"max-image-preview:large","max-video-preview":"max-video-preview:-1"},"canonical":"https:\/\/www.upjs.sk\/lekarska-fakulta\/studenti-lf\/mimoskolska-cinnost\/smmk\/kluby-smmk\/","og_locale":"sk_SK","og_type":"article","og_title":"Kluby Spolku medikov mesta Ko\u0161ice - Lek\u00e1rska fakulta | UPJ\u0160","og_description":"Nako\u013eko v Spolku medikov mesta Ko\u0161ice je moment\u00e1lne zap\u00edsan\u00fdch viac ako 350 \u010dlenov je pr\u00e1ca v spolku rozdelen\u00e1 do \u00f4smich pracovn\u00fdch skup\u00edn &#8211; klubov. Ak\u00e9ko\u013evek inform\u00e1cie t\u00fdkaj\u00face sa jednotliv\u00fdch klubov V\u00e1m radi poskytn\u00fa ved\u00faci klubov, \u010dlenovia klubov v priestoroch SMMK (ved\u013ea posluch\u00e1rne \u010d. 4 &#8211; 2. poschodie).","og_url":"https:\/\/www.upjs.sk\/lekarska-fakulta\/studenti-lf\/mimoskolska-cinnost\/smmk\/kluby-smmk\/","og_site_name":"Lek\u00e1rska fakulta | UPJ\u0160","article_modified_time":"2025-10-03T06:48:25+00:00","og_image":[{"width":189,"height":161,"url":"https:\/\/www.upjs.sk\/app\/uploads\/sites\/9\/2022\/09\/smmk-3.png","type":"image\/png"}],"twitter_card":"summary_large_image","twitter_misc":{"Predpokladan\u00fd \u010das \u010d\u00edtania":"4 min\u00faty"},"schema":{"@context":"https:\/\/schema.org","@graph":[{"@type":"WebPage","@id":"https:\/\/www.upjs.sk\/lekarska-fakulta\/studenti-lf\/mimoskolska-cinnost\/smmk\/kluby-smmk\/","url":"https:\/\/www.upjs.sk\/lekarska-fakulta\/studenti-lf\/mimoskolska-cinnost\/smmk\/kluby-smmk\/","name":"Kluby Spolku medikov mesta Ko\u0161ice - Lek\u00e1rska fakulta | UPJ\u0160","isPartOf":{"@id":"https:\/\/www.upjs.sk\/lekarska-fakulta\/#website"},"primaryImageOfPage":{"@id":"https:\/\/www.upjs.sk\/lekarska-fakulta\/studenti-lf\/mimoskolska-cinnost\/smmk\/kluby-smmk\/#primaryimage"},"image":{"@id":"https:\/\/www.upjs.sk\/lekarska-fakulta\/studenti-lf\/mimoskolska-cinnost\/smmk\/kluby-smmk\/#primaryimage"},"thumbnailUrl":"https:\/\/www.upjs.sk\/app\/uploads\/sites\/9\/2022\/09\/smmk-3.png","datePublished":"2023-01-30T20:44:31+00:00","dateModified":"2025-10-03T06:48:25+00:00","breadcrumb":{"@id":"https:\/\/www.upjs.sk\/lekarska-fakulta\/studenti-lf\/mimoskolska-cinnost\/smmk\/kluby-smmk\/#breadcrumb"},"inLanguage":"sk-SK","potentialAction":[{"@type":"ReadAction","target":["https:\/\/www.upjs.sk\/lekarska-fakulta\/studenti-lf\/mimoskolska-cinnost\/smmk\/kluby-smmk\/"]}]},{"@type":"ImageObject","inLanguage":"sk-SK","@id":"https:\/\/www.upjs.sk\/lekarska-fakulta\/studenti-lf\/mimoskolska-cinnost\/smmk\/kluby-smmk\/#primaryimage","url":"https:\/\/www.upjs.sk\/app\/uploads\/sites\/9\/2022\/09\/smmk-3.png","contentUrl":"https:\/\/www.upjs.sk\/app\/uploads\/sites\/9\/2022\/09\/smmk-3.png","width":189,"height":161,"caption":"kluby-smmk"},{"@type":"BreadcrumbList","@id":"https:\/\/www.upjs.sk\/lekarska-fakulta\/studenti-lf\/mimoskolska-cinnost\/smmk\/kluby-smmk\/#breadcrumb","itemListElement":[{"@type":"ListItem","position":1,"name":"Home","item":"https:\/\/www.upjs.sk\/lekarska-fakulta\/"},{"@type":"ListItem","position":2,"name":"\u0160tudenti","item":"https:\/\/www.upjs.sk\/lekarska-fakulta\/studenti-lf\/"},{"@type":"ListItem","position":3,"name":"Mimo\u0161kolsk\u00e1 \u010dinnos\u0165","item":"https:\/\/www.upjs.sk\/lekarska-fakulta\/studenti-lf\/mimoskolska-cinnost\/"},{"@type":"ListItem","position":4,"name":"Spolok medikov mesta Ko\u0161ice","item":"https:\/\/www.upjs.sk\/lekarska-fakulta\/studenti-lf\/mimoskolska-cinnost\/smmk\/"},{"@type":"ListItem","position":5,"name":"Kluby Spolku medikov mesta Ko\u0161ice"}]},{"@type":"WebSite","@id":"https:\/\/www.upjs.sk\/lekarska-fakulta\/#website","url":"https:\/\/www.upjs.sk\/lekarska-fakulta\/","name":"Lek\u00e1rska fakulta | UPJ\u0160","description":"","publisher":{"@id":"https:\/\/www.upjs.sk\/lekarska-fakulta\/#organization"},"potentialAction":[{"@type":"SearchAction","target":{"@type":"EntryPoint","urlTemplate":"https:\/\/www.upjs.sk\/lekarska-fakulta\/?s={search_term_string}"},"query-input":{"@type":"PropertyValueSpecification","valueRequired":true,"valueName":"search_term_string"}}],"inLanguage":"sk-SK"},{"@type":"Organization","@id":"https:\/\/www.upjs.sk\/lekarska-fakulta\/#organization","name":"Lek\u00e1rska fakulta | UPJ\u0160","url":"https:\/\/www.upjs.sk\/lekarska-fakulta\/","logo":{"@type":"ImageObject","inLanguage":"sk-SK","@id":"https:\/\/www.upjs.sk\/lekarska-fakulta\/#\/schema\/logo\/image\/","url":"https:\/\/www.upjs.sk\/app\/uploads\/sites\/9\/2022\/09\/logo-lekarska-fakulta.png","contentUrl":"https:\/\/www.upjs.sk\/app\/uploads\/sites\/9\/2022\/09\/logo-lekarska-fakulta.png","width":415,"height":87,"caption":"Lek\u00e1rska fakulta | UPJ\u0160"},"image":{"@id":"https:\/\/www.upjs.sk\/lekarska-fakulta\/#\/schema\/logo\/image\/"}}]}},"_links":{"self":[{"href":"https:\/\/www.upjs.sk\/lekarska-fakulta\/wp-json\/wp\/v2\/pages\/15893","targetHints":{"allow":["GET"]}}],"collection":[{"href":"https:\/\/www.upjs.sk\/lekarska-fakulta\/wp-json\/wp\/v2\/pages"}],"about":[{"href":"https:\/\/www.upjs.sk\/lekarska-fakulta\/wp-json\/wp\/v2\/types\/page"}],"author":[{"embeddable":true,"href":"https:\/\/www.upjs.sk\/lekarska-fakulta\/wp-json\/wp\/v2\/users\/1"}],"replies":[{"embeddable":true,"href":"https:\/\/www.upjs.sk\/lekarska-fakulta\/wp-json\/wp\/v2\/comments?post=15893"}],"version-history":[{"count":5,"href":"https:\/\/www.upjs.sk\/lekarska-fakulta\/wp-json\/wp\/v2\/pages\/15893\/revisions"}],"predecessor-version":[{"id":145618,"href":"https:\/\/www.upjs.sk\/lekarska-fakulta\/wp-json\/wp\/v2\/pages\/15893\/revisions\/145618"}],"up":[{"embeddable":true,"href":"https:\/\/www.upjs.sk\/lekarska-fakulta\/wp-json\/wp\/v2\/pages\/15888"}],"wp:featuredmedia":[{"embeddable":true,"href":"https:\/\/www.upjs.sk\/lekarska-fakulta\/wp-json\/wp\/v2\/media\/15894"}],"wp:attachment":[{"href":"https:\/\/www.upjs.sk\/lekarska-fakulta\/wp-json\/wp\/v2\/media?parent=15893"}],"wp:term":[{"taxonomy":"category","embeddable":true,"href":"https:\/\/www.upjs.sk\/lekarska-fakulta\/wp-json\/wp\/v2\/categories?post=15893"},{"taxonomy":"post_tag","embeddable":true,"href":"https:\/\/www.upjs.sk\/lekarska-fakulta\/wp-json\/wp\/v2\/tags?post=15893"}],"curies":[{"name":"wp","href":"https:\/\/api.w.org\/{rel}","templated":true}]}}