{"id":15897,"date":"2023-01-30T22:23:59","date_gmt":"2023-01-30T21:23:59","guid":{"rendered":"https:\/\/www.upjs.sk\/lekarska-fakulta\/studium-na-fakulte\/mimoskolska-cinnost\/predsednictvo-smmk\/"},"modified":"2026-02-10T14:58:25","modified_gmt":"2026-02-10T13:58:25","slug":"predsednictvo-smmk","status":"publish","type":"page","link":"https:\/\/www.upjs.sk\/lekarska-fakulta\/studenti-lf\/mimoskolska-cinnost\/smmk\/predsednictvo-smmk\/","title":{"rendered":"Predsedn\u00edctvo Spolku medikov mesta Ko\u0161ice"},"content":{"rendered":"\n<p><style type=\"text\/css\">#rh td{border:solid windowtext 1px;border-color:grow;padding-left:.5em;padding-top:2px;padding-bottom:2px;padding-right:.5em;vertical-align:top;} <\/style><\/p>\n\n\n<style>.wp-block-kadence-advancedheading.kt-adv-heading15897_8e6377-51, .wp-block-kadence-advancedheading.kt-adv-heading15897_8e6377-51[data-kb-block=\"kb-adv-heading15897_8e6377-51\"]{font-style:normal;}.wp-block-kadence-advancedheading.kt-adv-heading15897_8e6377-51 mark.kt-highlight, .wp-block-kadence-advancedheading.kt-adv-heading15897_8e6377-51[data-kb-block=\"kb-adv-heading15897_8e6377-51\"] mark.kt-highlight{font-style:normal;color:#f76a0c;-webkit-box-decoration-break:clone;box-decoration-break:clone;padding-top:0px;padding-right:0px;padding-bottom:0px;padding-left:0px;}<\/style>\n<h4 class=\"kt-adv-heading15897_8e6377-51 wp-block-kadence-advancedheading\" data-kb-block=\"kb-adv-heading15897_8e6377-51\"><span style=\"font-size: 16px;\"><strong><span style=\"color: #c0392b;\">Kontakt:<\/span><\/strong><\/span><\/h4>\n\n\n\n<p><strong>Spolok medikov mesta Ko\u0161ice<a href=\"http:\/\/spolokmedikovke.sk\/\" target=\"_blank\" aria-label=\" (opens in a new tab)\" rel=\"noreferrer noopener\" class=\"ek-link\"><img decoding=\"async\" style=\"float: right; height: 161px; margin-right: 150px; width: 189px;\" src=\"http:\/\/www.upjs.sk\/\/app\/uploads\/sites\/9\/2022\/09\/smmk-4.png\" alt=\"\"><\/a><\/strong><br>UPJ\u0160 LF<br>Trieda SNP 1<br>040 11 Ko\u0161ice<br>tel.: (+421 55) 640 2236<br>VoIP: (+421 55) 234 3432<br>e-mail: <a href=\"mailto:smmkpredseda@gmail.com\">smmkpredseda@gmail.com<\/a><br><a href=\"http:\/\/www.spolokmedikovke.sk\" target=\"_blank\" aria-label=\" (opens in a new tab)\" rel=\"noreferrer noopener\" class=\"ek-link\">http:\/\/www.spolokmedikovke.sk<\/a><\/p>\n\n\n\n<figure id=\"rh\" class=\"wp-block-table\"><table><tbody><tr><td><strong>Predseda:<\/strong><\/td><td><strong><strong>Franti\u0161ek Van\u010do<\/strong><\/strong><br><a href=\"mailto:predseda@smmk.sk\">predseda@smmk.sk<\/a><\/td><\/tr><tr><td><strong>Tajomn\u00edk:<\/strong><\/td><td><strong><strong><strong>Daniel Pallas<\/strong><\/strong><\/strong><br><a href=\"mailto:tajomnik@smmk.sk\">tajomnik@smmk.sk<\/a><\/td><\/tr><tr><td><strong>Podpredsedn\u00ed\u010dka pre vonkaj\u0161iu komunik\u00e1ciu:<\/strong><\/td><td><strong>Petra Guzaninov\u00e1<\/strong><br><a href=\"mailto:vonkajsipodpredseda@smmk.sk\">vonkajsipodpredseda@smmk.sk<\/a><\/td><\/tr><tr><td><strong>Podpredsedn\u00ed\u010dka pre vn\u00fatorn\u00fa komunik\u00e1ciu:<\/strong><\/td><td><strong><strong>Natalia Hajt\u00e1\u0161ov\u00e1<\/strong><\/strong><br><a href=\"mailto:vnutornypodpredseda@smmk.sk\">vnutornypodpredseda@smmk.sk<\/a><\/td><\/tr><\/tbody><\/table><\/figure>\n\n\n\n<p>V\u0161etky ot\u00e1zky, pripomienky, s\u0165a\u017enosti \u010di pochvaly m\u00f4\u017eete adresova\u0165 aj na str\u00e1nku SMMK (<a href=\"https:\/\/www.facebook.com\/SpolokMedikovMestaKosice\/?ref=br_rs\" target=\"_blank\" aria-label=\" (opens in a new tab)\" rel=\"noreferrer noopener\" class=\"ek-link\">https:\/\/www.facebook.com\/SpolokMedikovMestaKosice\/?ref=br_rs<\/a>) alebo prostredn\u00edctvom e-mailu: <a href=\"mailto:smmkpredseda@gmail.com\">smmkpredseda@gmail.com<\/a>.<\/p>\n","protected":false},"excerpt":{"rendered":"<p>Kontakt: Spolok medikov mesta Ko\u0161iceUPJ\u0160 LFTrieda SNP 1040 11 Ko\u0161icetel.: (+421 55) 640 2236VoIP: (+421 55) 234 3432e-mail: smmkpredseda@gmail.comhttp:\/\/www.spolokmedikovke.sk Predseda: Franti\u0161ek Van\u010dopredseda@smmk.sk Tajomn\u00edk: Daniel Pallastajomnik@smmk.sk Podpredsedn\u00ed\u010dka pre vonkaj\u0161iu komunik\u00e1ciu: Petra Guzaninov\u00e1vonkajsipodpredseda@smmk.sk Podpredsedn\u00ed\u010dka pre vn\u00fatorn\u00fa komunik\u00e1ciu: Natalia Hajt\u00e1\u0161ov\u00e1vnutornypodpredseda@smmk.sk V\u0161etky ot\u00e1zky, pripomienky, s\u0165a\u017enosti \u010di pochvaly m\u00f4\u017eete adresova\u0165 aj na str\u00e1nku SMMK (https:\/\/www.facebook.com\/SpolokMedikovMestaKosice\/?ref=br_rs) alebo prostredn\u00edctvom e-mailu: smmkpredseda@gmail.com.<\/p>\n","protected":false},"author":1,"featured_media":15898,"parent":15888,"menu_order":1,"comment_status":"closed","ping_status":"closed","template":"","meta":{"_acf_changed":false,"_editorskit_title_hidden":false,"_editorskit_reading_time":1,"_editorskit_is_block_options_detached":false,"_editorskit_block_options_position":"{}","footnotes":""},"categories":[],"tags":[],"class_list":["post-15897","page","type-page","status-publish","has-post-thumbnail","hentry"],"acf":{"acf_link_na_externy_obsah":""},"yoast_head":"<!-- This site is optimized with the Yoast SEO plugin v27.4 - https:\/\/yoast.com\/product\/yoast-seo-wordpress\/ -->\n<title>Predsedn\u00edctvo Spolku medikov mesta Ko\u0161ice - Lek\u00e1rska fakulta | UPJ\u0160<\/title>\n<meta name=\"robots\" content=\"index, follow, max-snippet:-1, max-image-preview:large, max-video-preview:-1\" \/>\n<link rel=\"canonical\" href=\"https:\/\/www.upjs.sk\/lekarska-fakulta\/studenti-lf\/mimoskolska-cinnost\/smmk\/predsednictvo-smmk\/\" \/>\n<meta property=\"og:locale\" content=\"sk_SK\" \/>\n<meta property=\"og:type\" content=\"article\" \/>\n<meta property=\"og:title\" content=\"Predsedn\u00edctvo Spolku medikov mesta Ko\u0161ice - Lek\u00e1rska fakulta | UPJ\u0160\" \/>\n<meta property=\"og:description\" content=\"Kontakt: Spolok medikov mesta Ko\u0161iceUPJ\u0160 LFTrieda SNP 1040 11 Ko\u0161icetel.: (+421 55) 640 2236VoIP: (+421 55) 234 3432e-mail: smmkpredseda@gmail.comhttp:\/\/www.spolokmedikovke.sk Predseda: Franti\u0161ek Van\u010dopredseda@smmk.sk Tajomn\u00edk: Daniel Pallastajomnik@smmk.sk Podpredsedn\u00ed\u010dka pre vonkaj\u0161iu komunik\u00e1ciu: Petra Guzaninov\u00e1vonkajsipodpredseda@smmk.sk Podpredsedn\u00ed\u010dka pre vn\u00fatorn\u00fa komunik\u00e1ciu: Natalia Hajt\u00e1\u0161ov\u00e1vnutornypodpredseda@smmk.sk V\u0161etky ot\u00e1zky, pripomienky, s\u0165a\u017enosti \u010di pochvaly m\u00f4\u017eete adresova\u0165 aj na str\u00e1nku SMMK (https:\/\/www.facebook.com\/SpolokMedikovMestaKosice\/?ref=br_rs) alebo prostredn\u00edctvom e-mailu: smmkpredseda@gmail.com.\" \/>\n<meta property=\"og:url\" content=\"https:\/\/www.upjs.sk\/lekarska-fakulta\/studenti-lf\/mimoskolska-cinnost\/smmk\/predsednictvo-smmk\/\" \/>\n<meta property=\"og:site_name\" content=\"Lek\u00e1rska fakulta | UPJ\u0160\" \/>\n<meta property=\"article:modified_time\" content=\"2026-02-10T13:58:25+00:00\" \/>\n<meta property=\"og:image\" content=\"https:\/\/www.upjs.sk\/app\/uploads\/sites\/9\/2022\/09\/smmk-4.png\" \/>\n\t<meta property=\"og:image:width\" content=\"189\" \/>\n\t<meta property=\"og:image:height\" content=\"161\" \/>\n\t<meta property=\"og:image:type\" content=\"image\/png\" \/>\n<meta name=\"twitter:card\" content=\"summary_large_image\" \/>\n<meta name=\"twitter:label1\" content=\"Predpokladan\u00fd \u010das \u010d\u00edtania\" \/>\n\t<meta name=\"twitter:data1\" content=\"1 min\u00fata\" \/>\n<script type=\"application\/ld+json\" class=\"yoast-schema-graph\">{\"@context\":\"https:\\\/\\\/schema.org\",\"@graph\":[{\"@type\":\"WebPage\",\"@id\":\"https:\\\/\\\/www.upjs.sk\\\/lekarska-fakulta\\\/studenti-lf\\\/mimoskolska-cinnost\\\/smmk\\\/predsednictvo-smmk\\\/\",\"url\":\"https:\\\/\\\/www.upjs.sk\\\/lekarska-fakulta\\\/studenti-lf\\\/mimoskolska-cinnost\\\/smmk\\\/predsednictvo-smmk\\\/\",\"name\":\"Predsedn\u00edctvo Spolku medikov mesta Ko\u0161ice - Lek\u00e1rska fakulta | UPJ\u0160\",\"isPartOf\":{\"@id\":\"https:\\\/\\\/www.upjs.sk\\\/lekarska-fakulta\\\/#website\"},\"primaryImageOfPage\":{\"@id\":\"https:\\\/\\\/www.upjs.sk\\\/lekarska-fakulta\\\/studenti-lf\\\/mimoskolska-cinnost\\\/smmk\\\/predsednictvo-smmk\\\/#primaryimage\"},\"image\":{\"@id\":\"https:\\\/\\\/www.upjs.sk\\\/lekarska-fakulta\\\/studenti-lf\\\/mimoskolska-cinnost\\\/smmk\\\/predsednictvo-smmk\\\/#primaryimage\"},\"thumbnailUrl\":\"https:\\\/\\\/www.upjs.sk\\\/app\\\/uploads\\\/sites\\\/9\\\/2022\\\/09\\\/smmk-4.png\",\"datePublished\":\"2023-01-30T21:23:59+00:00\",\"dateModified\":\"2026-02-10T13:58:25+00:00\",\"breadcrumb\":{\"@id\":\"https:\\\/\\\/www.upjs.sk\\\/lekarska-fakulta\\\/studenti-lf\\\/mimoskolska-cinnost\\\/smmk\\\/predsednictvo-smmk\\\/#breadcrumb\"},\"inLanguage\":\"sk-SK\",\"potentialAction\":[{\"@type\":\"ReadAction\",\"target\":[\"https:\\\/\\\/www.upjs.sk\\\/lekarska-fakulta\\\/studenti-lf\\\/mimoskolska-cinnost\\\/smmk\\\/predsednictvo-smmk\\\/\"]}]},{\"@type\":\"ImageObject\",\"inLanguage\":\"sk-SK\",\"@id\":\"https:\\\/\\\/www.upjs.sk\\\/lekarska-fakulta\\\/studenti-lf\\\/mimoskolska-cinnost\\\/smmk\\\/predsednictvo-smmk\\\/#primaryimage\",\"url\":\"https:\\\/\\\/www.upjs.sk\\\/app\\\/uploads\\\/sites\\\/9\\\/2022\\\/09\\\/smmk-4.png\",\"contentUrl\":\"https:\\\/\\\/www.upjs.sk\\\/app\\\/uploads\\\/sites\\\/9\\\/2022\\\/09\\\/smmk-4.png\",\"width\":189,\"height\":161,\"caption\":\"predsednictvo-smmk\"},{\"@type\":\"BreadcrumbList\",\"@id\":\"https:\\\/\\\/www.upjs.sk\\\/lekarska-fakulta\\\/studenti-lf\\\/mimoskolska-cinnost\\\/smmk\\\/predsednictvo-smmk\\\/#breadcrumb\",\"itemListElement\":[{\"@type\":\"ListItem\",\"position\":1,\"name\":\"Home\",\"item\":\"https:\\\/\\\/www.upjs.sk\\\/lekarska-fakulta\\\/\"},{\"@type\":\"ListItem\",\"position\":2,\"name\":\"\u0160tudenti\",\"item\":\"https:\\\/\\\/www.upjs.sk\\\/lekarska-fakulta\\\/studenti-lf\\\/\"},{\"@type\":\"ListItem\",\"position\":3,\"name\":\"Mimo\u0161kolsk\u00e1 \u010dinnos\u0165\",\"item\":\"https:\\\/\\\/www.upjs.sk\\\/lekarska-fakulta\\\/studenti-lf\\\/mimoskolska-cinnost\\\/\"},{\"@type\":\"ListItem\",\"position\":4,\"name\":\"Spolok medikov mesta Ko\u0161ice\",\"item\":\"https:\\\/\\\/www.upjs.sk\\\/lekarska-fakulta\\\/studenti-lf\\\/mimoskolska-cinnost\\\/smmk\\\/\"},{\"@type\":\"ListItem\",\"position\":5,\"name\":\"Predsedn\u00edctvo Spolku medikov mesta Ko\u0161ice\"}]},{\"@type\":\"WebSite\",\"@id\":\"https:\\\/\\\/www.upjs.sk\\\/lekarska-fakulta\\\/#website\",\"url\":\"https:\\\/\\\/www.upjs.sk\\\/lekarska-fakulta\\\/\",\"name\":\"Lek\u00e1rska fakulta | UPJ\u0160\",\"description\":\"\",\"publisher\":{\"@id\":\"https:\\\/\\\/www.upjs.sk\\\/lekarska-fakulta\\\/#organization\"},\"potentialAction\":[{\"@type\":\"SearchAction\",\"target\":{\"@type\":\"EntryPoint\",\"urlTemplate\":\"https:\\\/\\\/www.upjs.sk\\\/lekarska-fakulta\\\/?s={search_term_string}\"},\"query-input\":{\"@type\":\"PropertyValueSpecification\",\"valueRequired\":true,\"valueName\":\"search_term_string\"}}],\"inLanguage\":\"sk-SK\"},{\"@type\":\"Organization\",\"@id\":\"https:\\\/\\\/www.upjs.sk\\\/lekarska-fakulta\\\/#organization\",\"name\":\"Lek\u00e1rska fakulta | UPJ\u0160\",\"url\":\"https:\\\/\\\/www.upjs.sk\\\/lekarska-fakulta\\\/\",\"logo\":{\"@type\":\"ImageObject\",\"inLanguage\":\"sk-SK\",\"@id\":\"https:\\\/\\\/www.upjs.sk\\\/lekarska-fakulta\\\/#\\\/schema\\\/logo\\\/image\\\/\",\"url\":\"https:\\\/\\\/www.upjs.sk\\\/app\\\/uploads\\\/sites\\\/9\\\/2022\\\/09\\\/logo-lekarska-fakulta.png\",\"contentUrl\":\"https:\\\/\\\/www.upjs.sk\\\/app\\\/uploads\\\/sites\\\/9\\\/2022\\\/09\\\/logo-lekarska-fakulta.png\",\"width\":415,\"height\":87,\"caption\":\"Lek\u00e1rska fakulta | UPJ\u0160\"},\"image\":{\"@id\":\"https:\\\/\\\/www.upjs.sk\\\/lekarska-fakulta\\\/#\\\/schema\\\/logo\\\/image\\\/\"}}]}<\/script>\n<!-- \/ Yoast SEO plugin. -->","yoast_head_json":{"title":"Predsedn\u00edctvo Spolku medikov mesta Ko\u0161ice - Lek\u00e1rska fakulta | UPJ\u0160","robots":{"index":"index","follow":"follow","max-snippet":"max-snippet:-1","max-image-preview":"max-image-preview:large","max-video-preview":"max-video-preview:-1"},"canonical":"https:\/\/www.upjs.sk\/lekarska-fakulta\/studenti-lf\/mimoskolska-cinnost\/smmk\/predsednictvo-smmk\/","og_locale":"sk_SK","og_type":"article","og_title":"Predsedn\u00edctvo Spolku medikov mesta Ko\u0161ice - Lek\u00e1rska fakulta | UPJ\u0160","og_description":"Kontakt: Spolok medikov mesta Ko\u0161iceUPJ\u0160 LFTrieda SNP 1040 11 Ko\u0161icetel.: (+421 55) 640 2236VoIP: (+421 55) 234 3432e-mail: smmkpredseda@gmail.comhttp:\/\/www.spolokmedikovke.sk Predseda: Franti\u0161ek Van\u010dopredseda@smmk.sk Tajomn\u00edk: Daniel Pallastajomnik@smmk.sk Podpredsedn\u00ed\u010dka pre vonkaj\u0161iu komunik\u00e1ciu: Petra Guzaninov\u00e1vonkajsipodpredseda@smmk.sk Podpredsedn\u00ed\u010dka pre vn\u00fatorn\u00fa komunik\u00e1ciu: Natalia Hajt\u00e1\u0161ov\u00e1vnutornypodpredseda@smmk.sk V\u0161etky ot\u00e1zky, pripomienky, s\u0165a\u017enosti \u010di pochvaly m\u00f4\u017eete adresova\u0165 aj na str\u00e1nku SMMK (https:\/\/www.facebook.com\/SpolokMedikovMestaKosice\/?ref=br_rs) alebo prostredn\u00edctvom e-mailu: smmkpredseda@gmail.com.","og_url":"https:\/\/www.upjs.sk\/lekarska-fakulta\/studenti-lf\/mimoskolska-cinnost\/smmk\/predsednictvo-smmk\/","og_site_name":"Lek\u00e1rska fakulta | UPJ\u0160","article_modified_time":"2026-02-10T13:58:25+00:00","og_image":[{"width":189,"height":161,"url":"https:\/\/www.upjs.sk\/app\/uploads\/sites\/9\/2022\/09\/smmk-4.png","type":"image\/png"}],"twitter_card":"summary_large_image","twitter_misc":{"Predpokladan\u00fd \u010das \u010d\u00edtania":"1 min\u00fata"},"schema":{"@context":"https:\/\/schema.org","@graph":[{"@type":"WebPage","@id":"https:\/\/www.upjs.sk\/lekarska-fakulta\/studenti-lf\/mimoskolska-cinnost\/smmk\/predsednictvo-smmk\/","url":"https:\/\/www.upjs.sk\/lekarska-fakulta\/studenti-lf\/mimoskolska-cinnost\/smmk\/predsednictvo-smmk\/","name":"Predsedn\u00edctvo Spolku medikov mesta Ko\u0161ice - Lek\u00e1rska fakulta | UPJ\u0160","isPartOf":{"@id":"https:\/\/www.upjs.sk\/lekarska-fakulta\/#website"},"primaryImageOfPage":{"@id":"https:\/\/www.upjs.sk\/lekarska-fakulta\/studenti-lf\/mimoskolska-cinnost\/smmk\/predsednictvo-smmk\/#primaryimage"},"image":{"@id":"https:\/\/www.upjs.sk\/lekarska-fakulta\/studenti-lf\/mimoskolska-cinnost\/smmk\/predsednictvo-smmk\/#primaryimage"},"thumbnailUrl":"https:\/\/www.upjs.sk\/app\/uploads\/sites\/9\/2022\/09\/smmk-4.png","datePublished":"2023-01-30T21:23:59+00:00","dateModified":"2026-02-10T13:58:25+00:00","breadcrumb":{"@id":"https:\/\/www.upjs.sk\/lekarska-fakulta\/studenti-lf\/mimoskolska-cinnost\/smmk\/predsednictvo-smmk\/#breadcrumb"},"inLanguage":"sk-SK","potentialAction":[{"@type":"ReadAction","target":["https:\/\/www.upjs.sk\/lekarska-fakulta\/studenti-lf\/mimoskolska-cinnost\/smmk\/predsednictvo-smmk\/"]}]},{"@type":"ImageObject","inLanguage":"sk-SK","@id":"https:\/\/www.upjs.sk\/lekarska-fakulta\/studenti-lf\/mimoskolska-cinnost\/smmk\/predsednictvo-smmk\/#primaryimage","url":"https:\/\/www.upjs.sk\/app\/uploads\/sites\/9\/2022\/09\/smmk-4.png","contentUrl":"https:\/\/www.upjs.sk\/app\/uploads\/sites\/9\/2022\/09\/smmk-4.png","width":189,"height":161,"caption":"predsednictvo-smmk"},{"@type":"BreadcrumbList","@id":"https:\/\/www.upjs.sk\/lekarska-fakulta\/studenti-lf\/mimoskolska-cinnost\/smmk\/predsednictvo-smmk\/#breadcrumb","itemListElement":[{"@type":"ListItem","position":1,"name":"Home","item":"https:\/\/www.upjs.sk\/lekarska-fakulta\/"},{"@type":"ListItem","position":2,"name":"\u0160tudenti","item":"https:\/\/www.upjs.sk\/lekarska-fakulta\/studenti-lf\/"},{"@type":"ListItem","position":3,"name":"Mimo\u0161kolsk\u00e1 \u010dinnos\u0165","item":"https:\/\/www.upjs.sk\/lekarska-fakulta\/studenti-lf\/mimoskolska-cinnost\/"},{"@type":"ListItem","position":4,"name":"Spolok medikov mesta Ko\u0161ice","item":"https:\/\/www.upjs.sk\/lekarska-fakulta\/studenti-lf\/mimoskolska-cinnost\/smmk\/"},{"@type":"ListItem","position":5,"name":"Predsedn\u00edctvo Spolku medikov mesta Ko\u0161ice"}]},{"@type":"WebSite","@id":"https:\/\/www.upjs.sk\/lekarska-fakulta\/#website","url":"https:\/\/www.upjs.sk\/lekarska-fakulta\/","name":"Lek\u00e1rska fakulta | UPJ\u0160","description":"","publisher":{"@id":"https:\/\/www.upjs.sk\/lekarska-fakulta\/#organization"},"potentialAction":[{"@type":"SearchAction","target":{"@type":"EntryPoint","urlTemplate":"https:\/\/www.upjs.sk\/lekarska-fakulta\/?s={search_term_string}"},"query-input":{"@type":"PropertyValueSpecification","valueRequired":true,"valueName":"search_term_string"}}],"inLanguage":"sk-SK"},{"@type":"Organization","@id":"https:\/\/www.upjs.sk\/lekarska-fakulta\/#organization","name":"Lek\u00e1rska fakulta | UPJ\u0160","url":"https:\/\/www.upjs.sk\/lekarska-fakulta\/","logo":{"@type":"ImageObject","inLanguage":"sk-SK","@id":"https:\/\/www.upjs.sk\/lekarska-fakulta\/#\/schema\/logo\/image\/","url":"https:\/\/www.upjs.sk\/app\/uploads\/sites\/9\/2022\/09\/logo-lekarska-fakulta.png","contentUrl":"https:\/\/www.upjs.sk\/app\/uploads\/sites\/9\/2022\/09\/logo-lekarska-fakulta.png","width":415,"height":87,"caption":"Lek\u00e1rska fakulta | UPJ\u0160"},"image":{"@id":"https:\/\/www.upjs.sk\/lekarska-fakulta\/#\/schema\/logo\/image\/"}}]}},"_links":{"self":[{"href":"https:\/\/www.upjs.sk\/lekarska-fakulta\/wp-json\/wp\/v2\/pages\/15897","targetHints":{"allow":["GET"]}}],"collection":[{"href":"https:\/\/www.upjs.sk\/lekarska-fakulta\/wp-json\/wp\/v2\/pages"}],"about":[{"href":"https:\/\/www.upjs.sk\/lekarska-fakulta\/wp-json\/wp\/v2\/types\/page"}],"author":[{"embeddable":true,"href":"https:\/\/www.upjs.sk\/lekarska-fakulta\/wp-json\/wp\/v2\/users\/1"}],"replies":[{"embeddable":true,"href":"https:\/\/www.upjs.sk\/lekarska-fakulta\/wp-json\/wp\/v2\/comments?post=15897"}],"version-history":[{"count":8,"href":"https:\/\/www.upjs.sk\/lekarska-fakulta\/wp-json\/wp\/v2\/pages\/15897\/revisions"}],"predecessor-version":[{"id":154405,"href":"https:\/\/www.upjs.sk\/lekarska-fakulta\/wp-json\/wp\/v2\/pages\/15897\/revisions\/154405"}],"up":[{"embeddable":true,"href":"https:\/\/www.upjs.sk\/lekarska-fakulta\/wp-json\/wp\/v2\/pages\/15888"}],"wp:featuredmedia":[{"embeddable":true,"href":"https:\/\/www.upjs.sk\/lekarska-fakulta\/wp-json\/wp\/v2\/media\/15898"}],"wp:attachment":[{"href":"https:\/\/www.upjs.sk\/lekarska-fakulta\/wp-json\/wp\/v2\/media?parent=15897"}],"wp:term":[{"taxonomy":"category","embeddable":true,"href":"https:\/\/www.upjs.sk\/lekarska-fakulta\/wp-json\/wp\/v2\/categories?post=15897"},{"taxonomy":"post_tag","embeddable":true,"href":"https:\/\/www.upjs.sk\/lekarska-fakulta\/wp-json\/wp\/v2\/tags?post=15897"}],"curies":[{"name":"wp","href":"https:\/\/api.w.org\/{rel}","templated":true}]}}