{"id":16077,"date":"2023-02-10T00:02:14","date_gmt":"2023-02-09T23:02:14","guid":{"rendered":"https:\/\/www.upjs.sk\/lekarska-fakulta\/vyskum-na-fakulte\/vedecke-projekty\/biodiag-terminy\/"},"modified":"2023-02-10T00:03:19","modified_gmt":"2023-02-09T23:03:19","slug":"biodiag-terminy","status":"publish","type":"page","link":"https:\/\/www.upjs.sk\/lekarska-fakulta\/vyskum-na-fakulte\/vedecke-projekty\/ine-projekty\/eu-ostatne\/biodiag\/biodiag-terminy\/","title":{"rendered":"V\u00fdskumn\u00e9 centrum aplikovanej biomedic\u00ednskej diagnostiky &#8211; term\u00edny"},"content":{"rendered":"\n<p><style type=\"text\/css\"><!-- table {border-bottom: medium none; text-align: left; border-left: medium none; border-collapse: collapse; border-top: medium none; border-right: medium none} td.term {padding-left:.75em;padding-right:.75em;BORDER-RIGHT: windowtext 0.5pt solid; BORDER-TOP: windowtext 0.5pt solid; BORDER-LEFT: windowtext 0.5pt solid; BORDER-BOTTOM: windowtext 0.5pt solid;background-color:#fff0e1;} td.right {text-align: right} --> <\/style><\/p>\n\n\n\n<p><strong>Pl\u00e1n stretnut\u00ed rie\u0161ite\u013eov projektu:<\/strong><\/p>\n\n\n\n<p><strong>Stretnutie vedenia LF, zamestnancov OGa\u0160F a projektov\u00fdch mana\u017e\u00e9rov<\/strong><\/p>\n\n\n\n<figure class=\"wp-block-table\"><table><tbody><tr><td>Frekvencia a charakteristika term\u00ednov<\/td><td>Raz mesa\u010dne v pondelok, ktor\u00fd je najbli\u017e\u0161\u00ed k 20. kalend\u00e1rnemu d\u0148u.<\/td><\/tr><\/tbody><\/table><\/figure>\n\n\n\n<p><strong>Stretnutie v\u0161etk\u00fdch os\u00f4b PM zapojen\u00fdch&nbsp; do realiz\u00e1cie odborn\u00fdch a podporn\u00fdch aktiv\u00edt a in\u00fdm sp\u00f4sobom z\u00fa\u010dastnen\u00fdch os\u00f4b na realiz\u00e1cii projektu<\/strong><\/p>\n\n\n\n<ul class=\"wp-block-list\">\n<li>Stretnutie zvol\u00e1va, organizuje a zabezpe\u010duje projektov\u00fd mana\u017e\u00e9r s pomocou projektom dotknut\u00e9ho person\u00e1lu.<\/li>\n<\/ul>\n\n\n\n<figure class=\"wp-block-table\"><table><tbody><tr><td>Frekvencia a charakteristika term\u00ednov<\/td><td>Pod\u013ea aktu\u00e1lnosti stavu rie\u0161enia cie\u013eov projektu, minim\u00e1lne 1x mesa\u010dne<\/td><\/tr><\/tbody><\/table><\/figure>\n\n\n\n<p><strong>Odborn\u00e1 konferencia alebo semin\u00e1r, propag\u00e1cia projektu<\/strong><\/p>\n\n\n\n<ul class=\"wp-block-list\">\n<li>Odborn\u00e9 prezent\u00e1cie a rie\u0161enie odborn\u00fdch probl\u00e9mov (nie mana\u017e\u00e9rske a administrat\u00edvne stretnutie)<\/li>\n<\/ul>\n\n\n\n<figure class=\"wp-block-table\"><table><tbody><tr><td>Frekvencia a charakteristika term\u00ednov<\/td><td>Dva a\u017e tri razy v roku.<\/td><\/tr><tr><td>Stanoven\u00e9 term\u00edny<\/td><td>21.3.2012, 28.3.2012, 11.4.2012, 6.11.2014, 21.4.2015<\/td><\/tr><\/tbody><\/table><\/figure>\n","protected":false},"excerpt":{"rendered":"<p>Pl\u00e1n stretnut\u00ed rie\u0161ite\u013eov projektu: Stretnutie vedenia LF, zamestnancov OGa\u0160F a projektov\u00fdch mana\u017e\u00e9rov Frekvencia a charakteristika term\u00ednov Raz mesa\u010dne v pondelok, ktor\u00fd je najbli\u017e\u0161\u00ed k 20. kalend\u00e1rnemu d\u0148u. Stretnutie v\u0161etk\u00fdch os\u00f4b PM zapojen\u00fdch&nbsp; do realiz\u00e1cie odborn\u00fdch a podporn\u00fdch aktiv\u00edt a in\u00fdm sp\u00f4sobom z\u00fa\u010dastnen\u00fdch os\u00f4b na realiz\u00e1cii projektu Frekvencia a charakteristika term\u00ednov Pod\u013ea aktu\u00e1lnosti stavu rie\u0161enia cie\u013eov &hellip; <a href=\"https:\/\/www.upjs.sk\/lekarska-fakulta\/vyskum-na-fakulte\/vedecke-projekty\/ine-projekty\/eu-ostatne\/biodiag\/biodiag-terminy\/\">\u010c\u00edta\u0165 \u010falej<\/a><\/p>\n","protected":false},"author":1,"featured_media":0,"parent":16042,"menu_order":1,"comment_status":"closed","ping_status":"closed","template":"","meta":{"_acf_changed":false,"_editorskit_title_hidden":false,"_editorskit_reading_time":1,"_editorskit_is_block_options_detached":false,"_editorskit_block_options_position":"{}","footnotes":""},"categories":[],"tags":[],"class_list":["post-16077","page","type-page","status-publish","hentry"],"acf":{"acf_link_na_externy_obsah":""},"yoast_head":"<!-- This site is optimized with the Yoast SEO plugin v27.4 - https:\/\/yoast.com\/product\/yoast-seo-wordpress\/ -->\n<title>V\u00fdskumn\u00e9 centrum aplikovanej biomedic\u00ednskej diagnostiky - term\u00edny - Lek\u00e1rska fakulta | UPJ\u0160<\/title>\n<meta name=\"robots\" content=\"index, follow, max-snippet:-1, max-image-preview:large, max-video-preview:-1\" \/>\n<link rel=\"canonical\" href=\"https:\/\/www.upjs.sk\/lekarska-fakulta\/vyskum-na-fakulte\/vedecke-projekty\/ine-projekty\/eu-ostatne\/biodiag\/biodiag-terminy\/\" \/>\n<meta property=\"og:locale\" content=\"sk_SK\" \/>\n<meta property=\"og:type\" content=\"article\" \/>\n<meta property=\"og:title\" content=\"V\u00fdskumn\u00e9 centrum aplikovanej biomedic\u00ednskej diagnostiky - term\u00edny - Lek\u00e1rska fakulta | UPJ\u0160\" \/>\n<meta property=\"og:description\" content=\"Pl\u00e1n stretnut\u00ed rie\u0161ite\u013eov projektu: Stretnutie vedenia LF, zamestnancov OGa\u0160F a projektov\u00fdch mana\u017e\u00e9rov Frekvencia a charakteristika term\u00ednov Raz mesa\u010dne v pondelok, ktor\u00fd je najbli\u017e\u0161\u00ed k 20. kalend\u00e1rnemu d\u0148u. Stretnutie v\u0161etk\u00fdch os\u00f4b PM zapojen\u00fdch&nbsp; do realiz\u00e1cie odborn\u00fdch a podporn\u00fdch aktiv\u00edt a in\u00fdm sp\u00f4sobom z\u00fa\u010dastnen\u00fdch os\u00f4b na realiz\u00e1cii projektu Frekvencia a charakteristika term\u00ednov Pod\u013ea aktu\u00e1lnosti stavu rie\u0161enia cie\u013eov &hellip; \u010c\u00edta\u0165 \u010falej\" \/>\n<meta property=\"og:url\" content=\"https:\/\/www.upjs.sk\/lekarska-fakulta\/vyskum-na-fakulte\/vedecke-projekty\/ine-projekty\/eu-ostatne\/biodiag\/biodiag-terminy\/\" \/>\n<meta property=\"og:site_name\" content=\"Lek\u00e1rska fakulta | UPJ\u0160\" \/>\n<meta property=\"article:modified_time\" content=\"2023-02-09T23:03:19+00:00\" \/>\n<meta name=\"twitter:card\" content=\"summary_large_image\" \/>\n<meta name=\"twitter:label1\" content=\"Predpokladan\u00fd \u010das \u010d\u00edtania\" \/>\n\t<meta name=\"twitter:data1\" content=\"1 min\u00fata\" \/>\n<script type=\"application\/ld+json\" class=\"yoast-schema-graph\">{\"@context\":\"https:\\\/\\\/schema.org\",\"@graph\":[{\"@type\":\"WebPage\",\"@id\":\"https:\\\/\\\/www.upjs.sk\\\/lekarska-fakulta\\\/vyskum-na-fakulte\\\/vedecke-projekty\\\/ine-projekty\\\/eu-ostatne\\\/biodiag\\\/biodiag-terminy\\\/\",\"url\":\"https:\\\/\\\/www.upjs.sk\\\/lekarska-fakulta\\\/vyskum-na-fakulte\\\/vedecke-projekty\\\/ine-projekty\\\/eu-ostatne\\\/biodiag\\\/biodiag-terminy\\\/\",\"name\":\"V\u00fdskumn\u00e9 centrum aplikovanej biomedic\u00ednskej diagnostiky - term\u00edny - Lek\u00e1rska fakulta | UPJ\u0160\",\"isPartOf\":{\"@id\":\"https:\\\/\\\/www.upjs.sk\\\/lekarska-fakulta\\\/#website\"},\"datePublished\":\"2023-02-09T23:02:14+00:00\",\"dateModified\":\"2023-02-09T23:03:19+00:00\",\"breadcrumb\":{\"@id\":\"https:\\\/\\\/www.upjs.sk\\\/lekarska-fakulta\\\/vyskum-na-fakulte\\\/vedecke-projekty\\\/ine-projekty\\\/eu-ostatne\\\/biodiag\\\/biodiag-terminy\\\/#breadcrumb\"},\"inLanguage\":\"sk-SK\",\"potentialAction\":[{\"@type\":\"ReadAction\",\"target\":[\"https:\\\/\\\/www.upjs.sk\\\/lekarska-fakulta\\\/vyskum-na-fakulte\\\/vedecke-projekty\\\/ine-projekty\\\/eu-ostatne\\\/biodiag\\\/biodiag-terminy\\\/\"]}]},{\"@type\":\"BreadcrumbList\",\"@id\":\"https:\\\/\\\/www.upjs.sk\\\/lekarska-fakulta\\\/vyskum-na-fakulte\\\/vedecke-projekty\\\/ine-projekty\\\/eu-ostatne\\\/biodiag\\\/biodiag-terminy\\\/#breadcrumb\",\"itemListElement\":[{\"@type\":\"ListItem\",\"position\":1,\"name\":\"Home\",\"item\":\"https:\\\/\\\/www.upjs.sk\\\/lekarska-fakulta\\\/\"},{\"@type\":\"ListItem\",\"position\":2,\"name\":\"Vedeckov\u00fdskumn\u00e1 \u010dinnos\u0165 na fakulte\",\"item\":\"https:\\\/\\\/www.upjs.sk\\\/lekarska-fakulta\\\/vyskum-na-fakulte\\\/\"},{\"@type\":\"ListItem\",\"position\":3,\"name\":\"Vedeck\u00e9 projekty rie\u0161en\u00e9 na UPJ\u0160 v Ko\u0161iciach, Lek\u00e1rskej fakulte\",\"item\":\"https:\\\/\\\/www.upjs.sk\\\/lekarska-fakulta\\\/vyskum-na-fakulte\\\/vedecke-projekty\\\/\"},{\"@type\":\"ListItem\",\"position\":4,\"name\":\"In\u00e9 projekty\",\"item\":\"https:\\\/\\\/www.upjs.sk\\\/lekarska-fakulta\\\/vyskum-na-fakulte\\\/vedecke-projekty\\\/ine-projekty\\\/\"},{\"@type\":\"ListItem\",\"position\":5,\"name\":\"Schv\u00e1len\u00e9 projekty zo \u0161truktur\u00e1lnych fondov E\u00da &#8211; ostatn\u00e9\",\"item\":\"https:\\\/\\\/www.upjs.sk\\\/lekarska-fakulta\\\/vyskum-na-fakulte\\\/vedecke-projekty\\\/ine-projekty\\\/eu-ostatne\\\/\"},{\"@type\":\"ListItem\",\"position\":6,\"name\":\"V\u00fdskumn\u00e9 centrum aplikovanej biomedic\u00ednskej diagnostiky\",\"item\":\"https:\\\/\\\/www.upjs.sk\\\/lekarska-fakulta\\\/vyskum-na-fakulte\\\/vedecke-projekty\\\/ine-projekty\\\/eu-ostatne\\\/biodiag\\\/\"},{\"@type\":\"ListItem\",\"position\":7,\"name\":\"V\u00fdskumn\u00e9 centrum aplikovanej biomedic\u00ednskej diagnostiky &#8211; term\u00edny\"}]},{\"@type\":\"WebSite\",\"@id\":\"https:\\\/\\\/www.upjs.sk\\\/lekarska-fakulta\\\/#website\",\"url\":\"https:\\\/\\\/www.upjs.sk\\\/lekarska-fakulta\\\/\",\"name\":\"Lek\u00e1rska fakulta | UPJ\u0160\",\"description\":\"\",\"publisher\":{\"@id\":\"https:\\\/\\\/www.upjs.sk\\\/lekarska-fakulta\\\/#organization\"},\"potentialAction\":[{\"@type\":\"SearchAction\",\"target\":{\"@type\":\"EntryPoint\",\"urlTemplate\":\"https:\\\/\\\/www.upjs.sk\\\/lekarska-fakulta\\\/?s={search_term_string}\"},\"query-input\":{\"@type\":\"PropertyValueSpecification\",\"valueRequired\":true,\"valueName\":\"search_term_string\"}}],\"inLanguage\":\"sk-SK\"},{\"@type\":\"Organization\",\"@id\":\"https:\\\/\\\/www.upjs.sk\\\/lekarska-fakulta\\\/#organization\",\"name\":\"Lek\u00e1rska fakulta | UPJ\u0160\",\"url\":\"https:\\\/\\\/www.upjs.sk\\\/lekarska-fakulta\\\/\",\"logo\":{\"@type\":\"ImageObject\",\"inLanguage\":\"sk-SK\",\"@id\":\"https:\\\/\\\/www.upjs.sk\\\/lekarska-fakulta\\\/#\\\/schema\\\/logo\\\/image\\\/\",\"url\":\"https:\\\/\\\/www.upjs.sk\\\/app\\\/uploads\\\/sites\\\/9\\\/2022\\\/09\\\/logo-lekarska-fakulta.png\",\"contentUrl\":\"https:\\\/\\\/www.upjs.sk\\\/app\\\/uploads\\\/sites\\\/9\\\/2022\\\/09\\\/logo-lekarska-fakulta.png\",\"width\":415,\"height\":87,\"caption\":\"Lek\u00e1rska fakulta | UPJ\u0160\"},\"image\":{\"@id\":\"https:\\\/\\\/www.upjs.sk\\\/lekarska-fakulta\\\/#\\\/schema\\\/logo\\\/image\\\/\"}}]}<\/script>\n<!-- \/ Yoast SEO plugin. -->","yoast_head_json":{"title":"V\u00fdskumn\u00e9 centrum aplikovanej biomedic\u00ednskej diagnostiky - term\u00edny - Lek\u00e1rska fakulta | UPJ\u0160","robots":{"index":"index","follow":"follow","max-snippet":"max-snippet:-1","max-image-preview":"max-image-preview:large","max-video-preview":"max-video-preview:-1"},"canonical":"https:\/\/www.upjs.sk\/lekarska-fakulta\/vyskum-na-fakulte\/vedecke-projekty\/ine-projekty\/eu-ostatne\/biodiag\/biodiag-terminy\/","og_locale":"sk_SK","og_type":"article","og_title":"V\u00fdskumn\u00e9 centrum aplikovanej biomedic\u00ednskej diagnostiky - term\u00edny - Lek\u00e1rska fakulta | UPJ\u0160","og_description":"Pl\u00e1n stretnut\u00ed rie\u0161ite\u013eov projektu: Stretnutie vedenia LF, zamestnancov OGa\u0160F a projektov\u00fdch mana\u017e\u00e9rov Frekvencia a charakteristika term\u00ednov Raz mesa\u010dne v pondelok, ktor\u00fd je najbli\u017e\u0161\u00ed k 20. kalend\u00e1rnemu d\u0148u. Stretnutie v\u0161etk\u00fdch os\u00f4b PM zapojen\u00fdch&nbsp; do realiz\u00e1cie odborn\u00fdch a podporn\u00fdch aktiv\u00edt a in\u00fdm sp\u00f4sobom z\u00fa\u010dastnen\u00fdch os\u00f4b na realiz\u00e1cii projektu Frekvencia a charakteristika term\u00ednov Pod\u013ea aktu\u00e1lnosti stavu rie\u0161enia cie\u013eov &hellip; \u010c\u00edta\u0165 \u010falej","og_url":"https:\/\/www.upjs.sk\/lekarska-fakulta\/vyskum-na-fakulte\/vedecke-projekty\/ine-projekty\/eu-ostatne\/biodiag\/biodiag-terminy\/","og_site_name":"Lek\u00e1rska fakulta | UPJ\u0160","article_modified_time":"2023-02-09T23:03:19+00:00","twitter_card":"summary_large_image","twitter_misc":{"Predpokladan\u00fd \u010das \u010d\u00edtania":"1 min\u00fata"},"schema":{"@context":"https:\/\/schema.org","@graph":[{"@type":"WebPage","@id":"https:\/\/www.upjs.sk\/lekarska-fakulta\/vyskum-na-fakulte\/vedecke-projekty\/ine-projekty\/eu-ostatne\/biodiag\/biodiag-terminy\/","url":"https:\/\/www.upjs.sk\/lekarska-fakulta\/vyskum-na-fakulte\/vedecke-projekty\/ine-projekty\/eu-ostatne\/biodiag\/biodiag-terminy\/","name":"V\u00fdskumn\u00e9 centrum aplikovanej biomedic\u00ednskej diagnostiky - term\u00edny - Lek\u00e1rska fakulta | UPJ\u0160","isPartOf":{"@id":"https:\/\/www.upjs.sk\/lekarska-fakulta\/#website"},"datePublished":"2023-02-09T23:02:14+00:00","dateModified":"2023-02-09T23:03:19+00:00","breadcrumb":{"@id":"https:\/\/www.upjs.sk\/lekarska-fakulta\/vyskum-na-fakulte\/vedecke-projekty\/ine-projekty\/eu-ostatne\/biodiag\/biodiag-terminy\/#breadcrumb"},"inLanguage":"sk-SK","potentialAction":[{"@type":"ReadAction","target":["https:\/\/www.upjs.sk\/lekarska-fakulta\/vyskum-na-fakulte\/vedecke-projekty\/ine-projekty\/eu-ostatne\/biodiag\/biodiag-terminy\/"]}]},{"@type":"BreadcrumbList","@id":"https:\/\/www.upjs.sk\/lekarska-fakulta\/vyskum-na-fakulte\/vedecke-projekty\/ine-projekty\/eu-ostatne\/biodiag\/biodiag-terminy\/#breadcrumb","itemListElement":[{"@type":"ListItem","position":1,"name":"Home","item":"https:\/\/www.upjs.sk\/lekarska-fakulta\/"},{"@type":"ListItem","position":2,"name":"Vedeckov\u00fdskumn\u00e1 \u010dinnos\u0165 na fakulte","item":"https:\/\/www.upjs.sk\/lekarska-fakulta\/vyskum-na-fakulte\/"},{"@type":"ListItem","position":3,"name":"Vedeck\u00e9 projekty rie\u0161en\u00e9 na UPJ\u0160 v Ko\u0161iciach, Lek\u00e1rskej fakulte","item":"https:\/\/www.upjs.sk\/lekarska-fakulta\/vyskum-na-fakulte\/vedecke-projekty\/"},{"@type":"ListItem","position":4,"name":"In\u00e9 projekty","item":"https:\/\/www.upjs.sk\/lekarska-fakulta\/vyskum-na-fakulte\/vedecke-projekty\/ine-projekty\/"},{"@type":"ListItem","position":5,"name":"Schv\u00e1len\u00e9 projekty zo \u0161truktur\u00e1lnych fondov E\u00da &#8211; ostatn\u00e9","item":"https:\/\/www.upjs.sk\/lekarska-fakulta\/vyskum-na-fakulte\/vedecke-projekty\/ine-projekty\/eu-ostatne\/"},{"@type":"ListItem","position":6,"name":"V\u00fdskumn\u00e9 centrum aplikovanej biomedic\u00ednskej diagnostiky","item":"https:\/\/www.upjs.sk\/lekarska-fakulta\/vyskum-na-fakulte\/vedecke-projekty\/ine-projekty\/eu-ostatne\/biodiag\/"},{"@type":"ListItem","position":7,"name":"V\u00fdskumn\u00e9 centrum aplikovanej biomedic\u00ednskej diagnostiky &#8211; term\u00edny"}]},{"@type":"WebSite","@id":"https:\/\/www.upjs.sk\/lekarska-fakulta\/#website","url":"https:\/\/www.upjs.sk\/lekarska-fakulta\/","name":"Lek\u00e1rska fakulta | UPJ\u0160","description":"","publisher":{"@id":"https:\/\/www.upjs.sk\/lekarska-fakulta\/#organization"},"potentialAction":[{"@type":"SearchAction","target":{"@type":"EntryPoint","urlTemplate":"https:\/\/www.upjs.sk\/lekarska-fakulta\/?s={search_term_string}"},"query-input":{"@type":"PropertyValueSpecification","valueRequired":true,"valueName":"search_term_string"}}],"inLanguage":"sk-SK"},{"@type":"Organization","@id":"https:\/\/www.upjs.sk\/lekarska-fakulta\/#organization","name":"Lek\u00e1rska fakulta | UPJ\u0160","url":"https:\/\/www.upjs.sk\/lekarska-fakulta\/","logo":{"@type":"ImageObject","inLanguage":"sk-SK","@id":"https:\/\/www.upjs.sk\/lekarska-fakulta\/#\/schema\/logo\/image\/","url":"https:\/\/www.upjs.sk\/app\/uploads\/sites\/9\/2022\/09\/logo-lekarska-fakulta.png","contentUrl":"https:\/\/www.upjs.sk\/app\/uploads\/sites\/9\/2022\/09\/logo-lekarska-fakulta.png","width":415,"height":87,"caption":"Lek\u00e1rska fakulta | UPJ\u0160"},"image":{"@id":"https:\/\/www.upjs.sk\/lekarska-fakulta\/#\/schema\/logo\/image\/"}}]}},"_links":{"self":[{"href":"https:\/\/www.upjs.sk\/lekarska-fakulta\/wp-json\/wp\/v2\/pages\/16077","targetHints":{"allow":["GET"]}}],"collection":[{"href":"https:\/\/www.upjs.sk\/lekarska-fakulta\/wp-json\/wp\/v2\/pages"}],"about":[{"href":"https:\/\/www.upjs.sk\/lekarska-fakulta\/wp-json\/wp\/v2\/types\/page"}],"author":[{"embeddable":true,"href":"https:\/\/www.upjs.sk\/lekarska-fakulta\/wp-json\/wp\/v2\/users\/1"}],"replies":[{"embeddable":true,"href":"https:\/\/www.upjs.sk\/lekarska-fakulta\/wp-json\/wp\/v2\/comments?post=16077"}],"version-history":[{"count":3,"href":"https:\/\/www.upjs.sk\/lekarska-fakulta\/wp-json\/wp\/v2\/pages\/16077\/revisions"}],"predecessor-version":[{"id":78250,"href":"https:\/\/www.upjs.sk\/lekarska-fakulta\/wp-json\/wp\/v2\/pages\/16077\/revisions\/78250"}],"up":[{"embeddable":true,"href":"https:\/\/www.upjs.sk\/lekarska-fakulta\/wp-json\/wp\/v2\/pages\/16042"}],"wp:attachment":[{"href":"https:\/\/www.upjs.sk\/lekarska-fakulta\/wp-json\/wp\/v2\/media?parent=16077"}],"wp:term":[{"taxonomy":"category","embeddable":true,"href":"https:\/\/www.upjs.sk\/lekarska-fakulta\/wp-json\/wp\/v2\/categories?post=16077"},{"taxonomy":"post_tag","embeddable":true,"href":"https:\/\/www.upjs.sk\/lekarska-fakulta\/wp-json\/wp\/v2\/tags?post=16077"}],"curies":[{"name":"wp","href":"https:\/\/api.w.org\/{rel}","templated":true}]}}