{"id":16078,"date":"2023-02-10T00:19:54","date_gmt":"2023-02-09T23:19:54","guid":{"rendered":"https:\/\/www.upjs.sk\/lekarska-fakulta\/vyskum-na-fakulte\/vedecke-projekty\/probiotech\/"},"modified":"2023-02-10T00:23:29","modified_gmt":"2023-02-09T23:23:29","slug":"probiotech","status":"publish","type":"page","link":"https:\/\/www.upjs.sk\/lekarska-fakulta\/vyskum-na-fakulte\/vedecke-projekty\/ine-projekty\/eu-ostatne\/probiotech\/","title":{"rendered":"Kompeten\u010dn\u00e9 centrum pre biomodul\u00e1tory a v\u00fd\u017eivov\u00e9 doplnky (PROBIOTECH)"},"content":{"rendered":"\n<p><style type=\"text\/css\"> <!-- table {border-bottom: medium none; text-align: left; border-left: medium none; border-collapse: collapse; border-top: medium none; border-right: medium none} td.term {padding-left:.75em;padding-right:.75em;BORDER-RIGHT: windowtext 0.5pt solid; BORDER-TOP: windowtext 0.5pt solid; BORDER-LEFT: windowtext 0.5pt solid; BORDER-BOTTOM: windowtext 0.5pt solid;background-color:#fff0e1;} td.right {text-align: right} --><\/style><\/p>\n\n\n\n<p><strong>Stretnutie vedenia LF, zamestnancov OGa\u0160F a projektov\u00fdch mana\u017e\u00e9rov<\/strong><\/p>\n\n\n\n<ul class=\"wp-block-list\">\n<li>Stretnutie zvol\u00e1va\/pripomenie DEF v term\u00ednoch pod\u013ea ni\u017e\u0161ie uveden\u00e9ho rozpisu a zabezpe\u010duje vyhotovenie z\u00e1pisu.<\/li>\n\n\n\n<li>Projektov\u00fd mana\u017e\u00e9r konkr\u00e9tneho projektu, ak nie je pri zvol\u00e1van\u00ed alebo v z\u00e1pisnici z predch\u00e1dzaj\u00faceho zasadnutia stanoven\u00e9 inak, v pr\u00edpade potreby s\u00e1m ur\u010d\u00ed \u010fal\u0161ie relevantn\u00e9 osoby, ktor\u00fdch \u00fa\u010das\u0165 v s\u00favislosti s pl\u00e1novan\u00fdm programom pova\u017euje za potrebn\u00fa. V pr\u00edpade z\u00e1ujmu zavedenia nov\u00e9ho bodu do programu mus\u00ed o novej agende p\u00edsomne informova\u0165 zvol\u00e1vate\u013ea v predstihu, aspo\u0148 k desiatemu d\u0148u predmetn\u00e9ho mesiaca.<\/li>\n<\/ul>\n\n\n\n<figure class=\"wp-block-table\"><table><tbody><tr><td>Frekvencia a charakteristika term\u00ednov<\/td><td>Raz mesa\u010dne v pondelok, ktor\u00fd je najbli\u017e\u0161\u00ed k 20. kalend\u00e1rnemu d\u0148u.<\/td><\/tr><tr><td>Stanoven\u00e9 term\u00edny<\/td><td>23.1.2012, 20.2.2012, 19.3.2012, 23.4.2012, 21.5.2012, 18.6.2012, 23.7.2012, 24.9.2012, 22.10.2012, 19.11.2012, 17.12.2012<\/td><\/tr><\/tbody><\/table><\/figure>\n\n\n\n<p><strong>Stretnutie v\u0161etk\u00fdch os\u00f4b PM zapojen\u00fdch&nbsp; do realiz\u00e1cie odborn\u00fdch a podporn\u00fdch aktiv\u00edt a in\u00fdm sp\u00f4sobom z\u00fa\u010dastnen\u00fdch os\u00f4b na realiz\u00e1cii projektu<\/strong><\/p>\n\n\n\n<ul class=\"wp-block-list\">\n<li>Stretnutie zvol\u00e1va, organizuje a zabezpe\u010duje projektov\u00fd mana\u017e\u00e9r s pomocou projektom dotknut\u00e9ho person\u00e1lu.<\/li>\n<\/ul>\n\n\n\n<figure class=\"wp-block-table\"><table><tbody><tr><td>Frekvencia a charakteristika term\u00ednov<\/td><td>Raz za tri mesiace (de\u0148 v t\u00fd\u017edni: utorok)<\/td><\/tr><tr><td>Stanoven\u00e9 term\u00edny<\/td><td>13.3.2012, 12.6.2012, 18.9.2012, 11.12.2012<\/td><\/tr><\/tbody><\/table><\/figure>\n\n\n\n<p><strong>Odborn\u00e1 konferencia alebo semin\u00e1r<\/strong><\/p>\n\n\n\n<ul class=\"wp-block-list\">\n<li>Odborn\u00e9 prezent\u00e1cie a rie\u0161enie odborn\u00fdch probl\u00e9mov (nie mana\u017e\u00e9rske a administrat\u00edvne stretnutie).<\/li>\n\n\n\n<li>T\u00fdchto podujat\u00ed sa \u010dlenovia OGa\u0160F (\u0161tandardne) nez\u00fa\u010dast\u0148uj\u00fa.<\/li>\n<\/ul>\n\n\n\n<figure class=\"wp-block-table\"><table><tbody><tr><td>Frekvencia a charakteristika term\u00ednov<\/td><td>Dva a\u017e tri razy v roku.<\/td><\/tr><tr><td>Stanoven\u00e9 term\u00edny<\/td><td>21.3.2012, 28.3.2012, 11.4.2012<\/td><\/tr><\/tbody><\/table><\/figure>\n\n\n\n<p><u><strong>\u010eal\u0161ie inform\u00e1cie:<\/strong><\/u><\/p>\n\n\n\n<ul class=\"wp-block-list\">\n<li>Harmonogram \u0161pecializovan\u00fdch akci\u00ed OGA\u0160F: <a href=\"https:\/\/www.upjs.sk\/app\/uploads\/sites\/9\/2022\/09\/Harmonogram_0712.pdf\" class=\"ek-link\">J\u00fal 2012<\/a>, <a href=\"https:\/\/www.upjs.sk\/app\/uploads\/sites\/9\/2022\/09\/Harmonogram_0812.pdf\" class=\"ek-link\">August 2012<\/a><\/li>\n<\/ul>\n","protected":false},"excerpt":{"rendered":"<p>Stretnutie vedenia LF, zamestnancov OGa\u0160F a projektov\u00fdch mana\u017e\u00e9rov Frekvencia a charakteristika term\u00ednov Raz mesa\u010dne v pondelok, ktor\u00fd je najbli\u017e\u0161\u00ed k 20. kalend\u00e1rnemu d\u0148u. Stanoven\u00e9 term\u00edny 23.1.2012, 20.2.2012, 19.3.2012, 23.4.2012, 21.5.2012, 18.6.2012, 23.7.2012, 24.9.2012, 22.10.2012, 19.11.2012, 17.12.2012 Stretnutie v\u0161etk\u00fdch os\u00f4b PM zapojen\u00fdch&nbsp; do realiz\u00e1cie odborn\u00fdch a podporn\u00fdch aktiv\u00edt a in\u00fdm sp\u00f4sobom z\u00fa\u010dastnen\u00fdch os\u00f4b na realiz\u00e1cii projektu &hellip; <a href=\"https:\/\/www.upjs.sk\/lekarska-fakulta\/vyskum-na-fakulte\/vedecke-projekty\/ine-projekty\/eu-ostatne\/probiotech\/\">\u010c\u00edta\u0165 \u010falej<\/a><\/p>\n","protected":false},"author":1,"featured_media":0,"parent":16032,"menu_order":3,"comment_status":"closed","ping_status":"closed","template":"","meta":{"_acf_changed":false,"_editorskit_title_hidden":false,"_editorskit_reading_time":1,"_editorskit_is_block_options_detached":false,"_editorskit_block_options_position":"{}","footnotes":""},"categories":[],"tags":[],"class_list":["post-16078","page","type-page","status-publish","hentry"],"acf":{"acf_link_na_externy_obsah":""},"yoast_head":"<!-- This site is optimized with the Yoast SEO plugin v27.2 - https:\/\/yoast.com\/product\/yoast-seo-wordpress\/ -->\n<title>Kompeten\u010dn\u00e9 centrum pre biomodul\u00e1tory a v\u00fd\u017eivov\u00e9 doplnky (PROBIOTECH) - Lek\u00e1rska fakulta | UPJ\u0160<\/title>\n<meta name=\"robots\" content=\"index, follow, max-snippet:-1, max-image-preview:large, max-video-preview:-1\" \/>\n<link rel=\"canonical\" href=\"https:\/\/www.upjs.sk\/lekarska-fakulta\/vyskum-na-fakulte\/vedecke-projekty\/ine-projekty\/eu-ostatne\/probiotech\/\" \/>\n<meta property=\"og:locale\" content=\"sk_SK\" \/>\n<meta property=\"og:type\" content=\"article\" \/>\n<meta property=\"og:title\" content=\"Kompeten\u010dn\u00e9 centrum pre biomodul\u00e1tory a v\u00fd\u017eivov\u00e9 doplnky (PROBIOTECH) - Lek\u00e1rska fakulta | UPJ\u0160\" \/>\n<meta property=\"og:description\" content=\"Stretnutie vedenia LF, zamestnancov OGa\u0160F a projektov\u00fdch mana\u017e\u00e9rov Frekvencia a charakteristika term\u00ednov Raz mesa\u010dne v pondelok, ktor\u00fd je najbli\u017e\u0161\u00ed k 20. kalend\u00e1rnemu d\u0148u. Stanoven\u00e9 term\u00edny 23.1.2012, 20.2.2012, 19.3.2012, 23.4.2012, 21.5.2012, 18.6.2012, 23.7.2012, 24.9.2012, 22.10.2012, 19.11.2012, 17.12.2012 Stretnutie v\u0161etk\u00fdch os\u00f4b PM zapojen\u00fdch&nbsp; do realiz\u00e1cie odborn\u00fdch a podporn\u00fdch aktiv\u00edt a in\u00fdm sp\u00f4sobom z\u00fa\u010dastnen\u00fdch os\u00f4b na realiz\u00e1cii projektu &hellip; \u010c\u00edta\u0165 \u010falej\" \/>\n<meta property=\"og:url\" content=\"https:\/\/www.upjs.sk\/lekarska-fakulta\/vyskum-na-fakulte\/vedecke-projekty\/ine-projekty\/eu-ostatne\/probiotech\/\" \/>\n<meta property=\"og:site_name\" content=\"Lek\u00e1rska fakulta | UPJ\u0160\" \/>\n<meta property=\"article:modified_time\" content=\"2023-02-09T23:23:29+00:00\" \/>\n<meta name=\"twitter:card\" content=\"summary_large_image\" \/>\n<meta name=\"twitter:label1\" content=\"Predpokladan\u00fd \u010das \u010d\u00edtania\" \/>\n\t<meta name=\"twitter:data1\" content=\"2 min\u00faty\" \/>\n<script type=\"application\/ld+json\" class=\"yoast-schema-graph\">{\"@context\":\"https:\/\/schema.org\",\"@graph\":[{\"@type\":\"WebPage\",\"@id\":\"https:\/\/www.upjs.sk\/lekarska-fakulta\/vyskum-na-fakulte\/vedecke-projekty\/ine-projekty\/eu-ostatne\/probiotech\/\",\"url\":\"https:\/\/www.upjs.sk\/lekarska-fakulta\/vyskum-na-fakulte\/vedecke-projekty\/ine-projekty\/eu-ostatne\/probiotech\/\",\"name\":\"Kompeten\u010dn\u00e9 centrum pre biomodul\u00e1tory a v\u00fd\u017eivov\u00e9 doplnky (PROBIOTECH) - Lek\u00e1rska fakulta | UPJ\u0160\",\"isPartOf\":{\"@id\":\"https:\/\/www.upjs.sk\/lekarska-fakulta\/#website\"},\"datePublished\":\"2023-02-09T23:19:54+00:00\",\"dateModified\":\"2023-02-09T23:23:29+00:00\",\"breadcrumb\":{\"@id\":\"https:\/\/www.upjs.sk\/lekarska-fakulta\/vyskum-na-fakulte\/vedecke-projekty\/ine-projekty\/eu-ostatne\/probiotech\/#breadcrumb\"},\"inLanguage\":\"sk-SK\",\"potentialAction\":[{\"@type\":\"ReadAction\",\"target\":[\"https:\/\/www.upjs.sk\/lekarska-fakulta\/vyskum-na-fakulte\/vedecke-projekty\/ine-projekty\/eu-ostatne\/probiotech\/\"]}]},{\"@type\":\"BreadcrumbList\",\"@id\":\"https:\/\/www.upjs.sk\/lekarska-fakulta\/vyskum-na-fakulte\/vedecke-projekty\/ine-projekty\/eu-ostatne\/probiotech\/#breadcrumb\",\"itemListElement\":[{\"@type\":\"ListItem\",\"position\":1,\"name\":\"Home\",\"item\":\"https:\/\/www.upjs.sk\/lekarska-fakulta\/\"},{\"@type\":\"ListItem\",\"position\":2,\"name\":\"Vedeckov\u00fdskumn\u00e1 \u010dinnos\u0165 na fakulte\",\"item\":\"https:\/\/www.upjs.sk\/lekarska-fakulta\/vyskum-na-fakulte\/\"},{\"@type\":\"ListItem\",\"position\":3,\"name\":\"Vedeck\u00e9 projekty rie\u0161en\u00e9 na UPJ\u0160 v Ko\u0161iciach, Lek\u00e1rskej fakulte\",\"item\":\"https:\/\/www.upjs.sk\/lekarska-fakulta\/vyskum-na-fakulte\/vedecke-projekty\/\"},{\"@type\":\"ListItem\",\"position\":4,\"name\":\"In\u00e9 projekty\",\"item\":\"https:\/\/www.upjs.sk\/lekarska-fakulta\/vyskum-na-fakulte\/vedecke-projekty\/ine-projekty\/\"},{\"@type\":\"ListItem\",\"position\":5,\"name\":\"Schv\u00e1len\u00e9 projekty zo \u0161truktur\u00e1lnych fondov E\u00da &#8211; ostatn\u00e9\",\"item\":\"https:\/\/www.upjs.sk\/lekarska-fakulta\/vyskum-na-fakulte\/vedecke-projekty\/ine-projekty\/eu-ostatne\/\"},{\"@type\":\"ListItem\",\"position\":6,\"name\":\"Kompeten\u010dn\u00e9 centrum pre biomodul\u00e1tory a v\u00fd\u017eivov\u00e9 doplnky (PROBIOTECH)\"}]},{\"@type\":\"WebSite\",\"@id\":\"https:\/\/www.upjs.sk\/lekarska-fakulta\/#website\",\"url\":\"https:\/\/www.upjs.sk\/lekarska-fakulta\/\",\"name\":\"Lek\u00e1rska fakulta | UPJ\u0160\",\"description\":\"\",\"publisher\":{\"@id\":\"https:\/\/www.upjs.sk\/lekarska-fakulta\/#organization\"},\"potentialAction\":[{\"@type\":\"SearchAction\",\"target\":{\"@type\":\"EntryPoint\",\"urlTemplate\":\"https:\/\/www.upjs.sk\/lekarska-fakulta\/?s={search_term_string}\"},\"query-input\":{\"@type\":\"PropertyValueSpecification\",\"valueRequired\":true,\"valueName\":\"search_term_string\"}}],\"inLanguage\":\"sk-SK\"},{\"@type\":\"Organization\",\"@id\":\"https:\/\/www.upjs.sk\/lekarska-fakulta\/#organization\",\"name\":\"Lek\u00e1rska fakulta | UPJ\u0160\",\"url\":\"https:\/\/www.upjs.sk\/lekarska-fakulta\/\",\"logo\":{\"@type\":\"ImageObject\",\"inLanguage\":\"sk-SK\",\"@id\":\"https:\/\/www.upjs.sk\/lekarska-fakulta\/#\/schema\/logo\/image\/\",\"url\":\"https:\/\/www.upjs.sk\/app\/uploads\/sites\/9\/2022\/09\/logo-lekarska-fakulta.png\",\"contentUrl\":\"https:\/\/www.upjs.sk\/app\/uploads\/sites\/9\/2022\/09\/logo-lekarska-fakulta.png\",\"width\":415,\"height\":87,\"caption\":\"Lek\u00e1rska fakulta | UPJ\u0160\"},\"image\":{\"@id\":\"https:\/\/www.upjs.sk\/lekarska-fakulta\/#\/schema\/logo\/image\/\"}}]}<\/script>\n<!-- \/ Yoast SEO plugin. -->","yoast_head_json":{"title":"Kompeten\u010dn\u00e9 centrum pre biomodul\u00e1tory a v\u00fd\u017eivov\u00e9 doplnky (PROBIOTECH) - Lek\u00e1rska fakulta | UPJ\u0160","robots":{"index":"index","follow":"follow","max-snippet":"max-snippet:-1","max-image-preview":"max-image-preview:large","max-video-preview":"max-video-preview:-1"},"canonical":"https:\/\/www.upjs.sk\/lekarska-fakulta\/vyskum-na-fakulte\/vedecke-projekty\/ine-projekty\/eu-ostatne\/probiotech\/","og_locale":"sk_SK","og_type":"article","og_title":"Kompeten\u010dn\u00e9 centrum pre biomodul\u00e1tory a v\u00fd\u017eivov\u00e9 doplnky (PROBIOTECH) - Lek\u00e1rska fakulta | UPJ\u0160","og_description":"Stretnutie vedenia LF, zamestnancov OGa\u0160F a projektov\u00fdch mana\u017e\u00e9rov Frekvencia a charakteristika term\u00ednov Raz mesa\u010dne v pondelok, ktor\u00fd je najbli\u017e\u0161\u00ed k 20. kalend\u00e1rnemu d\u0148u. Stanoven\u00e9 term\u00edny 23.1.2012, 20.2.2012, 19.3.2012, 23.4.2012, 21.5.2012, 18.6.2012, 23.7.2012, 24.9.2012, 22.10.2012, 19.11.2012, 17.12.2012 Stretnutie v\u0161etk\u00fdch os\u00f4b PM zapojen\u00fdch&nbsp; do realiz\u00e1cie odborn\u00fdch a podporn\u00fdch aktiv\u00edt a in\u00fdm sp\u00f4sobom z\u00fa\u010dastnen\u00fdch os\u00f4b na realiz\u00e1cii projektu &hellip; \u010c\u00edta\u0165 \u010falej","og_url":"https:\/\/www.upjs.sk\/lekarska-fakulta\/vyskum-na-fakulte\/vedecke-projekty\/ine-projekty\/eu-ostatne\/probiotech\/","og_site_name":"Lek\u00e1rska fakulta | UPJ\u0160","article_modified_time":"2023-02-09T23:23:29+00:00","twitter_card":"summary_large_image","twitter_misc":{"Predpokladan\u00fd \u010das \u010d\u00edtania":"2 min\u00faty"},"schema":{"@context":"https:\/\/schema.org","@graph":[{"@type":"WebPage","@id":"https:\/\/www.upjs.sk\/lekarska-fakulta\/vyskum-na-fakulte\/vedecke-projekty\/ine-projekty\/eu-ostatne\/probiotech\/","url":"https:\/\/www.upjs.sk\/lekarska-fakulta\/vyskum-na-fakulte\/vedecke-projekty\/ine-projekty\/eu-ostatne\/probiotech\/","name":"Kompeten\u010dn\u00e9 centrum pre biomodul\u00e1tory a v\u00fd\u017eivov\u00e9 doplnky (PROBIOTECH) - Lek\u00e1rska fakulta | UPJ\u0160","isPartOf":{"@id":"https:\/\/www.upjs.sk\/lekarska-fakulta\/#website"},"datePublished":"2023-02-09T23:19:54+00:00","dateModified":"2023-02-09T23:23:29+00:00","breadcrumb":{"@id":"https:\/\/www.upjs.sk\/lekarska-fakulta\/vyskum-na-fakulte\/vedecke-projekty\/ine-projekty\/eu-ostatne\/probiotech\/#breadcrumb"},"inLanguage":"sk-SK","potentialAction":[{"@type":"ReadAction","target":["https:\/\/www.upjs.sk\/lekarska-fakulta\/vyskum-na-fakulte\/vedecke-projekty\/ine-projekty\/eu-ostatne\/probiotech\/"]}]},{"@type":"BreadcrumbList","@id":"https:\/\/www.upjs.sk\/lekarska-fakulta\/vyskum-na-fakulte\/vedecke-projekty\/ine-projekty\/eu-ostatne\/probiotech\/#breadcrumb","itemListElement":[{"@type":"ListItem","position":1,"name":"Home","item":"https:\/\/www.upjs.sk\/lekarska-fakulta\/"},{"@type":"ListItem","position":2,"name":"Vedeckov\u00fdskumn\u00e1 \u010dinnos\u0165 na fakulte","item":"https:\/\/www.upjs.sk\/lekarska-fakulta\/vyskum-na-fakulte\/"},{"@type":"ListItem","position":3,"name":"Vedeck\u00e9 projekty rie\u0161en\u00e9 na UPJ\u0160 v Ko\u0161iciach, Lek\u00e1rskej fakulte","item":"https:\/\/www.upjs.sk\/lekarska-fakulta\/vyskum-na-fakulte\/vedecke-projekty\/"},{"@type":"ListItem","position":4,"name":"In\u00e9 projekty","item":"https:\/\/www.upjs.sk\/lekarska-fakulta\/vyskum-na-fakulte\/vedecke-projekty\/ine-projekty\/"},{"@type":"ListItem","position":5,"name":"Schv\u00e1len\u00e9 projekty zo \u0161truktur\u00e1lnych fondov E\u00da &#8211; ostatn\u00e9","item":"https:\/\/www.upjs.sk\/lekarska-fakulta\/vyskum-na-fakulte\/vedecke-projekty\/ine-projekty\/eu-ostatne\/"},{"@type":"ListItem","position":6,"name":"Kompeten\u010dn\u00e9 centrum pre biomodul\u00e1tory a v\u00fd\u017eivov\u00e9 doplnky (PROBIOTECH)"}]},{"@type":"WebSite","@id":"https:\/\/www.upjs.sk\/lekarska-fakulta\/#website","url":"https:\/\/www.upjs.sk\/lekarska-fakulta\/","name":"Lek\u00e1rska fakulta | UPJ\u0160","description":"","publisher":{"@id":"https:\/\/www.upjs.sk\/lekarska-fakulta\/#organization"},"potentialAction":[{"@type":"SearchAction","target":{"@type":"EntryPoint","urlTemplate":"https:\/\/www.upjs.sk\/lekarska-fakulta\/?s={search_term_string}"},"query-input":{"@type":"PropertyValueSpecification","valueRequired":true,"valueName":"search_term_string"}}],"inLanguage":"sk-SK"},{"@type":"Organization","@id":"https:\/\/www.upjs.sk\/lekarska-fakulta\/#organization","name":"Lek\u00e1rska fakulta | UPJ\u0160","url":"https:\/\/www.upjs.sk\/lekarska-fakulta\/","logo":{"@type":"ImageObject","inLanguage":"sk-SK","@id":"https:\/\/www.upjs.sk\/lekarska-fakulta\/#\/schema\/logo\/image\/","url":"https:\/\/www.upjs.sk\/app\/uploads\/sites\/9\/2022\/09\/logo-lekarska-fakulta.png","contentUrl":"https:\/\/www.upjs.sk\/app\/uploads\/sites\/9\/2022\/09\/logo-lekarska-fakulta.png","width":415,"height":87,"caption":"Lek\u00e1rska fakulta | UPJ\u0160"},"image":{"@id":"https:\/\/www.upjs.sk\/lekarska-fakulta\/#\/schema\/logo\/image\/"}}]}},"_links":{"self":[{"href":"https:\/\/www.upjs.sk\/lekarska-fakulta\/wp-json\/wp\/v2\/pages\/16078","targetHints":{"allow":["GET"]}}],"collection":[{"href":"https:\/\/www.upjs.sk\/lekarska-fakulta\/wp-json\/wp\/v2\/pages"}],"about":[{"href":"https:\/\/www.upjs.sk\/lekarska-fakulta\/wp-json\/wp\/v2\/types\/page"}],"author":[{"embeddable":true,"href":"https:\/\/www.upjs.sk\/lekarska-fakulta\/wp-json\/wp\/v2\/users\/1"}],"replies":[{"embeddable":true,"href":"https:\/\/www.upjs.sk\/lekarska-fakulta\/wp-json\/wp\/v2\/comments?post=16078"}],"version-history":[{"count":4,"href":"https:\/\/www.upjs.sk\/lekarska-fakulta\/wp-json\/wp\/v2\/pages\/16078\/revisions"}],"predecessor-version":[{"id":78260,"href":"https:\/\/www.upjs.sk\/lekarska-fakulta\/wp-json\/wp\/v2\/pages\/16078\/revisions\/78260"}],"up":[{"embeddable":true,"href":"https:\/\/www.upjs.sk\/lekarska-fakulta\/wp-json\/wp\/v2\/pages\/16032"}],"wp:attachment":[{"href":"https:\/\/www.upjs.sk\/lekarska-fakulta\/wp-json\/wp\/v2\/media?parent=16078"}],"wp:term":[{"taxonomy":"category","embeddable":true,"href":"https:\/\/www.upjs.sk\/lekarska-fakulta\/wp-json\/wp\/v2\/categories?post=16078"},{"taxonomy":"post_tag","embeddable":true,"href":"https:\/\/www.upjs.sk\/lekarska-fakulta\/wp-json\/wp\/v2\/tags?post=16078"}],"curies":[{"name":"wp","href":"https:\/\/api.w.org\/{rel}","templated":true}]}}