{"id":16640,"date":"2020-01-31T12:55:33","date_gmt":"2020-01-31T12:55:02","guid":{"rendered":"https:\/\/www.upjs.sk\/lekarska-fakulta\/konferencie\/2019-2\/"},"modified":"2023-01-25T23:32:42","modified_gmt":"2023-01-25T22:32:42","slug":"podujatia-2019","status":"publish","type":"page","link":"https:\/\/www.upjs.sk\/lekarska-fakulta\/fakulta\/konferencie-a-podujatia\/podujatia-2019\/","title":{"rendered":"Podujatia v roku 2019"},"content":{"rendered":"<style type=\"text\/css\"><!-- td.mesiac{color:#b82020;font-weight:bold;padding-top:1em} td.nadpis{font-weight:bold;padding-top:1em;padding-bottom:.5em} tr{vertical-align:top;} tr.tmave{background-color:#FFE4E7;} --> <\/style>\n<table style=\"margin-top: -1em; width: 100%;\" border=\"0\" cellspacing=\"0\" cellpadding=\"0\">\n<tbody>\n<tr>\n<td width=\"130\"><\/td>\n<td width=\"430\"><\/td>\n<\/tr>\n<tr>\n<td class=\"mesiac\" colspan=\"2\">JANU\u00c1R 2019<\/td>\n<\/tr>\n<tr>\n<td class=\"nadpis\" colspan=\"2\" align=\"left\"><strong>Medziodborov\u00e1 spolupr\u00e1ca \u0161pecialistu a zubn\u00e9ho lek\u00e1ra<\/strong><\/td>\n<\/tr>\n<tr class=\"tmave\">\n<td>Term\u00edn konania:<\/td>\n<td>21. janu\u00e1ra 2019 o 15.00 hod.<\/td>\n<\/tr>\n<tr>\n<td>Miesto konania:<\/td>\n<td>Posluch\u00e1re\u0148 \u010d. 2 Lek\u00e1rskej fakulty UPJ\u0160 Ko\u0161ice, Trieda SNP 1<\/td>\n<\/tr>\n<tr class=\"tmave\">\n<td>Organizuj\u00face subjekty:<\/td>\n<td>Spolok lek\u00e1rov Ko\u0161ice<br \/>\nSlovensk\u00e1 stomatologick\u00e1 spolo\u010dnos\u0165<br \/>\nRegion\u00e1lna lek\u00e1rska komora Ko\u0161ice<br \/>\nUPJ\u0160 Lek\u00e1rska fakulta Ko\u0161ice<\/td>\n<\/tr>\n<tr>\n<td>Koordin\u00e1tor:<\/td>\n<td>MUDr. Vladim\u00edra Schwartzov\u00e1, PhD., MHA, I. stomatologick\u00e1 klinika UPJ\u0160 LF a UN LP Ko\u0161ice<\/td>\n<\/tr>\n<tr class=\"tmave\">\n<td>Pozn\u00e1mka:<\/td>\n<td><a href=\"\/public\/media\/0455\/SLK-2019-01-21.pdf\">Program<\/a><\/td>\n<\/tr>\n<tr>\n<td colspan=\"2\"><\/td>\n<\/tr>\n<tr>\n<td class=\"mesiac\" colspan=\"2\">APR\u00cdL 2019<\/td>\n<\/tr>\n<tr>\n<td class=\"nadpis\" colspan=\"2\" align=\"left\"><strong>XVIII. stomatologick\u00e9 dni Ko\u0161ice<\/strong><\/td>\n<\/tr>\n<tr class=\"tmave\">\n<td>Term\u00edn konania:<\/td>\n<td>10. \u2013 11. apr\u00edla 2019<\/td>\n<\/tr>\n<tr>\n<td>Miesto konania:<\/td>\n<td>Posluch\u00e1rensk\u00fd trakt UPJ\u0160 LF v Ko\u0161iciach, Trieda SNP 1<\/td>\n<\/tr>\n<tr class=\"tmave\">\n<td>Organizuj\u00face subjekty:<\/td>\n<td>UPJ\u0160 v Ko\u0161iciach, Lek\u00e1rska fakulta<br \/>\nUniverzitn\u00e1 nemocnica L. Pasteura Ko\u0161ice<br \/>\nSlovensk\u00e1 stomatologick\u00e1 spolo\u010dnos\u0165 v Bratislave<br \/>\nKlinika stomatol\u00f3gie a maxilofaci\u00e1lnej chirurgie UPJ\u0160 LF v Ko\u0161iciach<br \/>\nI. stomatologick\u00e1 klinika UPJ\u0160 LF v Ko\u0161iciach<br \/>\nRegion\u00e1lna komora zubn\u00fdch lek\u00e1rov v Ko\u0161iciach<br \/>\nRegion\u00e1lna komora sestier a p\u00f4rodn\u00fdch asistentiek, Ko\u0161ice I.<br \/>\nKVV &#8211; Ing. Igor Kubov\u010d\u00edk<\/td>\n<\/tr>\n<tr>\n<td>Koordin\u00e1tori:<\/td>\n<td>MUDr. Jozef Ivan\u010do, CSc.<br \/>\nDr.h.c. prof. MUDr. Andrej Jen\u010da, CSc., MPH<br \/>\nMUDr. Lucia Kov\u00e1csov\u00e1, PhD.<br \/>\nprof. MUDr. Neda Markovsk\u00e1, CSc.<br \/>\nMUDr. Jozef Min\u010d\u00edk, PhD.<br \/>\nMUDr. Vladim\u00edra Schwartzov\u00e1, PhD., MHA<br \/>\nMUDr. Silvia Timkov\u00e1, PhD.<br \/>\nMgr. Juliana Tomkov\u00e1<\/td>\n<\/tr>\n<tr class=\"tmave\">\n<td>Pozn\u00e1mka:<\/td>\n<td><a href=\"\/public\/media\/0455\/Program SDK 2019.pdf\">Program<\/a><\/td>\n<\/tr>\n<tr>\n<td colspan=\"2\"><\/td>\n<\/tr>\n<tr>\n<td class=\"nadpis\" colspan=\"2\" align=\"left\"><strong>\u0160tudentsk\u00e1 vedeck\u00e1 konferencia UPJ\u0160 v Ko\u0161iciach, Lek\u00e1rskej fakulty<\/strong><\/td>\n<\/tr>\n<tr class=\"tmave\">\n<td>Term\u00edn konania:<\/td>\n<td>24. apr\u00edla 2019<\/td>\n<\/tr>\n<tr>\n<td>Miesto konania:<\/td>\n<td>Posluch\u00e1rne UPJ\u0160 LF, Trieda SNP 1, Ko\u0161ice<\/td>\n<\/tr>\n<tr class=\"tmave\">\n<td>Organizuj\u00faci subjekt:<\/td>\n<td>UPJ\u0160 v Ko\u0161iciach, Lek\u00e1rska fakulta<\/td>\n<\/tr>\n<tr>\n<td>Odborn\u00ed garanti:<\/td>\n<td>prof. MUDr. Daniel Pella, PhD., dekan UPJ\u0160 LF<br \/>\nprof. MUDr. Peter Jar\u010du\u0161ka, PhD., prodekan pre vedeckov\u00fdskumn\u00fa \u010dinnos\u0165 na UPJ\u0160 LF<\/td>\n<\/tr>\n<tr class=\"tmave\">\n<td>Pozn\u00e1mka:<\/td>\n<td>S\u00fa\u0165a\u017en\u00e1 prezent\u00e1cia pr\u00e1c \u0161tudentov UPJ\u0160 LF<br \/>\n<a href=\"\/public\/media\/0438\/Pozvanka_24042019.pdf\">Pozv\u00e1nka<\/a>, <a href=\"\/public\/media\/0438\/SVOC_Program18_19_3.pdf\">Program<\/a><\/td>\n<\/tr>\n<tr>\n<td colspan=\"2\"><\/td>\n<\/tr>\n<tr>\n<td class=\"mesiac\" colspan=\"2\">M\u00c1J 2019<\/td>\n<\/tr>\n<tr>\n<td class=\"nadpis\" colspan=\"2\" align=\"left\"><strong>XXVI. memori\u00e1l profesora MUDr. Franti\u0161ka P\u00f3ra pri pr\u00edle\u017eitosti 120. v\u00fdro\u010dia jeho narodenia<\/strong><\/td>\n<\/tr>\n<tr class=\"tmave\">\n<td>Term\u00edn konania:<\/td>\n<td>14. m\u00e1ja 2019 o 14.00 hod.<\/td>\n<\/tr>\n<tr>\n<td>Miesto konania:<\/td>\n<td>Semin\u00e1rna miestnos\u0165 UPJ\u0160 LF, Trieda SNP 1, Ko\u0161ice<\/td>\n<\/tr>\n<tr class=\"tmave\">\n<td>Organizuj\u00face subjekty:<\/td>\n<td>Slovensk\u00e1 lek\u00e1rska spolo\u010dnos\u0165, Spolok lek\u00e1rov v Ko\u0161iciach<br \/>\nRegion\u00e1lna lek\u00e1rska komora v Ko\u0161iciach<br \/>\nUPJ\u0160 Lek\u00e1rska fakulta v Ko\u0161iciach<br \/>\nUniverzitn\u00e1 nemocnica Louisa Pasteura v Ko\u0161iciach<\/td>\n<\/tr>\n<tr>\n<td>Koordin\u00e1tor:<\/td>\n<td>doc. MUDr. \u017delm\u00edra Macejov\u00e1, PhD., mim. prof., MPH<br \/>\nI. intern\u00e1 klinika UPJ\u0160 LF a UNLP<\/td>\n<\/tr>\n<tr class=\"tmave\">\n<td>Pozn\u00e1mka:<\/td>\n<td><a href=\"\/public\/media\/0455\/SLK-2019-05-14.pdf\">Program<\/a><\/td>\n<\/tr>\n<tr>\n<td colspan=\"2\"><\/td>\n<\/tr>\n<tr>\n<td class=\"mesiac\" colspan=\"2\">J\u00daN 2019<\/td>\n<\/tr>\n<tr>\n<td class=\"nadpis\" colspan=\"2\" align=\"left\"><strong>International Scientific Conference on Probiotics and Prebiotics \u2013 IPC 2019<\/strong><\/td>\n<\/tr>\n<tr class=\"tmave\">\n<td>Date:<\/td>\n<td>17<sup>th<\/sup> \u2013 20<sup>th<\/sup> June 2019<\/td>\n<\/tr>\n<tr>\n<td>Congress Venue:<\/td>\n<td>Prague Congress Centre, Prague, Czech republic<\/td>\n<\/tr>\n<tr class=\"tmave\">\n<td>Organizing subjects:<\/td>\n<td>CLS Consulting Ltd.<br \/>\nPavol Jozef \u0160af\u00e1rik University in Ko\u0161ice,<br \/>\nFaculty of Medicine,<br \/>\nInstitute of Experimental Medicine<\/td>\n<\/tr>\n<tr>\n<td>Coordinator:<\/td>\n<td>Alojz Bomba, MVD. DrSc.<\/td>\n<\/tr>\n<tr class=\"tmave\">\n<td>Congress Language:<\/td>\n<td>English<\/td>\n<\/tr>\n<tr>\n<td>Web:<\/td>\n<td><a href=\"http:\/\/www.probiotic-conference.net\">http:\/\/www.probiotic-conference.net<\/a><\/td>\n<\/tr>\n<tr>\n<td colspan=\"2\"><\/td>\n<\/tr>\n<tr>\n<td class=\"nadpis\" colspan=\"2\" align=\"left\"><strong>XXXV. konferencia Kliniky det\u00ed a dorastu LF UPJ\u0160 a DFN<br \/>\nXI. D\u00e9mantov de\u0148<br \/>\nXXII. v\u00fdchodoslovensk\u00fd vakcina\u010dn\u00fd de\u0148 Louisa Pasteura<\/strong><\/td>\n<\/tr>\n<tr class=\"tmave\">\n<td>Term\u00edn konania:<\/td>\n<td>20. j\u00fana 2019<\/td>\n<\/tr>\n<tr>\n<td>Miesto konania:<\/td>\n<td>Aula LF UPJ\u0160, Trieda SNP 1, Ko\u0161ice<\/td>\n<\/tr>\n<tr class=\"tmave\">\n<td>Organizuj\u00face subjekty:<\/td>\n<td>Slovensk\u00e1 pediatrick\u00e1 spolo\u010dnos\u0165<br \/>\nDetsk\u00e1 fakultn\u00e1 nemocnica Ko\u0161ice<br \/>\nLek\u00e1rska fakulta UPJ\u0160 v Ko\u0161iciach<br \/>\nKlinika det\u00ed a dorastu LF UPJ\u0160 a DFN Ko\u0161ice<br \/>\nSlovensk\u00e1 epidemiologick\u00e1 a vakcinologick\u00e1 spolo\u010dnos\u0165 SLS<br \/>\nUniverzitn\u00e1 nemocnica Louisa Pasteura, Ko\u0161ice<br \/>\nR\u00daVZ Ko\u0161ice<\/td>\n<\/tr>\n<tr>\n<td>Koordin\u00e1tor:<\/td>\n<td>doc. MUDr. Milan Kuchta, CSc., mim. prof.<\/td>\n<\/tr>\n<tr class=\"tmave\">\n<td>Pozn\u00e1mka:<\/td>\n<td><a href=\"\/public\/media\/0455\/PROGRAM_KDaD_Demant_Vakcin_den_2019.pdf\">Program<\/a><\/td>\n<\/tr>\n<tr>\n<td colspan=\"2\"><\/td>\n<\/tr>\n<tr>\n<td class=\"mesiac\" colspan=\"2\">SEPTEMBER 2019<\/td>\n<\/tr>\n<tr>\n<td class=\"nadpis\" colspan=\"2\" align=\"left\"><strong>Morphology 2019<br \/>\n45<sup>th<\/sup> International Congress of Slovak Anatomical Society<br \/>\n56<sup>th<\/sup> Lojda Symposium on Histochemistry<\/strong><\/td>\n<\/tr>\n<tr class=\"tmave\">\n<td>Date:<\/td>\n<td>5<sup>th<\/sup> \u2013 7<sup>th<\/sup> September 2019<\/td>\n<\/tr>\n<tr>\n<td>Congress Venue:<\/td>\n<td>Hotel Panorama Resort **** \u0160trbsk\u00e9 Pleso, High Tatras, Slovak Republic<\/td>\n<\/tr>\n<tr class=\"tmave\">\n<td>Organizing subjects:<\/td>\n<td>Slovak Medical Association<br \/>\nSlovak Anatomical Society<br \/>\nPavol Jozef \u0160af\u00e1rik University in Ko\u0161ice<br \/>\nPavol Jozef \u0160af\u00e1rik University in Ko\u0161ice, Faculty of Medicine<\/td>\n<\/tr>\n<tr>\n<td>Coordinators:<\/td>\n<td>doc. MUDr. Ingrid Hodorov\u00e1, PhD.<br \/>\ndoc. MVDr. Kv\u011btu\u0161e Lov\u00e1sov\u00e1, PhD.<\/td>\n<\/tr>\n<tr class=\"tmave\">\n<td>Congress Languages:<\/td>\n<td>Slovak, Czech, English<\/td>\n<\/tr>\n<tr>\n<td>Web:<\/td>\n<td><a href=\"http:\/\/morphology2019.lf.upjs.sk\">http:\/\/morphology2019.lf.upjs.sk<\/a><\/td>\n<\/tr>\n<tr>\n<td colspan=\"2\"><\/td>\n<\/tr>\n<tr>\n<td class=\"nadpis\" colspan=\"2\" align=\"left\"><strong>II. Autumn International Symposium of Health Sciences<br \/>\nInternational Conference of Physiotherapy and Rehabilitation<\/strong><\/td>\n<\/tr>\n<tr class=\"tmave\">\n<td>Date:<\/td>\n<td>19<sup>th<\/sup> \u2013 21<sup>st<\/sup> September 2019<\/td>\n<\/tr>\n<tr>\n<td>Congress Venue:<\/td>\n<td>TeleDom Hotel and Conference Centre, Ko\u0161ice, Slovak Republic<\/td>\n<\/tr>\n<tr class=\"tmave\">\n<td>Organizing subjects:<\/td>\n<td>Pavol Jozef \u0160af\u00e1rik University in Ko\u0161ice<br \/>\nPavol Jozef \u0160af\u00e1rik University in Ko\u0161ice, Faculty of Medicine<\/td>\n<\/tr>\n<tr>\n<td>Coordinators:<\/td>\n<td>Assoc. prof. Dr. Kvetoslava Rim\u00e1rov\u00e1, MD., CSc.<\/td>\n<\/tr>\n<tr class=\"tmave\">\n<td>Congress Languages:<\/td>\n<td>Slovak, English<\/td>\n<\/tr>\n<tr>\n<td>Note:<\/td>\n<td><a href=\"\/public\/media\/0455\/Conference Announcement_ICPR.pdf\">Conference Announcement<\/a><br \/>\n<a href=\"\/public\/media\/0455\/2019 PROGRAM FINAL PHYSIO.pdf\">Symposium programme<\/a><\/td>\n<\/tr>\n<tr>\n<td colspan=\"2\"><\/td>\n<\/tr>\n<tr>\n<td class=\"nadpis\" colspan=\"2\" align=\"left\"><strong>XXIV. Vedeck\u00e1 pracovn\u00e1 sch\u00f4dza spolku lek\u00e1rov v Ko\u0161iciach, pre v\u0161eobecn\u00fdch lek\u00e1rov pre dospel\u00fdch<br \/>\nPokroky v o\u010dnom lek\u00e1rstve<\/strong><\/td>\n<\/tr>\n<tr class=\"tmave\">\n<td>Term\u00edn konania:<\/td>\n<td>30. septembra 2019, 14.30 \u2013 16.30<\/td>\n<\/tr>\n<tr>\n<td>Miesto konania:<\/td>\n<td>Semin\u00e1rna miestnos\u0165 Lek\u00e1rskej fakulty UPJ\u0160 Ko\u0161ice, Trieda SNP 1<\/td>\n<\/tr>\n<tr class=\"tmave\">\n<td>Organizuj\u00face subjekty:<\/td>\n<td>Spolok lek\u00e1rov v Ko\u0161iciach, organiza\u010dn\u00e1 zlo\u017eka Slovenskej lek\u00e1rskej spolo\u010dnosti<br \/>\nRegion\u00e1lna lek\u00e1rska komora v Ko\u0161iciach,<br \/>\nUPJ\u0160 Lek\u00e1rska fakulta v Ko\u0161iciach,<br \/>\nUniverzitn\u00e1 nemocnica L. Pasteura v Ko\u0161iciach<\/td>\n<\/tr>\n<tr>\n<td>Koordin\u00e1tor:<\/td>\n<td>MUDr. \u013dubom\u00edra Vesel\u00e1<\/td>\n<\/tr>\n<tr>\n<td>Pozn\u00e1mka:<\/td>\n<td><a href=\"\/public\/media\/20052\/nemvalaliky.pdf\">Program<\/a><\/td>\n<\/tr>\n<tr>\n<td colspan=\"2\"><\/td>\n<\/tr>\n<tr>\n<td class=\"mesiac\" colspan=\"2\">OKT\u00d3BER 2019<\/td>\n<\/tr>\n<tr>\n<td class=\"nadpis\" colspan=\"2\" align=\"left\"><strong>International Conference on Chronic Diseases and 6th Savez Conference<br \/>\nChronic Diseases and Integrated Care: Rethinking Health and Welfare Systems<\/strong><\/td>\n<\/tr>\n<tr class=\"tmave\">\n<td>Date:<\/td>\n<td>24-25 October 2019<\/td>\n<\/tr>\n<tr>\n<td>Congress Venue:<\/td>\n<td>Hotel Yasmin, Tyrsovo nabrezie 1, Kosice, Slovakia<\/td>\n<\/tr>\n<tr class=\"tmave\">\n<td>Organizing subjects:<\/td>\n<td>Faculty of Medicine, PJ Safarik University<br \/>\nEuropean Public Health Association (EUPHA) &#8211; Section on Chronic diseases<br \/>\nMultidisciplinary Centre for Chronic Conditions (mc3)<br \/>\nSlovak Public Health Association (SAVEZ)<br \/>\nMinistry of Health of the Slovak Republic<br \/>\nSCIROCCO Exchange consortium<\/td>\n<\/tr>\n<tr>\n<td>Coordinators:<\/td>\n<td>Iveta Nagyova, PhD &amp; Zuzana Katreniakova, MD, PhD<\/td>\n<\/tr>\n<tr class=\"tmave\">\n<td>Note:<\/td>\n<td><a href=\"https:\/\/conference2019.mc3.sk\/programme-speakers-2\/\">Programme<\/a><\/td>\n<\/tr>\n<tr>\n<td colspan=\"2\"><\/td>\n<\/tr>\n<tr>\n<td class=\"nadpis\" colspan=\"2\" align=\"left\"><strong>VIII. memori\u00e1l profesora MUDr. Rudolfa Koreca, DrSc.<br \/>\nNov\u00e9 poznatky v oblasti fyziol\u00f3gie a patofyziol\u00f3gie<\/strong><\/td>\n<\/tr>\n<tr class=\"tmave\">\n<td>Term\u00edn konania:<\/td>\n<td>25. okt\u00f3bra 2019, 13.30 \u2013 16.00<\/td>\n<\/tr>\n<tr>\n<td>Miesto konania:<\/td>\n<td>Semin\u00e1rna miestnos\u0165, UPJ\u0160 LF A UNLP, Trieda SNP 1, Ko\u0161ice<\/td>\n<\/tr>\n<tr class=\"tmave\">\n<td>Organizuj\u00face subjekty:<\/td>\n<td>Spolok lek\u00e1rov Ko\u0161ice<br \/>\nRegion\u00e1lna lek\u00e1rska komora Ko\u0161ice<br \/>\nUPJ\u0160 Lek\u00e1rska fakulta Ko\u0161ice<\/td>\n<\/tr>\n<tr>\n<td>Koordin\u00e1tor:<\/td>\n<td>doc. MUDr. Roman Be\u0148a\u010dka, CSc., mim.prof.<\/td>\n<\/tr>\n<tr class=\"tmave\">\n<td>Pozn\u00e1mka:<\/td>\n<td><a href=\"\/public\/media\/0455\/Program Korecov memorial  25.10.2019.pdf\">Program<\/a><\/td>\n<\/tr>\n<tr>\n<td colspan=\"2\"><\/td>\n<\/tr>\n<tr>\n<td class=\"mesiac\" colspan=\"2\">NOVEMBER 2019<\/td>\n<\/tr>\n<tr>\n<td class=\"nadpis\" colspan=\"2\" align=\"left\"><strong>XXVIII. Schwarzov de\u0148<\/strong><\/td>\n<\/tr>\n<tr class=\"tmave\">\n<td>Term\u00edn konania:<\/td>\n<td>14. november 2019<\/td>\n<\/tr>\n<tr>\n<td>Miesto konania:<\/td>\n<td>Historick\u00e1 Aula, Rektor\u00e1t UPJ\u0160<\/td>\n<\/tr>\n<tr class=\"tmave\">\n<td>Organizuj\u00face subjekty:<\/td>\n<td>Slovensk\u00e1 gynekologicko-p\u00f4rodn\u00edcka spolo\u010dnos\u0165 SLS<br \/>\nUPJ\u0160 v Ko\u0161iciach, Lek\u00e1rska fakulta<\/td>\n<\/tr>\n<tr>\n<td>Koordin\u00e1tor:<\/td>\n<td>prof. MUDr. Alexander Ostr\u00f3, CSc., MBA<\/td>\n<\/tr>\n<tr class=\"tmave\">\n<td>Web a registr\u00e1cia:<\/td>\n<td><a href=\"http:\/\/sgps-kongres.sk\/schwarzovden\/\" target=\"_blank\" rel=\"noopener\">http:\/\/sgps-kongres.sk\/schwarzovden\/<\/a><\/td>\n<\/tr>\n<tr>\n<td>Pozn\u00e1mka:<\/td>\n<td><a href=\"\/public\/media\/0455\/Schwarzov den 2019 bulletin.pdf\"><!--1. inform\u00e1cia o vedeckej konferencii s medzin\u00e1rodnou \u00fa\u010das\u0165ou-->Program<\/a><\/td>\n<\/tr>\n<tr>\n<td colspan=\"2\"><\/td>\n<\/tr>\n<tr>\n<td class=\"nadpis\" colspan=\"2\" align=\"left\"><strong>Krajsk\u00fd semin\u00e1r dermatovenerol\u00f3gov,<br \/>\n11. Mikul\u00e1\u0161ske dni alergie a 57. V\u00fdchodoslovensk\u00e9 lek\u00e1rske dni<\/strong><\/td>\n<\/tr>\n<tr class=\"tmave\">\n<td>Term\u00edn konania:<\/td>\n<td>21. 11. 2019 o 14,00 hod.<\/td>\n<\/tr>\n<tr>\n<td>Miesto konania:<\/td>\n<td>Dominik\u00e1nske kult\u00farne centrum Veritas na Dominik\u00e1nskom n\u00e1mest\u00ed v Ko\u0161iciach<\/td>\n<\/tr>\n<tr class=\"tmave\">\n<td>Organizuj\u00face subjekty:<\/td>\n<td>Slovensk\u00e1 lek\u00e1rska spolo\u010dnos\u0165<br \/>\nSlovensk\u00e1 dermatovenerologick\u00e1 spolo\u010dnos\u0165<br \/>\nSpolok lek\u00e1rov<br \/>\nRegion\u00e1lna lek\u00e1rska komora v Ko\u0161iciach<br \/>\nkrajsk\u00fd odborn\u00edk pre dermatovenerol\u00f3giu Ko\u0161ick\u00e9ho kraja<\/td>\n<\/tr>\n<tr>\n<td>Koordin\u00e1tor:<\/td>\n<td>prof. MUDr. Jagienka Jautov\u00e1, PhD., MBA<br \/>\ndoc. MUDr. Norbert Luk\u00e1n, PhD.<br \/>\nMUDr. Val\u00e9ria Vasi\u013eov\u00e1<\/td>\n<\/tr>\n<tr class=\"tmave\">\n<td>Pozn\u00e1mka:<\/td>\n<td><a href=\"\/public\/media\/0455\/program_Dermatovenerologia_F_2019.pdf\">Program<\/a><\/td>\n<\/tr>\n<tr>\n<td colspan=\"2\"><\/td>\n<\/tr>\n<\/tbody>\n<\/table>\n","protected":false},"excerpt":{"rendered":"<p>JANU\u00c1R 2019 Medziodborov\u00e1 spolupr\u00e1ca \u0161pecialistu a zubn\u00e9ho lek\u00e1ra Term\u00edn konania: 21. janu\u00e1ra 2019 o 15.00 hod. Miesto konania: Posluch\u00e1re\u0148 \u010d. 2 Lek\u00e1rskej fakulty UPJ\u0160 Ko\u0161ice, Trieda SNP 1 Organizuj\u00face subjekty: Spolok lek\u00e1rov Ko\u0161ice Slovensk\u00e1 stomatologick\u00e1 spolo\u010dnos\u0165 Region\u00e1lna lek\u00e1rska komora Ko\u0161ice UPJ\u0160 Lek\u00e1rska fakulta Ko\u0161ice Koordin\u00e1tor: MUDr. Vladim\u00edra Schwartzov\u00e1, PhD., MHA, I. stomatologick\u00e1 klinika UPJ\u0160 LF &hellip; <a href=\"https:\/\/www.upjs.sk\/lekarska-fakulta\/fakulta\/konferencie-a-podujatia\/podujatia-2019\/\">\u010c\u00edta\u0165 \u010falej<\/a><\/p>\n","protected":false},"author":1,"featured_media":0,"parent":14171,"menu_order":7,"comment_status":"closed","ping_status":"closed","template":"","meta":{"_acf_changed":false,"_editorskit_title_hidden":false,"_editorskit_reading_time":0,"_editorskit_is_block_options_detached":false,"_editorskit_block_options_position":"{}","footnotes":""},"categories":[],"tags":[],"class_list":["post-16640","page","type-page","status-publish","hentry"],"acf":{"acf_link_na_externy_obsah":""},"yoast_head":"<!-- This site is optimized with the Yoast SEO plugin v27.4 - https:\/\/yoast.com\/product\/yoast-seo-wordpress\/ -->\n<title>Podujatia v roku 2019 - Lek\u00e1rska fakulta | UPJ\u0160<\/title>\n<meta name=\"robots\" content=\"index, follow, max-snippet:-1, max-image-preview:large, max-video-preview:-1\" \/>\n<link rel=\"canonical\" href=\"https:\/\/www.upjs.sk\/lekarska-fakulta\/fakulta\/konferencie-a-podujatia\/podujatia-2019\/\" \/>\n<meta property=\"og:locale\" content=\"sk_SK\" \/>\n<meta property=\"og:type\" content=\"article\" \/>\n<meta property=\"og:title\" content=\"Podujatia v roku 2019 - Lek\u00e1rska fakulta | UPJ\u0160\" \/>\n<meta property=\"og:description\" content=\"JANU\u00c1R 2019 Medziodborov\u00e1 spolupr\u00e1ca \u0161pecialistu a zubn\u00e9ho lek\u00e1ra Term\u00edn konania: 21. janu\u00e1ra 2019 o 15.00 hod. Miesto konania: Posluch\u00e1re\u0148 \u010d. 2 Lek\u00e1rskej fakulty UPJ\u0160 Ko\u0161ice, Trieda SNP 1 Organizuj\u00face subjekty: Spolok lek\u00e1rov Ko\u0161ice Slovensk\u00e1 stomatologick\u00e1 spolo\u010dnos\u0165 Region\u00e1lna lek\u00e1rska komora Ko\u0161ice UPJ\u0160 Lek\u00e1rska fakulta Ko\u0161ice Koordin\u00e1tor: MUDr. Vladim\u00edra Schwartzov\u00e1, PhD., MHA, I. stomatologick\u00e1 klinika UPJ\u0160 LF &hellip; \u010c\u00edta\u0165 \u010falej\" \/>\n<meta property=\"og:url\" content=\"https:\/\/www.upjs.sk\/lekarska-fakulta\/fakulta\/konferencie-a-podujatia\/podujatia-2019\/\" \/>\n<meta property=\"og:site_name\" content=\"Lek\u00e1rska fakulta | UPJ\u0160\" \/>\n<meta property=\"article:modified_time\" content=\"2023-01-25T22:32:42+00:00\" \/>\n<meta name=\"twitter:card\" content=\"summary_large_image\" \/>\n<meta name=\"twitter:label1\" content=\"Predpokladan\u00fd \u010das \u010d\u00edtania\" \/>\n\t<meta name=\"twitter:data1\" content=\"5 min\u00fat\" \/>\n<script type=\"application\/ld+json\" class=\"yoast-schema-graph\">{\"@context\":\"https:\\\/\\\/schema.org\",\"@graph\":[{\"@type\":\"WebPage\",\"@id\":\"https:\\\/\\\/www.upjs.sk\\\/lekarska-fakulta\\\/fakulta\\\/konferencie-a-podujatia\\\/podujatia-2019\\\/\",\"url\":\"https:\\\/\\\/www.upjs.sk\\\/lekarska-fakulta\\\/fakulta\\\/konferencie-a-podujatia\\\/podujatia-2019\\\/\",\"name\":\"Podujatia v roku 2019 - Lek\u00e1rska fakulta | UPJ\u0160\",\"isPartOf\":{\"@id\":\"https:\\\/\\\/www.upjs.sk\\\/lekarska-fakulta\\\/#website\"},\"datePublished\":\"2020-01-31T12:55:02+00:00\",\"dateModified\":\"2023-01-25T22:32:42+00:00\",\"breadcrumb\":{\"@id\":\"https:\\\/\\\/www.upjs.sk\\\/lekarska-fakulta\\\/fakulta\\\/konferencie-a-podujatia\\\/podujatia-2019\\\/#breadcrumb\"},\"inLanguage\":\"sk-SK\",\"potentialAction\":[{\"@type\":\"ReadAction\",\"target\":[\"https:\\\/\\\/www.upjs.sk\\\/lekarska-fakulta\\\/fakulta\\\/konferencie-a-podujatia\\\/podujatia-2019\\\/\"]}]},{\"@type\":\"BreadcrumbList\",\"@id\":\"https:\\\/\\\/www.upjs.sk\\\/lekarska-fakulta\\\/fakulta\\\/konferencie-a-podujatia\\\/podujatia-2019\\\/#breadcrumb\",\"itemListElement\":[{\"@type\":\"ListItem\",\"position\":1,\"name\":\"Home\",\"item\":\"https:\\\/\\\/www.upjs.sk\\\/lekarska-fakulta\\\/\"},{\"@type\":\"ListItem\",\"position\":2,\"name\":\"O fakulte\",\"item\":\"https:\\\/\\\/www.upjs.sk\\\/lekarska-fakulta\\\/fakulta\\\/\"},{\"@type\":\"ListItem\",\"position\":3,\"name\":\"Konferencie a podujatia\",\"item\":\"https:\\\/\\\/www.upjs.sk\\\/lekarska-fakulta\\\/fakulta\\\/konferencie-a-podujatia\\\/\"},{\"@type\":\"ListItem\",\"position\":4,\"name\":\"Podujatia v roku 2019\"}]},{\"@type\":\"WebSite\",\"@id\":\"https:\\\/\\\/www.upjs.sk\\\/lekarska-fakulta\\\/#website\",\"url\":\"https:\\\/\\\/www.upjs.sk\\\/lekarska-fakulta\\\/\",\"name\":\"Lek\u00e1rska fakulta | UPJ\u0160\",\"description\":\"\",\"publisher\":{\"@id\":\"https:\\\/\\\/www.upjs.sk\\\/lekarska-fakulta\\\/#organization\"},\"potentialAction\":[{\"@type\":\"SearchAction\",\"target\":{\"@type\":\"EntryPoint\",\"urlTemplate\":\"https:\\\/\\\/www.upjs.sk\\\/lekarska-fakulta\\\/?s={search_term_string}\"},\"query-input\":{\"@type\":\"PropertyValueSpecification\",\"valueRequired\":true,\"valueName\":\"search_term_string\"}}],\"inLanguage\":\"sk-SK\"},{\"@type\":\"Organization\",\"@id\":\"https:\\\/\\\/www.upjs.sk\\\/lekarska-fakulta\\\/#organization\",\"name\":\"Lek\u00e1rska fakulta | UPJ\u0160\",\"url\":\"https:\\\/\\\/www.upjs.sk\\\/lekarska-fakulta\\\/\",\"logo\":{\"@type\":\"ImageObject\",\"inLanguage\":\"sk-SK\",\"@id\":\"https:\\\/\\\/www.upjs.sk\\\/lekarska-fakulta\\\/#\\\/schema\\\/logo\\\/image\\\/\",\"url\":\"https:\\\/\\\/www.upjs.sk\\\/app\\\/uploads\\\/sites\\\/9\\\/2022\\\/09\\\/logo-lekarska-fakulta.png\",\"contentUrl\":\"https:\\\/\\\/www.upjs.sk\\\/app\\\/uploads\\\/sites\\\/9\\\/2022\\\/09\\\/logo-lekarska-fakulta.png\",\"width\":415,\"height\":87,\"caption\":\"Lek\u00e1rska fakulta | UPJ\u0160\"},\"image\":{\"@id\":\"https:\\\/\\\/www.upjs.sk\\\/lekarska-fakulta\\\/#\\\/schema\\\/logo\\\/image\\\/\"}}]}<\/script>\n<!-- \/ Yoast SEO plugin. -->","yoast_head_json":{"title":"Podujatia v roku 2019 - Lek\u00e1rska fakulta | UPJ\u0160","robots":{"index":"index","follow":"follow","max-snippet":"max-snippet:-1","max-image-preview":"max-image-preview:large","max-video-preview":"max-video-preview:-1"},"canonical":"https:\/\/www.upjs.sk\/lekarska-fakulta\/fakulta\/konferencie-a-podujatia\/podujatia-2019\/","og_locale":"sk_SK","og_type":"article","og_title":"Podujatia v roku 2019 - Lek\u00e1rska fakulta | UPJ\u0160","og_description":"JANU\u00c1R 2019 Medziodborov\u00e1 spolupr\u00e1ca \u0161pecialistu a zubn\u00e9ho lek\u00e1ra Term\u00edn konania: 21. janu\u00e1ra 2019 o 15.00 hod. Miesto konania: Posluch\u00e1re\u0148 \u010d. 2 Lek\u00e1rskej fakulty UPJ\u0160 Ko\u0161ice, Trieda SNP 1 Organizuj\u00face subjekty: Spolok lek\u00e1rov Ko\u0161ice Slovensk\u00e1 stomatologick\u00e1 spolo\u010dnos\u0165 Region\u00e1lna lek\u00e1rska komora Ko\u0161ice UPJ\u0160 Lek\u00e1rska fakulta Ko\u0161ice Koordin\u00e1tor: MUDr. Vladim\u00edra Schwartzov\u00e1, PhD., MHA, I. stomatologick\u00e1 klinika UPJ\u0160 LF &hellip; \u010c\u00edta\u0165 \u010falej","og_url":"https:\/\/www.upjs.sk\/lekarska-fakulta\/fakulta\/konferencie-a-podujatia\/podujatia-2019\/","og_site_name":"Lek\u00e1rska fakulta | UPJ\u0160","article_modified_time":"2023-01-25T22:32:42+00:00","twitter_card":"summary_large_image","twitter_misc":{"Predpokladan\u00fd \u010das \u010d\u00edtania":"5 min\u00fat"},"schema":{"@context":"https:\/\/schema.org","@graph":[{"@type":"WebPage","@id":"https:\/\/www.upjs.sk\/lekarska-fakulta\/fakulta\/konferencie-a-podujatia\/podujatia-2019\/","url":"https:\/\/www.upjs.sk\/lekarska-fakulta\/fakulta\/konferencie-a-podujatia\/podujatia-2019\/","name":"Podujatia v roku 2019 - Lek\u00e1rska fakulta | UPJ\u0160","isPartOf":{"@id":"https:\/\/www.upjs.sk\/lekarska-fakulta\/#website"},"datePublished":"2020-01-31T12:55:02+00:00","dateModified":"2023-01-25T22:32:42+00:00","breadcrumb":{"@id":"https:\/\/www.upjs.sk\/lekarska-fakulta\/fakulta\/konferencie-a-podujatia\/podujatia-2019\/#breadcrumb"},"inLanguage":"sk-SK","potentialAction":[{"@type":"ReadAction","target":["https:\/\/www.upjs.sk\/lekarska-fakulta\/fakulta\/konferencie-a-podujatia\/podujatia-2019\/"]}]},{"@type":"BreadcrumbList","@id":"https:\/\/www.upjs.sk\/lekarska-fakulta\/fakulta\/konferencie-a-podujatia\/podujatia-2019\/#breadcrumb","itemListElement":[{"@type":"ListItem","position":1,"name":"Home","item":"https:\/\/www.upjs.sk\/lekarska-fakulta\/"},{"@type":"ListItem","position":2,"name":"O fakulte","item":"https:\/\/www.upjs.sk\/lekarska-fakulta\/fakulta\/"},{"@type":"ListItem","position":3,"name":"Konferencie a podujatia","item":"https:\/\/www.upjs.sk\/lekarska-fakulta\/fakulta\/konferencie-a-podujatia\/"},{"@type":"ListItem","position":4,"name":"Podujatia v roku 2019"}]},{"@type":"WebSite","@id":"https:\/\/www.upjs.sk\/lekarska-fakulta\/#website","url":"https:\/\/www.upjs.sk\/lekarska-fakulta\/","name":"Lek\u00e1rska fakulta | UPJ\u0160","description":"","publisher":{"@id":"https:\/\/www.upjs.sk\/lekarska-fakulta\/#organization"},"potentialAction":[{"@type":"SearchAction","target":{"@type":"EntryPoint","urlTemplate":"https:\/\/www.upjs.sk\/lekarska-fakulta\/?s={search_term_string}"},"query-input":{"@type":"PropertyValueSpecification","valueRequired":true,"valueName":"search_term_string"}}],"inLanguage":"sk-SK"},{"@type":"Organization","@id":"https:\/\/www.upjs.sk\/lekarska-fakulta\/#organization","name":"Lek\u00e1rska fakulta | UPJ\u0160","url":"https:\/\/www.upjs.sk\/lekarska-fakulta\/","logo":{"@type":"ImageObject","inLanguage":"sk-SK","@id":"https:\/\/www.upjs.sk\/lekarska-fakulta\/#\/schema\/logo\/image\/","url":"https:\/\/www.upjs.sk\/app\/uploads\/sites\/9\/2022\/09\/logo-lekarska-fakulta.png","contentUrl":"https:\/\/www.upjs.sk\/app\/uploads\/sites\/9\/2022\/09\/logo-lekarska-fakulta.png","width":415,"height":87,"caption":"Lek\u00e1rska fakulta | UPJ\u0160"},"image":{"@id":"https:\/\/www.upjs.sk\/lekarska-fakulta\/#\/schema\/logo\/image\/"}}]}},"_links":{"self":[{"href":"https:\/\/www.upjs.sk\/lekarska-fakulta\/wp-json\/wp\/v2\/pages\/16640","targetHints":{"allow":["GET"]}}],"collection":[{"href":"https:\/\/www.upjs.sk\/lekarska-fakulta\/wp-json\/wp\/v2\/pages"}],"about":[{"href":"https:\/\/www.upjs.sk\/lekarska-fakulta\/wp-json\/wp\/v2\/types\/page"}],"author":[{"embeddable":true,"href":"https:\/\/www.upjs.sk\/lekarska-fakulta\/wp-json\/wp\/v2\/users\/1"}],"replies":[{"embeddable":true,"href":"https:\/\/www.upjs.sk\/lekarska-fakulta\/wp-json\/wp\/v2\/comments?post=16640"}],"version-history":[{"count":4,"href":"https:\/\/www.upjs.sk\/lekarska-fakulta\/wp-json\/wp\/v2\/pages\/16640\/revisions"}],"predecessor-version":[{"id":74191,"href":"https:\/\/www.upjs.sk\/lekarska-fakulta\/wp-json\/wp\/v2\/pages\/16640\/revisions\/74191"}],"up":[{"embeddable":true,"href":"https:\/\/www.upjs.sk\/lekarska-fakulta\/wp-json\/wp\/v2\/pages\/14171"}],"wp:attachment":[{"href":"https:\/\/www.upjs.sk\/lekarska-fakulta\/wp-json\/wp\/v2\/media?parent=16640"}],"wp:term":[{"taxonomy":"category","embeddable":true,"href":"https:\/\/www.upjs.sk\/lekarska-fakulta\/wp-json\/wp\/v2\/categories?post=16640"},{"taxonomy":"post_tag","embeddable":true,"href":"https:\/\/www.upjs.sk\/lekarska-fakulta\/wp-json\/wp\/v2\/tags?post=16640"}],"curies":[{"name":"wp","href":"https:\/\/api.w.org\/{rel}","templated":true}]}}