{"id":22877,"date":"2023-02-26T15:23:39","date_gmt":"2023-02-26T14:23:39","guid":{"rendered":"https:\/\/www.upjs.sk\/lekarska-fakulta\/informacie-pre-studentov\/doktorandske-studium\/akreditovane-odbory\/"},"modified":"2023-02-26T19:39:55","modified_gmt":"2023-02-26T18:39:55","slug":"akreditovane-odbory-2009","status":"publish","type":"page","link":"https:\/\/www.upjs.sk\/lekarska-fakulta\/studenti-lf\/doktorandske\/akreditacie\/akreditovane-odbory-2009\/","title":{"rendered":"Akreditovan\u00e9 odbory doktorandsk\u00e9ho \u0161t\u00fadia &#8211; 2009"},"content":{"rendered":"\n<p><strong>7.1.2 Anat\u00f3mia, histol\u00f3gia a embryol\u00f3gia<\/strong><\/p>\n\n\n\n<ul class=\"wp-block-list\">\n<li><a href=\"https:\/\/www.upjs.sk\/lekarska-fakulta\/studenti-lf\/doktorandske\/akreditacie\/akreditovane-odbory-2009\/garanti-7-1-2\/\" class=\"ek-link\">Garanti<\/a><\/li>\n\n\n\n<li><a href=\"https:\/\/www.upjs.sk\/app\/uploads\/sites\/9\/2022\/10\/OK_ANAT.pdf\" class=\"ek-link\">Odborov\u00e1 komisia<\/a><\/li>\n\n\n\n<li>\u0160kolitelia<\/li>\n\n\n\n<li>Podmienky pre pripustenie k obhajobe dizerta\u010dnej pr\u00e1ce<\/li>\n\n\n\n<li><a href=\"https:\/\/www.upjs.sk\/app\/uploads\/sites\/9\/2022\/10\/SPaIL-Anatomia_histologia_a_embryologia.pdf\" class=\"ek-link\">\u0160tudijn\u00fd pl\u00e1n a informa\u010dn\u00e9 listy predmetov<\/a> (v\u00fd\u0148atok z akredita\u010dn\u00e9ho spisu)<\/li>\n<\/ul>\n\n\n\n<div style=\"height:20px\" aria-hidden=\"true\" class=\"wp-block-spacer\"><\/div>\n\n\n\n<p><strong>7.1.3 Norm\u00e1lna a patologick\u00e1 fyziol\u00f3gia<\/strong><\/p>\n\n\n\n<ul class=\"wp-block-list\">\n<li><a href=\"https:\/\/www.upjs.sk\/lekarska-fakulta\/studenti-lf\/doktorandske\/akreditacie\/akreditovane-odbory-2009\/garanti-7-1-3\/\" class=\"ek-link\">Garanti<\/a><\/li>\n\n\n\n<li><a href=\"https:\/\/www.upjs.sk\/app\/uploads\/sites\/9\/2022\/10\/OK_7.1.3.pdf\" class=\"ek-link\">Odborov\u00e1 komisia<\/a><\/li>\n\n\n\n<li>\u0160kolitelia<\/li>\n\n\n\n<li><a href=\"https:\/\/www.upjs.sk\/app\/uploads\/sites\/9\/2022\/10\/SPaIL-Normalna_a_patologicka_fyziologia.pdf\" class=\"ek-link\">\u0160tudijn\u00fd pl\u00e1n a informa\u010dn\u00e9 listy predmetov<\/a> (v\u00fd\u0148atok z akredita\u010dn\u00e9ho spisu)<\/li>\n\n\n\n<li><strong>Pokyny k organiz\u00e1cii doktorandsk\u00e9ho \u0161t\u00fadia<\/strong><br>\u2666 <a href=\"https:\/\/www.upjs.sk\/app\/uploads\/sites\/9\/2023\/02\/7.1.3_Pravidla_pre_prijimacie_pohovory.pdf\" class=\"ek-link\">Pravidl\u00e1 pre prij\u00edmacie pohovory<\/a><br>\u2666 <a href=\"https:\/\/www.upjs.sk\/app\/uploads\/sites\/9\/2023\/02\/7.1.3_Pravidla_pre_dizertacnu_skusku.pdf\" class=\"ek-link\">Pravidl\u00e1 pre dizerta\u010dn\u00fa sk\u00fa\u0161ku<\/a><br>\u2666 <a href=\"https:\/\/www.upjs.sk\/app\/uploads\/sites\/9\/2023\/02\/7.1.3_Priebeh_dizertacnej_skusky.pdf\" class=\"ek-link\">Priebeh dizerta\u010dnej sk\u00fa\u0161ky<\/a><br>\u2666 <a href=\"https:\/\/www.upjs.sk\/app\/uploads\/sites\/9\/2023\/02\/7.1.3_Okruhy_tem_pre_dizertacnu_skusku.pdf\" class=\"ek-link\">Okruhy t\u00e9m pre dizerta\u010dn\u00fa sk\u00fa\u0161ku<\/a><br>\u2666 Podmienky pre pripustenie k obhajobe dizerta\u010dnej pr\u00e1ce<br>\u2666 <a href=\"https:\/\/www.upjs.sk\/app\/uploads\/sites\/9\/2023\/02\/7.1.3_Pokyny_pre_vypracovanie_oponentskeho_posudku.pdf\" class=\"ek-link\">Pokyny pre vypracovanie oponentsk\u00e9ho posudku<\/a><\/li>\n<\/ul>\n\n\n\n<div style=\"height:20px\" aria-hidden=\"true\" class=\"wp-block-spacer\"><\/div>\n\n\n\n<p><strong>7.1.4 Vn\u00fatorn\u00e9 choroby<\/strong><\/p>\n\n\n\n<ul class=\"wp-block-list\">\n<li><a href=\"https:\/\/www.upjs.sk\/lekarska-fakulta\/studenti-lf\/doktorandske\/akreditacie\/akreditovane-odbory-2009\/garanti-7-1-4\/\" class=\"ek-link\">Garanti<\/a><\/li>\n\n\n\n<li><a href=\"https:\/\/www.upjs.sk\/app\/uploads\/sites\/9\/2022\/10\/OK_7.1.4_2.pdf\" class=\"ek-link\">Odborov\u00e1 komisia<\/a><\/li>\n\n\n\n<li>\u0160kolitelia<\/li>\n\n\n\n<li><a href=\"https:\/\/www.upjs.sk\/app\/uploads\/sites\/9\/2022\/10\/Kriteria_obhajoby-Vnutorne_choroby.pdf\" class=\"ek-link\">Podmienky pre pripustenie k obhajobe dizerta\u010dnej pr\u00e1ce <\/a><\/li>\n\n\n\n<li><a href=\"https:\/\/www.upjs.sk\/app\/uploads\/sites\/9\/2022\/10\/SPaIL-Vnutorne_choroby.pdf\" class=\"ek-link\">\u0160tudijn\u00fd pl\u00e1n a informa\u010dn\u00e9 listy predmetov<\/a> (v\u00fd\u0148atok z akredita\u010dn\u00e9ho spisu)<\/li>\n<\/ul>\n\n\n\n<div style=\"height:20px\" aria-hidden=\"true\" class=\"wp-block-spacer\"><\/div>\n\n\n\n<p><strong>7.1.5 Epidemiol\u00f3gia<\/strong><\/p>\n\n\n\n<ul class=\"wp-block-list\">\n<li><a href=\"\/vyskum\/vedeckovyskumna-cinnost\/doktorandsky-portal\/doktorandske-studium\/\" class=\"ek-link\">Garanti<\/a><\/li>\n\n\n\n<li><a href=\"https:\/\/www.upjs.sk\/app\/uploads\/sites\/9\/2022\/10\/7.1.5_zlozenie-odborovej-komisie.pdf\" class=\"ek-link\">Odborov\u00e1 komisia<\/a><\/li>\n\n\n\n<li>\u0160kolitelia<\/li>\n\n\n\n<li>Podmienky pre pripustenie k obhajobe dizerta\u010dnej pr\u00e1ce<\/li>\n\n\n\n<li>\u0160tudijn\u00fd pl\u00e1n a informa\u010dn\u00e9 listy predmetov (v\u00fd\u0148atok z akredita\u010dn\u00e9ho spisu)<\/li>\n<\/ul>\n\n\n\n<div style=\"height:20px\" aria-hidden=\"true\" class=\"wp-block-spacer\"><\/div>\n\n\n\n<p><strong>7.1.7 Chirurgia<\/strong><\/p>\n\n\n\n<ul class=\"wp-block-list\">\n<li><a href=\"https:\/\/www.upjs.sk\/lekarska-fakulta\/studenti-lf\/doktorandske\/akreditacie\/akreditovane-odbory-2009\/garanti-7-1-7\/\" class=\"ek-link\">Garanti<\/a><\/li>\n\n\n\n<li><a href=\"https:\/\/www.upjs.sk\/app\/uploads\/sites\/9\/2022\/10\/OK_7.1.7.pdf\" class=\"ek-link\">Odborov\u00e1 komisia<\/a><\/li>\n\n\n\n<li>\u0160kolitelia<\/li>\n\n\n\n<li>Podmienky pre pripustenie k obhajobe dizerta\u010dnej pr\u00e1ce<\/li>\n\n\n\n<li><a href=\"https:\/\/www.upjs.sk\/app\/uploads\/sites\/9\/2022\/10\/SPaIL-Chirurgia.pdf\" class=\"ek-link\">\u0160tudijn\u00fd pl\u00e1n a informa\u010dn\u00e9 listy predmetov<\/a> (v\u00fd\u0148atok z akredita\u010dn\u00e9ho spisu)<\/li>\n<\/ul>\n\n\n\n<div style=\"height:20px\" aria-hidden=\"true\" class=\"wp-block-spacer\"><\/div>\n\n\n\n<p><strong>7.1.9 Gynekol\u00f3gia a p\u00f4rodn\u00edctvo<\/strong><\/p>\n\n\n\n<ul class=\"wp-block-list\">\n<li><a href=\"https:\/\/www.upjs.sk\/lekarska-fakulta\/studenti-lf\/doktorandske\/akreditacie\/akreditovane-odbory-2009\/garanti-7-1-9\/\" class=\"ek-link\">Garanti<\/a><\/li>\n\n\n\n<li><a href=\"https:\/\/www.upjs.sk\/app\/uploads\/sites\/9\/2023\/02\/OK_7.1.9.pdf\" class=\"ek-link\">Odborov\u00e1 komisia<\/a><\/li>\n\n\n\n<li>\u0160kolitelia<\/li>\n\n\n\n<li>Podmienky pre pripustenie k obhajobe dizerta\u010dnej pr\u00e1ce<\/li>\n\n\n\n<li><a href=\"https:\/\/www.upjs.sk\/app\/uploads\/sites\/9\/2022\/10\/SPaIL-Gynekologia_a_porodnictvo.pdf\" class=\"ek-link\">\u0160tudijn\u00fd pl\u00e1n a informa\u010dn\u00e9 listy predmetov<\/a> (v\u00fd\u0148atok z akredita\u010dn\u00e9ho spisu)<\/li>\n<\/ul>\n\n\n\n<div style=\"height:20px\" aria-hidden=\"true\" class=\"wp-block-spacer\"><\/div>\n\n\n\n<p><strong>7.1.10 Pediatria<\/strong><\/p>\n\n\n\n<ul class=\"wp-block-list\">\n<li><a href=\"https:\/\/www.upjs.sk\/lekarska-fakulta\/studenti-lf\/doktorandske\/akreditacie\/akreditovane-odbory-2009\/garanti-7-1-10\/\" class=\"ek-link\">Garanti<\/a><\/li>\n\n\n\n<li><a href=\"https:\/\/www.upjs.sk\/app\/uploads\/sites\/9\/2022\/10\/OK_PED.pdf\" class=\"ek-link\">Odborov\u00e1 komisia<\/a><\/li>\n\n\n\n<li>\u0160kolitelia<\/li>\n\n\n\n<li>Podmienky pre pripustenie k obhajobe dizerta\u010dnej pr\u00e1ce<\/li>\n\n\n\n<li><a href=\"https:\/\/www.upjs.sk\/app\/uploads\/sites\/9\/2022\/10\/SPaIL-Pediatria.pdf\" class=\"ek-link\">\u0160tudijn\u00fd pl\u00e1n a informa\u010dn\u00e9 listy predmetov<\/a> (v\u00fd\u0148atok z akredita\u010dn\u00e9ho spisu)<\/li>\n<\/ul>\n\n\n\n<div style=\"height:20px\" aria-hidden=\"true\" class=\"wp-block-spacer\"><\/div>\n\n\n\n<p><strong>7.1.11 Neurol\u00f3gia<\/strong><\/p>\n\n\n\n<ul class=\"wp-block-list\">\n<li><a href=\"https:\/\/www.upjs.sk\/lekarska-fakulta\/studenti-lf\/doktorandske\/akreditacie\/akreditovane-odbory-2009\/garanti-7-1-11\/\" class=\"ek-link\">Garanti<\/a><\/li>\n\n\n\n<li><a href=\"https:\/\/www.upjs.sk\/app\/uploads\/sites\/9\/2023\/02\/OK_7.1.11.pdf\" class=\"ek-link\">Odborov\u00e1 komisia<\/a><\/li>\n\n\n\n<li>\u0160kolitelia<\/li>\n\n\n\n<li>Podmienky pre pripustenie k obhajobe dizerta\u010dnej pr\u00e1ce<\/li>\n\n\n\n<li><a href=\"https:\/\/www.upjs.sk\/app\/uploads\/sites\/9\/2022\/10\/SPaIL-Neurologia.pdf\" class=\"ek-link\">\u0160tudijn\u00fd pl\u00e1n a informa\u010dn\u00e9 listy predmetov<\/a> (v\u00fd\u0148atok z akredita\u010dn\u00e9ho spisu)<\/li>\n<\/ul>\n\n\n\n<div style=\"height:20px\" aria-hidden=\"true\" class=\"wp-block-spacer\"><\/div>\n\n\n\n<p><strong>7.1.25 Klinick\u00e1 bioch\u00e9mia<\/strong><\/p>\n\n\n\n<ul class=\"wp-block-list\">\n<li><a href=\"https:\/\/www.upjs.sk\/lekarska-fakulta\/studenti-lf\/doktorandske\/akreditacie\/akreditovane-odbory-2009\/garanti-7-1-25\/\" class=\"ek-link\">Garanti<\/a><\/li>\n\n\n\n<li><a href=\"https:\/\/www.upjs.sk\/app\/uploads\/sites\/9\/2022\/10\/KB_OK.pdf\" class=\"ek-link\">Odborov\u00e1 komisia<\/a><\/li>\n\n\n\n<li><a href=\"https:\/\/www.upjs.sk\/app\/uploads\/sites\/9\/2022\/10\/Skolitelia-diz.prac-17.pdf\" class=\"ek-link\">\u0160kolitelia<\/a><\/li>\n\n\n\n<li><a href=\"https:\/\/www.upjs.sk\/app\/uploads\/sites\/9\/2022\/10\/Podmienky-pre-pripustenie-k-obhajobe-diz.-prace_Kl-Bioch.pdf\" class=\"ek-link\">Podmienky pre pripustenie k obhajobe dizerta\u010dnej pr\u00e1ce<\/a><\/li>\n\n\n\n<li><a href=\"https:\/\/www.upjs.sk\/app\/uploads\/sites\/9\/2022\/10\/KBCh-Odporucany-studijny-plan.pdf\" class=\"ek-link\">\u0160tudijn\u00fd pl\u00e1n<\/a>, <a href=\"https:\/\/www.upjs.sk\/app\/uploads\/sites\/9\/2022\/10\/KBCh_Informacne-listy-14.pdf\" class=\"ek-link\">Informa\u010dn\u00e9 listy predmetov<\/a> (v\u00fd\u0148atok z akredita\u010dn\u00e9ho spisu)<\/li>\n<\/ul>\n\n\n\n<div style=\"height:20px\" aria-hidden=\"true\" class=\"wp-block-spacer\"><\/div>\n\n\n\n<p><strong>7.2.1 Zubn\u00e9 lek\u00e1rstvo<\/strong><\/p>\n\n\n\n<ul class=\"wp-block-list\">\n<li><a href=\"https:\/\/www.upjs.sk\/lekarska-fakulta\/studenti-lf\/doktorandske\/akreditacie\/akreditovane-odbory-2009\/garanti-7-2-1\/\" class=\"ek-link\">Garanti<\/a><\/li>\n\n\n\n<li><a href=\"https:\/\/www.upjs.sk\/app\/uploads\/sites\/9\/2022\/10\/OK_ZL.pdf\" class=\"ek-link\">Odborov\u00e1 komisia<\/a><\/li>\n\n\n\n<li>\u0160kolitelia<\/li>\n\n\n\n<li>Podmienky pre pripustenie k obhajobe dizerta\u010dnej pr\u00e1ce<\/li>\n\n\n\n<li><a href=\"https:\/\/www.upjs.sk\/app\/uploads\/sites\/9\/2022\/10\/SPaIL-Zubne_lekarstvo.pdf\" class=\"ek-link\">\u0160tudijn\u00fd pl\u00e1n a informa\u010dn\u00e9 listy predmetov<\/a> (v\u00fd\u0148atok z akredita\u010dn\u00e9ho spisu)<\/li>\n<\/ul>\n\n\n\n<div style=\"height:20px\" aria-hidden=\"true\" class=\"wp-block-spacer\"><\/div>\n\n\n\n<p><strong>7.3.2 Farmakol\u00f3gia<\/strong><\/p>\n\n\n\n<ul class=\"wp-block-list\">\n<li><a href=\"https:\/\/www.upjs.sk\/lekarska-fakulta\/studenti-lf\/doktorandske\/akreditacie\/akreditovane-odbory-2009\/garanti-7-3-2\/\" class=\"ek-link\">Garanti<\/a><\/li>\n\n\n\n<li><a href=\"https:\/\/www.upjs.sk\/app\/uploads\/sites\/9\/2022\/10\/7.3.2-LF_OK.pdf\" class=\"ek-link\">Odborov\u00e1 komisia<\/a><\/li>\n\n\n\n<li>\u0160kolitelia<\/li>\n\n\n\n<li>Podmienky pre pripustenie k obhajobe dizerta\u010dnej pr\u00e1ce<\/li>\n\n\n\n<li><a href=\"https:\/\/www.upjs.sk\/app\/uploads\/sites\/9\/2022\/10\/SPaIL-Farmakologia.pdf\" class=\"ek-link\">\u0160tudijn\u00fd pl\u00e1n a informa\u010dn\u00e9 listy predmetov<\/a> (v\u00fd\u0148atok z akredita\u010dn\u00e9ho spisu)<\/li>\n<\/ul>\n\n\n\n<div style=\"height:20px\" aria-hidden=\"true\" class=\"wp-block-spacer\"><\/div>\n\n\n\n<p><strong>7.4.2 Verejn\u00e9 zdravotn\u00edctvo<\/strong><\/p>\n\n\n\n<ul class=\"wp-block-list\">\n<li><a href=\"https:\/\/www.upjs.sk\/lekarska-fakulta\/studenti-lf\/doktorandske\/akreditacie\/akreditovane-odbory-2009\/garanti-7-4-2\/\" class=\"ek-link\">Garanti<\/a><\/li>\n\n\n\n<li><a href=\"https:\/\/www.upjs.sk\/app\/uploads\/sites\/9\/2022\/10\/VZ_OK_II.pdf\" class=\"ek-link\">Odborov\u00e1 komisia<\/a><\/li>\n\n\n\n<li>\u0160kolitelia<\/li>\n\n\n\n<li>Podmienky pre pripustenie k obhajobe dizerta\u010dnej pr\u00e1ce<\/li>\n\n\n\n<li><a href=\"https:\/\/www.upjs.sk\/app\/uploads\/sites\/9\/2022\/10\/SPaIL-Verejne_zdravotnictvo.pdf\" class=\"ek-link\">\u0160tudijn\u00fd pl\u00e1n a informa\u010dn\u00e9 listy predmetov<\/a> (v\u00fd\u0148atok z akredita\u010dn\u00e9ho spisu)<\/li>\n<\/ul>\n","protected":false},"excerpt":{"rendered":"<p>7.1.2 Anat\u00f3mia, histol\u00f3gia a embryol\u00f3gia 7.1.3 Norm\u00e1lna a patologick\u00e1 fyziol\u00f3gia 7.1.4 Vn\u00fatorn\u00e9 choroby 7.1.5 Epidemiol\u00f3gia 7.1.7 Chirurgia 7.1.9 Gynekol\u00f3gia a p\u00f4rodn\u00edctvo 7.1.10 Pediatria 7.1.11 Neurol\u00f3gia 7.1.25 Klinick\u00e1 bioch\u00e9mia 7.2.1 Zubn\u00e9 lek\u00e1rstvo 7.3.2 Farmakol\u00f3gia 7.4.2 Verejn\u00e9 zdravotn\u00edctvo<\/p>\n","protected":false},"author":1,"featured_media":0,"parent":12862,"menu_order":0,"comment_status":"closed","ping_status":"closed","template":"","meta":{"_acf_changed":false,"_editorskit_title_hidden":false,"_editorskit_reading_time":1,"_editorskit_is_block_options_detached":false,"_editorskit_block_options_position":"{}","footnotes":""},"categories":[],"tags":[],"class_list":["post-22877","page","type-page","status-publish","hentry"],"acf":{"acf_link_na_externy_obsah":""},"yoast_head":"<!-- This site is optimized with the Yoast SEO plugin v27.4 - https:\/\/yoast.com\/product\/yoast-seo-wordpress\/ -->\n<title>Akreditovan\u00e9 odbory doktorandsk\u00e9ho \u0161t\u00fadia - 2009 - Lek\u00e1rska fakulta | UPJ\u0160<\/title>\n<meta name=\"robots\" content=\"index, follow, max-snippet:-1, max-image-preview:large, max-video-preview:-1\" \/>\n<link rel=\"canonical\" href=\"https:\/\/www.upjs.sk\/lekarska-fakulta\/studenti-lf\/doktorandske\/akreditacie\/akreditovane-odbory-2009\/\" \/>\n<meta property=\"og:locale\" content=\"sk_SK\" \/>\n<meta property=\"og:type\" content=\"article\" \/>\n<meta property=\"og:title\" content=\"Akreditovan\u00e9 odbory doktorandsk\u00e9ho \u0161t\u00fadia - 2009 - Lek\u00e1rska fakulta | UPJ\u0160\" \/>\n<meta property=\"og:description\" content=\"7.1.2 Anat\u00f3mia, histol\u00f3gia a embryol\u00f3gia 7.1.3 Norm\u00e1lna a patologick\u00e1 fyziol\u00f3gia 7.1.4 Vn\u00fatorn\u00e9 choroby 7.1.5 Epidemiol\u00f3gia 7.1.7 Chirurgia 7.1.9 Gynekol\u00f3gia a p\u00f4rodn\u00edctvo 7.1.10 Pediatria 7.1.11 Neurol\u00f3gia 7.1.25 Klinick\u00e1 bioch\u00e9mia 7.2.1 Zubn\u00e9 lek\u00e1rstvo 7.3.2 Farmakol\u00f3gia 7.4.2 Verejn\u00e9 zdravotn\u00edctvo\" \/>\n<meta property=\"og:url\" content=\"https:\/\/www.upjs.sk\/lekarska-fakulta\/studenti-lf\/doktorandske\/akreditacie\/akreditovane-odbory-2009\/\" \/>\n<meta property=\"og:site_name\" content=\"Lek\u00e1rska fakulta | UPJ\u0160\" \/>\n<meta property=\"article:modified_time\" content=\"2023-02-26T18:39:55+00:00\" \/>\n<meta name=\"twitter:card\" content=\"summary_large_image\" \/>\n<meta name=\"twitter:label1\" content=\"Predpokladan\u00fd \u010das \u010d\u00edtania\" \/>\n\t<meta name=\"twitter:data1\" content=\"2 min\u00faty\" \/>\n<script type=\"application\/ld+json\" class=\"yoast-schema-graph\">{\"@context\":\"https:\\\/\\\/schema.org\",\"@graph\":[{\"@type\":\"WebPage\",\"@id\":\"https:\\\/\\\/www.upjs.sk\\\/lekarska-fakulta\\\/studenti-lf\\\/doktorandske\\\/akreditacie\\\/akreditovane-odbory-2009\\\/\",\"url\":\"https:\\\/\\\/www.upjs.sk\\\/lekarska-fakulta\\\/studenti-lf\\\/doktorandske\\\/akreditacie\\\/akreditovane-odbory-2009\\\/\",\"name\":\"Akreditovan\u00e9 odbory doktorandsk\u00e9ho \u0161t\u00fadia - 2009 - Lek\u00e1rska fakulta | UPJ\u0160\",\"isPartOf\":{\"@id\":\"https:\\\/\\\/www.upjs.sk\\\/lekarska-fakulta\\\/#website\"},\"datePublished\":\"2023-02-26T14:23:39+00:00\",\"dateModified\":\"2023-02-26T18:39:55+00:00\",\"breadcrumb\":{\"@id\":\"https:\\\/\\\/www.upjs.sk\\\/lekarska-fakulta\\\/studenti-lf\\\/doktorandske\\\/akreditacie\\\/akreditovane-odbory-2009\\\/#breadcrumb\"},\"inLanguage\":\"sk-SK\",\"potentialAction\":[{\"@type\":\"ReadAction\",\"target\":[\"https:\\\/\\\/www.upjs.sk\\\/lekarska-fakulta\\\/studenti-lf\\\/doktorandske\\\/akreditacie\\\/akreditovane-odbory-2009\\\/\"]}]},{\"@type\":\"BreadcrumbList\",\"@id\":\"https:\\\/\\\/www.upjs.sk\\\/lekarska-fakulta\\\/studenti-lf\\\/doktorandske\\\/akreditacie\\\/akreditovane-odbory-2009\\\/#breadcrumb\",\"itemListElement\":[{\"@type\":\"ListItem\",\"position\":1,\"name\":\"Home\",\"item\":\"https:\\\/\\\/www.upjs.sk\\\/lekarska-fakulta\\\/\"},{\"@type\":\"ListItem\",\"position\":2,\"name\":\"\u0160tudenti\",\"item\":\"https:\\\/\\\/www.upjs.sk\\\/lekarska-fakulta\\\/studenti-lf\\\/\"},{\"@type\":\"ListItem\",\"position\":3,\"name\":\"Doktorandsk\u00e9 \u0161t\u00fadium\",\"item\":\"https:\\\/\\\/www.upjs.sk\\\/lekarska-fakulta\\\/studenti-lf\\\/doktorandske\\\/\"},{\"@type\":\"ListItem\",\"position\":4,\"name\":\"Akreditovan\u00e9 \u0161tudijn\u00e9 odbory a programy\",\"item\":\"https:\\\/\\\/www.upjs.sk\\\/lekarska-fakulta\\\/studenti-lf\\\/doktorandske\\\/akreditacie\\\/\"},{\"@type\":\"ListItem\",\"position\":5,\"name\":\"Akreditovan\u00e9 odbory doktorandsk\u00e9ho \u0161t\u00fadia &#8211; 2009\"}]},{\"@type\":\"WebSite\",\"@id\":\"https:\\\/\\\/www.upjs.sk\\\/lekarska-fakulta\\\/#website\",\"url\":\"https:\\\/\\\/www.upjs.sk\\\/lekarska-fakulta\\\/\",\"name\":\"Lek\u00e1rska fakulta | UPJ\u0160\",\"description\":\"\",\"publisher\":{\"@id\":\"https:\\\/\\\/www.upjs.sk\\\/lekarska-fakulta\\\/#organization\"},\"potentialAction\":[{\"@type\":\"SearchAction\",\"target\":{\"@type\":\"EntryPoint\",\"urlTemplate\":\"https:\\\/\\\/www.upjs.sk\\\/lekarska-fakulta\\\/?s={search_term_string}\"},\"query-input\":{\"@type\":\"PropertyValueSpecification\",\"valueRequired\":true,\"valueName\":\"search_term_string\"}}],\"inLanguage\":\"sk-SK\"},{\"@type\":\"Organization\",\"@id\":\"https:\\\/\\\/www.upjs.sk\\\/lekarska-fakulta\\\/#organization\",\"name\":\"Lek\u00e1rska fakulta | UPJ\u0160\",\"url\":\"https:\\\/\\\/www.upjs.sk\\\/lekarska-fakulta\\\/\",\"logo\":{\"@type\":\"ImageObject\",\"inLanguage\":\"sk-SK\",\"@id\":\"https:\\\/\\\/www.upjs.sk\\\/lekarska-fakulta\\\/#\\\/schema\\\/logo\\\/image\\\/\",\"url\":\"https:\\\/\\\/www.upjs.sk\\\/app\\\/uploads\\\/sites\\\/9\\\/2022\\\/09\\\/logo-lekarska-fakulta.png\",\"contentUrl\":\"https:\\\/\\\/www.upjs.sk\\\/app\\\/uploads\\\/sites\\\/9\\\/2022\\\/09\\\/logo-lekarska-fakulta.png\",\"width\":415,\"height\":87,\"caption\":\"Lek\u00e1rska fakulta | UPJ\u0160\"},\"image\":{\"@id\":\"https:\\\/\\\/www.upjs.sk\\\/lekarska-fakulta\\\/#\\\/schema\\\/logo\\\/image\\\/\"}}]}<\/script>\n<!-- \/ Yoast SEO plugin. -->","yoast_head_json":{"title":"Akreditovan\u00e9 odbory doktorandsk\u00e9ho \u0161t\u00fadia - 2009 - Lek\u00e1rska fakulta | UPJ\u0160","robots":{"index":"index","follow":"follow","max-snippet":"max-snippet:-1","max-image-preview":"max-image-preview:large","max-video-preview":"max-video-preview:-1"},"canonical":"https:\/\/www.upjs.sk\/lekarska-fakulta\/studenti-lf\/doktorandske\/akreditacie\/akreditovane-odbory-2009\/","og_locale":"sk_SK","og_type":"article","og_title":"Akreditovan\u00e9 odbory doktorandsk\u00e9ho \u0161t\u00fadia - 2009 - Lek\u00e1rska fakulta | UPJ\u0160","og_description":"7.1.2 Anat\u00f3mia, histol\u00f3gia a embryol\u00f3gia 7.1.3 Norm\u00e1lna a patologick\u00e1 fyziol\u00f3gia 7.1.4 Vn\u00fatorn\u00e9 choroby 7.1.5 Epidemiol\u00f3gia 7.1.7 Chirurgia 7.1.9 Gynekol\u00f3gia a p\u00f4rodn\u00edctvo 7.1.10 Pediatria 7.1.11 Neurol\u00f3gia 7.1.25 Klinick\u00e1 bioch\u00e9mia 7.2.1 Zubn\u00e9 lek\u00e1rstvo 7.3.2 Farmakol\u00f3gia 7.4.2 Verejn\u00e9 zdravotn\u00edctvo","og_url":"https:\/\/www.upjs.sk\/lekarska-fakulta\/studenti-lf\/doktorandske\/akreditacie\/akreditovane-odbory-2009\/","og_site_name":"Lek\u00e1rska fakulta | UPJ\u0160","article_modified_time":"2023-02-26T18:39:55+00:00","twitter_card":"summary_large_image","twitter_misc":{"Predpokladan\u00fd \u010das \u010d\u00edtania":"2 min\u00faty"},"schema":{"@context":"https:\/\/schema.org","@graph":[{"@type":"WebPage","@id":"https:\/\/www.upjs.sk\/lekarska-fakulta\/studenti-lf\/doktorandske\/akreditacie\/akreditovane-odbory-2009\/","url":"https:\/\/www.upjs.sk\/lekarska-fakulta\/studenti-lf\/doktorandske\/akreditacie\/akreditovane-odbory-2009\/","name":"Akreditovan\u00e9 odbory doktorandsk\u00e9ho \u0161t\u00fadia - 2009 - Lek\u00e1rska fakulta | UPJ\u0160","isPartOf":{"@id":"https:\/\/www.upjs.sk\/lekarska-fakulta\/#website"},"datePublished":"2023-02-26T14:23:39+00:00","dateModified":"2023-02-26T18:39:55+00:00","breadcrumb":{"@id":"https:\/\/www.upjs.sk\/lekarska-fakulta\/studenti-lf\/doktorandske\/akreditacie\/akreditovane-odbory-2009\/#breadcrumb"},"inLanguage":"sk-SK","potentialAction":[{"@type":"ReadAction","target":["https:\/\/www.upjs.sk\/lekarska-fakulta\/studenti-lf\/doktorandske\/akreditacie\/akreditovane-odbory-2009\/"]}]},{"@type":"BreadcrumbList","@id":"https:\/\/www.upjs.sk\/lekarska-fakulta\/studenti-lf\/doktorandske\/akreditacie\/akreditovane-odbory-2009\/#breadcrumb","itemListElement":[{"@type":"ListItem","position":1,"name":"Home","item":"https:\/\/www.upjs.sk\/lekarska-fakulta\/"},{"@type":"ListItem","position":2,"name":"\u0160tudenti","item":"https:\/\/www.upjs.sk\/lekarska-fakulta\/studenti-lf\/"},{"@type":"ListItem","position":3,"name":"Doktorandsk\u00e9 \u0161t\u00fadium","item":"https:\/\/www.upjs.sk\/lekarska-fakulta\/studenti-lf\/doktorandske\/"},{"@type":"ListItem","position":4,"name":"Akreditovan\u00e9 \u0161tudijn\u00e9 odbory a programy","item":"https:\/\/www.upjs.sk\/lekarska-fakulta\/studenti-lf\/doktorandske\/akreditacie\/"},{"@type":"ListItem","position":5,"name":"Akreditovan\u00e9 odbory doktorandsk\u00e9ho \u0161t\u00fadia &#8211; 2009"}]},{"@type":"WebSite","@id":"https:\/\/www.upjs.sk\/lekarska-fakulta\/#website","url":"https:\/\/www.upjs.sk\/lekarska-fakulta\/","name":"Lek\u00e1rska fakulta | UPJ\u0160","description":"","publisher":{"@id":"https:\/\/www.upjs.sk\/lekarska-fakulta\/#organization"},"potentialAction":[{"@type":"SearchAction","target":{"@type":"EntryPoint","urlTemplate":"https:\/\/www.upjs.sk\/lekarska-fakulta\/?s={search_term_string}"},"query-input":{"@type":"PropertyValueSpecification","valueRequired":true,"valueName":"search_term_string"}}],"inLanguage":"sk-SK"},{"@type":"Organization","@id":"https:\/\/www.upjs.sk\/lekarska-fakulta\/#organization","name":"Lek\u00e1rska fakulta | UPJ\u0160","url":"https:\/\/www.upjs.sk\/lekarska-fakulta\/","logo":{"@type":"ImageObject","inLanguage":"sk-SK","@id":"https:\/\/www.upjs.sk\/lekarska-fakulta\/#\/schema\/logo\/image\/","url":"https:\/\/www.upjs.sk\/app\/uploads\/sites\/9\/2022\/09\/logo-lekarska-fakulta.png","contentUrl":"https:\/\/www.upjs.sk\/app\/uploads\/sites\/9\/2022\/09\/logo-lekarska-fakulta.png","width":415,"height":87,"caption":"Lek\u00e1rska fakulta | UPJ\u0160"},"image":{"@id":"https:\/\/www.upjs.sk\/lekarska-fakulta\/#\/schema\/logo\/image\/"}}]}},"_links":{"self":[{"href":"https:\/\/www.upjs.sk\/lekarska-fakulta\/wp-json\/wp\/v2\/pages\/22877","targetHints":{"allow":["GET"]}}],"collection":[{"href":"https:\/\/www.upjs.sk\/lekarska-fakulta\/wp-json\/wp\/v2\/pages"}],"about":[{"href":"https:\/\/www.upjs.sk\/lekarska-fakulta\/wp-json\/wp\/v2\/types\/page"}],"author":[{"embeddable":true,"href":"https:\/\/www.upjs.sk\/lekarska-fakulta\/wp-json\/wp\/v2\/users\/1"}],"replies":[{"embeddable":true,"href":"https:\/\/www.upjs.sk\/lekarska-fakulta\/wp-json\/wp\/v2\/comments?post=22877"}],"version-history":[{"count":26,"href":"https:\/\/www.upjs.sk\/lekarska-fakulta\/wp-json\/wp\/v2\/pages\/22877\/revisions"}],"predecessor-version":[{"id":80804,"href":"https:\/\/www.upjs.sk\/lekarska-fakulta\/wp-json\/wp\/v2\/pages\/22877\/revisions\/80804"}],"up":[{"embeddable":true,"href":"https:\/\/www.upjs.sk\/lekarska-fakulta\/wp-json\/wp\/v2\/pages\/12862"}],"wp:attachment":[{"href":"https:\/\/www.upjs.sk\/lekarska-fakulta\/wp-json\/wp\/v2\/media?parent=22877"}],"wp:term":[{"taxonomy":"category","embeddable":true,"href":"https:\/\/www.upjs.sk\/lekarska-fakulta\/wp-json\/wp\/v2\/categories?post=22877"},{"taxonomy":"post_tag","embeddable":true,"href":"https:\/\/www.upjs.sk\/lekarska-fakulta\/wp-json\/wp\/v2\/tags?post=22877"}],"curies":[{"name":"wp","href":"https:\/\/api.w.org\/{rel}","templated":true}]}}