{"version":"1.0","provider_name":"Botanick\u00e1 z\u00e1hrada","provider_url":"https:\/\/www.upjs.sk\/pracoviska\/botanicka-zahrada","title":"Obnova prvkov z\u00e1hradnej architekt\u00fary v Botanickej z\u00e1hrade UPJ\u0160 - Botanick\u00e1 z\u00e1hrada","type":"rich","width":600,"height":338,"html":"<blockquote class=\"wp-embedded-content\" data-secret=\"BZac7znKdq\"><a href=\"https:\/\/www.upjs.sk\/pracoviska\/botanicka-zahrada\/actuality\/projekt-obnova-zahrady-2022\/\">Obnova prvkov z\u00e1hradnej architekt\u00fary v Botanickej z\u00e1hrade UPJ\u0160<\/a><\/blockquote><iframe sandbox=\"allow-scripts\" security=\"restricted\" src=\"https:\/\/www.upjs.sk\/pracoviska\/botanicka-zahrada\/actuality\/projekt-obnova-zahrady-2022\/embed\/#?secret=BZac7znKdq\" width=\"600\" height=\"338\" title=\"&#8220;Obnova prvkov z\u00e1hradnej architekt\u00fary v Botanickej z\u00e1hrade UPJ\u0160&#8221; &#8212; Botanick\u00e1 z\u00e1hrada\" data-secret=\"BZac7znKdq\" frameborder=\"0\" marginwidth=\"0\" marginheight=\"0\" scrolling=\"no\" class=\"wp-embedded-content\"><\/iframe><script>\n\/*! This file is auto-generated *\/\n!function(d,l){\"use strict\";l.querySelector&&d.addEventListener&&\"undefined\"!=typeof URL&&(d.wp=d.wp||{},d.wp.receiveEmbedMessage||(d.wp.receiveEmbedMessage=function(e){var t=e.data;if((t||t.secret||t.message||t.value)&&!\/[^a-zA-Z0-9]\/.test(t.secret)){for(var s,r,n,a=l.querySelectorAll('iframe[data-secret=\"'+t.secret+'\"]'),o=l.querySelectorAll('blockquote[data-secret=\"'+t.secret+'\"]'),c=new RegExp(\"^https?:$\",\"i\"),i=0;i<o.length;i++)o[i].style.display=\"none\";for(i=0;i<a.length;i++)s=a[i],e.source===s.contentWindow&&(s.removeAttribute(\"style\"),\"height\"===t.message?(1e3<(r=parseInt(t.value,10))?r=1e3:~~r<200&&(r=200),s.height=r):\"link\"===t.message&&(r=new URL(s.getAttribute(\"src\")),n=new URL(t.value),c.test(n.protocol))&&n.host===r.host&&l.activeElement===s&&(d.top.location.href=t.value))}},d.addEventListener(\"message\",d.wp.receiveEmbedMessage,!1),l.addEventListener(\"DOMContentLoaded\",function(){for(var e,t,s=l.querySelectorAll(\"iframe.wp-embedded-content\"),r=0;r<s.length;r++)(t=(e=s[r]).getAttribute(\"data-secret\"))||(t=Math.random().toString(36).substring(2,12),e.src+=\"#?secret=\"+t,e.setAttribute(\"data-secret\",t)),e.contentWindow.postMessage({message:\"ready\",secret:t},\"*\")},!1)))}(window,document);\n\/\/# sourceURL=https:\/\/www.upjs.sk\/pracoviska\/botanicka-zahrada\/wp-includes\/js\/wp-embed.min.js\n<\/script>\n","thumbnail_url":"https:\/\/www.upjs.sk\/app\/uploads\/sites\/15\/2022\/10\/projektBZ-obnova-prvkov-2022.jpg","thumbnail_width":640,"thumbnail_height":910,"description":"V\u010faka \u00faspe\u0161n\u00e9mu hlasovaniu verejnosti v r\u00e1mci participat\u00edvneho rozpo\u010dtu Ko\u0161ick\u00e9ho samospr\u00e1vneho kraja (ID-particip\u00e1cia 2022) sa v okt\u00f3bri bude realizova\u0165 projekt n\u00e1\u0161ho ob\u010dianskeho zdru\u017eenia BotaniKE Obnova prvkov z\u00e1hradnej architekt\u00fary v Botanickej z\u00e1hrade UPJ\u0160. Vo vonkaj\u0161om are\u00e1li pribudne nov\u00e1 bylinkov\u00e1 z\u00e1hrada prisp\u00f4soben\u00e1 zrakovo postihnut\u00fdm, pergola a oprav\u00ed sa oporn\u00fd m\u00farik."}

Botanická záhrada

Obnova prvkov záhradnej architektúry v Botanickej záhrade UPJŠ - Botanická záhrada

<blockquote class="wp-embedded-content" data-secret="BZac7znKdq"><a href="https://www.upjs.sk/pracoviska/botanicka-zahrada/actuality/projekt-obnova-zahrady-2022/">Obnova prvkov záhradnej architektúry v Botanickej záhrade UPJŠ</a></blockquote><iframe sandbox="allow-scripts" security="restricted" src="https://www.upjs.sk/pracoviska/botanicka-zahrada/actuality/projekt-obnova-zahrady-2022/embed/#?secret=BZac7znKdq" width="600" height="338" title="&#8220;Obnova prvkov záhradnej architektúry v Botanickej záhrade UPJŠ&#8221; &#8212; Botanická záhrada" data-secret="BZac7znKdq" frameborder="0" marginwidth="0" marginheight="0" scrolling="no" class="wp-embedded-content"></iframe><script>
/*! This file is auto-generated */
!function(d,l){"use strict";l.querySelector&&d.addEventListener&&"undefined"!=typeof URL&&(d.wp=d.wp||{},d.wp.receiveEmbedMessage||(d.wp.receiveEmbedMessage=function(e){var t=e.data;if((t||t.secret||t.message||t.value)&&!/[^a-zA-Z0-9]/.test(t.secret)){for(var s,r,n,a=l.querySelectorAll('iframe[data-secret="'+t.secret+'"]'),o=l.querySelectorAll('blockquote[data-secret="'+t.secret+'"]'),c=new RegExp("^https?:$","i"),i=0;i<o.length;i++)o[i].style.display="none";for(i=0;i<a.length;i++)s=a[i],e.source===s.contentWindow&&(s.removeAttribute("style"),"height"===t.message?(1e3<(r=parseInt(t.value,10))?r=1e3:~~r<200&&(r=200),s.height=r):"link"===t.message&&(r=new URL(s.getAttribute("src")),n=new URL(t.value),c.test(n.protocol))&&n.host===r.host&&l.activeElement===s&&(d.top.location.href=t.value))}},d.addEventListener("message",d.wp.receiveEmbedMessage,!1),l.addEventListener("DOMContentLoaded",function(){for(var e,t,s=l.querySelectorAll("iframe.wp-embedded-content"),r=0;r<s.length;r++)(t=(e=s[r]).getAttribute("data-secret"))||(t=Math.random().toString(36).substring(2,12),e.src+="#?secret="+t,e.setAttribute("data-secret",t)),e.contentWindow.postMessage({message:"ready",secret:t},"*")},!1)))}(window,document);
//# sourceURL=https://www.upjs.sk/pracoviska/botanicka-zahrada/wp-includes/js/wp-embed.min.js
</script>

Vďaka úspešnému hlasovaniu verejnosti v rámci participatívneho rozpočtu Košického samosprávneho kraja (ID-participácia 2022) sa v októbri bude realizovať projekt nášho občianskeho združenia BotaniKE Obnova prvkov záhradnej architektúry v Botanickej záhrade UPJŠ. Vo vonkajšom areáli pribudne nová bylinková záhrada prispôsobená zrakovo postihnutým, pergola a opraví sa oporný múrik.
