{"id":12819,"date":"2022-09-02T13:45:11","date_gmt":"2022-09-02T13:45:11","guid":{"rendered":"https:\/\/www.upjs.sk\/pracoviska\/botanicka-zahrada\/root\/navstivte-nas\/akcie-2021\/"},"modified":"2022-10-05T09:04:35","modified_gmt":"2022-10-05T09:04:35","slug":"akcie-2021","status":"publish","type":"page","link":"https:\/\/www.upjs.sk\/pracoviska\/botanicka-zahrada\/navstivte-nas\/akcie-2021\/","title":{"rendered":"Kalend\u00e1r akci\u00ed v roku 2021"},"content":{"rendered":"<p style=\"text-align:justify\">\u00a0\u00a0\u00a0\u00a0V\u00e1\u017een\u00ed n\u00e1v\u0161tevn\u00edci, v roku 2021 pre V\u00e1s pripravujeme nieko\u013eko zauj\u00edmav\u00fdch akci\u00ed.\u00a0 O ich konan\u00ed V\u00e1s budeme priebe\u017ene informova\u0165. \u010eakujeme za pochopenie.<\/p>\n<ul>\n<li style=\"text-align: justify;\"><a href=\"\/pracoviska\/botanicka-zahrada\/navstivte-nas\/koncert-290821\/\">Augustov\u00fd letn\u00fd koncert<\/a> &#8211; <strong>29.8.2021<\/strong><br \/> \t16:00 Detsk\u00fd koncert Uja \u013duba a 18:30 koncert Pa\u013ea Hammela.<\/li>\n<li style=\"text-align: justify;\"><a href=\"https:\/\/www.upjs.sk\/pracoviska\/botanicka-zahrada\/aktuality\/koncert-040721\">Pozv\u00e1nka na koncert<\/a> &#8211; <strong>4.7.2021<\/strong><\/li>\n<li style=\"text-align: justify;\"><a href=\"https:\/\/www.upjs.sk\/pracoviska\/botanicka-zahrada\/aktuality\/hlina-hmyz-leto-2021\">Hlina a hmyz<\/a> &#8211; <strong>2.7. &#8211; 31.8.2021<\/strong><\/li>\n<li style=\"text-align: justify;\"><a href=\"\/pracoviska\/botanicka-zahrada\/navstivte-nas\/koncert-260621\/\">J\u00fanov\u00fd letn\u00fd koncert<\/a> &#8211; <strong>26.6.2021<\/strong><br \/> \t16:00 Detsk\u00fd koncert Paci Pac a 18:30 koncert Tom\u00e1\u0161a Buranovsk\u00e9ho a detsk\u00e9ho orchestra Klasik Band<\/li>\n<li style=\"text-align: justify;\"><a href=\"\/pracoviska\/botanicka-zahrada\/navstivte-nas\/parky-260621\/\">V\u00edkend otvoren\u00fdch parkov a z\u00e1hrad<\/a> &#8211; <strong>26.6.2021<\/strong> o 14:00 hod.<\/li>\n<li style=\"text-align: justify;\"><a href=\"https:\/\/www.upjs.sk\/pracoviska\/botanicka-zahrada\/aktuality\/bonsaje-2021\">CASSOVIA bonsai 2021<\/a> &#8211; 18. &#8211; 20.6.2021<\/li>\n<li style=\"text-align: justify;\"><a href=\"https:\/\/www.upjs.sk\/pracoviska\/botanicka-zahrada\/aktuality\/vystava-netopiere-maj2021\">Pozv\u00e1nka na v\u00fdstavu o netopieroch<\/a><strong> &#8211; <\/strong>m\u00e1j 2021<\/li>\n<\/ul>\n<hr \/>\n<p>\u2022 <a href=\"https:\/\/www.upjs.sk\/pracoviska\/botanicka-zahrada\/navstivte-nas\/akcie-2020\">Kalend\u00e1r akci\u00ed v roku 2020<\/a><\/p>\n","protected":false},"excerpt":{"rendered":"<p>\u00a0\u00a0\u00a0\u00a0V\u00e1\u017een\u00ed n\u00e1v\u0161tevn\u00edci, v roku 2021 pre V\u00e1s pripravujeme nieko\u013eko zauj\u00edmav\u00fdch akci\u00ed.\u00a0 O ich konan\u00ed V\u00e1s budeme priebe\u017ene informova\u0165. \u010eakujeme za pochopenie. Augustov\u00fd letn\u00fd koncert &#8211; 29.8.2021 16:00 Detsk\u00fd koncert Uja \u013duba a 18:30 koncert Pa\u013ea Hammela. Pozv\u00e1nka na koncert &#8211; 4.7.2021 Hlina a hmyz &#8211; 2.7. &#8211; 31.8.2021 J\u00fanov\u00fd letn\u00fd koncert &#8211; 26.6.2021 16:00 Detsk\u00fd &hellip; <a href=\"https:\/\/www.upjs.sk\/pracoviska\/botanicka-zahrada\/navstivte-nas\/akcie-2021\/\">\u010c\u00edta\u0165 \u010falej<\/a><\/p>\n","protected":false},"author":1,"featured_media":0,"parent":12810,"menu_order":8,"comment_status":"closed","ping_status":"closed","template":"","meta":{"_acf_changed":false,"_editorskit_title_hidden":false,"_editorskit_reading_time":0,"_editorskit_is_block_options_detached":false,"_editorskit_block_options_position":"{}","footnotes":""},"categories":[],"tags":[],"class_list":["post-12819","page","type-page","status-publish","hentry"],"acf":{"acf_link_na_externy_obsah":""},"yoast_head":"<!-- This site is optimized with the Yoast SEO plugin v27.4 - https:\/\/yoast.com\/product\/yoast-seo-wordpress\/ -->\n<title>Kalend\u00e1r akci\u00ed v roku 2021 - Botanick\u00e1 z\u00e1hrada<\/title>\n<meta name=\"robots\" content=\"index, follow, max-snippet:-1, max-image-preview:large, max-video-preview:-1\" \/>\n<link rel=\"canonical\" href=\"https:\/\/www.upjs.sk\/pracoviska\/botanicka-zahrada\/navstivte-nas\/akcie-2021\/\" \/>\n<meta property=\"og:locale\" content=\"sk_SK\" \/>\n<meta property=\"og:type\" content=\"article\" \/>\n<meta property=\"og:title\" content=\"Kalend\u00e1r akci\u00ed v roku 2021 - Botanick\u00e1 z\u00e1hrada\" \/>\n<meta property=\"og:description\" content=\"\u00a0\u00a0\u00a0\u00a0V\u00e1\u017een\u00ed n\u00e1v\u0161tevn\u00edci, v roku 2021 pre V\u00e1s pripravujeme nieko\u013eko zauj\u00edmav\u00fdch akci\u00ed.\u00a0 O ich konan\u00ed V\u00e1s budeme priebe\u017ene informova\u0165. \u010eakujeme za pochopenie. Augustov\u00fd letn\u00fd koncert &#8211; 29.8.2021 16:00 Detsk\u00fd koncert Uja \u013duba a 18:30 koncert Pa\u013ea Hammela. Pozv\u00e1nka na koncert &#8211; 4.7.2021 Hlina a hmyz &#8211; 2.7. &#8211; 31.8.2021 J\u00fanov\u00fd letn\u00fd koncert &#8211; 26.6.2021 16:00 Detsk\u00fd &hellip; \u010c\u00edta\u0165 \u010falej\" \/>\n<meta property=\"og:url\" content=\"https:\/\/www.upjs.sk\/pracoviska\/botanicka-zahrada\/navstivte-nas\/akcie-2021\/\" \/>\n<meta property=\"og:site_name\" content=\"Botanick\u00e1 z\u00e1hrada\" \/>\n<meta property=\"article:modified_time\" content=\"2022-10-05T09:04:35+00:00\" \/>\n<meta name=\"twitter:card\" content=\"summary_large_image\" \/>\n<meta name=\"twitter:label1\" content=\"Predpokladan\u00fd \u010das \u010d\u00edtania\" \/>\n\t<meta name=\"twitter:data1\" content=\"1 min\u00fata\" \/>\n<script type=\"application\/ld+json\" class=\"yoast-schema-graph\">{\"@context\":\"https:\\\/\\\/schema.org\",\"@graph\":[{\"@type\":\"WebPage\",\"@id\":\"https:\\\/\\\/www.upjs.sk\\\/pracoviska\\\/botanicka-zahrada\\\/navstivte-nas\\\/akcie-2021\\\/\",\"url\":\"https:\\\/\\\/www.upjs.sk\\\/pracoviska\\\/botanicka-zahrada\\\/navstivte-nas\\\/akcie-2021\\\/\",\"name\":\"Kalend\u00e1r akci\u00ed v roku 2021 - Botanick\u00e1 z\u00e1hrada\",\"isPartOf\":{\"@id\":\"https:\\\/\\\/www.upjs.sk\\\/pracoviska\\\/botanicka-zahrada\\\/#website\"},\"datePublished\":\"2022-09-02T13:45:11+00:00\",\"dateModified\":\"2022-10-05T09:04:35+00:00\",\"breadcrumb\":{\"@id\":\"https:\\\/\\\/www.upjs.sk\\\/pracoviska\\\/botanicka-zahrada\\\/navstivte-nas\\\/akcie-2021\\\/#breadcrumb\"},\"inLanguage\":\"sk-SK\",\"potentialAction\":[{\"@type\":\"ReadAction\",\"target\":[\"https:\\\/\\\/www.upjs.sk\\\/pracoviska\\\/botanicka-zahrada\\\/navstivte-nas\\\/akcie-2021\\\/\"]}]},{\"@type\":\"BreadcrumbList\",\"@id\":\"https:\\\/\\\/www.upjs.sk\\\/pracoviska\\\/botanicka-zahrada\\\/navstivte-nas\\\/akcie-2021\\\/#breadcrumb\",\"itemListElement\":[{\"@type\":\"ListItem\",\"position\":1,\"name\":\"Home\",\"item\":\"https:\\\/\\\/www.upjs.sk\\\/pracoviska\\\/botanicka-zahrada\\\/\"},{\"@type\":\"ListItem\",\"position\":2,\"name\":\"Nav\u0161t\u00edvte n\u00e1s\",\"item\":\"https:\\\/\\\/www.upjs.sk\\\/pracoviska\\\/botanicka-zahrada\\\/navstivte-nas\\\/\"},{\"@type\":\"ListItem\",\"position\":3,\"name\":\"Kalend\u00e1r akci\u00ed v roku 2021\"}]},{\"@type\":\"WebSite\",\"@id\":\"https:\\\/\\\/www.upjs.sk\\\/pracoviska\\\/botanicka-zahrada\\\/#website\",\"url\":\"https:\\\/\\\/www.upjs.sk\\\/pracoviska\\\/botanicka-zahrada\\\/\",\"name\":\"Botanick\u00e1 z\u00e1hrada\",\"description\":\"\",\"publisher\":{\"@id\":\"https:\\\/\\\/www.upjs.sk\\\/pracoviska\\\/botanicka-zahrada\\\/#organization\"},\"potentialAction\":[{\"@type\":\"SearchAction\",\"target\":{\"@type\":\"EntryPoint\",\"urlTemplate\":\"https:\\\/\\\/www.upjs.sk\\\/pracoviska\\\/botanicka-zahrada\\\/?s={search_term_string}\"},\"query-input\":{\"@type\":\"PropertyValueSpecification\",\"valueRequired\":true,\"valueName\":\"search_term_string\"}}],\"inLanguage\":\"sk-SK\"},{\"@type\":\"Organization\",\"@id\":\"https:\\\/\\\/www.upjs.sk\\\/pracoviska\\\/botanicka-zahrada\\\/#organization\",\"name\":\"Botanick\u00e1 z\u00e1hrada\",\"url\":\"https:\\\/\\\/www.upjs.sk\\\/pracoviska\\\/botanicka-zahrada\\\/\",\"logo\":{\"@type\":\"ImageObject\",\"inLanguage\":\"sk-SK\",\"@id\":\"https:\\\/\\\/www.upjs.sk\\\/pracoviska\\\/botanicka-zahrada\\\/#\\\/schema\\\/logo\\\/image\\\/\",\"url\":\"https:\\\/\\\/www.upjs.sk\\\/app\\\/uploads\\\/sites\\\/15\\\/2023\\\/01\\\/BZ-2.svg\",\"contentUrl\":\"https:\\\/\\\/www.upjs.sk\\\/app\\\/uploads\\\/sites\\\/15\\\/2023\\\/01\\\/BZ-2.svg\",\"width\":500,\"height\":138,\"caption\":\"Botanick\u00e1 z\u00e1hrada\"},\"image\":{\"@id\":\"https:\\\/\\\/www.upjs.sk\\\/pracoviska\\\/botanicka-zahrada\\\/#\\\/schema\\\/logo\\\/image\\\/\"}}]}<\/script>\n<!-- \/ Yoast SEO plugin. -->","yoast_head_json":{"title":"Kalend\u00e1r akci\u00ed v roku 2021 - Botanick\u00e1 z\u00e1hrada","robots":{"index":"index","follow":"follow","max-snippet":"max-snippet:-1","max-image-preview":"max-image-preview:large","max-video-preview":"max-video-preview:-1"},"canonical":"https:\/\/www.upjs.sk\/pracoviska\/botanicka-zahrada\/navstivte-nas\/akcie-2021\/","og_locale":"sk_SK","og_type":"article","og_title":"Kalend\u00e1r akci\u00ed v roku 2021 - Botanick\u00e1 z\u00e1hrada","og_description":"\u00a0\u00a0\u00a0\u00a0V\u00e1\u017een\u00ed n\u00e1v\u0161tevn\u00edci, v roku 2021 pre V\u00e1s pripravujeme nieko\u013eko zauj\u00edmav\u00fdch akci\u00ed.\u00a0 O ich konan\u00ed V\u00e1s budeme priebe\u017ene informova\u0165. \u010eakujeme za pochopenie. Augustov\u00fd letn\u00fd koncert &#8211; 29.8.2021 16:00 Detsk\u00fd koncert Uja \u013duba a 18:30 koncert Pa\u013ea Hammela. Pozv\u00e1nka na koncert &#8211; 4.7.2021 Hlina a hmyz &#8211; 2.7. &#8211; 31.8.2021 J\u00fanov\u00fd letn\u00fd koncert &#8211; 26.6.2021 16:00 Detsk\u00fd &hellip; \u010c\u00edta\u0165 \u010falej","og_url":"https:\/\/www.upjs.sk\/pracoviska\/botanicka-zahrada\/navstivte-nas\/akcie-2021\/","og_site_name":"Botanick\u00e1 z\u00e1hrada","article_modified_time":"2022-10-05T09:04:35+00:00","twitter_card":"summary_large_image","twitter_misc":{"Predpokladan\u00fd \u010das \u010d\u00edtania":"1 min\u00fata"},"schema":{"@context":"https:\/\/schema.org","@graph":[{"@type":"WebPage","@id":"https:\/\/www.upjs.sk\/pracoviska\/botanicka-zahrada\/navstivte-nas\/akcie-2021\/","url":"https:\/\/www.upjs.sk\/pracoviska\/botanicka-zahrada\/navstivte-nas\/akcie-2021\/","name":"Kalend\u00e1r akci\u00ed v roku 2021 - Botanick\u00e1 z\u00e1hrada","isPartOf":{"@id":"https:\/\/www.upjs.sk\/pracoviska\/botanicka-zahrada\/#website"},"datePublished":"2022-09-02T13:45:11+00:00","dateModified":"2022-10-05T09:04:35+00:00","breadcrumb":{"@id":"https:\/\/www.upjs.sk\/pracoviska\/botanicka-zahrada\/navstivte-nas\/akcie-2021\/#breadcrumb"},"inLanguage":"sk-SK","potentialAction":[{"@type":"ReadAction","target":["https:\/\/www.upjs.sk\/pracoviska\/botanicka-zahrada\/navstivte-nas\/akcie-2021\/"]}]},{"@type":"BreadcrumbList","@id":"https:\/\/www.upjs.sk\/pracoviska\/botanicka-zahrada\/navstivte-nas\/akcie-2021\/#breadcrumb","itemListElement":[{"@type":"ListItem","position":1,"name":"Home","item":"https:\/\/www.upjs.sk\/pracoviska\/botanicka-zahrada\/"},{"@type":"ListItem","position":2,"name":"Nav\u0161t\u00edvte n\u00e1s","item":"https:\/\/www.upjs.sk\/pracoviska\/botanicka-zahrada\/navstivte-nas\/"},{"@type":"ListItem","position":3,"name":"Kalend\u00e1r akci\u00ed v roku 2021"}]},{"@type":"WebSite","@id":"https:\/\/www.upjs.sk\/pracoviska\/botanicka-zahrada\/#website","url":"https:\/\/www.upjs.sk\/pracoviska\/botanicka-zahrada\/","name":"Botanick\u00e1 z\u00e1hrada","description":"","publisher":{"@id":"https:\/\/www.upjs.sk\/pracoviska\/botanicka-zahrada\/#organization"},"potentialAction":[{"@type":"SearchAction","target":{"@type":"EntryPoint","urlTemplate":"https:\/\/www.upjs.sk\/pracoviska\/botanicka-zahrada\/?s={search_term_string}"},"query-input":{"@type":"PropertyValueSpecification","valueRequired":true,"valueName":"search_term_string"}}],"inLanguage":"sk-SK"},{"@type":"Organization","@id":"https:\/\/www.upjs.sk\/pracoviska\/botanicka-zahrada\/#organization","name":"Botanick\u00e1 z\u00e1hrada","url":"https:\/\/www.upjs.sk\/pracoviska\/botanicka-zahrada\/","logo":{"@type":"ImageObject","inLanguage":"sk-SK","@id":"https:\/\/www.upjs.sk\/pracoviska\/botanicka-zahrada\/#\/schema\/logo\/image\/","url":"https:\/\/www.upjs.sk\/app\/uploads\/sites\/15\/2023\/01\/BZ-2.svg","contentUrl":"https:\/\/www.upjs.sk\/app\/uploads\/sites\/15\/2023\/01\/BZ-2.svg","width":500,"height":138,"caption":"Botanick\u00e1 z\u00e1hrada"},"image":{"@id":"https:\/\/www.upjs.sk\/pracoviska\/botanicka-zahrada\/#\/schema\/logo\/image\/"}}]}},"_links":{"self":[{"href":"https:\/\/www.upjs.sk\/pracoviska\/botanicka-zahrada\/wp-json\/wp\/v2\/pages\/12819","targetHints":{"allow":["GET"]}}],"collection":[{"href":"https:\/\/www.upjs.sk\/pracoviska\/botanicka-zahrada\/wp-json\/wp\/v2\/pages"}],"about":[{"href":"https:\/\/www.upjs.sk\/pracoviska\/botanicka-zahrada\/wp-json\/wp\/v2\/types\/page"}],"author":[{"embeddable":true,"href":"https:\/\/www.upjs.sk\/pracoviska\/botanicka-zahrada\/wp-json\/wp\/v2\/users\/1"}],"replies":[{"embeddable":true,"href":"https:\/\/www.upjs.sk\/pracoviska\/botanicka-zahrada\/wp-json\/wp\/v2\/comments?post=12819"}],"version-history":[{"count":1,"href":"https:\/\/www.upjs.sk\/pracoviska\/botanicka-zahrada\/wp-json\/wp\/v2\/pages\/12819\/revisions"}],"predecessor-version":[{"id":15796,"href":"https:\/\/www.upjs.sk\/pracoviska\/botanicka-zahrada\/wp-json\/wp\/v2\/pages\/12819\/revisions\/15796"}],"up":[{"embeddable":true,"href":"https:\/\/www.upjs.sk\/pracoviska\/botanicka-zahrada\/wp-json\/wp\/v2\/pages\/12810"}],"wp:attachment":[{"href":"https:\/\/www.upjs.sk\/pracoviska\/botanicka-zahrada\/wp-json\/wp\/v2\/media?parent=12819"}],"wp:term":[{"taxonomy":"category","embeddable":true,"href":"https:\/\/www.upjs.sk\/pracoviska\/botanicka-zahrada\/wp-json\/wp\/v2\/categories?post=12819"},{"taxonomy":"post_tag","embeddable":true,"href":"https:\/\/www.upjs.sk\/pracoviska\/botanicka-zahrada\/wp-json\/wp\/v2\/tags?post=12819"}],"curies":[{"name":"wp","href":"https:\/\/api.w.org\/{rel}","templated":true}]}}