{"id":15079,"date":"2022-06-22T14:03:08","date_gmt":"2022-06-22T14:03:08","guid":{"rendered":"https:\/\/www.upjs.sk\/pracoviska\/botanicka-zahrada\/root\/odborne-aktivity\/vyucba-2\/"},"modified":"2023-07-27T13:53:15","modified_gmt":"2023-07-27T13:53:15","slug":"vyucba-2","status":"publish","type":"page","link":"https:\/\/www.upjs.sk\/pracoviska\/botanicka-zahrada\/odborne-aktivity\/vyucba-2\/","title":{"rendered":"V\u00fdu\u010dba"},"content":{"rendered":"<p style=\"text-align: justify\">&nbsp;&nbsp;&nbsp;&nbsp;Botanick\u00e1 z\u00e1hrada UPJ\u0160 ako vedecko \u2013 pedagogick\u00e9 pracovisko sa podie\u013ea <strong>na v\u00fdu\u010dbe \u0161tudentov Univerzity P. J. \u0160af\u00e1rika<\/strong>. Prirodzen\u00fdm partnerom pre BZ je Katedra botaniky <a href=\"https:\/\/www.upjs.sk\/prirodovedecka-fakulta\/ustav\/ubev\/\">\u00dastavu biologick\u00fdch a&nbsp;ekologick\u00fdch vied<\/a> Pr\u00edrodovedeckej fakulty UPJ\u0160. Pracovn\u00edci BZ vyu\u010duj\u00fa v&nbsp;bakal\u00e1rskom \u0161tudijnom stupni na jednoodborovom a&nbsp;medziodborovom \u0161t\u00fadiu Biol\u00f3gie, ako aj na magisterskom \u0161tudijnom stupni v&nbsp;odbore Botanika a&nbsp;fyziol\u00f3gia rastl\u00edn a v&nbsp;odbore U\u010dite\u013estvo akademick\u00fdch predmetov \u2013 biol\u00f3gia. Samostatne alebo v&nbsp;spolupr\u00e1ci s&nbsp;pracovn\u00edkmi Katedry botaniky, pr\u00edpadne pracovn\u00edkmi in\u00fdch katedier \u00daBEV zabezpe\u010duj\u00fa v\u00fdu\u010dbu predmetov: Botanika II, Taxon\u00f3mia rastl\u00edn, Fytogeografia, Evolu\u010dn\u00e1 biol\u00f3gia, Integrovan\u00e1 ochrana rastl\u00edn, Embryol\u00f3gia rastl\u00edn, Dendrol\u00f3gia, V\u0161eobecn\u00e1 botanika a&nbsp;zabezpe\u010duj\u00fa aj cvi\u010denia z&nbsp;Fyziol\u00f3gie rastl\u00edn. Taktie\u017e ved\u00fa bakal\u00e1rske a&nbsp;magistersk\u00e9 z\u00e1vere\u010dn\u00e9 pr\u00e1ce \u0161tudentov uveden\u00fdch odborov, niektor\u00ed p\u00f4sobia ako ved\u00faci alebo konzultanti aj v&nbsp;doktorandskom stupni \u0161t\u00fadia v&nbsp;odbore Fyziol\u00f3gia rastl\u00edn.<\/p>\n<p style=\"text-align: justify\">&nbsp;&nbsp;&nbsp;&nbsp;Osobitn\u00fa kapitolu vzdel\u00e1vania dospel\u00fdch tvor\u00ed zapojenie sa Botanickej z\u00e1hrady do <strong>Univerzity tretieho veku<\/strong> (U3V)&nbsp; na UPJ\u0160. Botanick\u00e1 z\u00e1hrada garantuje \u0161tudijn\u00fd program \u201eRastliny v&nbsp;\u017eivotnom prostred\u00ed\u201c, kde pon\u00faka \u0161tandardn\u00e9 tri ro\u010dn\u00edky \u0161t\u00fadia a&nbsp;pre vytrval\u00fdch z\u00e1ujemcov aj \u0161tvrt\u00fd, nadstavbov\u00fd ro\u010dn\u00edk. \u0160tudenti Univerzity tretieho veku sa prostredn\u00edctvom predn\u00e1\u0161ok a&nbsp;praktick\u00fdch cvi\u010den\u00ed zamestnancov BZ a&nbsp;Katedry botaniky \u00dastavu biologick\u00fdch a&nbsp;ekologick\u00fdch vied PF UPJ\u0160 obozn\u00e1mia s&nbsp;teoretick\u00fdmi z\u00e1kladmi botaniky, evol\u00facie rastl\u00edn, fytogeografie a&nbsp;pomyselne nav\u0161t\u00edvia za rastlinami aj od\u013eahl\u00e9 kon\u010diny Zeme.&nbsp;Ve\u013ek\u00e1 \u010das\u0165 v\u00fdu\u010dby je zameran\u00e1 na pestovanie, o\u0161etrovanie a&nbsp;ochranu rastl\u00edn, s&nbsp;ktor\u00fdmi sa frekventanti stret\u00e1vaj\u00fa pri pestovan\u00ed v&nbsp;z\u00e1hrad\u00e1ch, ale aj pri pestovan\u00ed exotick\u00fdch rastl\u00edn ako kaktusov \u010di citrusov, lie\u010div\u00fdch rastl\u00edn alebo okrasn\u00fdch cibu\u013eov\u00edn. Ve\u013ek\u00fd z\u00e1ujem frekventantov sa t\u00fdka tie\u017e predn\u00e1\u0161ok o&nbsp;z\u00e1hradnej a&nbsp;krajinnej tvorbe a&nbsp;uplatnen\u00ed modern\u00fdch postupov a&nbsp;prvkov v&nbsp;t\u00fdchto odvetviach. Po tre\u0165om ro\u010dn\u00edku z\u00edskavaj\u00fa absolventi na prom\u00f3ci\u00e1ch diplom. Viac o&nbsp;\u0161t\u00fadiu na Univerzite 3. veku sa m\u00f4\u017eete dozvedie\u0165 na str\u00e1nkach <a href=\"https:\/\/www.upjs.sk\/pracoviska\/ccvapp\/\" target=\"_blank\" rel=\"noopener\">Centra pre celo\u017eivotn\u00e9 vzdel\u00e1vanie a&nbsp;podpory projektov UPJ\u0160.<\/a><\/p>\n","protected":false},"excerpt":{"rendered":"<p>&nbsp;&nbsp;&nbsp;&nbsp;Botanick\u00e1 z\u00e1hrada UPJ\u0160 ako vedecko \u2013 pedagogick\u00e9 pracovisko sa podie\u013ea na v\u00fdu\u010dbe \u0161tudentov Univerzity P. J. \u0160af\u00e1rika. Prirodzen\u00fdm partnerom pre BZ je Katedra botaniky \u00dastavu biologick\u00fdch a&nbsp;ekologick\u00fdch vied Pr\u00edrodovedeckej fakulty UPJ\u0160. Pracovn\u00edci BZ vyu\u010duj\u00fa v&nbsp;bakal\u00e1rskom \u0161tudijnom stupni na jednoodborovom a&nbsp;medziodborovom \u0161t\u00fadiu Biol\u00f3gie, ako aj na magisterskom \u0161tudijnom stupni v&nbsp;odbore Botanika a&nbsp;fyziol\u00f3gia rastl\u00edn a v&nbsp;odbore U\u010dite\u013estvo &hellip; <a href=\"https:\/\/www.upjs.sk\/pracoviska\/botanicka-zahrada\/odborne-aktivity\/vyucba-2\/\">\u010c\u00edta\u0165 \u010falej<\/a><\/p>\n","protected":false},"author":1,"featured_media":0,"parent":15020,"menu_order":12,"comment_status":"closed","ping_status":"closed","template":"","meta":{"_acf_changed":false,"_editorskit_title_hidden":false,"_editorskit_reading_time":0,"_editorskit_is_block_options_detached":false,"_editorskit_block_options_position":"{}","footnotes":""},"categories":[],"tags":[],"class_list":["post-15079","page","type-page","status-publish","hentry"],"acf":{"acf_link_na_externy_obsah":""},"yoast_head":"<!-- This site is optimized with the Yoast SEO plugin v27.4 - https:\/\/yoast.com\/product\/yoast-seo-wordpress\/ -->\n<title>V\u00fdu\u010dba - Botanick\u00e1 z\u00e1hrada<\/title>\n<meta name=\"robots\" content=\"index, follow, max-snippet:-1, max-image-preview:large, max-video-preview:-1\" \/>\n<link rel=\"canonical\" href=\"https:\/\/www.upjs.sk\/pracoviska\/botanicka-zahrada\/odborne-aktivity\/vyucba-2\/\" \/>\n<meta property=\"og:locale\" content=\"sk_SK\" \/>\n<meta property=\"og:type\" content=\"article\" \/>\n<meta property=\"og:title\" content=\"V\u00fdu\u010dba - Botanick\u00e1 z\u00e1hrada\" \/>\n<meta property=\"og:description\" content=\"&nbsp;&nbsp;&nbsp;&nbsp;Botanick\u00e1 z\u00e1hrada UPJ\u0160 ako vedecko \u2013 pedagogick\u00e9 pracovisko sa podie\u013ea na v\u00fdu\u010dbe \u0161tudentov Univerzity P. J. \u0160af\u00e1rika. Prirodzen\u00fdm partnerom pre BZ je Katedra botaniky \u00dastavu biologick\u00fdch a&nbsp;ekologick\u00fdch vied Pr\u00edrodovedeckej fakulty UPJ\u0160. Pracovn\u00edci BZ vyu\u010duj\u00fa v&nbsp;bakal\u00e1rskom \u0161tudijnom stupni na jednoodborovom a&nbsp;medziodborovom \u0161t\u00fadiu Biol\u00f3gie, ako aj na magisterskom \u0161tudijnom stupni v&nbsp;odbore Botanika a&nbsp;fyziol\u00f3gia rastl\u00edn a v&nbsp;odbore U\u010dite\u013estvo &hellip; \u010c\u00edta\u0165 \u010falej\" \/>\n<meta property=\"og:url\" content=\"https:\/\/www.upjs.sk\/pracoviska\/botanicka-zahrada\/odborne-aktivity\/vyucba-2\/\" \/>\n<meta property=\"og:site_name\" content=\"Botanick\u00e1 z\u00e1hrada\" \/>\n<meta property=\"article:modified_time\" content=\"2023-07-27T13:53:15+00:00\" \/>\n<meta name=\"twitter:card\" content=\"summary_large_image\" \/>\n<meta name=\"twitter:label1\" content=\"Predpokladan\u00fd \u010das \u010d\u00edtania\" \/>\n\t<meta name=\"twitter:data1\" content=\"2 min\u00faty\" \/>\n<script type=\"application\/ld+json\" class=\"yoast-schema-graph\">{\"@context\":\"https:\\\/\\\/schema.org\",\"@graph\":[{\"@type\":\"WebPage\",\"@id\":\"https:\\\/\\\/www.upjs.sk\\\/pracoviska\\\/botanicka-zahrada\\\/odborne-aktivity\\\/vyucba-2\\\/\",\"url\":\"https:\\\/\\\/www.upjs.sk\\\/pracoviska\\\/botanicka-zahrada\\\/odborne-aktivity\\\/vyucba-2\\\/\",\"name\":\"V\u00fdu\u010dba - Botanick\u00e1 z\u00e1hrada\",\"isPartOf\":{\"@id\":\"https:\\\/\\\/www.upjs.sk\\\/pracoviska\\\/botanicka-zahrada\\\/#website\"},\"datePublished\":\"2022-06-22T14:03:08+00:00\",\"dateModified\":\"2023-07-27T13:53:15+00:00\",\"breadcrumb\":{\"@id\":\"https:\\\/\\\/www.upjs.sk\\\/pracoviska\\\/botanicka-zahrada\\\/odborne-aktivity\\\/vyucba-2\\\/#breadcrumb\"},\"inLanguage\":\"sk-SK\",\"potentialAction\":[{\"@type\":\"ReadAction\",\"target\":[\"https:\\\/\\\/www.upjs.sk\\\/pracoviska\\\/botanicka-zahrada\\\/odborne-aktivity\\\/vyucba-2\\\/\"]}]},{\"@type\":\"BreadcrumbList\",\"@id\":\"https:\\\/\\\/www.upjs.sk\\\/pracoviska\\\/botanicka-zahrada\\\/odborne-aktivity\\\/vyucba-2\\\/#breadcrumb\",\"itemListElement\":[{\"@type\":\"ListItem\",\"position\":1,\"name\":\"Home\",\"item\":\"https:\\\/\\\/www.upjs.sk\\\/pracoviska\\\/botanicka-zahrada\\\/\"},{\"@type\":\"ListItem\",\"position\":2,\"name\":\"Odborn\u00e9 aktivity\",\"item\":\"https:\\\/\\\/www.upjs.sk\\\/pracoviska\\\/botanicka-zahrada\\\/odborne-aktivity\\\/\"},{\"@type\":\"ListItem\",\"position\":3,\"name\":\"V\u00fdu\u010dba\"}]},{\"@type\":\"WebSite\",\"@id\":\"https:\\\/\\\/www.upjs.sk\\\/pracoviska\\\/botanicka-zahrada\\\/#website\",\"url\":\"https:\\\/\\\/www.upjs.sk\\\/pracoviska\\\/botanicka-zahrada\\\/\",\"name\":\"Botanick\u00e1 z\u00e1hrada\",\"description\":\"\",\"publisher\":{\"@id\":\"https:\\\/\\\/www.upjs.sk\\\/pracoviska\\\/botanicka-zahrada\\\/#organization\"},\"potentialAction\":[{\"@type\":\"SearchAction\",\"target\":{\"@type\":\"EntryPoint\",\"urlTemplate\":\"https:\\\/\\\/www.upjs.sk\\\/pracoviska\\\/botanicka-zahrada\\\/?s={search_term_string}\"},\"query-input\":{\"@type\":\"PropertyValueSpecification\",\"valueRequired\":true,\"valueName\":\"search_term_string\"}}],\"inLanguage\":\"sk-SK\"},{\"@type\":\"Organization\",\"@id\":\"https:\\\/\\\/www.upjs.sk\\\/pracoviska\\\/botanicka-zahrada\\\/#organization\",\"name\":\"Botanick\u00e1 z\u00e1hrada\",\"url\":\"https:\\\/\\\/www.upjs.sk\\\/pracoviska\\\/botanicka-zahrada\\\/\",\"logo\":{\"@type\":\"ImageObject\",\"inLanguage\":\"sk-SK\",\"@id\":\"https:\\\/\\\/www.upjs.sk\\\/pracoviska\\\/botanicka-zahrada\\\/#\\\/schema\\\/logo\\\/image\\\/\",\"url\":\"https:\\\/\\\/www.upjs.sk\\\/app\\\/uploads\\\/sites\\\/15\\\/2023\\\/01\\\/BZ-2.svg\",\"contentUrl\":\"https:\\\/\\\/www.upjs.sk\\\/app\\\/uploads\\\/sites\\\/15\\\/2023\\\/01\\\/BZ-2.svg\",\"width\":500,\"height\":138,\"caption\":\"Botanick\u00e1 z\u00e1hrada\"},\"image\":{\"@id\":\"https:\\\/\\\/www.upjs.sk\\\/pracoviska\\\/botanicka-zahrada\\\/#\\\/schema\\\/logo\\\/image\\\/\"}}]}<\/script>\n<!-- \/ Yoast SEO plugin. -->","yoast_head_json":{"title":"V\u00fdu\u010dba - Botanick\u00e1 z\u00e1hrada","robots":{"index":"index","follow":"follow","max-snippet":"max-snippet:-1","max-image-preview":"max-image-preview:large","max-video-preview":"max-video-preview:-1"},"canonical":"https:\/\/www.upjs.sk\/pracoviska\/botanicka-zahrada\/odborne-aktivity\/vyucba-2\/","og_locale":"sk_SK","og_type":"article","og_title":"V\u00fdu\u010dba - Botanick\u00e1 z\u00e1hrada","og_description":"&nbsp;&nbsp;&nbsp;&nbsp;Botanick\u00e1 z\u00e1hrada UPJ\u0160 ako vedecko \u2013 pedagogick\u00e9 pracovisko sa podie\u013ea na v\u00fdu\u010dbe \u0161tudentov Univerzity P. J. \u0160af\u00e1rika. Prirodzen\u00fdm partnerom pre BZ je Katedra botaniky \u00dastavu biologick\u00fdch a&nbsp;ekologick\u00fdch vied Pr\u00edrodovedeckej fakulty UPJ\u0160. Pracovn\u00edci BZ vyu\u010duj\u00fa v&nbsp;bakal\u00e1rskom \u0161tudijnom stupni na jednoodborovom a&nbsp;medziodborovom \u0161t\u00fadiu Biol\u00f3gie, ako aj na magisterskom \u0161tudijnom stupni v&nbsp;odbore Botanika a&nbsp;fyziol\u00f3gia rastl\u00edn a v&nbsp;odbore U\u010dite\u013estvo &hellip; \u010c\u00edta\u0165 \u010falej","og_url":"https:\/\/www.upjs.sk\/pracoviska\/botanicka-zahrada\/odborne-aktivity\/vyucba-2\/","og_site_name":"Botanick\u00e1 z\u00e1hrada","article_modified_time":"2023-07-27T13:53:15+00:00","twitter_card":"summary_large_image","twitter_misc":{"Predpokladan\u00fd \u010das \u010d\u00edtania":"2 min\u00faty"},"schema":{"@context":"https:\/\/schema.org","@graph":[{"@type":"WebPage","@id":"https:\/\/www.upjs.sk\/pracoviska\/botanicka-zahrada\/odborne-aktivity\/vyucba-2\/","url":"https:\/\/www.upjs.sk\/pracoviska\/botanicka-zahrada\/odborne-aktivity\/vyucba-2\/","name":"V\u00fdu\u010dba - Botanick\u00e1 z\u00e1hrada","isPartOf":{"@id":"https:\/\/www.upjs.sk\/pracoviska\/botanicka-zahrada\/#website"},"datePublished":"2022-06-22T14:03:08+00:00","dateModified":"2023-07-27T13:53:15+00:00","breadcrumb":{"@id":"https:\/\/www.upjs.sk\/pracoviska\/botanicka-zahrada\/odborne-aktivity\/vyucba-2\/#breadcrumb"},"inLanguage":"sk-SK","potentialAction":[{"@type":"ReadAction","target":["https:\/\/www.upjs.sk\/pracoviska\/botanicka-zahrada\/odborne-aktivity\/vyucba-2\/"]}]},{"@type":"BreadcrumbList","@id":"https:\/\/www.upjs.sk\/pracoviska\/botanicka-zahrada\/odborne-aktivity\/vyucba-2\/#breadcrumb","itemListElement":[{"@type":"ListItem","position":1,"name":"Home","item":"https:\/\/www.upjs.sk\/pracoviska\/botanicka-zahrada\/"},{"@type":"ListItem","position":2,"name":"Odborn\u00e9 aktivity","item":"https:\/\/www.upjs.sk\/pracoviska\/botanicka-zahrada\/odborne-aktivity\/"},{"@type":"ListItem","position":3,"name":"V\u00fdu\u010dba"}]},{"@type":"WebSite","@id":"https:\/\/www.upjs.sk\/pracoviska\/botanicka-zahrada\/#website","url":"https:\/\/www.upjs.sk\/pracoviska\/botanicka-zahrada\/","name":"Botanick\u00e1 z\u00e1hrada","description":"","publisher":{"@id":"https:\/\/www.upjs.sk\/pracoviska\/botanicka-zahrada\/#organization"},"potentialAction":[{"@type":"SearchAction","target":{"@type":"EntryPoint","urlTemplate":"https:\/\/www.upjs.sk\/pracoviska\/botanicka-zahrada\/?s={search_term_string}"},"query-input":{"@type":"PropertyValueSpecification","valueRequired":true,"valueName":"search_term_string"}}],"inLanguage":"sk-SK"},{"@type":"Organization","@id":"https:\/\/www.upjs.sk\/pracoviska\/botanicka-zahrada\/#organization","name":"Botanick\u00e1 z\u00e1hrada","url":"https:\/\/www.upjs.sk\/pracoviska\/botanicka-zahrada\/","logo":{"@type":"ImageObject","inLanguage":"sk-SK","@id":"https:\/\/www.upjs.sk\/pracoviska\/botanicka-zahrada\/#\/schema\/logo\/image\/","url":"https:\/\/www.upjs.sk\/app\/uploads\/sites\/15\/2023\/01\/BZ-2.svg","contentUrl":"https:\/\/www.upjs.sk\/app\/uploads\/sites\/15\/2023\/01\/BZ-2.svg","width":500,"height":138,"caption":"Botanick\u00e1 z\u00e1hrada"},"image":{"@id":"https:\/\/www.upjs.sk\/pracoviska\/botanicka-zahrada\/#\/schema\/logo\/image\/"}}]}},"_links":{"self":[{"href":"https:\/\/www.upjs.sk\/pracoviska\/botanicka-zahrada\/wp-json\/wp\/v2\/pages\/15079","targetHints":{"allow":["GET"]}}],"collection":[{"href":"https:\/\/www.upjs.sk\/pracoviska\/botanicka-zahrada\/wp-json\/wp\/v2\/pages"}],"about":[{"href":"https:\/\/www.upjs.sk\/pracoviska\/botanicka-zahrada\/wp-json\/wp\/v2\/types\/page"}],"author":[{"embeddable":true,"href":"https:\/\/www.upjs.sk\/pracoviska\/botanicka-zahrada\/wp-json\/wp\/v2\/users\/1"}],"replies":[{"embeddable":true,"href":"https:\/\/www.upjs.sk\/pracoviska\/botanicka-zahrada\/wp-json\/wp\/v2\/comments?post=15079"}],"version-history":[{"count":4,"href":"https:\/\/www.upjs.sk\/pracoviska\/botanicka-zahrada\/wp-json\/wp\/v2\/pages\/15079\/revisions"}],"predecessor-version":[{"id":21227,"href":"https:\/\/www.upjs.sk\/pracoviska\/botanicka-zahrada\/wp-json\/wp\/v2\/pages\/15079\/revisions\/21227"}],"up":[{"embeddable":true,"href":"https:\/\/www.upjs.sk\/pracoviska\/botanicka-zahrada\/wp-json\/wp\/v2\/pages\/15020"}],"wp:attachment":[{"href":"https:\/\/www.upjs.sk\/pracoviska\/botanicka-zahrada\/wp-json\/wp\/v2\/media?parent=15079"}],"wp:term":[{"taxonomy":"category","embeddable":true,"href":"https:\/\/www.upjs.sk\/pracoviska\/botanicka-zahrada\/wp-json\/wp\/v2\/categories?post=15079"},{"taxonomy":"post_tag","embeddable":true,"href":"https:\/\/www.upjs.sk\/pracoviska\/botanicka-zahrada\/wp-json\/wp\/v2\/tags?post=15079"}],"curies":[{"name":"wp","href":"https:\/\/api.w.org\/{rel}","templated":true}]}}