{"id":15274,"date":"2022-06-22T14:03:08","date_gmt":"2022-06-22T14:03:08","guid":{"rendered":"https:\/\/www.upjs.sk\/pracoviska\/botanicka-zahrada\/root\/odborne-aktivity\/volume-10-contents\/"},"modified":"2024-08-27T08:31:29","modified_gmt":"2024-08-27T08:31:29","slug":"volume-10-contents","status":"publish","type":"page","link":"https:\/\/www.upjs.sk\/pracoviska\/botanicka-zahrada\/odborne-aktivity\/thaiszia-2\/volume-10-contents\/","title":{"rendered":"THAISZIA &#8211; JOURNAL OF BOTANY, Volume 10, 2000 &#8211; contents"},"content":{"rendered":"\n<p><strong>THAISZIA \u2013 JOURNAL OF BOTANY<\/strong><\/p>\n\n\n\n<p><strong>vol. 10, 2000 \u2013 Contents<br>vol. 10\/1 editum 15 December 2000<br>vol. 10\/2 editum 18 April 2001<\/strong><\/p>\n\n\n\n<p><strong><a href=\"https:\/\/www.upjs.sk\/app\/uploads\/sites\/15\/2024\/04\/Cover-page-10_1_2000_full.pdf\" target=\"_blank\" aria-label=\"Cover page 10\/1 (opens in a new tab)\" rel=\"noreferrer noopener\" class=\"ek-link\"><mark style=\"background-color:rgba(0, 0, 0, 0)\" class=\"has-inline-color has-zakladna-zlata-color\">Cover page 10\/1<\/mark><\/a><mark style=\"background-color:rgba(0, 0, 0, 0)\" class=\"has-inline-color has-zakladna-zlata-color\"><br><\/mark><a href=\"https:\/\/www.upjs.sk\/app\/uploads\/sites\/15\/2024\/04\/Cover-page-10_2_2000-2001_full.pdf\" target=\"_blank\" aria-label=\"Cover page 10\/2 (opens in a new tab)\" rel=\"noreferrer noopener\" class=\"ek-link\"><mark style=\"background-color:rgba(0, 0, 0, 0)\" class=\"has-inline-color has-zakladna-zlata-color\">Cover page 10\/2<\/mark><\/a><\/strong><\/p>\n\n\n\n<div style=\"text-align: justify;\"><strong>TR\u00c1VN\u00cd\u010cEK B. (2000): <\/strong>Notes on the taxonomy of <em>Pseudolysimachion<\/em> <em>longifolium<\/em> complex (Scrophulariaceae). \u2013 Thaiszia \u2013 J. Bot. 10: 1-26. \u2013 ISSN 1210-0420.<\/div>\n\n\n\n<div style=\"text-align: justify;\"><a href=\"https:\/\/www.upjs.sk\/app\/uploads\/sites\/15\/2022\/10\/thaiszia-10-001-026-2000-travnicek.pdf\" target=\"_blank\" rel=\"noopener\">full text<\/a><\/div>\n\n\n\n<div style=\"text-align: justify;\"><strong>MART\u00cdN MOSQUERO M. A., JUAN R., PASTOR J. (2000): <\/strong>Morphological and anatomical studies on nutlets of <em>Stachys <\/em>(Lamiaceae) from south-west Spain. \u2013 Thaiszia \u2013 J. Bot. 10: 27-38. \u2013 ISSN 1210-0420.<\/div>\n\n\n\n<div style=\"text-align: justify;\"><a href=\"https:\/\/www.upjs.sk\/app\/uploads\/sites\/15\/2022\/10\/thaiszia-10-027-038-2000-martin-mosquero.pdf\" target=\"_blank\" rel=\"noopener\">full text<\/a><\/div>\n\n\n\n<div style=\"text-align: justify;\"><strong>DANILOV R. A., PASCHENKO M. N. &amp; EKELUND N. G. A. (2000): <\/strong>The influence of beavers on phytoplankton communities in three forest rivers in the district of St. Petersburg, NW Russia. \u2013 Thaiszia \u2013 J. Bot. 10: 39-46. \u2013 ISSN 1210-0420.<\/div>\n\n\n\n<div style=\"text-align: justify;\"><a href=\"https:\/\/www.upjs.sk\/app\/uploads\/sites\/15\/2022\/10\/thaiszia-10-039-046-2000-danilov.pdf\" target=\"_blank\" rel=\"noopener\">full text<\/a><\/div>\n\n\n\n<div style=\"text-align: justify;\"><strong>BLAN\u00c1R D. &amp; \u0160OLT\u00c9S R. (2000): <\/strong>The glacial relic moss species <em>Helodium blandowii<\/em> in the Veporsk\u00e9 vrchy Hills (Slovakia). \u2013 Thaiszia \u2013 J. Bot. 10: 47-51. \u2013 ISSN 1210-0420.<\/div>\n\n\n\n<div style=\"text-align: justify;\"><a href=\"https:\/\/www.upjs.sk\/app\/uploads\/sites\/15\/2022\/10\/thaiszia-10-047-051-2000-blanar.pdf\" target=\"_blank\" rel=\"noopener\">full text<\/a><\/div>\n\n\n\n<div style=\"text-align: justify;\"><strong>GREJTOVSK\u00dd A., M\u00c1RTONFI P. &amp; ELIA\u0160OV\u00c1 A. (2000): <\/strong>Soil chemistry data for 533 Central European vascular plant taxa. \u2013 Thaiszia &#8211; J. Bot. 10: 53-92. \u2013 ISSN 1210-0420.<\/div>\n\n\n\n<div style=\"text-align: justify;\"><a href=\"https:\/\/www.upjs.sk\/app\/uploads\/sites\/15\/2022\/10\/thaiszia-10-053-092-2000-grejtovsky.pdf\" target=\"_blank\" rel=\"noopener\">full text<\/a><\/div>\n\n\n\n<div style=\"text-align: justify;\"><strong>KU\u010cERA V. (2001): <\/strong>Erysiphales in the valley of the river Vydrica (Mal\u00e9 Karpaty Mts.). \u2013 Thaiszia \u2013 J. Bot. 10: 101-110. \u2013 ISSN 1210-0420.<\/div>\n\n\n\n<div style=\"text-align: justify;\"><a href=\"https:\/\/www.upjs.sk\/app\/uploads\/sites\/15\/2022\/10\/thaiszia-10-101-110-2001-kucera.pdf\" target=\"_blank\" rel=\"noopener\">full text<\/a><\/div>\n\n\n\n<div style=\"text-align: justify;\"><strong>\u0160OLT\u00c9S R. (2001): <\/strong>The arcto-alpine moss <em>Andreaea obovata <\/em>Thed. in the Tatra Mts., Slovakia. \u2013 Thaiszia \u2013 J. Bot. 10: 111-114. \u2013 ISSN 1210-0420.<\/div>\n\n\n\n<div style=\"text-align: justify;\"><a href=\"https:\/\/www.upjs.sk\/app\/uploads\/sites\/15\/2022\/10\/thaiszia-10-111-114-2001-soltes.pdf\" target=\"_blank\" rel=\"noopener\">full text<\/a><\/div>\n\n\n\n<div style=\"text-align: justify;\"><strong>STARM\u00dcHLER W. &amp; MITKA J. (2001): <\/strong>Systematics and chorology of <em>Aconitum<\/em> sect. <em>Napellus<\/em> (Ranunculaceae) and its hybrids in the Northern and Forest Carpathians. \u2013 Thaiszia \u2013 J. Bot. 10: 115-136. \u2013 ISSN 1210-0420.<\/div>\n\n\n\n<div style=\"text-align: justify;\"><a href=\"https:\/\/www.upjs.sk\/app\/uploads\/sites\/15\/2022\/10\/thaiszia-10-115-136-2000-starmuhlaer.pdf\" target=\"_blank\" rel=\"noopener\">full text<\/a><\/div>\n\n\n\n<div style=\"text-align: justify;\"><strong>MALALLAH G., AL-DOSARI M. &amp; MUR\u00cdN A. (2001): <\/strong>Determination of chromosome numbers in Kuwaiti flora II. \u2013 Thaiszia \u2013 J. Bot. 10: 137-150. \u2013 ISSN 1210-0420.<\/div>\n\n\n\n<div style=\"text-align: justify;\"><a href=\"https:\/\/www.upjs.sk\/app\/uploads\/sites\/15\/2022\/10\/thaiszia-10-137-150-2001-malallah.pdf\" target=\"_blank\" rel=\"noopener\">full text<\/a><\/div>\n\n\n\n<div style=\"text-align: justify;\"><strong>ANENKHONOV O. A., HOD\u00c1LOV\u00c1 I., VALACHOVI\u010c M., MATISOV\u00c1 V., KUBINSK\u00c1 A. &amp; PI\u0160\u00daT I. (2001): <\/strong>List of vascular plants, lichens and mosses of the Gremja\u010daja Valley, Barguzinskij Range, East Siberia. \u2013 Thaiszia \u2013 J. Bot. 10: 151-163. \u2013 ISSN 1210-0420.<\/div>\n\n\n\n<div style=\"text-align: justify;\"><a href=\"https:\/\/www.upjs.sk\/app\/uploads\/sites\/15\/2022\/10\/thaiszia-10-151-163-2001-anenkhonov.pdf\" target=\"_blank\" rel=\"noopener\">full text<\/a><\/div>\n\n\n\n<div style=\"text-align: justify;\"><strong>\u0160OM\u0160\u00c1K L. &amp; VYKOUKOV\u00c1 I. (2001): <\/strong>Vegetation of seasonal roads in calamity spruce forests of N\u00e1lepkovo (Slovensk\u00e9 rudohorie Mts.). \u2013 Thaiszia \u2013 J. Bot. 10: 165-170. \u2013 ISSN 1210-0420.<\/div>\n\n\n\n<div style=\"text-align: justify;\"><a href=\"https:\/\/www.upjs.sk\/app\/uploads\/sites\/15\/2022\/10\/thaiszia-10-165-170-2001-somsak.pdf\" target=\"_blank\" rel=\"noopener\">full text<\/a><\/div>\n\n\n\n<div style=\"text-align: justify;\"><strong>\u0160OM\u0160\u00c1K L. &amp; HALU\u0160KOV\u00c1 A. (2001): <\/strong>Development of glade vegetation after secondary spruce forest cutting in Spi\u0161 part of Slovensk\u00e9 rudohorie Mts. \u2013 Thaiszia \u2013 J. Bot. 10: 171-180. \u2013 ISSN 1210-0420.<\/div>\n\n\n\n<div style=\"text-align: justify;\"><a href=\"https:\/\/www.upjs.sk\/app\/uploads\/sites\/15\/2022\/10\/thaiszia-10-171-180-2001-somsak.pdf\" target=\"_blank\" rel=\"noopener\">full text<\/a><\/div>\n\n\n<style>.wp-block-kadence-spacer.kt-block-spacer-15274_efbb38-a2 .kt-block-spacer{height:20px;}.wp-block-kadence-spacer.kt-block-spacer-15274_efbb38-a2 .kt-divider{border-top-width:1px;height:1px;border-top-color:#eee;width:100%;border-top-style:solid;}<\/style>\n<div class=\"wp-block-kadence-spacer aligncenter kt-block-spacer-15274_efbb38-a2\"><div class=\"kt-block-spacer kt-block-spacer-halign-center\"><hr class=\"kt-divider\"\/><\/div><\/div>\n\n\n\n<p><a href=\"https:\/\/www.upjs.sk\/app\/uploads\/sites\/15\/2024\/04\/10-2000-Books-review_1.pdf\" target=\"_blank\" aria-label=\"Book reviews 1 (opens in a new tab)\" rel=\"noreferrer noopener\" class=\"ek-link\"><strong><mark style=\"background-color:rgba(0, 0, 0, 0)\" class=\"has-inline-color has-zakladna-zlata-color\">Book reviews 1<\/mark><\/strong><\/a><mark style=\"background-color:rgba(0, 0, 0, 0)\" class=\"has-inline-color has-zakladna-zlata-color\"><br><\/mark><strong><a href=\"https:\/\/www.upjs.sk\/app\/uploads\/sites\/15\/2024\/04\/10-2000-Books-review_2.pdf\" target=\"_blank\" aria-label=\"Book reviews 2 (opens in a new tab)\" rel=\"noreferrer noopener\" class=\"ek-link\"><mark style=\"background-color:rgba(0, 0, 0, 0)\" class=\"has-inline-color has-zakladna-zlata-color\">Book reviews 2<\/mark><\/a><\/strong><\/p>\n","protected":false},"excerpt":{"rendered":"<p>THAISZIA \u2013 JOURNAL OF BOTANY vol. 10, 2000 \u2013 Contentsvol. 10\/1 editum 15 December 2000vol. 10\/2 editum 18 April 2001 Cover page 10\/1Cover page 10\/2 TR\u00c1VN\u00cd\u010cEK B. (2000): Notes on the taxonomy of Pseudolysimachion longifolium complex (Scrophulariaceae). \u2013 Thaiszia \u2013 J. Bot. 10: 1-26. \u2013 ISSN 1210-0420. full text MART\u00cdN MOSQUERO M. A., JUAN R., &hellip; <a href=\"https:\/\/www.upjs.sk\/pracoviska\/botanicka-zahrada\/odborne-aktivity\/thaiszia-2\/volume-10-contents\/\">\u010c\u00edta\u0165 \u010falej<\/a><\/p>\n","protected":false},"author":1,"featured_media":0,"parent":15189,"menu_order":57,"comment_status":"closed","ping_status":"closed","template":"","meta":{"_acf_changed":false,"_editorskit_title_hidden":false,"_editorskit_reading_time":0,"_editorskit_is_block_options_detached":false,"_editorskit_block_options_position":"{}","footnotes":""},"categories":[],"tags":[],"class_list":["post-15274","page","type-page","status-publish","hentry"],"acf":{"acf_link_na_externy_obsah":""},"yoast_head":"<!-- This site is optimized with the Yoast SEO plugin v27.5 - https:\/\/yoast.com\/product\/yoast-seo-wordpress\/ -->\n<title>THAISZIA - JOURNAL OF BOTANY, Volume 10, 2000 - contents - Botanick\u00e1 z\u00e1hrada<\/title>\n<meta name=\"robots\" content=\"index, follow, max-snippet:-1, max-image-preview:large, max-video-preview:-1\" \/>\n<link rel=\"canonical\" href=\"https:\/\/www.upjs.sk\/pracoviska\/botanicka-zahrada\/odborne-aktivity\/thaiszia-2\/volume-10-contents\/\" \/>\n<meta property=\"og:locale\" content=\"sk_SK\" \/>\n<meta property=\"og:type\" content=\"article\" \/>\n<meta property=\"og:title\" content=\"THAISZIA - JOURNAL OF BOTANY, Volume 10, 2000 - contents - Botanick\u00e1 z\u00e1hrada\" \/>\n<meta property=\"og:description\" content=\"THAISZIA \u2013 JOURNAL OF BOTANY vol. 10, 2000 \u2013 Contentsvol. 10\/1 editum 15 December 2000vol. 10\/2 editum 18 April 2001 Cover page 10\/1Cover page 10\/2 TR\u00c1VN\u00cd\u010cEK B. (2000): Notes on the taxonomy of Pseudolysimachion longifolium complex (Scrophulariaceae). \u2013 Thaiszia \u2013 J. Bot. 10: 1-26. \u2013 ISSN 1210-0420. full text MART\u00cdN MOSQUERO M. A., JUAN R., &hellip; \u010c\u00edta\u0165 \u010falej\" \/>\n<meta property=\"og:url\" content=\"https:\/\/www.upjs.sk\/pracoviska\/botanicka-zahrada\/odborne-aktivity\/thaiszia-2\/volume-10-contents\/\" \/>\n<meta property=\"og:site_name\" content=\"Botanick\u00e1 z\u00e1hrada\" \/>\n<meta property=\"article:modified_time\" content=\"2024-08-27T08:31:29+00:00\" \/>\n<meta name=\"twitter:card\" content=\"summary_large_image\" \/>\n<meta name=\"twitter:label1\" content=\"Predpokladan\u00fd \u010das \u010d\u00edtania\" \/>\n\t<meta name=\"twitter:data1\" content=\"3 min\u00faty\" \/>\n<script type=\"application\/ld+json\" class=\"yoast-schema-graph\">{\"@context\":\"https:\\\/\\\/schema.org\",\"@graph\":[{\"@type\":\"WebPage\",\"@id\":\"https:\\\/\\\/www.upjs.sk\\\/pracoviska\\\/botanicka-zahrada\\\/odborne-aktivity\\\/thaiszia-2\\\/volume-10-contents\\\/\",\"url\":\"https:\\\/\\\/www.upjs.sk\\\/pracoviska\\\/botanicka-zahrada\\\/odborne-aktivity\\\/thaiszia-2\\\/volume-10-contents\\\/\",\"name\":\"THAISZIA - JOURNAL OF BOTANY, Volume 10, 2000 - contents - Botanick\u00e1 z\u00e1hrada\",\"isPartOf\":{\"@id\":\"https:\\\/\\\/www.upjs.sk\\\/pracoviska\\\/botanicka-zahrada\\\/#website\"},\"datePublished\":\"2022-06-22T14:03:08+00:00\",\"dateModified\":\"2024-08-27T08:31:29+00:00\",\"breadcrumb\":{\"@id\":\"https:\\\/\\\/www.upjs.sk\\\/pracoviska\\\/botanicka-zahrada\\\/odborne-aktivity\\\/thaiszia-2\\\/volume-10-contents\\\/#breadcrumb\"},\"inLanguage\":\"sk-SK\",\"potentialAction\":[{\"@type\":\"ReadAction\",\"target\":[\"https:\\\/\\\/www.upjs.sk\\\/pracoviska\\\/botanicka-zahrada\\\/odborne-aktivity\\\/thaiszia-2\\\/volume-10-contents\\\/\"]}]},{\"@type\":\"BreadcrumbList\",\"@id\":\"https:\\\/\\\/www.upjs.sk\\\/pracoviska\\\/botanicka-zahrada\\\/odborne-aktivity\\\/thaiszia-2\\\/volume-10-contents\\\/#breadcrumb\",\"itemListElement\":[{\"@type\":\"ListItem\",\"position\":1,\"name\":\"Home\",\"item\":\"https:\\\/\\\/www.upjs.sk\\\/pracoviska\\\/botanicka-zahrada\\\/\"},{\"@type\":\"ListItem\",\"position\":2,\"name\":\"Odborn\u00e9 aktivity\",\"item\":\"https:\\\/\\\/www.upjs.sk\\\/pracoviska\\\/botanicka-zahrada\\\/odborne-aktivity\\\/\"},{\"@type\":\"ListItem\",\"position\":3,\"name\":\"Thaiszia \u2013 Journal of Botany\",\"item\":\"https:\\\/\\\/www.upjs.sk\\\/pracoviska\\\/botanicka-zahrada\\\/odborne-aktivity\\\/thaiszia-2\\\/\"},{\"@type\":\"ListItem\",\"position\":4,\"name\":\"THAISZIA &#8211; JOURNAL OF BOTANY, Volume 10, 2000 &#8211; contents\"}]},{\"@type\":\"WebSite\",\"@id\":\"https:\\\/\\\/www.upjs.sk\\\/pracoviska\\\/botanicka-zahrada\\\/#website\",\"url\":\"https:\\\/\\\/www.upjs.sk\\\/pracoviska\\\/botanicka-zahrada\\\/\",\"name\":\"Botanick\u00e1 z\u00e1hrada\",\"description\":\"\",\"publisher\":{\"@id\":\"https:\\\/\\\/www.upjs.sk\\\/pracoviska\\\/botanicka-zahrada\\\/#organization\"},\"potentialAction\":[{\"@type\":\"SearchAction\",\"target\":{\"@type\":\"EntryPoint\",\"urlTemplate\":\"https:\\\/\\\/www.upjs.sk\\\/pracoviska\\\/botanicka-zahrada\\\/?s={search_term_string}\"},\"query-input\":{\"@type\":\"PropertyValueSpecification\",\"valueRequired\":true,\"valueName\":\"search_term_string\"}}],\"inLanguage\":\"sk-SK\"},{\"@type\":\"Organization\",\"@id\":\"https:\\\/\\\/www.upjs.sk\\\/pracoviska\\\/botanicka-zahrada\\\/#organization\",\"name\":\"Botanick\u00e1 z\u00e1hrada\",\"url\":\"https:\\\/\\\/www.upjs.sk\\\/pracoviska\\\/botanicka-zahrada\\\/\",\"logo\":{\"@type\":\"ImageObject\",\"inLanguage\":\"sk-SK\",\"@id\":\"https:\\\/\\\/www.upjs.sk\\\/pracoviska\\\/botanicka-zahrada\\\/#\\\/schema\\\/logo\\\/image\\\/\",\"url\":\"https:\\\/\\\/www.upjs.sk\\\/app\\\/uploads\\\/sites\\\/15\\\/2023\\\/01\\\/BZ-2.svg\",\"contentUrl\":\"https:\\\/\\\/www.upjs.sk\\\/app\\\/uploads\\\/sites\\\/15\\\/2023\\\/01\\\/BZ-2.svg\",\"width\":500,\"height\":138,\"caption\":\"Botanick\u00e1 z\u00e1hrada\"},\"image\":{\"@id\":\"https:\\\/\\\/www.upjs.sk\\\/pracoviska\\\/botanicka-zahrada\\\/#\\\/schema\\\/logo\\\/image\\\/\"}}]}<\/script>\n<!-- \/ Yoast SEO plugin. -->","yoast_head_json":{"title":"THAISZIA - JOURNAL OF BOTANY, Volume 10, 2000 - contents - Botanick\u00e1 z\u00e1hrada","robots":{"index":"index","follow":"follow","max-snippet":"max-snippet:-1","max-image-preview":"max-image-preview:large","max-video-preview":"max-video-preview:-1"},"canonical":"https:\/\/www.upjs.sk\/pracoviska\/botanicka-zahrada\/odborne-aktivity\/thaiszia-2\/volume-10-contents\/","og_locale":"sk_SK","og_type":"article","og_title":"THAISZIA - JOURNAL OF BOTANY, Volume 10, 2000 - contents - Botanick\u00e1 z\u00e1hrada","og_description":"THAISZIA \u2013 JOURNAL OF BOTANY vol. 10, 2000 \u2013 Contentsvol. 10\/1 editum 15 December 2000vol. 10\/2 editum 18 April 2001 Cover page 10\/1Cover page 10\/2 TR\u00c1VN\u00cd\u010cEK B. (2000): Notes on the taxonomy of Pseudolysimachion longifolium complex (Scrophulariaceae). \u2013 Thaiszia \u2013 J. Bot. 10: 1-26. \u2013 ISSN 1210-0420. full text MART\u00cdN MOSQUERO M. A., JUAN R., &hellip; \u010c\u00edta\u0165 \u010falej","og_url":"https:\/\/www.upjs.sk\/pracoviska\/botanicka-zahrada\/odborne-aktivity\/thaiszia-2\/volume-10-contents\/","og_site_name":"Botanick\u00e1 z\u00e1hrada","article_modified_time":"2024-08-27T08:31:29+00:00","twitter_card":"summary_large_image","twitter_misc":{"Predpokladan\u00fd \u010das \u010d\u00edtania":"3 min\u00faty"},"schema":{"@context":"https:\/\/schema.org","@graph":[{"@type":"WebPage","@id":"https:\/\/www.upjs.sk\/pracoviska\/botanicka-zahrada\/odborne-aktivity\/thaiszia-2\/volume-10-contents\/","url":"https:\/\/www.upjs.sk\/pracoviska\/botanicka-zahrada\/odborne-aktivity\/thaiszia-2\/volume-10-contents\/","name":"THAISZIA - JOURNAL OF BOTANY, Volume 10, 2000 - contents - Botanick\u00e1 z\u00e1hrada","isPartOf":{"@id":"https:\/\/www.upjs.sk\/pracoviska\/botanicka-zahrada\/#website"},"datePublished":"2022-06-22T14:03:08+00:00","dateModified":"2024-08-27T08:31:29+00:00","breadcrumb":{"@id":"https:\/\/www.upjs.sk\/pracoviska\/botanicka-zahrada\/odborne-aktivity\/thaiszia-2\/volume-10-contents\/#breadcrumb"},"inLanguage":"sk-SK","potentialAction":[{"@type":"ReadAction","target":["https:\/\/www.upjs.sk\/pracoviska\/botanicka-zahrada\/odborne-aktivity\/thaiszia-2\/volume-10-contents\/"]}]},{"@type":"BreadcrumbList","@id":"https:\/\/www.upjs.sk\/pracoviska\/botanicka-zahrada\/odborne-aktivity\/thaiszia-2\/volume-10-contents\/#breadcrumb","itemListElement":[{"@type":"ListItem","position":1,"name":"Home","item":"https:\/\/www.upjs.sk\/pracoviska\/botanicka-zahrada\/"},{"@type":"ListItem","position":2,"name":"Odborn\u00e9 aktivity","item":"https:\/\/www.upjs.sk\/pracoviska\/botanicka-zahrada\/odborne-aktivity\/"},{"@type":"ListItem","position":3,"name":"Thaiszia \u2013 Journal of Botany","item":"https:\/\/www.upjs.sk\/pracoviska\/botanicka-zahrada\/odborne-aktivity\/thaiszia-2\/"},{"@type":"ListItem","position":4,"name":"THAISZIA &#8211; JOURNAL OF BOTANY, Volume 10, 2000 &#8211; contents"}]},{"@type":"WebSite","@id":"https:\/\/www.upjs.sk\/pracoviska\/botanicka-zahrada\/#website","url":"https:\/\/www.upjs.sk\/pracoviska\/botanicka-zahrada\/","name":"Botanick\u00e1 z\u00e1hrada","description":"","publisher":{"@id":"https:\/\/www.upjs.sk\/pracoviska\/botanicka-zahrada\/#organization"},"potentialAction":[{"@type":"SearchAction","target":{"@type":"EntryPoint","urlTemplate":"https:\/\/www.upjs.sk\/pracoviska\/botanicka-zahrada\/?s={search_term_string}"},"query-input":{"@type":"PropertyValueSpecification","valueRequired":true,"valueName":"search_term_string"}}],"inLanguage":"sk-SK"},{"@type":"Organization","@id":"https:\/\/www.upjs.sk\/pracoviska\/botanicka-zahrada\/#organization","name":"Botanick\u00e1 z\u00e1hrada","url":"https:\/\/www.upjs.sk\/pracoviska\/botanicka-zahrada\/","logo":{"@type":"ImageObject","inLanguage":"sk-SK","@id":"https:\/\/www.upjs.sk\/pracoviska\/botanicka-zahrada\/#\/schema\/logo\/image\/","url":"https:\/\/www.upjs.sk\/app\/uploads\/sites\/15\/2023\/01\/BZ-2.svg","contentUrl":"https:\/\/www.upjs.sk\/app\/uploads\/sites\/15\/2023\/01\/BZ-2.svg","width":500,"height":138,"caption":"Botanick\u00e1 z\u00e1hrada"},"image":{"@id":"https:\/\/www.upjs.sk\/pracoviska\/botanicka-zahrada\/#\/schema\/logo\/image\/"}}]}},"_links":{"self":[{"href":"https:\/\/www.upjs.sk\/pracoviska\/botanicka-zahrada\/wp-json\/wp\/v2\/pages\/15274","targetHints":{"allow":["GET"]}}],"collection":[{"href":"https:\/\/www.upjs.sk\/pracoviska\/botanicka-zahrada\/wp-json\/wp\/v2\/pages"}],"about":[{"href":"https:\/\/www.upjs.sk\/pracoviska\/botanicka-zahrada\/wp-json\/wp\/v2\/types\/page"}],"author":[{"embeddable":true,"href":"https:\/\/www.upjs.sk\/pracoviska\/botanicka-zahrada\/wp-json\/wp\/v2\/users\/1"}],"replies":[{"embeddable":true,"href":"https:\/\/www.upjs.sk\/pracoviska\/botanicka-zahrada\/wp-json\/wp\/v2\/comments?post=15274"}],"version-history":[{"count":6,"href":"https:\/\/www.upjs.sk\/pracoviska\/botanicka-zahrada\/wp-json\/wp\/v2\/pages\/15274\/revisions"}],"predecessor-version":[{"id":22554,"href":"https:\/\/www.upjs.sk\/pracoviska\/botanicka-zahrada\/wp-json\/wp\/v2\/pages\/15274\/revisions\/22554"}],"up":[{"embeddable":true,"href":"https:\/\/www.upjs.sk\/pracoviska\/botanicka-zahrada\/wp-json\/wp\/v2\/pages\/15189"}],"wp:attachment":[{"href":"https:\/\/www.upjs.sk\/pracoviska\/botanicka-zahrada\/wp-json\/wp\/v2\/media?parent=15274"}],"wp:term":[{"taxonomy":"category","embeddable":true,"href":"https:\/\/www.upjs.sk\/pracoviska\/botanicka-zahrada\/wp-json\/wp\/v2\/categories?post=15274"},{"taxonomy":"post_tag","embeddable":true,"href":"https:\/\/www.upjs.sk\/pracoviska\/botanicka-zahrada\/wp-json\/wp\/v2\/tags?post=15274"}],"curies":[{"name":"wp","href":"https:\/\/api.w.org\/{rel}","templated":true}]}}