{"id":15281,"date":"2022-06-22T14:03:08","date_gmt":"2022-06-22T14:03:08","guid":{"rendered":"https:\/\/www.upjs.sk\/pracoviska\/botanicka-zahrada\/root\/odborne-aktivity\/volume-7-abstracts\/"},"modified":"2022-10-05T09:04:56","modified_gmt":"2022-10-05T09:04:56","slug":"volume-7-abstracts","status":"publish","type":"page","link":"https:\/\/www.upjs.sk\/pracoviska\/botanicka-zahrada\/odborne-aktivity\/thaiszia-2\/volume-7-abstracts\/","title":{"rendered":"THAISZIA &#8211; JOURNAL OF BOTANY, Volume 7, 1997 &#8211; abstracts"},"content":{"rendered":"<p style=\"text-align: justify\"><strong>THAISZIA \u2013 JOURNAL OF BOTANY<\/strong><\/p>\n<div style=\"text-align: justify\"><strong>vol. 7, 1997 \u2013 Abstracts<\/strong><\/div>\n<div style=\"text-align: justify\"><a href=\"http:\/\/www.bz.upjs.sk\/thaiszia\/abstracts7.htm#1\"><strong>vol. 7\/1<\/strong><\/a><strong> editum 30 October 1997<\/strong><\/div>\n<div style=\"text-align: justify\"><a href=\"http:\/\/www.bz.upjs.sk\/thaiszia\/abstracts7.htm#2\"><strong>vol. 7\/2<\/strong><\/a><strong> editum 30 December 1997<\/strong><\/div>\n<div style=\"text-align: justify\"><strong>LOOS G. H. (1997): <\/strong>Contribution to a supraspecific structure of <em>Ranunculus <\/em>sect. <em>Ranunculus. <\/em>\u2013 Thaiszia &#8211; J. Bot. 7: 1-7. \u2013 ISSN 1210-0420.<\/div>\n<div style=\"text-align: justify\">Abstract: <em>Ranunculus <\/em>sect. <em>Ranunculus <\/em>(= sect. <em>Auricomus<\/em> (Spach) A. ny\u00e1r\u00e1dy) is divided into two subsections: Subsect. <em>Ranunculus<\/em> (provisionally in a wider sense) and subsect. <em>Cassubici<\/em> G. H. Loos, subsect. nov., a relatively well-defined taxon. The traditional concept of Marklund (four elementary species with apomictic subspecies) cannot be accepted and has recently been rejected. Within the sect. <em>Ranunculus<\/em>, some of the \u201cinformal groups\u201d may be regarded as series (analogically to the conditions in <em>Rubus<\/em> subgen. <em>Rubus<\/em>). The first series described are ser. <em>Indecori<\/em> G. H. LOOS, ser. nov. and ser. <em>Phragmitetorum<\/em> G. H. Loos, ser. nov.<\/div>\n<div style=\"text-align: justify\"><a href=\"\/public\/media\/5586\/thaiszia-7-001-07-1997-loos.pdf\" target=\"_blank\" rel=\"noopener\"><font color=\"#d0700b\">full text<\/font><\/a><\/div>\n<div style=\"text-align: justify\"><strong>MOSYAKIN S. L. (1997): <\/strong>New subsections in <em>Corispermum<\/em> L. <em>Chenopodiaceae<\/em>). \u2013 Thaiszia &#8211; J. Bot. 7: 9-15. \u2013 ISSN 1210-0420.<\/div>\n<div style=\"text-align: justify\">Abstract: In <em>Corispermum<\/em> L. (<em>Chenopodiaceae<\/em>) five new subsections are described and two new subsectional combinations are published. Brief taxonomic comments and notes on geographical distribution of taxa are given.<\/div>\n<div style=\"text-align: justify\"><a href=\"\/public\/media\/5586\/thaiszia-7-009-015-1997-mosyakin.pdf\" target=\"_blank\" rel=\"noopener\"><font color=\"#d0700b\">full text<\/font><\/a><\/div>\n<div style=\"text-align: justify\"><strong>KOVANDA M. (1997): <\/strong>Observations on <em>Primula elatior<\/em> in the High Sudeten Mts. \u2013 Thaiszia &#8211; J. Bot. 7: 17-28. \u2013 ISSN 1210-0420.<\/div>\n<div style=\"text-align: justify\">Abstract: The Western and Eastern Sudeten are known to differ considerably in the composition of their floras and striking dissimilarities can also be seen in the behaviour of some species that are common to both the mountain ranges. <em>Primula elatior<\/em> (L.) Hill, represented by subsp. <em>elatior<\/em> and subsp. <em>tatrensis<\/em> (Domin) So\u00f3 growing mixed together and intergrading with each other, is widespread and variable in the Eastern Sudeten but has failed to produce an endemic taxon, even though two of the populations are spatially isolated. On the other hand, in the Western Sudeten, <em>P. elatior<\/em> (L.) Hill subsp. <em>elatior<\/em> is only locally frequent but has given rise to an endemic taxon, var. <em>corcontica<\/em> Domin. Possible causes of this unusual situation are briefly considered. Based on an analysis of morphological characters and taking into account its allopatric distribution, a taxonomic reassessment in the rank of subspecies is proposed for var. <em>corcontica<\/em> Domin. Observations are also made on geographical distribution, ecology, phenology and biology.<\/div>\n<div style=\"text-align: justify\"><a href=\"\/public\/media\/5586\/thaiszia-7-017-028-1997-kovanda.pdf\" target=\"_blank\" rel=\"noopener\"><font color=\"#d0700b\">full text<\/font><\/a><\/div>\n<div style=\"text-align: justify\"><strong>\u0160T\u011aP\u00c1NKOV\u00c1 J. (1997): <\/strong>The effect of serpentine on morphological variation in the <em>Galium pumilum<\/em> group (<em>Rubiaceae<\/em>). \u2013 Thaiszia &#8211; J. Bot. 7: 29-40. \u2013 ISSN 1210-0420.<\/div>\n<div style=\"text-align: justify\">Abstract: A total of 16 populations of taxa from the <em>Galium<\/em> <em>pumilum<\/em> group were examined for 14 morphological characters to asses the impact of serpentine habitats on their morphological variation. Univariate and multivariate statistical procedures were applied on a set of selected characters. The results of statistical analyses revealed notable differences in the morphology of serpentine and non-serpentine populations of <em>G.<\/em> <em>pumilum<\/em>. Significant differences were ascertained between a set of vegetative characters, while the variables of the generative parts of the plants showed conspicuous similarities. However, the ranges of variability in all the morphological characters of both ecotypes overlapped considerably. In contrast, serpentine populations of <em>G.<\/em> <em>valdepilosum<\/em> are not markedly different from non-serpentine ones. In <em>G.<\/em> <em>valdepilosum<\/em>, there are less contrasting characters of some environmental factors acting on serpentine and non-serpentine sites. This fact could be responsible for the morphological similarities among populations of <em>G.<\/em> <em>valdepilosum<\/em>. Both investigated taxa could be included within the group of species which are tolerant of ultramafic soil. As serpentine populations of <em>G.<\/em> <em>pumilum<\/em> show specific ecotypic responses to serpentine soil, the results of both karyological and morphological analyses indicate that serpentine and non-serpentine populations are probably not genetically isolated from each other.<\/div>\n<div style=\"text-align: justify\"><a href=\"\/public\/media\/5586\/thaiszia-7-029-040-1997-stepankova.pdf\" target=\"_blank\" rel=\"noopener\"><font color=\"#d0700b\">full text<\/font><\/a><\/div>\n<div style=\"text-align: justify\"><strong>MIKOL\u00c1\u0160 V. (1997): <\/strong><em>Microrrhinum litorale<\/em> (Bernh. ex Willd.) Speta, a new species in the flora of Slovakia and Czech Republic. \u2013 Thaiszia &#8211; J. Bot. 7: 41-50. \u2013 ISSN 1210-0420.<\/div>\n<div style=\"text-align: justify\">Abstract: <em>Microrrhinum litorale<\/em> found in anthropogenous stands in \u017dilina and T\u0159inec is described. The species is in comparation with somewhat similar <em>M. minus<\/em> conspicuous by bigger, more intensively coloured petals, broader leaves and bigger fruits and seeds. In addition to description of the species the paper gives short discussion on problem of <em>Microrrhinum<\/em> genus and related genera. Brief account of taxonomic problems in <em>M. litorale<\/em> agg. and its general distribution is given. Karyological analysis of a sample confirmed hexaploid ploidy level of the species. It is not possible to exclude that <em>M. litorale<\/em> is more frequent synanthropic species in all the central Europe (and perhaps in southern Europe, too), but has been neglected so far.<\/div>\n<div style=\"text-align: justify\"><a href=\"\/public\/media\/5586\/thaiszia-7-041-050-1997-mikolas.pdf\" target=\"_blank\" rel=\"noopener\"><font color=\"#d0700b\">full text<\/font><\/a><\/div>\n<div style=\"text-align: justify\"><strong>LIZO\u0147 P. (1997): <\/strong>Discomycetes of Friedrich Hazslinszky. 1. Introduction. \u2013 Thaiszia &#8211; J. Bot. 7: 51-64. \u2013 ISSN 1210-0420.<\/div>\n<div style=\"text-align: justify\">Abstract: Introductory notes to a revision of Hazslinszky&#8217;s Discomycetes include an outline of genera, list of new species, analysis of new genera and of species of the genus <em>Helvella<\/em>, and a list of collecting sites.<\/div>\n<div style=\"text-align: justify\"><a href=\"\/public\/media\/5586\/thaiszia-7-051-064-1997-lizon.pdf\" target=\"_blank\" rel=\"noopener\"><font color=\"#d0700b\">full text<\/font><\/a><\/div>\n<div style=\"text-align: justify\"><strong>KOV\u00c1\u0158 P. (1997): <\/strong>Biodiversity of hedgerows surrounding a point source of nitrogen pollution (Wensleydale, Northern England). \u2013 Thaiszia &#8211; J. Bot. 7: 65-73. \u2013 ISSN 1210-0420.<\/div>\n<div style=\"text-align: justify\">Abstract: Hedgerows studied in Wensleydale (Northern England) play an important role in the landscape in filtering acid pollutants including N compounds. Simultaneously, they serve as a captivity storage for N in this type of (agricultural) landscape. The biodiversity of the hedge herb layer shows a clear dependence on the distance from the N source. Hedge orientation and the nature of the adjacent patches (field or a pasture &#8211; etc.) had a much lesser effect. Three types of herb stands were distinguished &#8211; the first without any distinct dominant (with the highest index of diversity), the second with a \u201cshade-tolerant\u201d dominant and the third with a \u201clight-tolerant\u201d dominant (with the lowest index of diversity).<\/div>\n<div style=\"text-align: justify\"><a href=\"\/public\/media\/5586\/thaiszia-7-065-073-1997-kovar.pdf\" target=\"_blank\" rel=\"noopener\"><font color=\"#d0700b\">full text<\/font><\/a><\/div>\n<div style=\"text-align: justify\"><strong>MUR\u00cdN A. (1997): <\/strong>Karyotaxonomy of some medicinal and aromatic plants. \u2013 Thaiszia &#8211; J. Bot. 7: 75-88. \u2013 ISSN 1210-0420.<\/div>\n<div style=\"text-align: justify\">Abstract: The present paper deals with chromosome numbers of some medicinal and aromatic plants that are cultivated in Slovakia. Some of them might originate from Slovakian wild flora, while some of them belong to introduced and already cultivated plants in other countries. They are as follows: <em>Achillea millefolium <\/em>2n=81\u00b15, <em>Agrimonia eupatoria <\/em>2n=28, <em>A.grandis <\/em>2n=42<em>, Artemisia absinthium <\/em>2n=18, <em>A. dracunculus <\/em>2n=90, <em>Calendula officinalis <\/em>2n=32, <em>Chamomilla recutita <\/em>2n=18, <em>Datura stramonium <\/em>2n=24, <em>Digitalis lanata <\/em>2n=56, <em>D.purpurea <\/em>2n=56, <em>Echinacea pallida <\/em>2n=44, <em>E.purpurea <\/em>2n=22, <em>Foeniculum vulgare <\/em>2n=22, <em>Galega officinalis <\/em>2n=16, <em>Hypericum perforatum <\/em>2n=32, <em>Lavandula officinalis <\/em>2n=54, <em>Hyssopus officinalis <\/em>2n=12, <em>Leonurus cardiaca <\/em>2n=18, <em>Levisticum officinale <\/em>2n=22, <em>Malva mauritiana <\/em>2n=42, <em>Melissa officinalis <\/em>2n=32, <em>Marrubium vulgare <\/em>2n=34, <em>Mentha spicata <\/em>2n=48, <em>Ocimum basilicum <\/em>2n=48, <em>Papaver somniferum <\/em>2n=22, <em>Plantago lanceolata <\/em>2n=12 &#038; 24, <em>Rhaponticum orientale <\/em>2n=24, <em>Salvia officinalis <\/em>2n=14, <em>S.sclarea <\/em>2n=22, <em>Saponaria officinalis<\/em> 2n=28, <em>Satureja montana <\/em>2n=30, <em>Thymus vulgaris <\/em>2n=30, <em>Valeriana angustifolia<\/em> 2n=28, <em>Verbascum densiflorum <\/em>2n=36.<\/div>\n<div style=\"text-align: justify\"><a href=\"\/public\/media\/5586\/thaiszia-7-075-088-1997-murin.pdf\" target=\"_blank\" rel=\"noopener\"><font color=\"#d0700b\">full text<\/font><\/a><\/div>\n<div style=\"text-align: justify\"><strong>M\u00c1RTONFI P. (1997): <\/strong>Nomenclatural survey of the genus <em>Thymus<\/em> sect. <em>Serpyllum<\/em> from Carpathians and Pannonia. \u2013 Thaiszia &#8211; J. Bot. 7: 111-181, 1997. \u2013 ISSN 1210-0420.<\/div>\n<div style=\"text-align: justify\">Abstract: The genus <em>Thymus<\/em> in Carpathians and Pannonia is represented by 11 species (two of which are divided in two subspecies). In the paper the survey of the taxa with their synonymy is presented. Altogether 279 taxonomic synonyms, 382 nomenclatural synonyms and 358 invalid names, combinations and misidentifications are listed. At the same time 79 lectotypifications of names, among the others <em>Thymus carpathicus<\/em> \u010celak. and <em>Thymus montanus<\/em> Waldst. et Kit. are given. The paper is completed by citations of exsicates and drawings as well as by 11 nomenclatural notes and a new combination &#8211; <em>Thymus pulcherrimus <\/em>subsp. <em>carpathicus<\/em> (\u010celak.) M\u00e1rtonfi.<\/div>\n<div style=\"text-align: justify\"><a href=\"\/public\/media\/5586\/thaiszia-7-111-181-1997-martonfi.pdf\" target=\"_blank\" rel=\"noopener\"><font color=\"#d0700b\">full text<\/font><\/a><\/div>\n<div style=\"text-align: justify\"><strong>RU\u017dICA I., VU\u010cKOVI\u0106 M., STOJANOVI\u0106 S., BUDAK V. (1997): <\/strong>Chorological, coenological and ecological characteristics of <em>Trifolium diffusum <\/em>Ehrh. in Vojvodina. \u2013 Thaiszia &#8211; J. Bot. 7: 183-189. \u2013 ISSN 1210-0420.<\/div>\n<div style=\"text-align: justify\">Abstract: The species <em>Trifolium diffusum<\/em> Ehrh. has been recorded only at one locality in Vojvodina in the Fru\u0161ka gora so far. Occurrence of this species at the northern slopes of the Titel Plateau completes its global distribution in this region. Phytocoenological records of stands with <em>Trifolium diffusum<\/em> point to the fact that they represent the stands of relict association <em>Agropyro-Kochietum prostratae <\/em>Z\u00f3lyomi 1958. This association is characterized not only by steppe, but also semidesert features. It develops on sloping, convex, higher parts of Titel plateau. According to the biological spectrum, the stands in which <em>Trifolium diffusum<\/em> grows are of thero-hemicryptophytic character while in spectrum of geographical elements of flora of the Pontic-Central Asian group dominate.<\/div>\n<div style=\"text-align: justify\"><a href=\"\/public\/media\/5586\/thaiszia-7-183-189-1997-ruzica.pdf\" target=\"_blank\" rel=\"noopener\"><font color=\"#d0700b\">full text<\/font><\/a><\/div>\n<div style=\"text-align: justify\"><strong>HADA\u010c E., TERRAY J., KLESCHT V. &#038; ANDRESOV\u00c1 J. (1997):<\/strong>Some herbaceous plant communities from the Bukovsk\u00e9 vrchy hills in NE Slovakia. \u2013 Thaiszia &#8211; J. Bot. 7: 191-220. \u2013 ISSN 1210-0420.<\/div>\n<div style=\"text-align: justify\">Abstract: The paper deals with 12 plant communities, belonging, according to the Zurich-Montpellier school, to the alliances <em>Brachypodion pinnati, Cynosurion, Violion caninae, Caricion fuscae, Caricion lasiocarpae, Calthion, Spergulo &#8211; Oxalidion, Rumicion obtusifolii <\/em>and<em> Rumicion alpini.<\/em> Four of the communities are described as new ones. The area investigated, the Bukovsk\u00e9 vrchy hills, belongs to the Biosphere Reserve East Carpathians.<\/div>\n<div style=\"text-align: justify\"><a href=\"\/public\/media\/5586\/thaiszia-7-191-220-1997-hadac.pdf\" target=\"_blank\" rel=\"noopener\"><font color=\"#d0700b\">full text<\/font><\/a><\/div>\n","protected":false},"excerpt":{"rendered":"<p>THAISZIA \u2013 JOURNAL OF BOTANY vol. 7, 1997 \u2013 Abstracts vol. 7\/1 editum 30 October 1997 vol. 7\/2 editum 30 December 1997 LOOS G. H. (1997): Contribution to a supraspecific structure of Ranunculus sect. Ranunculus. \u2013 Thaiszia &#8211; J. Bot. 7: 1-7. \u2013 ISSN 1210-0420. Abstract: Ranunculus sect. Ranunculus (= sect. Auricomus (Spach) A. ny\u00e1r\u00e1dy) &hellip; <a href=\"https:\/\/www.upjs.sk\/pracoviska\/botanicka-zahrada\/odborne-aktivity\/thaiszia-2\/volume-7-abstracts\/\">\u010c\u00edta\u0165 \u010falej<\/a><\/p>\n","protected":false},"author":1,"featured_media":0,"parent":15189,"menu_order":66,"comment_status":"closed","ping_status":"closed","template":"","meta":{"_acf_changed":false,"_editorskit_title_hidden":false,"_editorskit_reading_time":0,"_editorskit_is_block_options_detached":false,"_editorskit_block_options_position":"{}","footnotes":""},"categories":[],"tags":[],"class_list":["post-15281","page","type-page","status-publish","hentry"],"acf":{"acf_link_na_externy_obsah":""},"yoast_head":"<!-- This site is optimized with the Yoast SEO plugin v27.4 - https:\/\/yoast.com\/product\/yoast-seo-wordpress\/ -->\n<title>THAISZIA - JOURNAL OF BOTANY, Volume 7, 1997 - abstracts - Botanick\u00e1 z\u00e1hrada<\/title>\n<meta name=\"robots\" content=\"index, follow, max-snippet:-1, max-image-preview:large, max-video-preview:-1\" \/>\n<link rel=\"canonical\" href=\"https:\/\/www.upjs.sk\/pracoviska\/botanicka-zahrada\/odborne-aktivity\/thaiszia-2\/volume-7-abstracts\/\" \/>\n<meta property=\"og:locale\" content=\"sk_SK\" \/>\n<meta property=\"og:type\" content=\"article\" \/>\n<meta property=\"og:title\" content=\"THAISZIA - JOURNAL OF BOTANY, Volume 7, 1997 - abstracts - Botanick\u00e1 z\u00e1hrada\" \/>\n<meta property=\"og:description\" content=\"THAISZIA \u2013 JOURNAL OF BOTANY vol. 7, 1997 \u2013 Abstracts vol. 7\/1 editum 30 October 1997 vol. 7\/2 editum 30 December 1997 LOOS G. H. (1997): Contribution to a supraspecific structure of Ranunculus sect. Ranunculus. \u2013 Thaiszia &#8211; J. Bot. 7: 1-7. \u2013 ISSN 1210-0420. Abstract: Ranunculus sect. Ranunculus (= sect. Auricomus (Spach) A. ny\u00e1r\u00e1dy) &hellip; \u010c\u00edta\u0165 \u010falej\" \/>\n<meta property=\"og:url\" content=\"https:\/\/www.upjs.sk\/pracoviska\/botanicka-zahrada\/odborne-aktivity\/thaiszia-2\/volume-7-abstracts\/\" \/>\n<meta property=\"og:site_name\" content=\"Botanick\u00e1 z\u00e1hrada\" \/>\n<meta property=\"article:modified_time\" content=\"2022-10-05T09:04:56+00:00\" \/>\n<meta name=\"twitter:card\" content=\"summary_large_image\" \/>\n<meta name=\"twitter:label1\" content=\"Predpokladan\u00fd \u010das \u010d\u00edtania\" \/>\n\t<meta name=\"twitter:data1\" content=\"7 min\u00fat\" \/>\n<script type=\"application\/ld+json\" class=\"yoast-schema-graph\">{\"@context\":\"https:\\\/\\\/schema.org\",\"@graph\":[{\"@type\":\"WebPage\",\"@id\":\"https:\\\/\\\/www.upjs.sk\\\/pracoviska\\\/botanicka-zahrada\\\/odborne-aktivity\\\/thaiszia-2\\\/volume-7-abstracts\\\/\",\"url\":\"https:\\\/\\\/www.upjs.sk\\\/pracoviska\\\/botanicka-zahrada\\\/odborne-aktivity\\\/thaiszia-2\\\/volume-7-abstracts\\\/\",\"name\":\"THAISZIA - JOURNAL OF BOTANY, Volume 7, 1997 - abstracts - Botanick\u00e1 z\u00e1hrada\",\"isPartOf\":{\"@id\":\"https:\\\/\\\/www.upjs.sk\\\/pracoviska\\\/botanicka-zahrada\\\/#website\"},\"datePublished\":\"2022-06-22T14:03:08+00:00\",\"dateModified\":\"2022-10-05T09:04:56+00:00\",\"breadcrumb\":{\"@id\":\"https:\\\/\\\/www.upjs.sk\\\/pracoviska\\\/botanicka-zahrada\\\/odborne-aktivity\\\/thaiszia-2\\\/volume-7-abstracts\\\/#breadcrumb\"},\"inLanguage\":\"sk-SK\",\"potentialAction\":[{\"@type\":\"ReadAction\",\"target\":[\"https:\\\/\\\/www.upjs.sk\\\/pracoviska\\\/botanicka-zahrada\\\/odborne-aktivity\\\/thaiszia-2\\\/volume-7-abstracts\\\/\"]}]},{\"@type\":\"BreadcrumbList\",\"@id\":\"https:\\\/\\\/www.upjs.sk\\\/pracoviska\\\/botanicka-zahrada\\\/odborne-aktivity\\\/thaiszia-2\\\/volume-7-abstracts\\\/#breadcrumb\",\"itemListElement\":[{\"@type\":\"ListItem\",\"position\":1,\"name\":\"Home\",\"item\":\"https:\\\/\\\/www.upjs.sk\\\/pracoviska\\\/botanicka-zahrada\\\/\"},{\"@type\":\"ListItem\",\"position\":2,\"name\":\"Odborn\u00e9 aktivity\",\"item\":\"https:\\\/\\\/www.upjs.sk\\\/pracoviska\\\/botanicka-zahrada\\\/odborne-aktivity\\\/\"},{\"@type\":\"ListItem\",\"position\":3,\"name\":\"Thaiszia \u2013 Journal of Botany\",\"item\":\"https:\\\/\\\/www.upjs.sk\\\/pracoviska\\\/botanicka-zahrada\\\/odborne-aktivity\\\/thaiszia-2\\\/\"},{\"@type\":\"ListItem\",\"position\":4,\"name\":\"THAISZIA &#8211; JOURNAL OF BOTANY, Volume 7, 1997 &#8211; abstracts\"}]},{\"@type\":\"WebSite\",\"@id\":\"https:\\\/\\\/www.upjs.sk\\\/pracoviska\\\/botanicka-zahrada\\\/#website\",\"url\":\"https:\\\/\\\/www.upjs.sk\\\/pracoviska\\\/botanicka-zahrada\\\/\",\"name\":\"Botanick\u00e1 z\u00e1hrada\",\"description\":\"\",\"publisher\":{\"@id\":\"https:\\\/\\\/www.upjs.sk\\\/pracoviska\\\/botanicka-zahrada\\\/#organization\"},\"potentialAction\":[{\"@type\":\"SearchAction\",\"target\":{\"@type\":\"EntryPoint\",\"urlTemplate\":\"https:\\\/\\\/www.upjs.sk\\\/pracoviska\\\/botanicka-zahrada\\\/?s={search_term_string}\"},\"query-input\":{\"@type\":\"PropertyValueSpecification\",\"valueRequired\":true,\"valueName\":\"search_term_string\"}}],\"inLanguage\":\"sk-SK\"},{\"@type\":\"Organization\",\"@id\":\"https:\\\/\\\/www.upjs.sk\\\/pracoviska\\\/botanicka-zahrada\\\/#organization\",\"name\":\"Botanick\u00e1 z\u00e1hrada\",\"url\":\"https:\\\/\\\/www.upjs.sk\\\/pracoviska\\\/botanicka-zahrada\\\/\",\"logo\":{\"@type\":\"ImageObject\",\"inLanguage\":\"sk-SK\",\"@id\":\"https:\\\/\\\/www.upjs.sk\\\/pracoviska\\\/botanicka-zahrada\\\/#\\\/schema\\\/logo\\\/image\\\/\",\"url\":\"https:\\\/\\\/www.upjs.sk\\\/app\\\/uploads\\\/sites\\\/15\\\/2023\\\/01\\\/BZ-2.svg\",\"contentUrl\":\"https:\\\/\\\/www.upjs.sk\\\/app\\\/uploads\\\/sites\\\/15\\\/2023\\\/01\\\/BZ-2.svg\",\"width\":500,\"height\":138,\"caption\":\"Botanick\u00e1 z\u00e1hrada\"},\"image\":{\"@id\":\"https:\\\/\\\/www.upjs.sk\\\/pracoviska\\\/botanicka-zahrada\\\/#\\\/schema\\\/logo\\\/image\\\/\"}}]}<\/script>\n<!-- \/ Yoast SEO plugin. -->","yoast_head_json":{"title":"THAISZIA - JOURNAL OF BOTANY, Volume 7, 1997 - abstracts - Botanick\u00e1 z\u00e1hrada","robots":{"index":"index","follow":"follow","max-snippet":"max-snippet:-1","max-image-preview":"max-image-preview:large","max-video-preview":"max-video-preview:-1"},"canonical":"https:\/\/www.upjs.sk\/pracoviska\/botanicka-zahrada\/odborne-aktivity\/thaiszia-2\/volume-7-abstracts\/","og_locale":"sk_SK","og_type":"article","og_title":"THAISZIA - JOURNAL OF BOTANY, Volume 7, 1997 - abstracts - Botanick\u00e1 z\u00e1hrada","og_description":"THAISZIA \u2013 JOURNAL OF BOTANY vol. 7, 1997 \u2013 Abstracts vol. 7\/1 editum 30 October 1997 vol. 7\/2 editum 30 December 1997 LOOS G. H. (1997): Contribution to a supraspecific structure of Ranunculus sect. Ranunculus. \u2013 Thaiszia &#8211; J. Bot. 7: 1-7. \u2013 ISSN 1210-0420. Abstract: Ranunculus sect. Ranunculus (= sect. Auricomus (Spach) A. ny\u00e1r\u00e1dy) &hellip; \u010c\u00edta\u0165 \u010falej","og_url":"https:\/\/www.upjs.sk\/pracoviska\/botanicka-zahrada\/odborne-aktivity\/thaiszia-2\/volume-7-abstracts\/","og_site_name":"Botanick\u00e1 z\u00e1hrada","article_modified_time":"2022-10-05T09:04:56+00:00","twitter_card":"summary_large_image","twitter_misc":{"Predpokladan\u00fd \u010das \u010d\u00edtania":"7 min\u00fat"},"schema":{"@context":"https:\/\/schema.org","@graph":[{"@type":"WebPage","@id":"https:\/\/www.upjs.sk\/pracoviska\/botanicka-zahrada\/odborne-aktivity\/thaiszia-2\/volume-7-abstracts\/","url":"https:\/\/www.upjs.sk\/pracoviska\/botanicka-zahrada\/odborne-aktivity\/thaiszia-2\/volume-7-abstracts\/","name":"THAISZIA - JOURNAL OF BOTANY, Volume 7, 1997 - abstracts - Botanick\u00e1 z\u00e1hrada","isPartOf":{"@id":"https:\/\/www.upjs.sk\/pracoviska\/botanicka-zahrada\/#website"},"datePublished":"2022-06-22T14:03:08+00:00","dateModified":"2022-10-05T09:04:56+00:00","breadcrumb":{"@id":"https:\/\/www.upjs.sk\/pracoviska\/botanicka-zahrada\/odborne-aktivity\/thaiszia-2\/volume-7-abstracts\/#breadcrumb"},"inLanguage":"sk-SK","potentialAction":[{"@type":"ReadAction","target":["https:\/\/www.upjs.sk\/pracoviska\/botanicka-zahrada\/odborne-aktivity\/thaiszia-2\/volume-7-abstracts\/"]}]},{"@type":"BreadcrumbList","@id":"https:\/\/www.upjs.sk\/pracoviska\/botanicka-zahrada\/odborne-aktivity\/thaiszia-2\/volume-7-abstracts\/#breadcrumb","itemListElement":[{"@type":"ListItem","position":1,"name":"Home","item":"https:\/\/www.upjs.sk\/pracoviska\/botanicka-zahrada\/"},{"@type":"ListItem","position":2,"name":"Odborn\u00e9 aktivity","item":"https:\/\/www.upjs.sk\/pracoviska\/botanicka-zahrada\/odborne-aktivity\/"},{"@type":"ListItem","position":3,"name":"Thaiszia \u2013 Journal of Botany","item":"https:\/\/www.upjs.sk\/pracoviska\/botanicka-zahrada\/odborne-aktivity\/thaiszia-2\/"},{"@type":"ListItem","position":4,"name":"THAISZIA &#8211; JOURNAL OF BOTANY, Volume 7, 1997 &#8211; abstracts"}]},{"@type":"WebSite","@id":"https:\/\/www.upjs.sk\/pracoviska\/botanicka-zahrada\/#website","url":"https:\/\/www.upjs.sk\/pracoviska\/botanicka-zahrada\/","name":"Botanick\u00e1 z\u00e1hrada","description":"","publisher":{"@id":"https:\/\/www.upjs.sk\/pracoviska\/botanicka-zahrada\/#organization"},"potentialAction":[{"@type":"SearchAction","target":{"@type":"EntryPoint","urlTemplate":"https:\/\/www.upjs.sk\/pracoviska\/botanicka-zahrada\/?s={search_term_string}"},"query-input":{"@type":"PropertyValueSpecification","valueRequired":true,"valueName":"search_term_string"}}],"inLanguage":"sk-SK"},{"@type":"Organization","@id":"https:\/\/www.upjs.sk\/pracoviska\/botanicka-zahrada\/#organization","name":"Botanick\u00e1 z\u00e1hrada","url":"https:\/\/www.upjs.sk\/pracoviska\/botanicka-zahrada\/","logo":{"@type":"ImageObject","inLanguage":"sk-SK","@id":"https:\/\/www.upjs.sk\/pracoviska\/botanicka-zahrada\/#\/schema\/logo\/image\/","url":"https:\/\/www.upjs.sk\/app\/uploads\/sites\/15\/2023\/01\/BZ-2.svg","contentUrl":"https:\/\/www.upjs.sk\/app\/uploads\/sites\/15\/2023\/01\/BZ-2.svg","width":500,"height":138,"caption":"Botanick\u00e1 z\u00e1hrada"},"image":{"@id":"https:\/\/www.upjs.sk\/pracoviska\/botanicka-zahrada\/#\/schema\/logo\/image\/"}}]}},"_links":{"self":[{"href":"https:\/\/www.upjs.sk\/pracoviska\/botanicka-zahrada\/wp-json\/wp\/v2\/pages\/15281","targetHints":{"allow":["GET"]}}],"collection":[{"href":"https:\/\/www.upjs.sk\/pracoviska\/botanicka-zahrada\/wp-json\/wp\/v2\/pages"}],"about":[{"href":"https:\/\/www.upjs.sk\/pracoviska\/botanicka-zahrada\/wp-json\/wp\/v2\/types\/page"}],"author":[{"embeddable":true,"href":"https:\/\/www.upjs.sk\/pracoviska\/botanicka-zahrada\/wp-json\/wp\/v2\/users\/1"}],"replies":[{"embeddable":true,"href":"https:\/\/www.upjs.sk\/pracoviska\/botanicka-zahrada\/wp-json\/wp\/v2\/comments?post=15281"}],"version-history":[{"count":1,"href":"https:\/\/www.upjs.sk\/pracoviska\/botanicka-zahrada\/wp-json\/wp\/v2\/pages\/15281\/revisions"}],"predecessor-version":[{"id":16007,"href":"https:\/\/www.upjs.sk\/pracoviska\/botanicka-zahrada\/wp-json\/wp\/v2\/pages\/15281\/revisions\/16007"}],"up":[{"embeddable":true,"href":"https:\/\/www.upjs.sk\/pracoviska\/botanicka-zahrada\/wp-json\/wp\/v2\/pages\/15189"}],"wp:attachment":[{"href":"https:\/\/www.upjs.sk\/pracoviska\/botanicka-zahrada\/wp-json\/wp\/v2\/media?parent=15281"}],"wp:term":[{"taxonomy":"category","embeddable":true,"href":"https:\/\/www.upjs.sk\/pracoviska\/botanicka-zahrada\/wp-json\/wp\/v2\/categories?post=15281"},{"taxonomy":"post_tag","embeddable":true,"href":"https:\/\/www.upjs.sk\/pracoviska\/botanicka-zahrada\/wp-json\/wp\/v2\/tags?post=15281"}],"curies":[{"name":"wp","href":"https:\/\/api.w.org\/{rel}","templated":true}]}}