{"id":15282,"date":"2022-06-22T14:03:08","date_gmt":"2022-06-22T14:03:08","guid":{"rendered":"https:\/\/www.upjs.sk\/pracoviska\/botanicka-zahrada\/root\/odborne-aktivity\/volume-7-contents\/"},"modified":"2024-02-28T11:07:51","modified_gmt":"2024-02-28T11:07:51","slug":"volume-7-contents","status":"publish","type":"page","link":"https:\/\/www.upjs.sk\/pracoviska\/botanicka-zahrada\/odborne-aktivity\/thaiszia-2\/volume-7-contents\/","title":{"rendered":"THAISZIA &#8211; JOURNAL OF BOTANY, Volume 7, 1997 &#8211; contents"},"content":{"rendered":"\n<p><strong>THAISZIA \u2013 JOURNAL OF BOTANY<br>vol. 7, 1997 \u2013 Contents<br>vol. 7\/1 editum 30 October 1997<br>vol. 7\/2 editum 30 December 1997<\/strong><\/p>\n\n\n\n<p><strong><a href=\"https:\/\/www.upjs.sk\/app\/uploads\/sites\/15\/2024\/02\/Cover-page-7_1_1997_full.pdf\" target=\"_blank\" aria-label=\"Cover page 7\/1 (opens in a new tab)\" rel=\"noreferrer noopener\" class=\"ek-link\"><mark style=\"background-color:rgba(0, 0, 0, 0)\" class=\"has-inline-color has-zakladna-zlata-color\">Cover page 7\/1<\/mark><\/a><\/strong><br><strong><a href=\"https:\/\/www.upjs.sk\/app\/uploads\/sites\/15\/2024\/02\/Cover-page-7_2_1997-full.pdf\" target=\"_blank\" aria-label=\"Cover page 7\/2 (opens in a new tab)\" rel=\"noreferrer noopener\" class=\"ek-link\"><mark style=\"background-color:rgba(0, 0, 0, 0)\" class=\"has-inline-color has-zakladna-zlata-color\">Cover page 7\/2<\/mark><\/a><\/strong><\/p>\n\n\n\n<p><strong>LOOS G. H. (1997):<\/strong> Contribution to a supraspecific structure of Ranunculus sect. Ranunculus. \u2013 Thaiszia &#8211; J. Bot. 7: 1-7. \u2013 ISSN 1210-0420.<br><a href=\"\/public\/media\/5586\/thaiszia-7-001-07-1997-loos.pdf\" target=\"_blank\" rel=\"noopener\">full text<\/a><br><strong>MOSYAKIN S. L. (1997):<\/strong> New subsections in Corispermum L. Chenopodiaceae). \u2013 Thaiszia &#8211; J. Bot. 7: 9-15. \u2013 ISSN 1210-0420.<br><a href=\"\/public\/media\/5586\/thaiszia-7-009-015-1997-mosyakin.pdf\" target=\"_blank\" rel=\"noopener\">full text<\/a><br><strong>KOVANDA M. (1997):<\/strong> Observations on Primula elatior in the High Sudeten Mts. \u2013 Thaiszia &#8211; J. Bot. 7: 17-28. \u2013 ISSN 1210-0420.<br><a href=\"\/public\/media\/5586\/thaiszia-7-017-028-1997-kovanda.pdf\" target=\"_blank\" rel=\"noopener\">full text<\/a><br><strong>\u0160T\u011aP\u00c1NKOV\u00c1 J. (1997):<\/strong> The effect of serpentine on morphological variation in the Galium pumilum group (Rubiaceae). \u2013 Thaiszia &#8211; J. Bot. 7: 29-40. \u2013 ISSN 1210-0420.<br><a href=\"\/public\/media\/5586\/thaiszia-7-029-040-1997-stepankova.pdf\" target=\"_blank\" rel=\"noopener\">full text<\/a><br><strong>MIKOL\u00c1\u0160 V. (1997):<\/strong> Microrrhinum litorale (Bernh. ex Willd.) Speta, a new species in the flora of Slovakia and Czech Republic. \u2013 Thaiszia &#8211; J. Bot. 7: 41-50. \u2013 ISSN 1210-0420.<br><a href=\"\/public\/media\/5586\/thaiszia-7-041-050-1997-mikolas.pdf\" target=\"_blank\" rel=\"noopener\">full text<\/a><br><strong>LIZO\u0147 P. (1997):<\/strong> Discomycetes of Friedrich Hazslinszky. 1. Introduction. \u2013 Thaiszia &#8211; J. Bot. 7: 51-64. \u2013 ISSN 1210-0420.<br><a href=\"\/public\/media\/5586\/thaiszia-7-051-064-1997-lizon.pdf\" target=\"_blank\" rel=\"noopener\">full text<\/a><br><strong>KOV\u00c1\u0158 P. (1997):<\/strong> Biodiversity of hedgerows surrounding a point source of nitrogen pollution (Wensleydale, Northern England). \u2013 Thaiszia &#8211; J. Bot. 7: 65-73. \u2013 ISSN 1210-0420.<br><a href=\"\/public\/media\/5586\/thaiszia-7-065-073-1997-kovar.pdf\" target=\"_blank\" rel=\"noopener\">full text<\/a><br><strong>MUR\u00cdN A. (1997):<\/strong> Karyotaxonomy of some medicinal and aromatic plants. \u2013 Thaiszia &#8211; J. Bot. 7: 75-88. \u2013 ISSN 1210-0420.<br><a href=\"\/public\/media\/5586\/thaiszia-7-075-088-1997-murin.pdf\" target=\"_blank\" rel=\"noopener\">full text<\/a><br><strong>M\u00c1RTONFI P. (1997):<\/strong> Nomenclatural survey of the genus Thymus sect. Serpyllum from Carpathians and Pannonia. \u2013 Thaiszia &#8211; J. Bot. 7: 111-181, 1997. \u2013 ISSN 1210-0420.<br><a href=\"\/public\/media\/5586\/thaiszia-7-111-181-1997-martonfi.pdf\" target=\"_blank\" rel=\"noopener\">full text<\/a><br><strong>RU\u017dICA I., VU\u010cKOVI\u0106 M., STOJANOVI\u0106 S., BUDAK V. (1997):<\/strong> Chorological, coenological and ecological characteristics of Trifolium diffusum Ehrh. in Vojvodina. \u2013 Thaiszia &#8211; J. Bot. 7: 183-189. \u2013 ISSN 1210-0420.<br><a href=\"\/public\/media\/5586\/thaiszia-7-183-189-1997-ruzica.pdf\" target=\"_blank\" rel=\"noopener\">full text<\/a><br><strong>HADA\u010c E., TERRAY J., KLESCHT V. &amp; ANDRESOV\u00c1 J. (1997):<\/strong> Some herbaceous plant communities from the Bukovsk\u00e9 vrchy hills in NE Slovakia. \u2013 Thaiszia &#8211; J. Bot. 7: 191-220. \u2013 ISSN 1210-0420.<br><a href=\"\/public\/media\/5586\/thaiszia-7-191-220-1997-hadac.pdf\" target=\"_blank\" rel=\"noopener\">full text<\/a> <\/p>\n\n\n<style>.wp-block-kadence-spacer.kt-block-spacer-15282_83aea8-ba .kt-block-spacer{height:6px;}.wp-block-kadence-spacer.kt-block-spacer-15282_83aea8-ba .kt-divider{border-top-width:1px;height:1px;border-top-color:#eee;width:100%;border-top-style:solid;}<\/style>\n<div class=\"wp-block-kadence-spacer aligncenter kt-block-spacer-15282_83aea8-ba\"><div class=\"kt-block-spacer kt-block-spacer-halign-center\"><hr class=\"kt-divider\"\/><\/div><\/div>\n\n\n\n<p><strong><a href=\"https:\/\/intranet.upjs.sk\/op\/op.Public.php?documentid=9194\" target=\"_blank\" aria-label=\"Jubilee of professor Stepan Fodor (opens in a new tab)\" rel=\"noreferrer noopener\" class=\"ek-link\"><mark style=\"background-color:rgba(0, 0, 0, 0)\" class=\"has-inline-color has-zakladna-zlata-color\">Jubilee of professor Stepan Fodor<\/mark><\/a><\/strong><\/p>\n\n\n\n<p><strong><a href=\"https:\/\/www.upjs.sk\/app\/uploads\/sites\/15\/2024\/02\/099-100_RNDr-Ludovit-Dostal-in-memoriam.pdf\" target=\"_blank\" aria-label=\"RNDr. \u013dudov\u00edt Dost\u00e1l in memoriam (opens in a new tab)\" rel=\"noreferrer noopener\" class=\"ek-link\"><mark style=\"background-color:rgba(0, 0, 0, 0)\" class=\"has-inline-color has-zakladna-zlata-color\">RNDr. \u013dudov\u00edt Dost\u00e1l in memoriam<\/mark><\/a><\/strong><\/p>\n\n\n\n<p><strong><a href=\"https:\/\/intranet.upjs.sk\/op\/op.Public.php?documentid=9195\" target=\"_blank\" aria-label=\"Book reviews 1 (opens in a new tab)\" rel=\"noreferrer noopener\" class=\"ek-link\"><mark style=\"background-color:rgba(0, 0, 0, 0)\" class=\"has-inline-color has-zakladna-zlata-color\">Book reviews 1<\/mark><\/a><\/strong><br><strong><a href=\"https:\/\/intranet.upjs.sk\/op\/op.Public.php?documentid=9196\" target=\"_blank\" aria-label=\"Book reviews 2 (opens in a new tab)\" rel=\"noreferrer noopener\" class=\"ek-link\"><mark style=\"background-color:rgba(0, 0, 0, 0)\" class=\"has-inline-color has-zakladna-zlata-color\">Book reviews 2<\/mark><\/a><\/strong><\/p>\n","protected":false},"excerpt":{"rendered":"<p>THAISZIA \u2013 JOURNAL OF BOTANYvol. 7, 1997 \u2013 Contentsvol. 7\/1 editum 30 October 1997vol. 7\/2 editum 30 December 1997 Cover page 7\/1Cover page 7\/2 LOOS G. H. (1997): Contribution to a supraspecific structure of Ranunculus sect. Ranunculus. \u2013 Thaiszia &#8211; J. Bot. 7: 1-7. \u2013 ISSN 1210-0420.full textMOSYAKIN S. L. (1997): New subsections in Corispermum &hellip; <a href=\"https:\/\/www.upjs.sk\/pracoviska\/botanicka-zahrada\/odborne-aktivity\/thaiszia-2\/volume-7-contents\/\">\u010c\u00edta\u0165 \u010falej<\/a><\/p>\n","protected":false},"author":1,"featured_media":0,"parent":15189,"menu_order":65,"comment_status":"closed","ping_status":"closed","template":"","meta":{"_acf_changed":false,"_editorskit_title_hidden":false,"_editorskit_reading_time":0,"_editorskit_is_block_options_detached":false,"_editorskit_block_options_position":"{}","footnotes":""},"categories":[],"tags":[],"class_list":["post-15282","page","type-page","status-publish","hentry"],"acf":{"acf_link_na_externy_obsah":""},"yoast_head":"<!-- This site is optimized with the Yoast SEO plugin v27.4 - https:\/\/yoast.com\/product\/yoast-seo-wordpress\/ -->\n<title>THAISZIA - JOURNAL OF BOTANY, Volume 7, 1997 - contents - Botanick\u00e1 z\u00e1hrada<\/title>\n<meta name=\"robots\" content=\"index, follow, max-snippet:-1, max-image-preview:large, max-video-preview:-1\" \/>\n<link rel=\"canonical\" href=\"https:\/\/www.upjs.sk\/pracoviska\/botanicka-zahrada\/odborne-aktivity\/thaiszia-2\/volume-7-contents\/\" \/>\n<meta property=\"og:locale\" content=\"sk_SK\" \/>\n<meta property=\"og:type\" content=\"article\" \/>\n<meta property=\"og:title\" content=\"THAISZIA - JOURNAL OF BOTANY, Volume 7, 1997 - contents - Botanick\u00e1 z\u00e1hrada\" \/>\n<meta property=\"og:description\" content=\"THAISZIA \u2013 JOURNAL OF BOTANYvol. 7, 1997 \u2013 Contentsvol. 7\/1 editum 30 October 1997vol. 7\/2 editum 30 December 1997 Cover page 7\/1Cover page 7\/2 LOOS G. H. (1997): Contribution to a supraspecific structure of Ranunculus sect. Ranunculus. \u2013 Thaiszia &#8211; J. Bot. 7: 1-7. \u2013 ISSN 1210-0420.full textMOSYAKIN S. L. (1997): New subsections in Corispermum &hellip; \u010c\u00edta\u0165 \u010falej\" \/>\n<meta property=\"og:url\" content=\"https:\/\/www.upjs.sk\/pracoviska\/botanicka-zahrada\/odborne-aktivity\/thaiszia-2\/volume-7-contents\/\" \/>\n<meta property=\"og:site_name\" content=\"Botanick\u00e1 z\u00e1hrada\" \/>\n<meta property=\"article:modified_time\" content=\"2024-02-28T11:07:51+00:00\" \/>\n<meta name=\"twitter:card\" content=\"summary_large_image\" \/>\n<meta name=\"twitter:label1\" content=\"Predpokladan\u00fd \u010das \u010d\u00edtania\" \/>\n\t<meta name=\"twitter:data1\" content=\"2 min\u00faty\" \/>\n<script type=\"application\/ld+json\" class=\"yoast-schema-graph\">{\"@context\":\"https:\\\/\\\/schema.org\",\"@graph\":[{\"@type\":\"WebPage\",\"@id\":\"https:\\\/\\\/www.upjs.sk\\\/pracoviska\\\/botanicka-zahrada\\\/odborne-aktivity\\\/thaiszia-2\\\/volume-7-contents\\\/\",\"url\":\"https:\\\/\\\/www.upjs.sk\\\/pracoviska\\\/botanicka-zahrada\\\/odborne-aktivity\\\/thaiszia-2\\\/volume-7-contents\\\/\",\"name\":\"THAISZIA - JOURNAL OF BOTANY, Volume 7, 1997 - contents - Botanick\u00e1 z\u00e1hrada\",\"isPartOf\":{\"@id\":\"https:\\\/\\\/www.upjs.sk\\\/pracoviska\\\/botanicka-zahrada\\\/#website\"},\"datePublished\":\"2022-06-22T14:03:08+00:00\",\"dateModified\":\"2024-02-28T11:07:51+00:00\",\"breadcrumb\":{\"@id\":\"https:\\\/\\\/www.upjs.sk\\\/pracoviska\\\/botanicka-zahrada\\\/odborne-aktivity\\\/thaiszia-2\\\/volume-7-contents\\\/#breadcrumb\"},\"inLanguage\":\"sk-SK\",\"potentialAction\":[{\"@type\":\"ReadAction\",\"target\":[\"https:\\\/\\\/www.upjs.sk\\\/pracoviska\\\/botanicka-zahrada\\\/odborne-aktivity\\\/thaiszia-2\\\/volume-7-contents\\\/\"]}]},{\"@type\":\"BreadcrumbList\",\"@id\":\"https:\\\/\\\/www.upjs.sk\\\/pracoviska\\\/botanicka-zahrada\\\/odborne-aktivity\\\/thaiszia-2\\\/volume-7-contents\\\/#breadcrumb\",\"itemListElement\":[{\"@type\":\"ListItem\",\"position\":1,\"name\":\"Home\",\"item\":\"https:\\\/\\\/www.upjs.sk\\\/pracoviska\\\/botanicka-zahrada\\\/\"},{\"@type\":\"ListItem\",\"position\":2,\"name\":\"Odborn\u00e9 aktivity\",\"item\":\"https:\\\/\\\/www.upjs.sk\\\/pracoviska\\\/botanicka-zahrada\\\/odborne-aktivity\\\/\"},{\"@type\":\"ListItem\",\"position\":3,\"name\":\"Thaiszia \u2013 Journal of Botany\",\"item\":\"https:\\\/\\\/www.upjs.sk\\\/pracoviska\\\/botanicka-zahrada\\\/odborne-aktivity\\\/thaiszia-2\\\/\"},{\"@type\":\"ListItem\",\"position\":4,\"name\":\"THAISZIA &#8211; JOURNAL OF BOTANY, Volume 7, 1997 &#8211; contents\"}]},{\"@type\":\"WebSite\",\"@id\":\"https:\\\/\\\/www.upjs.sk\\\/pracoviska\\\/botanicka-zahrada\\\/#website\",\"url\":\"https:\\\/\\\/www.upjs.sk\\\/pracoviska\\\/botanicka-zahrada\\\/\",\"name\":\"Botanick\u00e1 z\u00e1hrada\",\"description\":\"\",\"publisher\":{\"@id\":\"https:\\\/\\\/www.upjs.sk\\\/pracoviska\\\/botanicka-zahrada\\\/#organization\"},\"potentialAction\":[{\"@type\":\"SearchAction\",\"target\":{\"@type\":\"EntryPoint\",\"urlTemplate\":\"https:\\\/\\\/www.upjs.sk\\\/pracoviska\\\/botanicka-zahrada\\\/?s={search_term_string}\"},\"query-input\":{\"@type\":\"PropertyValueSpecification\",\"valueRequired\":true,\"valueName\":\"search_term_string\"}}],\"inLanguage\":\"sk-SK\"},{\"@type\":\"Organization\",\"@id\":\"https:\\\/\\\/www.upjs.sk\\\/pracoviska\\\/botanicka-zahrada\\\/#organization\",\"name\":\"Botanick\u00e1 z\u00e1hrada\",\"url\":\"https:\\\/\\\/www.upjs.sk\\\/pracoviska\\\/botanicka-zahrada\\\/\",\"logo\":{\"@type\":\"ImageObject\",\"inLanguage\":\"sk-SK\",\"@id\":\"https:\\\/\\\/www.upjs.sk\\\/pracoviska\\\/botanicka-zahrada\\\/#\\\/schema\\\/logo\\\/image\\\/\",\"url\":\"https:\\\/\\\/www.upjs.sk\\\/app\\\/uploads\\\/sites\\\/15\\\/2023\\\/01\\\/BZ-2.svg\",\"contentUrl\":\"https:\\\/\\\/www.upjs.sk\\\/app\\\/uploads\\\/sites\\\/15\\\/2023\\\/01\\\/BZ-2.svg\",\"width\":500,\"height\":138,\"caption\":\"Botanick\u00e1 z\u00e1hrada\"},\"image\":{\"@id\":\"https:\\\/\\\/www.upjs.sk\\\/pracoviska\\\/botanicka-zahrada\\\/#\\\/schema\\\/logo\\\/image\\\/\"}}]}<\/script>\n<!-- \/ Yoast SEO plugin. -->","yoast_head_json":{"title":"THAISZIA - JOURNAL OF BOTANY, Volume 7, 1997 - contents - Botanick\u00e1 z\u00e1hrada","robots":{"index":"index","follow":"follow","max-snippet":"max-snippet:-1","max-image-preview":"max-image-preview:large","max-video-preview":"max-video-preview:-1"},"canonical":"https:\/\/www.upjs.sk\/pracoviska\/botanicka-zahrada\/odborne-aktivity\/thaiszia-2\/volume-7-contents\/","og_locale":"sk_SK","og_type":"article","og_title":"THAISZIA - JOURNAL OF BOTANY, Volume 7, 1997 - contents - Botanick\u00e1 z\u00e1hrada","og_description":"THAISZIA \u2013 JOURNAL OF BOTANYvol. 7, 1997 \u2013 Contentsvol. 7\/1 editum 30 October 1997vol. 7\/2 editum 30 December 1997 Cover page 7\/1Cover page 7\/2 LOOS G. H. (1997): Contribution to a supraspecific structure of Ranunculus sect. Ranunculus. \u2013 Thaiszia &#8211; J. Bot. 7: 1-7. \u2013 ISSN 1210-0420.full textMOSYAKIN S. L. (1997): New subsections in Corispermum &hellip; \u010c\u00edta\u0165 \u010falej","og_url":"https:\/\/www.upjs.sk\/pracoviska\/botanicka-zahrada\/odborne-aktivity\/thaiszia-2\/volume-7-contents\/","og_site_name":"Botanick\u00e1 z\u00e1hrada","article_modified_time":"2024-02-28T11:07:51+00:00","twitter_card":"summary_large_image","twitter_misc":{"Predpokladan\u00fd \u010das \u010d\u00edtania":"2 min\u00faty"},"schema":{"@context":"https:\/\/schema.org","@graph":[{"@type":"WebPage","@id":"https:\/\/www.upjs.sk\/pracoviska\/botanicka-zahrada\/odborne-aktivity\/thaiszia-2\/volume-7-contents\/","url":"https:\/\/www.upjs.sk\/pracoviska\/botanicka-zahrada\/odborne-aktivity\/thaiszia-2\/volume-7-contents\/","name":"THAISZIA - JOURNAL OF BOTANY, Volume 7, 1997 - contents - Botanick\u00e1 z\u00e1hrada","isPartOf":{"@id":"https:\/\/www.upjs.sk\/pracoviska\/botanicka-zahrada\/#website"},"datePublished":"2022-06-22T14:03:08+00:00","dateModified":"2024-02-28T11:07:51+00:00","breadcrumb":{"@id":"https:\/\/www.upjs.sk\/pracoviska\/botanicka-zahrada\/odborne-aktivity\/thaiszia-2\/volume-7-contents\/#breadcrumb"},"inLanguage":"sk-SK","potentialAction":[{"@type":"ReadAction","target":["https:\/\/www.upjs.sk\/pracoviska\/botanicka-zahrada\/odborne-aktivity\/thaiszia-2\/volume-7-contents\/"]}]},{"@type":"BreadcrumbList","@id":"https:\/\/www.upjs.sk\/pracoviska\/botanicka-zahrada\/odborne-aktivity\/thaiszia-2\/volume-7-contents\/#breadcrumb","itemListElement":[{"@type":"ListItem","position":1,"name":"Home","item":"https:\/\/www.upjs.sk\/pracoviska\/botanicka-zahrada\/"},{"@type":"ListItem","position":2,"name":"Odborn\u00e9 aktivity","item":"https:\/\/www.upjs.sk\/pracoviska\/botanicka-zahrada\/odborne-aktivity\/"},{"@type":"ListItem","position":3,"name":"Thaiszia \u2013 Journal of Botany","item":"https:\/\/www.upjs.sk\/pracoviska\/botanicka-zahrada\/odborne-aktivity\/thaiszia-2\/"},{"@type":"ListItem","position":4,"name":"THAISZIA &#8211; JOURNAL OF BOTANY, Volume 7, 1997 &#8211; contents"}]},{"@type":"WebSite","@id":"https:\/\/www.upjs.sk\/pracoviska\/botanicka-zahrada\/#website","url":"https:\/\/www.upjs.sk\/pracoviska\/botanicka-zahrada\/","name":"Botanick\u00e1 z\u00e1hrada","description":"","publisher":{"@id":"https:\/\/www.upjs.sk\/pracoviska\/botanicka-zahrada\/#organization"},"potentialAction":[{"@type":"SearchAction","target":{"@type":"EntryPoint","urlTemplate":"https:\/\/www.upjs.sk\/pracoviska\/botanicka-zahrada\/?s={search_term_string}"},"query-input":{"@type":"PropertyValueSpecification","valueRequired":true,"valueName":"search_term_string"}}],"inLanguage":"sk-SK"},{"@type":"Organization","@id":"https:\/\/www.upjs.sk\/pracoviska\/botanicka-zahrada\/#organization","name":"Botanick\u00e1 z\u00e1hrada","url":"https:\/\/www.upjs.sk\/pracoviska\/botanicka-zahrada\/","logo":{"@type":"ImageObject","inLanguage":"sk-SK","@id":"https:\/\/www.upjs.sk\/pracoviska\/botanicka-zahrada\/#\/schema\/logo\/image\/","url":"https:\/\/www.upjs.sk\/app\/uploads\/sites\/15\/2023\/01\/BZ-2.svg","contentUrl":"https:\/\/www.upjs.sk\/app\/uploads\/sites\/15\/2023\/01\/BZ-2.svg","width":500,"height":138,"caption":"Botanick\u00e1 z\u00e1hrada"},"image":{"@id":"https:\/\/www.upjs.sk\/pracoviska\/botanicka-zahrada\/#\/schema\/logo\/image\/"}}]}},"_links":{"self":[{"href":"https:\/\/www.upjs.sk\/pracoviska\/botanicka-zahrada\/wp-json\/wp\/v2\/pages\/15282","targetHints":{"allow":["GET"]}}],"collection":[{"href":"https:\/\/www.upjs.sk\/pracoviska\/botanicka-zahrada\/wp-json\/wp\/v2\/pages"}],"about":[{"href":"https:\/\/www.upjs.sk\/pracoviska\/botanicka-zahrada\/wp-json\/wp\/v2\/types\/page"}],"author":[{"embeddable":true,"href":"https:\/\/www.upjs.sk\/pracoviska\/botanicka-zahrada\/wp-json\/wp\/v2\/users\/1"}],"replies":[{"embeddable":true,"href":"https:\/\/www.upjs.sk\/pracoviska\/botanicka-zahrada\/wp-json\/wp\/v2\/comments?post=15282"}],"version-history":[{"count":4,"href":"https:\/\/www.upjs.sk\/pracoviska\/botanicka-zahrada\/wp-json\/wp\/v2\/pages\/15282\/revisions"}],"predecessor-version":[{"id":21903,"href":"https:\/\/www.upjs.sk\/pracoviska\/botanicka-zahrada\/wp-json\/wp\/v2\/pages\/15282\/revisions\/21903"}],"up":[{"embeddable":true,"href":"https:\/\/www.upjs.sk\/pracoviska\/botanicka-zahrada\/wp-json\/wp\/v2\/pages\/15189"}],"wp:attachment":[{"href":"https:\/\/www.upjs.sk\/pracoviska\/botanicka-zahrada\/wp-json\/wp\/v2\/media?parent=15282"}],"wp:term":[{"taxonomy":"category","embeddable":true,"href":"https:\/\/www.upjs.sk\/pracoviska\/botanicka-zahrada\/wp-json\/wp\/v2\/categories?post=15282"},{"taxonomy":"post_tag","embeddable":true,"href":"https:\/\/www.upjs.sk\/pracoviska\/botanicka-zahrada\/wp-json\/wp\/v2\/tags?post=15282"}],"curies":[{"name":"wp","href":"https:\/\/api.w.org\/{rel}","templated":true}]}}