{"id":15287,"date":"2022-06-22T14:03:08","date_gmt":"2022-06-22T14:03:08","guid":{"rendered":"https:\/\/www.upjs.sk\/pracoviska\/botanicka-zahrada\/root\/odborne-aktivity\/volume-4-contents\/"},"modified":"2024-08-27T08:47:02","modified_gmt":"2024-08-27T08:47:02","slug":"volume-4-contents","status":"publish","type":"page","link":"https:\/\/www.upjs.sk\/pracoviska\/botanicka-zahrada\/odborne-aktivity\/thaiszia-2\/volume-4-contents\/","title":{"rendered":"THAISZIA &#8211; JOURNAL OF BOTANY, Volume 4, 1994 &#8211; contents"},"content":{"rendered":"\n<p><strong>THAISZIA \u2013 JOURNAL OF BOTANY<br>vol. 4, 1994 \u2013 Contents<\/strong><br><strong>vol. 4\/1<\/strong> editum 13 May 1994<br><strong>vol. 4\/2<\/strong> editum 30 November 1994<\/p>\n\n\n\n<p><strong><a href=\"https:\/\/www.upjs.sk\/app\/uploads\/sites\/15\/2023\/12\/thaiszia-4-1-1994-Cover-page.pdf\" target=\"_blank\" aria-label=\"Cover page 4\/1 (opens in a new tab)\" rel=\"noreferrer noopener\" class=\"ek-link\"><mark style=\"background-color:rgba(0, 0, 0, 0)\" class=\"has-inline-color has-zakladna-zlata-color\">Cover page 4\/1<\/mark><\/a><\/strong><br><strong><a href=\"https:\/\/www.upjs.sk\/app\/uploads\/sites\/15\/2023\/12\/thaiszia-4-2-1994-Cover-page.pdf\" target=\"_blank\" aria-label=\"Cover page 4\/2 (opens in a new tab)\" rel=\"noreferrer noopener\" class=\"ek-link\"><mark style=\"background-color:rgba(0, 0, 0, 0)\" class=\"has-inline-color has-zakladna-zlata-color\">Cover page 4\/2<\/mark><\/a><\/strong><\/p>\n\n\n\n<p><strong>MA J. S. (1994):<\/strong> A floristic analysis of the Chinese Fabaceae with emphasis on the Sino-Himalayan region. &#8211; Thaiszia &#8211; J. Bot., Ko\u0161ice, 4:1-14.<br><a href=\"https:\/\/www.upjs.sk\/app\/uploads\/sites\/15\/2022\/10\/thaiszia-4-001-014-1994-ma.pdf\" target=\"_blank\" rel=\"noreferrer noopener\">full text<\/a><\/p>\n\n\n\n<p><strong>FRASER-JENKINS C. R. (1994):<\/strong> Dryopteris (Pteridophyta) of Hawai&#8217;i &#8211; a monographic study. &#8211; Thaiszia &#8211; J. Bot., Ko\u0161ice, 4: 15-47.<br><a href=\"https:\/\/www.upjs.sk\/app\/uploads\/sites\/15\/2022\/10\/thaiszia-4-015-023-1994-fraser-jenkins-part1.pdf\" target=\"_blank\" rel=\"noreferrer noopener\">full text part1<\/a>\u00a0<a href=\"https:\/\/www.upjs.sk\/app\/uploads\/sites\/15\/2022\/10\/thaiszia-4-024-047-1994-fraser-jenkins-part2.pdf\" target=\"_blank\" rel=\"noreferrer noopener\">full text part2<\/a><\/p>\n\n\n\n<p><strong>BUDNIKOV G. et KRICSFALUSY V. (1994):<\/strong> Bioecological study of Galanthus nivalis L. in the East Carpathians. &#8211; Thaiszia &#8211; J. Bot., Ko\u0161ice, 4: 49-75.<br><a href=\"https:\/\/www.upjs.sk\/app\/uploads\/sites\/15\/2022\/10\/thaiszia-4-049-075-1994-budnikov.pdf\" target=\"_blank\" rel=\"noreferrer noopener\">full text<\/a><\/p>\n\n\n\n<p><strong>MIHOKOV\u00c1 L. et MIKOL\u00c1\u0160 V. (1994):<\/strong> A contribution to the karyology of Euphrasia tatrae WETTST. (Scrophulariaceae). &#8211; Thaiszia &#8211; J. Bot., Ko\u0161ice, 4: 77-80.<br><a href=\"\/public\/media\/5524\/thaiszia-4-077-080-1994-mihokova.pdf\" target=\"_blank\" rel=\"noopener\">full text<\/a><\/p>\n\n\n\n<p><strong>WALENTOWSKI H., M\u00dcLLER B. et OBERMEIER E. (1994):<\/strong> Some remarks on the Leucobryo-Pinetum sylvestris MATUSZK. 1962 at its southwestern limit in Bavaria. &#8211; Thaiszia &#8211; J. Bot., Ko\u0161ice, 4: 81-98.<br><a href=\"\/public\/media\/5524\/thaiszia-4-081-098-1994-walentowski.pdf\" target=\"_blank\" rel=\"noopener\">full text<\/a><\/p>\n\n\n\n<p><strong>PARABUCSKI S. et BUTORAC B. (1994):<\/strong> General review of the vegetation along the lower course of the Tisa river. &#8211; Thaiszia &#8211; J. Bot., Ko\u0161ice, 4: 99-106.<br><a href=\"\/public\/media\/5524\/thaiszia-4-099-106-1994-parabucski.pdf\" target=\"_blank\" rel=\"noopener\">full text<\/a><\/p>\n\n\n\n<p><strong>SOLDANO A. (1994):<\/strong> Neglected name priorities in the European flora. &#8211; Thaiszia &#8211; J. Bot., Ko\u0161ice, 4: 119-123.<br><a href=\"\/public\/media\/5524\/thaiszia-4-119-123-1994-soldano.pdf\" target=\"_blank\" rel=\"noopener\">full text<\/a><\/p>\n\n\n\n<p><strong>KIRSCHNER J. et \u0160T\u011aP\u00c1NEK J. (1994):<\/strong> Taraxacum sect. Palustria (Compositae) in Bohemia. A contribution to the RAMSAR sites. &#8211; Thaiszia &#8211; J. Bot., Ko\u0161ice, 4: 125-170.<br><a href=\"\/public\/media\/5524\/thaiszia-4-125-170-1994-kirschner.pdf\" target=\"_blank\" rel=\"noopener\">full text<\/a><\/p>\n\n\n\n<p><strong>AGABAYAN M. V. et GOUKASIAN A. V. (1994):<\/strong> On the karyology of Armenian representatives of the Centaurea subgenus Centaurea (Asteraceae). &#8211; Thaiszia &#8211; J. Bot., Ko\u0161ice, 4: 171-173.<br><a href=\"\/public\/media\/5524\/thaiszia-4-171-173-1994-agababyan.pdf\" target=\"_blank\" rel=\"noopener\">full text<\/a><\/p>\n\n\n\n<p><strong>BOYCE P. C. (1994):<\/strong> The genera Dracunculus and Helicodiceros (Araceae: Aroideae). &#8211; Thaiszia &#8211; J. Bot., Ko\u0161ice, 4: 175-182.<br><a href=\"\/public\/media\/5524\/thaiszia-4-175-182-1994-boyce.pdf\" target=\"_blank\" rel=\"noopener\">full text<\/a><\/p>\n\n\n\n<p><strong>HALADA \u013d. (1994):<\/strong> Ruscus hypoglossum L. in Slovakia. &#8211; Thaiszia &#8211; J. Bot., Ko\u0161ice, 4: 183-195. ISSN 1210-0420.<br><a href=\"\/public\/media\/5524\/thaiszia-4-183-195-1994-halada.pdf\" target=\"_blank\" rel=\"noopener\">full text<\/a><\/p>\n\n\n\n<p><strong>SOWA R. et WARCHOLINSKA U. (1994):<\/strong> The list of American flowering plant species established in Poland (kenophytes). &#8211; Thaiszia &#8211; J. Bot., Ko\u0161ice, 4:197-210.<br><a href=\"\/public\/media\/5524\/thaiszia-4-197-210-1994-sowa.pdf\" target=\"_blank\" rel=\"noopener\">full text<\/a><\/p>\n\n\n<style>.wp-block-kadence-spacer.kt-block-spacer-15287_7a003e-47 .kt-block-spacer{height:15px;}.wp-block-kadence-spacer.kt-block-spacer-15287_7a003e-47 .kt-divider{border-top-width:2px;border-top-color:#eee;width:100%;border-top-style:solid;}<\/style>\n<div class=\"wp-block-kadence-spacer aligncenter kt-block-spacer-15287_7a003e-47\"><div class=\"kt-block-spacer kt-block-spacer-halign-center\"><hr class=\"kt-divider\"\/><\/div><\/div>\n\n\n\n<p><strong><a href=\"https:\/\/www.upjs.sk\/app\/uploads\/sites\/15\/2022\/10\/thaiszia-4-125-170-1994-kirschner.pdf\" target=\"_blank\" aria-label=\"Appendix (opens in a new tab)\" rel=\"noreferrer noopener\" class=\"ek-link\"><mark style=\"background-color:rgba(0, 0, 0, 0)\" class=\"has-inline-color has-zakladna-zlata-color\">Appendix<\/mark><\/a><\/strong><\/p>\n\n\n\n<p><strong><a href=\"https:\/\/www.upjs.sk\/app\/uploads\/sites\/15\/2023\/12\/thaiszia-4-1994-OldrichPotucek-65years.pdf\" target=\"_blank\" aria-label=\"Old\u0159ich Pot\u016f\u010dek \u2013 65 years (opens in a new tab)\" rel=\"noreferrer noopener\" class=\"ek-link\"><mark style=\"background-color:rgba(0, 0, 0, 0)\" class=\"has-inline-color has-zakladna-zlata-color\">Old\u0159ich Pot\u016f\u010dek \u2013 65 years<\/mark><\/a><\/strong><\/p>\n\n\n\n<p><strong><a aria-label=\"Book reviews and book information 1 (opens in a new tab)\" href=\"https:\/\/www.upjs.sk\/app\/uploads\/sites\/15\/2023\/12\/thaiszia-4-1994-Book-reviews1.pdf\" target=\"_blank\" rel=\"noreferrer noopener\" class=\"ek-link\"><mark style=\"background-color:rgba(0, 0, 0, 0)\" class=\"has-inline-color has-zakladna-zlata-color\">Book reviews and book information 1<\/mark><\/a><\/strong><br><strong><a href=\"https:\/\/www.upjs.sk\/app\/uploads\/sites\/15\/2023\/12\/thaiszia-4-1994-Book-reviews2.pdf\" target=\"_blank\" aria-label=\"Book reviews and book information 2 (opens in a new tab)\" rel=\"noreferrer noopener\" class=\"ek-link\"><mark style=\"background-color:rgba(0, 0, 0, 0)\" class=\"has-inline-color has-zakladna-zlata-color\">Book reviews and book information 2<\/mark><\/a><\/strong><\/p>\n\n\n\n<p><strong><a href=\"https:\/\/www.upjs.sk\/app\/uploads\/sites\/15\/2023\/12\/thaiszia-4-1994-List-of-publications224-226.pdf\" target=\"_blank\" aria-label=\"List of periodical publications acquired by exchange for Thaiszia \u2013 J. Bot. (opens in a new tab)\" rel=\"noreferrer noopener\" class=\"ek-link\"><mark style=\"background-color:rgba(0, 0, 0, 0)\" class=\"has-inline-color has-zakladna-zlata-color\">List of periodical publications acquired by exchange for Thaiszia \u2013 J. Bot.<\/mark><\/a><\/strong><\/p>\n","protected":false},"excerpt":{"rendered":"<p>THAISZIA \u2013 JOURNAL OF BOTANYvol. 4, 1994 \u2013 Contentsvol. 4\/1 editum 13 May 1994vol. 4\/2 editum 30 November 1994 Cover page 4\/1Cover page 4\/2 MA J. S. (1994): A floristic analysis of the Chinese Fabaceae with emphasis on the Sino-Himalayan region. &#8211; Thaiszia &#8211; J. Bot., Ko\u0161ice, 4:1-14.full text FRASER-JENKINS C. R. (1994): Dryopteris (Pteridophyta) &hellip; <a href=\"https:\/\/www.upjs.sk\/pracoviska\/botanicka-zahrada\/odborne-aktivity\/thaiszia-2\/volume-4-contents\/\">\u010c\u00edta\u0165 \u010falej<\/a><\/p>\n","protected":false},"author":1,"featured_media":0,"parent":15189,"menu_order":71,"comment_status":"closed","ping_status":"closed","template":"","meta":{"_acf_changed":false,"_editorskit_title_hidden":false,"_editorskit_reading_time":0,"_editorskit_is_block_options_detached":false,"_editorskit_block_options_position":"{}","footnotes":""},"categories":[],"tags":[],"class_list":["post-15287","page","type-page","status-publish","hentry"],"acf":{"acf_link_na_externy_obsah":""},"yoast_head":"<!-- This site is optimized with the Yoast SEO plugin v27.2 - https:\/\/yoast.com\/product\/yoast-seo-wordpress\/ -->\n<title>THAISZIA - JOURNAL OF BOTANY, Volume 4, 1994 - contents - Botanick\u00e1 z\u00e1hrada<\/title>\n<meta name=\"robots\" content=\"index, follow, max-snippet:-1, max-image-preview:large, max-video-preview:-1\" \/>\n<link rel=\"canonical\" href=\"https:\/\/www.upjs.sk\/pracoviska\/botanicka-zahrada\/odborne-aktivity\/thaiszia-2\/volume-4-contents\/\" \/>\n<meta property=\"og:locale\" content=\"sk_SK\" \/>\n<meta property=\"og:type\" content=\"article\" \/>\n<meta property=\"og:title\" content=\"THAISZIA - JOURNAL OF BOTANY, Volume 4, 1994 - contents - Botanick\u00e1 z\u00e1hrada\" \/>\n<meta property=\"og:description\" content=\"THAISZIA \u2013 JOURNAL OF BOTANYvol. 4, 1994 \u2013 Contentsvol. 4\/1 editum 13 May 1994vol. 4\/2 editum 30 November 1994 Cover page 4\/1Cover page 4\/2 MA J. S. (1994): A floristic analysis of the Chinese Fabaceae with emphasis on the Sino-Himalayan region. &#8211; Thaiszia &#8211; J. Bot., Ko\u0161ice, 4:1-14.full text FRASER-JENKINS C. R. (1994): Dryopteris (Pteridophyta) &hellip; \u010c\u00edta\u0165 \u010falej\" \/>\n<meta property=\"og:url\" content=\"https:\/\/www.upjs.sk\/pracoviska\/botanicka-zahrada\/odborne-aktivity\/thaiszia-2\/volume-4-contents\/\" \/>\n<meta property=\"og:site_name\" content=\"Botanick\u00e1 z\u00e1hrada\" \/>\n<meta property=\"article:modified_time\" content=\"2024-08-27T08:47:02+00:00\" \/>\n<meta name=\"twitter:card\" content=\"summary_large_image\" \/>\n<meta name=\"twitter:label1\" content=\"Predpokladan\u00fd \u010das \u010d\u00edtania\" \/>\n\t<meta name=\"twitter:data1\" content=\"2 min\u00faty\" \/>\n<script type=\"application\/ld+json\" class=\"yoast-schema-graph\">{\"@context\":\"https:\/\/schema.org\",\"@graph\":[{\"@type\":\"WebPage\",\"@id\":\"https:\/\/www.upjs.sk\/pracoviska\/botanicka-zahrada\/odborne-aktivity\/thaiszia-2\/volume-4-contents\/\",\"url\":\"https:\/\/www.upjs.sk\/pracoviska\/botanicka-zahrada\/odborne-aktivity\/thaiszia-2\/volume-4-contents\/\",\"name\":\"THAISZIA - JOURNAL OF BOTANY, Volume 4, 1994 - contents - Botanick\u00e1 z\u00e1hrada\",\"isPartOf\":{\"@id\":\"https:\/\/www.upjs.sk\/pracoviska\/botanicka-zahrada\/#website\"},\"datePublished\":\"2022-06-22T14:03:08+00:00\",\"dateModified\":\"2024-08-27T08:47:02+00:00\",\"breadcrumb\":{\"@id\":\"https:\/\/www.upjs.sk\/pracoviska\/botanicka-zahrada\/odborne-aktivity\/thaiszia-2\/volume-4-contents\/#breadcrumb\"},\"inLanguage\":\"sk-SK\",\"potentialAction\":[{\"@type\":\"ReadAction\",\"target\":[\"https:\/\/www.upjs.sk\/pracoviska\/botanicka-zahrada\/odborne-aktivity\/thaiszia-2\/volume-4-contents\/\"]}]},{\"@type\":\"BreadcrumbList\",\"@id\":\"https:\/\/www.upjs.sk\/pracoviska\/botanicka-zahrada\/odborne-aktivity\/thaiszia-2\/volume-4-contents\/#breadcrumb\",\"itemListElement\":[{\"@type\":\"ListItem\",\"position\":1,\"name\":\"Home\",\"item\":\"https:\/\/www.upjs.sk\/pracoviska\/botanicka-zahrada\/\"},{\"@type\":\"ListItem\",\"position\":2,\"name\":\"Odborn\u00e9 aktivity\",\"item\":\"https:\/\/www.upjs.sk\/pracoviska\/botanicka-zahrada\/odborne-aktivity\/\"},{\"@type\":\"ListItem\",\"position\":3,\"name\":\"Thaiszia \u2013 Journal of Botany\",\"item\":\"https:\/\/www.upjs.sk\/pracoviska\/botanicka-zahrada\/odborne-aktivity\/thaiszia-2\/\"},{\"@type\":\"ListItem\",\"position\":4,\"name\":\"THAISZIA &#8211; JOURNAL OF BOTANY, Volume 4, 1994 &#8211; contents\"}]},{\"@type\":\"WebSite\",\"@id\":\"https:\/\/www.upjs.sk\/pracoviska\/botanicka-zahrada\/#website\",\"url\":\"https:\/\/www.upjs.sk\/pracoviska\/botanicka-zahrada\/\",\"name\":\"Botanick\u00e1 z\u00e1hrada\",\"description\":\"\",\"publisher\":{\"@id\":\"https:\/\/www.upjs.sk\/pracoviska\/botanicka-zahrada\/#organization\"},\"potentialAction\":[{\"@type\":\"SearchAction\",\"target\":{\"@type\":\"EntryPoint\",\"urlTemplate\":\"https:\/\/www.upjs.sk\/pracoviska\/botanicka-zahrada\/?s={search_term_string}\"},\"query-input\":{\"@type\":\"PropertyValueSpecification\",\"valueRequired\":true,\"valueName\":\"search_term_string\"}}],\"inLanguage\":\"sk-SK\"},{\"@type\":\"Organization\",\"@id\":\"https:\/\/www.upjs.sk\/pracoviska\/botanicka-zahrada\/#organization\",\"name\":\"Botanick\u00e1 z\u00e1hrada\",\"url\":\"https:\/\/www.upjs.sk\/pracoviska\/botanicka-zahrada\/\",\"logo\":{\"@type\":\"ImageObject\",\"inLanguage\":\"sk-SK\",\"@id\":\"https:\/\/www.upjs.sk\/pracoviska\/botanicka-zahrada\/#\/schema\/logo\/image\/\",\"url\":\"https:\/\/www.upjs.sk\/app\/uploads\/sites\/15\/2023\/01\/BZ-2.svg\",\"contentUrl\":\"https:\/\/www.upjs.sk\/app\/uploads\/sites\/15\/2023\/01\/BZ-2.svg\",\"width\":500,\"height\":138,\"caption\":\"Botanick\u00e1 z\u00e1hrada\"},\"image\":{\"@id\":\"https:\/\/www.upjs.sk\/pracoviska\/botanicka-zahrada\/#\/schema\/logo\/image\/\"}}]}<\/script>\n<!-- \/ Yoast SEO plugin. -->","yoast_head_json":{"title":"THAISZIA - JOURNAL OF BOTANY, Volume 4, 1994 - contents - Botanick\u00e1 z\u00e1hrada","robots":{"index":"index","follow":"follow","max-snippet":"max-snippet:-1","max-image-preview":"max-image-preview:large","max-video-preview":"max-video-preview:-1"},"canonical":"https:\/\/www.upjs.sk\/pracoviska\/botanicka-zahrada\/odborne-aktivity\/thaiszia-2\/volume-4-contents\/","og_locale":"sk_SK","og_type":"article","og_title":"THAISZIA - JOURNAL OF BOTANY, Volume 4, 1994 - contents - Botanick\u00e1 z\u00e1hrada","og_description":"THAISZIA \u2013 JOURNAL OF BOTANYvol. 4, 1994 \u2013 Contentsvol. 4\/1 editum 13 May 1994vol. 4\/2 editum 30 November 1994 Cover page 4\/1Cover page 4\/2 MA J. S. (1994): A floristic analysis of the Chinese Fabaceae with emphasis on the Sino-Himalayan region. &#8211; Thaiszia &#8211; J. Bot., Ko\u0161ice, 4:1-14.full text FRASER-JENKINS C. R. (1994): Dryopteris (Pteridophyta) &hellip; \u010c\u00edta\u0165 \u010falej","og_url":"https:\/\/www.upjs.sk\/pracoviska\/botanicka-zahrada\/odborne-aktivity\/thaiszia-2\/volume-4-contents\/","og_site_name":"Botanick\u00e1 z\u00e1hrada","article_modified_time":"2024-08-27T08:47:02+00:00","twitter_card":"summary_large_image","twitter_misc":{"Predpokladan\u00fd \u010das \u010d\u00edtania":"2 min\u00faty"},"schema":{"@context":"https:\/\/schema.org","@graph":[{"@type":"WebPage","@id":"https:\/\/www.upjs.sk\/pracoviska\/botanicka-zahrada\/odborne-aktivity\/thaiszia-2\/volume-4-contents\/","url":"https:\/\/www.upjs.sk\/pracoviska\/botanicka-zahrada\/odborne-aktivity\/thaiszia-2\/volume-4-contents\/","name":"THAISZIA - JOURNAL OF BOTANY, Volume 4, 1994 - contents - Botanick\u00e1 z\u00e1hrada","isPartOf":{"@id":"https:\/\/www.upjs.sk\/pracoviska\/botanicka-zahrada\/#website"},"datePublished":"2022-06-22T14:03:08+00:00","dateModified":"2024-08-27T08:47:02+00:00","breadcrumb":{"@id":"https:\/\/www.upjs.sk\/pracoviska\/botanicka-zahrada\/odborne-aktivity\/thaiszia-2\/volume-4-contents\/#breadcrumb"},"inLanguage":"sk-SK","potentialAction":[{"@type":"ReadAction","target":["https:\/\/www.upjs.sk\/pracoviska\/botanicka-zahrada\/odborne-aktivity\/thaiszia-2\/volume-4-contents\/"]}]},{"@type":"BreadcrumbList","@id":"https:\/\/www.upjs.sk\/pracoviska\/botanicka-zahrada\/odborne-aktivity\/thaiszia-2\/volume-4-contents\/#breadcrumb","itemListElement":[{"@type":"ListItem","position":1,"name":"Home","item":"https:\/\/www.upjs.sk\/pracoviska\/botanicka-zahrada\/"},{"@type":"ListItem","position":2,"name":"Odborn\u00e9 aktivity","item":"https:\/\/www.upjs.sk\/pracoviska\/botanicka-zahrada\/odborne-aktivity\/"},{"@type":"ListItem","position":3,"name":"Thaiszia \u2013 Journal of Botany","item":"https:\/\/www.upjs.sk\/pracoviska\/botanicka-zahrada\/odborne-aktivity\/thaiszia-2\/"},{"@type":"ListItem","position":4,"name":"THAISZIA &#8211; JOURNAL OF BOTANY, Volume 4, 1994 &#8211; contents"}]},{"@type":"WebSite","@id":"https:\/\/www.upjs.sk\/pracoviska\/botanicka-zahrada\/#website","url":"https:\/\/www.upjs.sk\/pracoviska\/botanicka-zahrada\/","name":"Botanick\u00e1 z\u00e1hrada","description":"","publisher":{"@id":"https:\/\/www.upjs.sk\/pracoviska\/botanicka-zahrada\/#organization"},"potentialAction":[{"@type":"SearchAction","target":{"@type":"EntryPoint","urlTemplate":"https:\/\/www.upjs.sk\/pracoviska\/botanicka-zahrada\/?s={search_term_string}"},"query-input":{"@type":"PropertyValueSpecification","valueRequired":true,"valueName":"search_term_string"}}],"inLanguage":"sk-SK"},{"@type":"Organization","@id":"https:\/\/www.upjs.sk\/pracoviska\/botanicka-zahrada\/#organization","name":"Botanick\u00e1 z\u00e1hrada","url":"https:\/\/www.upjs.sk\/pracoviska\/botanicka-zahrada\/","logo":{"@type":"ImageObject","inLanguage":"sk-SK","@id":"https:\/\/www.upjs.sk\/pracoviska\/botanicka-zahrada\/#\/schema\/logo\/image\/","url":"https:\/\/www.upjs.sk\/app\/uploads\/sites\/15\/2023\/01\/BZ-2.svg","contentUrl":"https:\/\/www.upjs.sk\/app\/uploads\/sites\/15\/2023\/01\/BZ-2.svg","width":500,"height":138,"caption":"Botanick\u00e1 z\u00e1hrada"},"image":{"@id":"https:\/\/www.upjs.sk\/pracoviska\/botanicka-zahrada\/#\/schema\/logo\/image\/"}}]}},"_links":{"self":[{"href":"https:\/\/www.upjs.sk\/pracoviska\/botanicka-zahrada\/wp-json\/wp\/v2\/pages\/15287","targetHints":{"allow":["GET"]}}],"collection":[{"href":"https:\/\/www.upjs.sk\/pracoviska\/botanicka-zahrada\/wp-json\/wp\/v2\/pages"}],"about":[{"href":"https:\/\/www.upjs.sk\/pracoviska\/botanicka-zahrada\/wp-json\/wp\/v2\/types\/page"}],"author":[{"embeddable":true,"href":"https:\/\/www.upjs.sk\/pracoviska\/botanicka-zahrada\/wp-json\/wp\/v2\/users\/1"}],"replies":[{"embeddable":true,"href":"https:\/\/www.upjs.sk\/pracoviska\/botanicka-zahrada\/wp-json\/wp\/v2\/comments?post=15287"}],"version-history":[{"count":9,"href":"https:\/\/www.upjs.sk\/pracoviska\/botanicka-zahrada\/wp-json\/wp\/v2\/pages\/15287\/revisions"}],"predecessor-version":[{"id":22558,"href":"https:\/\/www.upjs.sk\/pracoviska\/botanicka-zahrada\/wp-json\/wp\/v2\/pages\/15287\/revisions\/22558"}],"up":[{"embeddable":true,"href":"https:\/\/www.upjs.sk\/pracoviska\/botanicka-zahrada\/wp-json\/wp\/v2\/pages\/15189"}],"wp:attachment":[{"href":"https:\/\/www.upjs.sk\/pracoviska\/botanicka-zahrada\/wp-json\/wp\/v2\/media?parent=15287"}],"wp:term":[{"taxonomy":"category","embeddable":true,"href":"https:\/\/www.upjs.sk\/pracoviska\/botanicka-zahrada\/wp-json\/wp\/v2\/categories?post=15287"},{"taxonomy":"post_tag","embeddable":true,"href":"https:\/\/www.upjs.sk\/pracoviska\/botanicka-zahrada\/wp-json\/wp\/v2\/tags?post=15287"}],"curies":[{"name":"wp","href":"https:\/\/api.w.org\/{rel}","templated":true}]}}