{"id":23318,"date":"2025-03-20T10:51:08","date_gmt":"2025-03-20T10:51:08","guid":{"rendered":"https:\/\/www.upjs.sk\/pracoviska\/botanicka-zahrada\/?page_id=23318"},"modified":"2025-03-31T08:34:20","modified_gmt":"2025-03-31T08:34:20","slug":"abstrakty","status":"publish","type":"page","link":"https:\/\/www.upjs.sk\/pracoviska\/botanicka-zahrada\/odborne-aktivity\/konferencia-75-rokov-bz\/abstrakty\/","title":{"rendered":"Abstrakty"},"content":{"rendered":"<style>.kb-image23318_a6f18d-59.kb-image-is-ratio-size, .kb-image23318_a6f18d-59 .kb-image-is-ratio-size{max-width:855px;width:100%;}.wp-block-kadence-column > .kt-inside-inner-col > .kb-image23318_a6f18d-59.kb-image-is-ratio-size, .wp-block-kadence-column > .kt-inside-inner-col > .kb-image23318_a6f18d-59 .kb-image-is-ratio-size{align-self:unset;}.kb-image23318_a6f18d-59 figure{max-width:855px;}.kb-image23318_a6f18d-59 .image-is-svg, .kb-image23318_a6f18d-59 .image-is-svg img{width:100%;}.kb-image23318_a6f18d-59 .kb-image-has-overlay:after{opacity:0.3;border-top-left-radius:15px;border-top-right-radius:15px;border-bottom-right-radius:15px;border-bottom-left-radius:15px;}.kb-image23318_a6f18d-59 img.kb-img, .kb-image23318_a6f18d-59 .kb-img img{border-top-left-radius:15px;border-top-right-radius:15px;border-bottom-right-radius:15px;border-bottom-left-radius:15px;}<\/style>\n<div class=\"wp-block-kadence-image kb-image23318_a6f18d-59\"><figure class=\"aligncenter\"><img loading=\"lazy\" decoding=\"async\" width=\"1000\" height=\"308\" src=\"https:\/\/www.upjs.sk\/app\/uploads\/sites\/15\/2025\/03\/baner-75-rokov-bZ-1.jpg\" alt=\"\" class=\"kb-img wp-image-23300\" srcset=\"https:\/\/www.upjs.sk\/app\/uploads\/sites\/15\/2025\/03\/baner-75-rokov-bZ-1.jpg 1000w, https:\/\/www.upjs.sk\/app\/uploads\/sites\/15\/2025\/03\/baner-75-rokov-bZ-1-300x92.jpg 300w, https:\/\/www.upjs.sk\/app\/uploads\/sites\/15\/2025\/03\/baner-75-rokov-bZ-1-768x237.jpg 768w\" sizes=\"auto, (max-width: 1000px) 100vw, 1000px\" \/><\/figure><\/div>\n\n\n\n<p>\u00a0<a href=\"https:\/\/www.upjs.sk\/app\/uploads\/sites\/15\/2022\/10\/Abstract-template.pdf\" target=\"_blank\" rel=\"noreferrer noopener\"><strong>\u0160abl\u00f3na <\/strong><\/a><strong><a href=\"https:\/\/www.upjs.sk\/app\/uploads\/sites\/15\/2025\/03\/Abstract-template.docx\" target=\"_blank\" rel=\"noreferrer noopener\">abstraktu<\/a><\/strong><\/p>\n\n\n\n<p>Abstrakty zasielajte form\u00e1tovan\u00e9 pod\u013ea prilo\u017een\u00e9ho vzoru vo form\u00e1te Word: docx alebo doc. <br>Abstrakty musia by\u0165 v&nbsp;anglickom jazyku a<strong>&nbsp;zaslan\u00e9 do&nbsp;18. 7. 2025<\/strong>, email:&nbsp;<a href=\"mailto:conferenceBG@upjs.sk\">conferenceBG@upjs.sk<\/a>.<\/p>\n\n\n\n<p>Abstrakty bud\u00fa posudzovan\u00e9 vedeck\u00fdm v\u00fdborom a tento m\u00e1 pr\u00e1vo prijatie abstraktu na publikovanie zamietnu\u0165.<\/p>\n\n\n\n<p><strong><mark style=\"background-color:rgba(0, 0, 0, 0)\" class=\"has-inline-color has-prirodovedecka-f-color\"> Zborn\u00edk pr\u00edspevkov<\/mark><\/strong><\/p>\n\n\n\n<p>Kompletn\u00e9 pr\u00edspevky z konferencie bud\u00fa v&nbsp;pr\u00edpade z\u00e1ujmu autora publikovan\u00e9 v \u010dasopise BZ UPJ\u0160 v Ko\u0161iciach,&nbsp;<a href=\"https:\/\/www.upjs.sk\/pracoviska\/botanicka-zahrada\/odborne-aktivity\/thaiszia\">Thaiszia \u2013 Journal of Botany<\/a>, <br>indexovanom v datab\u00e1zach WOS\/Biological abstracts, SCOPUS a \u010fal\u0161\u00edch.<\/p>\n\n\n\n<p>Pr\u00edspevky je potrebn\u00e9 zasla\u0165 na adresu redakcie&nbsp;<a href=\"mailto:thaiszia@upjs.sk\">thaiszia@upjs.sk<\/a>&nbsp;emailom, najnesk\u00f4r <strong>do 30. novembra 2025. <\/strong><br>Pr\u00edspevky musia sp\u013a\u0148a\u0165&nbsp;<a href=\"https:\/\/www.upjs.sk\/pracoviska\/botanicka-zahrada\/odborne-aktivity\/guide-to-authors\/\">pokyny pre autorov<\/a>&nbsp;a prejd\u00fa \u0161tandardn\u00fdm recenzn\u00fdm pokra\u010dovan\u00edm v redakcii \u010dasopisu. <\/p>\n","protected":false},"excerpt":{"rendered":"<p>\u00a0\u0160abl\u00f3na abstraktu Abstrakty zasielajte form\u00e1tovan\u00e9 pod\u013ea prilo\u017een\u00e9ho vzoru vo form\u00e1te Word: docx alebo doc. Abstrakty musia by\u0165 v&nbsp;anglickom jazyku a&nbsp;zaslan\u00e9 do&nbsp;18. 7. 2025, email:&nbsp;conferenceBG@upjs.sk. Abstrakty bud\u00fa posudzovan\u00e9 vedeck\u00fdm v\u00fdborom a tento m\u00e1 pr\u00e1vo prijatie abstraktu na publikovanie zamietnu\u0165. Zborn\u00edk pr\u00edspevkov Kompletn\u00e9 pr\u00edspevky z konferencie bud\u00fa v&nbsp;pr\u00edpade z\u00e1ujmu autora publikovan\u00e9 v \u010dasopise BZ UPJ\u0160 v Ko\u0161iciach,&nbsp;Thaiszia &hellip; <a href=\"https:\/\/www.upjs.sk\/pracoviska\/botanicka-zahrada\/odborne-aktivity\/konferencia-75-rokov-bz\/abstrakty\/\">\u010c\u00edta\u0165 \u010falej<\/a><\/p>\n","protected":false},"author":16,"featured_media":0,"parent":23299,"menu_order":3,"comment_status":"closed","ping_status":"closed","template":"","meta":{"_acf_changed":false,"_editorskit_title_hidden":false,"_editorskit_reading_time":0,"_editorskit_is_block_options_detached":false,"_editorskit_block_options_position":"{}","footnotes":""},"categories":[],"tags":[],"class_list":["post-23318","page","type-page","status-publish","hentry"],"acf":{"acf_link_na_externy_obsah":""},"yoast_head":"<!-- This site is optimized with the Yoast SEO plugin v27.2 - https:\/\/yoast.com\/product\/yoast-seo-wordpress\/ -->\n<title>Abstrakty - Botanick\u00e1 z\u00e1hrada<\/title>\n<meta name=\"robots\" content=\"index, follow, max-snippet:-1, max-image-preview:large, max-video-preview:-1\" \/>\n<link rel=\"canonical\" href=\"https:\/\/www.upjs.sk\/pracoviska\/botanicka-zahrada\/odborne-aktivity\/konferencia-75-rokov-bz\/abstrakty\/\" \/>\n<meta property=\"og:locale\" content=\"sk_SK\" \/>\n<meta property=\"og:type\" content=\"article\" \/>\n<meta property=\"og:title\" content=\"Abstrakty - Botanick\u00e1 z\u00e1hrada\" \/>\n<meta property=\"og:description\" content=\"\u00a0\u0160abl\u00f3na abstraktu Abstrakty zasielajte form\u00e1tovan\u00e9 pod\u013ea prilo\u017een\u00e9ho vzoru vo form\u00e1te Word: docx alebo doc. Abstrakty musia by\u0165 v&nbsp;anglickom jazyku a&nbsp;zaslan\u00e9 do&nbsp;18. 7. 2025, email:&nbsp;conferenceBG@upjs.sk. Abstrakty bud\u00fa posudzovan\u00e9 vedeck\u00fdm v\u00fdborom a tento m\u00e1 pr\u00e1vo prijatie abstraktu na publikovanie zamietnu\u0165. Zborn\u00edk pr\u00edspevkov Kompletn\u00e9 pr\u00edspevky z konferencie bud\u00fa v&nbsp;pr\u00edpade z\u00e1ujmu autora publikovan\u00e9 v \u010dasopise BZ UPJ\u0160 v Ko\u0161iciach,&nbsp;Thaiszia &hellip; \u010c\u00edta\u0165 \u010falej\" \/>\n<meta property=\"og:url\" content=\"https:\/\/www.upjs.sk\/pracoviska\/botanicka-zahrada\/odborne-aktivity\/konferencia-75-rokov-bz\/abstrakty\/\" \/>\n<meta property=\"og:site_name\" content=\"Botanick\u00e1 z\u00e1hrada\" \/>\n<meta property=\"article:modified_time\" content=\"2025-03-31T08:34:20+00:00\" \/>\n<meta property=\"og:image\" content=\"https:\/\/www.upjs.sk\/app\/uploads\/sites\/15\/2025\/03\/baner-75-rokov-bZ-1.jpg\" \/>\n<meta name=\"twitter:card\" content=\"summary_large_image\" \/>\n<meta name=\"twitter:label1\" content=\"Predpokladan\u00fd \u010das \u010d\u00edtania\" \/>\n\t<meta name=\"twitter:data1\" content=\"1 min\u00fata\" \/>\n<script type=\"application\/ld+json\" class=\"yoast-schema-graph\">{\"@context\":\"https:\/\/schema.org\",\"@graph\":[{\"@type\":\"WebPage\",\"@id\":\"https:\/\/www.upjs.sk\/pracoviska\/botanicka-zahrada\/odborne-aktivity\/konferencia-75-rokov-bz\/abstrakty\/\",\"url\":\"https:\/\/www.upjs.sk\/pracoviska\/botanicka-zahrada\/odborne-aktivity\/konferencia-75-rokov-bz\/abstrakty\/\",\"name\":\"Abstrakty - Botanick\u00e1 z\u00e1hrada\",\"isPartOf\":{\"@id\":\"https:\/\/www.upjs.sk\/pracoviska\/botanicka-zahrada\/#website\"},\"primaryImageOfPage\":{\"@id\":\"https:\/\/www.upjs.sk\/pracoviska\/botanicka-zahrada\/odborne-aktivity\/konferencia-75-rokov-bz\/abstrakty\/#primaryimage\"},\"image\":{\"@id\":\"https:\/\/www.upjs.sk\/pracoviska\/botanicka-zahrada\/odborne-aktivity\/konferencia-75-rokov-bz\/abstrakty\/#primaryimage\"},\"thumbnailUrl\":\"https:\/\/www.upjs.sk\/app\/uploads\/sites\/15\/2025\/03\/baner-75-rokov-bZ-1.jpg\",\"datePublished\":\"2025-03-20T10:51:08+00:00\",\"dateModified\":\"2025-03-31T08:34:20+00:00\",\"breadcrumb\":{\"@id\":\"https:\/\/www.upjs.sk\/pracoviska\/botanicka-zahrada\/odborne-aktivity\/konferencia-75-rokov-bz\/abstrakty\/#breadcrumb\"},\"inLanguage\":\"sk-SK\",\"potentialAction\":[{\"@type\":\"ReadAction\",\"target\":[\"https:\/\/www.upjs.sk\/pracoviska\/botanicka-zahrada\/odborne-aktivity\/konferencia-75-rokov-bz\/abstrakty\/\"]}]},{\"@type\":\"ImageObject\",\"inLanguage\":\"sk-SK\",\"@id\":\"https:\/\/www.upjs.sk\/pracoviska\/botanicka-zahrada\/odborne-aktivity\/konferencia-75-rokov-bz\/abstrakty\/#primaryimage\",\"url\":\"https:\/\/www.upjs.sk\/app\/uploads\/sites\/15\/2025\/03\/baner-75-rokov-bZ-1.jpg\",\"contentUrl\":\"https:\/\/www.upjs.sk\/app\/uploads\/sites\/15\/2025\/03\/baner-75-rokov-bZ-1.jpg\"},{\"@type\":\"BreadcrumbList\",\"@id\":\"https:\/\/www.upjs.sk\/pracoviska\/botanicka-zahrada\/odborne-aktivity\/konferencia-75-rokov-bz\/abstrakty\/#breadcrumb\",\"itemListElement\":[{\"@type\":\"ListItem\",\"position\":1,\"name\":\"Home\",\"item\":\"https:\/\/www.upjs.sk\/pracoviska\/botanicka-zahrada\/\"},{\"@type\":\"ListItem\",\"position\":2,\"name\":\"Odborn\u00e9 aktivity\",\"item\":\"https:\/\/www.upjs.sk\/pracoviska\/botanicka-zahrada\/odborne-aktivity\/\"},{\"@type\":\"ListItem\",\"position\":3,\"name\":\"Konferencia 75 rokov od zalo\u017eenia Botanickej z\u00e1hrady v\u00a0Ko\u0161iciach\",\"item\":\"https:\/\/www.upjs.sk\/pracoviska\/botanicka-zahrada\/odborne-aktivity\/konferencia-75-rokov-bz\/\"},{\"@type\":\"ListItem\",\"position\":4,\"name\":\"Abstrakty\"}]},{\"@type\":\"WebSite\",\"@id\":\"https:\/\/www.upjs.sk\/pracoviska\/botanicka-zahrada\/#website\",\"url\":\"https:\/\/www.upjs.sk\/pracoviska\/botanicka-zahrada\/\",\"name\":\"Botanick\u00e1 z\u00e1hrada\",\"description\":\"\",\"publisher\":{\"@id\":\"https:\/\/www.upjs.sk\/pracoviska\/botanicka-zahrada\/#organization\"},\"potentialAction\":[{\"@type\":\"SearchAction\",\"target\":{\"@type\":\"EntryPoint\",\"urlTemplate\":\"https:\/\/www.upjs.sk\/pracoviska\/botanicka-zahrada\/?s={search_term_string}\"},\"query-input\":{\"@type\":\"PropertyValueSpecification\",\"valueRequired\":true,\"valueName\":\"search_term_string\"}}],\"inLanguage\":\"sk-SK\"},{\"@type\":\"Organization\",\"@id\":\"https:\/\/www.upjs.sk\/pracoviska\/botanicka-zahrada\/#organization\",\"name\":\"Botanick\u00e1 z\u00e1hrada\",\"url\":\"https:\/\/www.upjs.sk\/pracoviska\/botanicka-zahrada\/\",\"logo\":{\"@type\":\"ImageObject\",\"inLanguage\":\"sk-SK\",\"@id\":\"https:\/\/www.upjs.sk\/pracoviska\/botanicka-zahrada\/#\/schema\/logo\/image\/\",\"url\":\"https:\/\/www.upjs.sk\/app\/uploads\/sites\/15\/2023\/01\/BZ-2.svg\",\"contentUrl\":\"https:\/\/www.upjs.sk\/app\/uploads\/sites\/15\/2023\/01\/BZ-2.svg\",\"width\":500,\"height\":138,\"caption\":\"Botanick\u00e1 z\u00e1hrada\"},\"image\":{\"@id\":\"https:\/\/www.upjs.sk\/pracoviska\/botanicka-zahrada\/#\/schema\/logo\/image\/\"}}]}<\/script>\n<!-- \/ Yoast SEO plugin. -->","yoast_head_json":{"title":"Abstrakty - Botanick\u00e1 z\u00e1hrada","robots":{"index":"index","follow":"follow","max-snippet":"max-snippet:-1","max-image-preview":"max-image-preview:large","max-video-preview":"max-video-preview:-1"},"canonical":"https:\/\/www.upjs.sk\/pracoviska\/botanicka-zahrada\/odborne-aktivity\/konferencia-75-rokov-bz\/abstrakty\/","og_locale":"sk_SK","og_type":"article","og_title":"Abstrakty - Botanick\u00e1 z\u00e1hrada","og_description":"\u00a0\u0160abl\u00f3na abstraktu Abstrakty zasielajte form\u00e1tovan\u00e9 pod\u013ea prilo\u017een\u00e9ho vzoru vo form\u00e1te Word: docx alebo doc. Abstrakty musia by\u0165 v&nbsp;anglickom jazyku a&nbsp;zaslan\u00e9 do&nbsp;18. 7. 2025, email:&nbsp;conferenceBG@upjs.sk. Abstrakty bud\u00fa posudzovan\u00e9 vedeck\u00fdm v\u00fdborom a tento m\u00e1 pr\u00e1vo prijatie abstraktu na publikovanie zamietnu\u0165. Zborn\u00edk pr\u00edspevkov Kompletn\u00e9 pr\u00edspevky z konferencie bud\u00fa v&nbsp;pr\u00edpade z\u00e1ujmu autora publikovan\u00e9 v \u010dasopise BZ UPJ\u0160 v Ko\u0161iciach,&nbsp;Thaiszia &hellip; \u010c\u00edta\u0165 \u010falej","og_url":"https:\/\/www.upjs.sk\/pracoviska\/botanicka-zahrada\/odborne-aktivity\/konferencia-75-rokov-bz\/abstrakty\/","og_site_name":"Botanick\u00e1 z\u00e1hrada","article_modified_time":"2025-03-31T08:34:20+00:00","og_image":[{"url":"https:\/\/www.upjs.sk\/app\/uploads\/sites\/15\/2025\/03\/baner-75-rokov-bZ-1.jpg","type":"","width":"","height":""}],"twitter_card":"summary_large_image","twitter_misc":{"Predpokladan\u00fd \u010das \u010d\u00edtania":"1 min\u00fata"},"schema":{"@context":"https:\/\/schema.org","@graph":[{"@type":"WebPage","@id":"https:\/\/www.upjs.sk\/pracoviska\/botanicka-zahrada\/odborne-aktivity\/konferencia-75-rokov-bz\/abstrakty\/","url":"https:\/\/www.upjs.sk\/pracoviska\/botanicka-zahrada\/odborne-aktivity\/konferencia-75-rokov-bz\/abstrakty\/","name":"Abstrakty - Botanick\u00e1 z\u00e1hrada","isPartOf":{"@id":"https:\/\/www.upjs.sk\/pracoviska\/botanicka-zahrada\/#website"},"primaryImageOfPage":{"@id":"https:\/\/www.upjs.sk\/pracoviska\/botanicka-zahrada\/odborne-aktivity\/konferencia-75-rokov-bz\/abstrakty\/#primaryimage"},"image":{"@id":"https:\/\/www.upjs.sk\/pracoviska\/botanicka-zahrada\/odborne-aktivity\/konferencia-75-rokov-bz\/abstrakty\/#primaryimage"},"thumbnailUrl":"https:\/\/www.upjs.sk\/app\/uploads\/sites\/15\/2025\/03\/baner-75-rokov-bZ-1.jpg","datePublished":"2025-03-20T10:51:08+00:00","dateModified":"2025-03-31T08:34:20+00:00","breadcrumb":{"@id":"https:\/\/www.upjs.sk\/pracoviska\/botanicka-zahrada\/odborne-aktivity\/konferencia-75-rokov-bz\/abstrakty\/#breadcrumb"},"inLanguage":"sk-SK","potentialAction":[{"@type":"ReadAction","target":["https:\/\/www.upjs.sk\/pracoviska\/botanicka-zahrada\/odborne-aktivity\/konferencia-75-rokov-bz\/abstrakty\/"]}]},{"@type":"ImageObject","inLanguage":"sk-SK","@id":"https:\/\/www.upjs.sk\/pracoviska\/botanicka-zahrada\/odborne-aktivity\/konferencia-75-rokov-bz\/abstrakty\/#primaryimage","url":"https:\/\/www.upjs.sk\/app\/uploads\/sites\/15\/2025\/03\/baner-75-rokov-bZ-1.jpg","contentUrl":"https:\/\/www.upjs.sk\/app\/uploads\/sites\/15\/2025\/03\/baner-75-rokov-bZ-1.jpg"},{"@type":"BreadcrumbList","@id":"https:\/\/www.upjs.sk\/pracoviska\/botanicka-zahrada\/odborne-aktivity\/konferencia-75-rokov-bz\/abstrakty\/#breadcrumb","itemListElement":[{"@type":"ListItem","position":1,"name":"Home","item":"https:\/\/www.upjs.sk\/pracoviska\/botanicka-zahrada\/"},{"@type":"ListItem","position":2,"name":"Odborn\u00e9 aktivity","item":"https:\/\/www.upjs.sk\/pracoviska\/botanicka-zahrada\/odborne-aktivity\/"},{"@type":"ListItem","position":3,"name":"Konferencia 75 rokov od zalo\u017eenia Botanickej z\u00e1hrady v\u00a0Ko\u0161iciach","item":"https:\/\/www.upjs.sk\/pracoviska\/botanicka-zahrada\/odborne-aktivity\/konferencia-75-rokov-bz\/"},{"@type":"ListItem","position":4,"name":"Abstrakty"}]},{"@type":"WebSite","@id":"https:\/\/www.upjs.sk\/pracoviska\/botanicka-zahrada\/#website","url":"https:\/\/www.upjs.sk\/pracoviska\/botanicka-zahrada\/","name":"Botanick\u00e1 z\u00e1hrada","description":"","publisher":{"@id":"https:\/\/www.upjs.sk\/pracoviska\/botanicka-zahrada\/#organization"},"potentialAction":[{"@type":"SearchAction","target":{"@type":"EntryPoint","urlTemplate":"https:\/\/www.upjs.sk\/pracoviska\/botanicka-zahrada\/?s={search_term_string}"},"query-input":{"@type":"PropertyValueSpecification","valueRequired":true,"valueName":"search_term_string"}}],"inLanguage":"sk-SK"},{"@type":"Organization","@id":"https:\/\/www.upjs.sk\/pracoviska\/botanicka-zahrada\/#organization","name":"Botanick\u00e1 z\u00e1hrada","url":"https:\/\/www.upjs.sk\/pracoviska\/botanicka-zahrada\/","logo":{"@type":"ImageObject","inLanguage":"sk-SK","@id":"https:\/\/www.upjs.sk\/pracoviska\/botanicka-zahrada\/#\/schema\/logo\/image\/","url":"https:\/\/www.upjs.sk\/app\/uploads\/sites\/15\/2023\/01\/BZ-2.svg","contentUrl":"https:\/\/www.upjs.sk\/app\/uploads\/sites\/15\/2023\/01\/BZ-2.svg","width":500,"height":138,"caption":"Botanick\u00e1 z\u00e1hrada"},"image":{"@id":"https:\/\/www.upjs.sk\/pracoviska\/botanicka-zahrada\/#\/schema\/logo\/image\/"}}]}},"_links":{"self":[{"href":"https:\/\/www.upjs.sk\/pracoviska\/botanicka-zahrada\/wp-json\/wp\/v2\/pages\/23318","targetHints":{"allow":["GET"]}}],"collection":[{"href":"https:\/\/www.upjs.sk\/pracoviska\/botanicka-zahrada\/wp-json\/wp\/v2\/pages"}],"about":[{"href":"https:\/\/www.upjs.sk\/pracoviska\/botanicka-zahrada\/wp-json\/wp\/v2\/types\/page"}],"author":[{"embeddable":true,"href":"https:\/\/www.upjs.sk\/pracoviska\/botanicka-zahrada\/wp-json\/wp\/v2\/users\/16"}],"replies":[{"embeddable":true,"href":"https:\/\/www.upjs.sk\/pracoviska\/botanicka-zahrada\/wp-json\/wp\/v2\/comments?post=23318"}],"version-history":[{"count":9,"href":"https:\/\/www.upjs.sk\/pracoviska\/botanicka-zahrada\/wp-json\/wp\/v2\/pages\/23318\/revisions"}],"predecessor-version":[{"id":23795,"href":"https:\/\/www.upjs.sk\/pracoviska\/botanicka-zahrada\/wp-json\/wp\/v2\/pages\/23318\/revisions\/23795"}],"up":[{"embeddable":true,"href":"https:\/\/www.upjs.sk\/pracoviska\/botanicka-zahrada\/wp-json\/wp\/v2\/pages\/23299"}],"wp:attachment":[{"href":"https:\/\/www.upjs.sk\/pracoviska\/botanicka-zahrada\/wp-json\/wp\/v2\/media?parent=23318"}],"wp:term":[{"taxonomy":"category","embeddable":true,"href":"https:\/\/www.upjs.sk\/pracoviska\/botanicka-zahrada\/wp-json\/wp\/v2\/categories?post=23318"},{"taxonomy":"post_tag","embeddable":true,"href":"https:\/\/www.upjs.sk\/pracoviska\/botanicka-zahrada\/wp-json\/wp\/v2\/tags?post=23318"}],"curies":[{"name":"wp","href":"https:\/\/api.w.org\/{rel}","templated":true}]}}