{"id":13633,"date":"2021-10-13T00:00:42","date_gmt":"2020-09-28T18:28:25","guid":{"rendered":"https:\/\/www.upjs.sk\/pracoviska\/ccvapp\/root\/elearning\/platformy\/"},"modified":"2023-11-27T13:09:38","modified_gmt":"2023-11-27T13:09:38","slug":"platformy","status":"publish","type":"page","link":"https:\/\/www.upjs.sk\/pracoviska\/ccvapp\/elearning\/platformy\/","title":{"rendered":"Dostupn\u00e9 platformy"},"content":{"rendered":"\n<p>Cie\u013eom zoznamu zosumarizova\u0165 dostupn\u00e9 n\u00e1stroje ur\u010den\u00e9 pre u\u010dite\u013eov a&nbsp;u\u013eah\u010di\u0165 di\u0161tan\u010dn\u00e9 vzdel\u00e1vanie \u0161tudentov a vzdel\u00e1vanie pomocov elektronick\u00fdch n\u00e1strojov. Ni\u017e\u0161ie uveden\u00e9 n\u00e1stroje a port\u00e1ly sl\u00fa\u017eia pre in\u0161pir\u00e1ciu, pri pl\u00e1novan\u00ed di\u0161tan\u010dnej formy v\u00fdu\u010dby. Zoznam obsahuje aj n\u00e1stroje ur\u010den\u00e9 pre \u017eiakov z\u00e1kladn\u00fdch&nbsp;a stredn\u00fdch&nbsp;\u0161k\u00f4l.<\/p>\n\n\n\n<h4 class=\"wp-block-heading\"><strong>Syst\u00e9my riadenia digit\u00e1lneho vzdel\u00e1vania (learning management system)<\/strong><\/h4>\n\n\n\n<ul class=\"is-style-default wp-block-list\" style=\"padding-top:0;padding-right:var(--wp--preset--spacing--50);padding-bottom:var(--wp--preset--spacing--50);padding-left:var(--wp--preset--spacing--50)\">\n<li><a href=\"https:\/\/www.blackboard.com\/\" target=\"_blank\" rel=\"noopener\">Blackboard<\/a> \u2013 zdroje a n\u00e1stroje na prechod a poskytovanie kvalitn\u00e9ho vyu\u010dovania a u\u010denia sa on-line.<\/li>\n\n\n\n<li><a href=\"https:\/\/www.century.tech\/\" target=\"_blank\" rel=\"noopener\">CenturyTech<\/a> \u2013 mikro-lekcie, ktor\u00e9 rie\u0161ia medzery vo vedomostiach, s\u00fa v\u00fdzvami pre u\u010diacich sa \u0161tudentov a podporuj\u00fa dlhodob\u00e9 uchov\u00e1vanie pam\u00e4te.<\/li>\n\n\n\n<li><a href=\"https:\/\/www.classdojo.com\/\" target=\"_blank\" rel=\"noopener\">ClassDojo<\/a> \u2013 sp\u00e1ja u\u010dite\u013eov so \u0161tudentmi a rodi\u010dmi pri budovan\u00ed komun\u00edt v triede<\/li>\n\n\n\n<li><a href=\"https:\/\/new.edmodo.com\/?go2url=%2Fhome\" target=\"_blank\" rel=\"noopener\">Edmodo<\/a> \u2013 n\u00e1stroje a zdroje na spr\u00e1vu tried a dia\u013ekov\u00e9 zapojenie \u0161tudentov.<\/li>\n\n\n\n<li><a href=\"https:\/\/ekstep.in\/\" target=\"_blank\" rel=\"noopener\">EkStep<\/a> \u2013 otvoren\u00e1 vzdel\u00e1vacia platforma so s\u00faborom u\u010debn\u00fdch zdrojov na podporu gramotnosti a po\u010d\u00edtania.<\/li>\n\n\n\n<li><a href=\"https:\/\/classroom.google.com\/h\" target=\"_blank\" rel=\"noopener\">Google Classroom<\/a> \u2013 pom\u00e1ha triedam pripoji\u0165 sa a komunikova\u0165 na dia\u013eku<\/li>\n\n\n\n<li><a href=\"https:\/\/moodle.org\/\" target=\"_blank\" rel=\"noopener\">Moodle<\/a> \u2013 otvoren\u00e1 vzdel\u00e1vacia platforma na UPJ\u0160 cez lms.upjs.sk<\/li>\n\n\n\n<li><a href=\"https:\/\/www.schoology.com\/\" target=\"_blank\" rel=\"noopener\">Schoology<\/a> \u2013 n\u00e1stroje na podporu v\u00fdu\u010dby, u\u010denia, klasifik\u00e1cie, spolupr\u00e1ce a hodnotenia.<\/li>\n\n\n\n<li><a href=\"https:\/\/web.seesaw.me\/\" target=\"_blank\" rel=\"noopener\">Seesaw<\/a> \u2013 umo\u017e\u0148uje vytv\u00e1ranie portf\u00f3li\u00ed digit\u00e1lneho vzdel\u00e1vania zalo\u017een\u00fdch na spolupr\u00e1ci a zdie\u013ean\u00ed zdrojov na u\u010denie sa.<\/li>\n\n\n\n<li><a href=\"https:\/\/skooler.com\/\" target=\"_blank\" rel=\"noopener\">Skooler<\/a> \u2013 n\u00e1stroje na premenu softv\u00e9ru bal\u00edka Microsoft Office na vzdel\u00e1vaciu platformu.<\/li>\n<\/ul>\n\n\n\n<h4 class=\"wp-block-heading\"><strong>Syst\u00e9my pre mobiln\u00e9 telef\u00f3ny<\/strong><\/h4>\n\n\n\n<ul class=\"wp-block-list\" style=\"padding-top:0;padding-right:var(--wp--preset--spacing--50);padding-bottom:var(--wp--preset--spacing--50);padding-left:var(--wp--preset--spacing--50)\">\n<li><a href=\"https:\/\/www.cell-ed.com\/\" target=\"_blank\" rel=\"noopener\">Cell-Ed<\/a>&nbsp;&#8211;&nbsp;vzdel\u00e1vacia platforma zameran\u00e1 na u\u010diacich sa, zameran\u00e1 na zru\u010dnosti.<\/li>\n\n\n\n<li><a href=\"https:\/\/enezaeducation.com\/\" target=\"_blank\" rel=\"noopener\">Eneza Education<\/a> &#8211; u\u010debn\u00e9 materi\u00e1ly pre telef\u00f3ny.so z\u00e1kladn\u00fdmi funkciami.<\/li>\n\n\n\n<li><a href=\"https:\/\/www.funzi.fi\/\" target=\"_blank\" rel=\"noopener\">Funz<\/a>&nbsp;&#8211;&nbsp;mobiln\u00e1 vzdel\u00e1vacia slu\u017eba, ktor\u00e1 podporuje v\u00fdu\u010dbu a kurzy pre ve\u013ek\u00e9 skupiny.<\/li>\n\n\n\n<li><a href=\"https:\/\/www.kaiostech.com\/\" target=\"_blank\" rel=\"noopener\">KaiOS<\/a> &#8211; softv\u00e9r, ktor\u00fd poskytuje funkcie &#8222;smart&#8220; telef\u00f3nov lacn\u00fdm mobiln\u00fdm telef\u00f3nom a pom\u00e1ha otv\u00e1ra\u0165 port\u00e1ly vzdel\u00e1vac\u00edm pr\u00edle\u017eitostiam.<\/li>\n\n\n\n<li><a href=\"https:\/\/www.ustadmobile.com\/lms\/\" target=\"_blank\" rel=\"noopener\">Ustad Mobile<\/a> &#8211; pr\u00edstup a zdie\u013eanie vzdel\u00e1vacieho obsahu off-line<\/li>\n<\/ul>\n\n\n\n<h4 class=\"wp-block-heading\"><strong>Syst\u00e9my s posilnen\u00fdmi funkciami offline (bez pripojenia)<\/strong><\/h4>\n\n\n\n<ul class=\"wp-block-list\" style=\"padding-top:0;padding-right:var(--wp--preset--spacing--50);padding-bottom:var(--wp--preset--spacing--50);padding-left:var(--wp--preset--spacing--50)\">\n<li><a href=\"https:\/\/www.warchildholland.org\/projects\/cwtl\/\" target=\"_blank\" rel=\"noopener\">Can\u2019t wait to Learn<\/a> \u2013 hern\u00e1 technol\u00f3gia na poskytovanie kvalitn\u00e9ho vzdel\u00e1vania de\u0165om (vr\u00e1tane det\u00ed v konfliktn\u00fdch kontextoch).<\/li>\n\n\n\n<li><a href=\"https:\/\/learningequality.org\/kolibri\/\" target=\"_blank\" rel=\"noopener\">Kolibri<\/a>&nbsp;&#8211;&nbsp;aplik\u00e1cia na v\u00fdu\u010dbu na podporu univerz\u00e1lneho vzdel\u00e1vania.<\/li>\n\n\n\n<li><a href=\"https:\/\/www.rumie.org\/\" target=\"_blank\" rel=\"noopener\">Rumie<\/a>&nbsp;&#8211;&nbsp;vzdel\u00e1vacie n\u00e1stroje a obsah umo\u017e\u0148uj\u00faci celo\u017eivotn\u00e9 vzdel\u00e1vanie pre nedostato\u010dne podporovan\u00e9 komunity.<\/li>\n\n\n\n<li><a href=\"https:\/\/www.ustadmobile.com\/lms\/\" target=\"_blank\" rel=\"noopener\">Ustad Mobile<\/a>&nbsp;&#8211; pr\u00edstup a zdie\u013eanie vzdel\u00e1vacieho obsahu offline.<\/li>\n<\/ul>\n\n\n\n<h4 class=\"wp-block-heading\"><strong>Platformy pre mas\u00edvne otvoren\u00e9 online kurzy&nbsp; (MOOC)<\/strong><\/h4>\n\n\n\n<ul class=\"wp-block-list\" style=\"padding-top:0;padding-right:var(--wp--preset--spacing--50);padding-bottom:var(--wp--preset--spacing--50);padding-left:var(--wp--preset--spacing--50)\">\n<li><a href=\"https:\/\/alison.com\/\" target=\"_blank\" rel=\"noopener\">Alison<\/a>&nbsp;&#8211;&nbsp;on-line kurzy od odborn\u00edkov.<\/li>\n\n\n\n<li><a href=\"https:\/\/www.coursera.org\/\" target=\"_blank\" rel=\"noopener\">Coursera<\/a>&nbsp;&#8211;&nbsp;on-line kurzy, ktor\u00e9 u\u010dia in\u0161truktori z uzn\u00e1van\u00fdch univerz\u00edt a spolo\u010dnost\u00ed.<\/li>\n\n\n\n<li><a href=\"https:\/\/www.edx.org\/\" target=\"_blank\" rel=\"noopener\">EdX<\/a>&nbsp;&#8211;&nbsp;on-line kurzy od popredn\u00fdch vzdel\u00e1vac\u00edch in\u0161tit\u00faci\u00ed.<\/li>\n\n\n\n<li><a href=\"https:\/\/www.uopeople.edu\/\" target=\"_blank\" rel=\"noopener\">University of the People<\/a> &#8211; on-line univerzita s otvoren\u00fdm pr\u00edstupom k vysoko\u0161kolsk\u00e9mu vzdel\u00e1vaniu.<\/li>\n\n\n\n<li><a href=\"https:\/\/www.futurelearn.com\/\" target=\"_blank\" rel=\"noopener\">Future Learn<\/a>&nbsp;&#8211;&nbsp;kurzy online, ktor\u00e9 pom\u00e1haj\u00fa u\u010diacim sa vzdel\u00e1va\u0165 sa, budova\u0165 profesion\u00e1lne zru\u010dnosti a spoji\u0165 sa s odborn\u00edkmi.<\/li>\n\n\n\n<li><a href=\"https:\/\/www.canvas.net\/\" target=\"_blank\" rel=\"noopener\">Canvas<\/a>&nbsp;&#8211;&nbsp;celo\u017eivotn\u00e9 vzdel\u00e1vanie a profesion\u00e1lny rozvoj pedag\u00f3gov.<\/li>\n<\/ul>\n\n\n\n<h4 class=\"wp-block-heading\"><strong>Samostatne riaden\u00fd obsah u\u010denia sa<\/strong><\/h4>\n\n\n\n<ul class=\"wp-block-list\" style=\"padding-top:0;padding-right:var(--wp--preset--spacing--50);padding-bottom:var(--wp--preset--spacing--50);padding-left:var(--wp--preset--spacing--50)\">\n<li><a href=\"https:\/\/byjus.com\/\" target=\"_blank\" rel=\"noopener\">Byju\u2019s<\/a> &#8211; vzdel\u00e1vacia aplik\u00e1cia s ve\u013ek\u00fdmi \u00falo\u017eiskami vzdel\u00e1vacieho obsahu prisp\u00f4soben\u00e9ho pre r\u00f4zne stupne a \u00farovne vzdel\u00e1vania..<\/li>\n\n\n\n<li><a href=\"https:\/\/app.discoveryeducation.com\/learn\/channels\/channel\/9ccf523a-5b7a-4856-ae5c-602e40d1e50f\" target=\"_blank\" rel=\"noopener\">Discovery Education<\/a>&nbsp;&#8211;&nbsp;vo\u013en\u00e9 vzdel\u00e1vacie zdroje a lekcie o v\u00edrusoch a ohnisk\u00e1ch pre r\u00f4zne stupne.<\/li>\n\n\n\n<li><a href=\"https:\/\/www.khanacademy.org\/\" target=\"_blank\" rel=\"noopener\">Khan Academy<\/a>&nbsp;&#8211;&nbsp;vo\u013en\u00e9 on-line kurzy a lekcie.<\/li>\n\n\n\n<li><a href=\"https:\/\/enuma.com\/\" target=\"_blank\" rel=\"noopener\">KitKit School<\/a> &#8211; vzdel\u00e1vac\u00ed set pre tablety s komplexn\u00fdm u\u010debn\u00fdm pl\u00e1nom od ran\u00e9ho detstva cez po\u010diato\u010dn\u00e9 z\u00e1kladn\u00e9 \u00farovne.<\/li>\n\n\n\n<li><a href=\"https:\/\/about.labxchange.org\/\" target=\"_blank\" rel=\"noopener\">LabXchange<\/a> &#8211; digit\u00e1lny vzdel\u00e1vac\u00ed obsah na online platforme, ktor\u00e1 umo\u017e\u0148uje z\u00edska\u0165 vzdel\u00e1vacie a v\u00fdskumn\u00e9 sk\u00fasenosti.<\/li>\n\n\n\n<li><a href=\"https:\/\/mindspark.in\/\" target=\"_blank\" rel=\"noopener\">Mindspark<\/a>&nbsp;&#8211; adapt\u00edvny online dou\u010dovac\u00ed syst\u00e9m, ktor\u00fd pom\u00e1ha \u0161tudentom precvi\u010dova\u0165 a u\u010di\u0165 sa matematiku.<\/li>\n\n\n\n<li><a href=\"https:\/\/onebillion.org\/onecourse\/app\/\" target=\"_blank\" rel=\"noopener\">OneCourse<\/a>&nbsp;&#8211;&nbsp;aplik\u00e1cia zameran\u00e1 na deti, ktor\u00e1 poskytuje v\u00fdu\u010dbu \u010d\u00edtania, p\u00edsania a po\u010d\u00edtania.<\/li>\n\n\n\n<li><a href=\"https:\/\/quizlet.com\/\" target=\"_blank\" rel=\"noopener\">Quizlet<\/a>&nbsp;&#8211; vzdel\u00e1vacie karty a hry na podporu v\u00fdu\u010dby viacer\u00fdch predmetov.<\/li>\n\n\n\n<li><a href=\"https:\/\/www.youtube.com\/\" target=\"_blank\" rel=\"noopener\">YouTube<\/a>&nbsp;&#8211;&nbsp;obrovsk\u00e9 \u00falo\u017eisko vzdel\u00e1vac\u00edch vide\u00ed a vzdel\u00e1vac\u00edch kan\u00e1lov.<\/li>\n<\/ul>\n\n\n\n<h4 class=\"wp-block-heading\"><strong>Mobiln\u00e9 aplik\u00e1cie na \u010d\u00edtanie<\/strong><\/h4>\n\n\n\n<ul class=\"wp-block-list\" style=\"padding-top:0;padding-right:var(--wp--preset--spacing--50);padding-bottom:var(--wp--preset--spacing--50);padding-left:var(--wp--preset--spacing--50)\">\n<li><a href=\"https:\/\/www.digitallibrary.io\/\" target=\"_blank\" rel=\"noopener\">Global Digital Library<\/a>&nbsp;&#8211;&nbsp;digit\u00e1lne pr\u00edbehy a \u010fal\u0161ie materi\u00e1ly na \u010d\u00edtanie dostupn\u00e9 z mobiln\u00fdch telef\u00f3nov alebo po\u010d\u00edta\u010dov.<\/li>\n\n\n\n<li><a href=\"https:\/\/storyweaver.org.in\/\" target=\"_blank\" rel=\"noopener\">StoryWeaver<\/a>&nbsp;&#8211; digit\u00e1lny arch\u00edv viacjazy\u010dn\u00fdch pr\u00edbehov pre deti.<\/li>\n\n\n\n<li><a href=\"https:\/\/www.worldreader.org\/\" target=\"_blank\" rel=\"noopener\">Worldreader<\/a>&nbsp;&#8211; digit\u00e1lne knihy a pr\u00edbehy pr\u00edstupn\u00e9 z mobiln\u00fdch zariaden\u00ed a funkcie na podporu v\u00fdu\u010dby \u010d\u00edtania.<\/li>\n<\/ul>\n\n\n\n<h4 class=\"wp-block-heading\"><strong>Platformy pre spolupr\u00e1cu, ktor\u00e9 podporuj\u00fa komunik\u00e1ciu cez video<\/strong><\/h4>\n\n\n\n<ul class=\"wp-block-list\" style=\"padding-top:0;padding-right:var(--wp--preset--spacing--50);padding-bottom:var(--wp--preset--spacing--50);padding-left:var(--wp--preset--spacing--50)\">\n<li><a href=\"https:\/\/www.dingtalk.com\/en\" target=\"_blank\" rel=\"noopener\">Dingtalk<\/a>&nbsp;&#8211;&nbsp;komunika\u010dn\u00e1 platforma, ktor\u00e1 podporuje videokonferencie, spr\u00e1vu \u00faloh a kalend\u00e1rov, sledovanie doch\u00e1dzky a r\u00fdchle spr\u00e1vy.<\/li>\n\n\n\n<li><a href=\"https:\/\/www.larksuite.com\/\" target=\"_blank\" rel=\"noopener\">Lark<\/a>&nbsp;&#8211; sada na spolupr\u00e1cu vz\u00e1jomne prepojen\u00fdch n\u00e1strojov vr\u00e1tane chatu, kalend\u00e1ra, tvorby a online \u00falo\u017eiska.<\/li>\n\n\n\n<li><a href=\"https:\/\/gsuite.google.com\/products\/meet\/\" target=\"_blank\" rel=\"noopener\">Hangouts Meet<\/a>&nbsp;&#8211;&nbsp;videohovory integrovan\u00e9 s ostatn\u00fdmi n\u00e1strojmi spolo\u010dnosti Google pre bal\u00edk G-Suite.<\/li>\n\n\n\n<li><a href=\"https:\/\/meet.google.com\/\" target=\"_blank\" rel=\"noopener\">Google Meet<\/a> &#8211; videokonferen\u010dn\u00fd n\u00e1stroj pre registrovan\u00fdch pou\u017e\u00edvate\u013eov od Google.<\/li>\n\n\n\n<li><a href=\"https:\/\/www.microsoft.com\/en-us\/education\/products\/teams\" target=\"_blank\" rel=\"noopener\">Teams<\/a>&nbsp;&#8211; funkcie na rozhovor, stret\u00e1vanie sa, volanie a spolupr\u00e1cu integrovan\u00e9 so softv\u00e9rom Microsoft Office.<\/li>\n\n\n\n<li><a href=\"https:\/\/education.skype.com\/\" target=\"_blank\" rel=\"noopener\">Skype<\/a>&nbsp;&#8211;&nbsp;videohovory a audiohovory s funkciami rozhovoru a spolupr\u00e1ce.<\/li>\n\n\n\n<li><a href=\"https:\/\/zoom.us\/\" target=\"_blank\" rel=\"noopener\">Zoom<\/a>&nbsp;&#8211; platforma pre videokonferencie a audiokonferencie, spolupr\u00e1cu, chat a webov\u00e9 semin\u00e1re.<\/li>\n\n\n\n<li><a href=\"https:\/\/meet.jit.si\/\" target=\"_blank\" rel=\"noopener\">Jitsi<\/a> &#8211; vidokonferen\u010dn\u00e1 platforma podporovan\u00e1 v lms.upjs.sk<\/li>\n<\/ul>\n\n\n\n<h4 class=\"wp-block-heading\"><strong>N\u00e1stroje na vytv\u00e1ranie digit\u00e1lneho obsahu vzdel\u00e1vania<\/strong><\/h4>\n\n\n\n<ul class=\"wp-block-list\" style=\"padding-top:0;padding-right:var(--wp--preset--spacing--50);padding-bottom:var(--wp--preset--spacing--50);padding-left:var(--wp--preset--spacing--50)\">\n<li><a href=\"https:\/\/www.thinglink.com\/\" target=\"_blank\" rel=\"noopener\">Thinglink<\/a>&nbsp;&#8211;&nbsp;n\u00e1stroje na vytv\u00e1ranie interakt\u00edvnych obr\u00e1zkov, vide\u00ed a in\u00fdch multimedi\u00e1lnych zdrojov.<\/li>\n\n\n\n<li><a href=\"https:\/\/app.edu.buncee.com\/\" target=\"_blank\" rel=\"noopener\">Buncee<\/a>&nbsp;&#8211; podporuje vytv\u00e1ranie a zdie\u013eanie vizu\u00e1lnych zobrazen\u00ed obsahu vzdel\u00e1vania vr\u00e1tane lekci\u00ed, spr\u00e1v, spravodajcov a prezent\u00e1ci\u00ed bohat\u00fdch na m\u00e9di\u00e1.<\/li>\n\n\n\n<li><a href=\"https:\/\/edpuzzle.com\/\" target=\"_blank\" rel=\"noopener\">EdPuzzle<\/a>&nbsp;&#8211; softv\u00e9r na tvorbu videonahr\u00e1vok.<\/li>\n\n\n\n<li><a href=\"https:\/\/corp.kaltura.com\/solutions\/education\/\" target=\"_blank\" rel=\"noopener\">Kaltura<\/a>&nbsp;&#8211; n\u00e1stroje na spr\u00e1vu a tvorbu videa s integra\u010dn\u00fdmi mo\u017enos\u0165ami pre r\u00f4zne syst\u00e9my riadenia vzdel\u00e1vania.<\/li>\n\n\n\n<li><a href=\"https:\/\/nearpod.com\/\" target=\"_blank\" rel=\"noopener\">Nearpod<\/a>&nbsp;&#8211; softv\u00e9r na vytv\u00e1ranie lekci\u00ed s informa\u010dn\u00fdmi a interakt\u00edvnymi hodnotiacimi aktivitami<\/li>\n\n\n\n<li><a href=\"https:\/\/www.peardeck.com\/\" target=\"_blank\" rel=\"noopener\">Pear Deck<\/a>\u00a0&#8211; podpora n\u00e1vrhu p\u00fatav\u00e9ho obsahu s r\u00f4znymi integra\u010dn\u00fdmi funkciami<\/li>\n<\/ul>\n\n\n\n<p>V\u00fdchodiskov\u00fd zdroj:&nbsp;<a href=\"https:\/\/epale.ec.europa.eu\/\" target=\"_blank\" rel=\"noopener\">https:\/\/epale.ec.europa.eu\/<\/a> doplnen\u00fd pracovn\u00edkmi CCVaPP o \u010fal\u0161ie n\u00e1stroje.<\/p>\n","protected":false},"excerpt":{"rendered":"<p>Cie\u013eom zoznamu zosumarizova\u0165 dostupn\u00e9 n\u00e1stroje ur\u010den\u00e9 pre u\u010dite\u013eov a&nbsp;u\u013eah\u010di\u0165 di\u0161tan\u010dn\u00e9 vzdel\u00e1vanie \u0161tudentov a vzdel\u00e1vanie pomocov elektronick\u00fdch n\u00e1strojov. Ni\u017e\u0161ie uveden\u00e9 n\u00e1stroje a port\u00e1ly sl\u00fa\u017eia pre in\u0161pir\u00e1ciu, pri pl\u00e1novan\u00ed di\u0161tan\u010dnej formy v\u00fdu\u010dby. Zoznam obsahuje aj n\u00e1stroje ur\u010den\u00e9 pre \u017eiakov z\u00e1kladn\u00fdch&nbsp;a stredn\u00fdch&nbsp;\u0161k\u00f4l. Syst\u00e9my riadenia digit\u00e1lneho vzdel\u00e1vania (learning management system) Syst\u00e9my pre mobiln\u00e9 telef\u00f3ny Syst\u00e9my s posilnen\u00fdmi funkciami offline &hellip; <a href=\"https:\/\/www.upjs.sk\/pracoviska\/ccvapp\/elearning\/platformy\/\">\u010c\u00edta\u0165 \u010falej<\/a><\/p>\n","protected":false},"author":30,"featured_media":0,"parent":13615,"menu_order":3,"comment_status":"closed","ping_status":"closed","template":"","meta":{"_acf_changed":false,"_editorskit_title_hidden":false,"_editorskit_reading_time":3,"_editorskit_is_block_options_detached":false,"_editorskit_block_options_position":"{}","footnotes":""},"categories":[],"tags":[],"class_list":["post-13633","page","type-page","status-publish","hentry"],"acf":{"acf_link_na_externy_obsah":""},"yoast_head":"<!-- This site is optimized with the Yoast SEO plugin v27.2 - https:\/\/yoast.com\/product\/yoast-seo-wordpress\/ -->\n<title>Dostupn\u00e9 platformy - Centrum celo\u017eivotn\u00e9ho vzdel\u00e1vania a podpory projektov | UPJ\u0160<\/title>\n<meta name=\"robots\" content=\"index, follow, max-snippet:-1, max-image-preview:large, max-video-preview:-1\" \/>\n<link rel=\"canonical\" href=\"https:\/\/www.upjs.sk\/pracoviska\/ccvapp\/elearning\/platformy\/\" \/>\n<meta property=\"og:locale\" content=\"sk_SK\" \/>\n<meta property=\"og:type\" content=\"article\" \/>\n<meta property=\"og:title\" content=\"Dostupn\u00e9 platformy - Centrum celo\u017eivotn\u00e9ho vzdel\u00e1vania a podpory projektov | UPJ\u0160\" \/>\n<meta property=\"og:description\" content=\"Cie\u013eom zoznamu zosumarizova\u0165 dostupn\u00e9 n\u00e1stroje ur\u010den\u00e9 pre u\u010dite\u013eov a&nbsp;u\u013eah\u010di\u0165 di\u0161tan\u010dn\u00e9 vzdel\u00e1vanie \u0161tudentov a vzdel\u00e1vanie pomocov elektronick\u00fdch n\u00e1strojov. Ni\u017e\u0161ie uveden\u00e9 n\u00e1stroje a port\u00e1ly sl\u00fa\u017eia pre in\u0161pir\u00e1ciu, pri pl\u00e1novan\u00ed di\u0161tan\u010dnej formy v\u00fdu\u010dby. Zoznam obsahuje aj n\u00e1stroje ur\u010den\u00e9 pre \u017eiakov z\u00e1kladn\u00fdch&nbsp;a stredn\u00fdch&nbsp;\u0161k\u00f4l. Syst\u00e9my riadenia digit\u00e1lneho vzdel\u00e1vania (learning management system) Syst\u00e9my pre mobiln\u00e9 telef\u00f3ny Syst\u00e9my s posilnen\u00fdmi funkciami offline &hellip; \u010c\u00edta\u0165 \u010falej\" \/>\n<meta property=\"og:url\" content=\"https:\/\/www.upjs.sk\/pracoviska\/ccvapp\/elearning\/platformy\/\" \/>\n<meta property=\"og:site_name\" content=\"Centrum celo\u017eivotn\u00e9ho vzdel\u00e1vania a podpory projektov | UPJ\u0160\" \/>\n<meta property=\"article:modified_time\" content=\"2023-11-27T13:09:38+00:00\" \/>\n<meta name=\"twitter:card\" content=\"summary_large_image\" \/>\n<meta name=\"twitter:label1\" content=\"Predpokladan\u00fd \u010das \u010d\u00edtania\" \/>\n\t<meta name=\"twitter:data1\" content=\"4 min\u00faty\" \/>\n<script type=\"application\/ld+json\" class=\"yoast-schema-graph\">{\"@context\":\"https:\/\/schema.org\",\"@graph\":[{\"@type\":\"WebPage\",\"@id\":\"https:\/\/www.upjs.sk\/pracoviska\/ccvapp\/elearning\/platformy\/\",\"url\":\"https:\/\/www.upjs.sk\/pracoviska\/ccvapp\/elearning\/platformy\/\",\"name\":\"Dostupn\u00e9 platformy - Centrum celo\u017eivotn\u00e9ho vzdel\u00e1vania a podpory projektov | UPJ\u0160\",\"isPartOf\":{\"@id\":\"https:\/\/www.upjs.sk\/pracoviska\/ccvapp\/#website\"},\"datePublished\":\"2020-09-28T18:28:25+00:00\",\"dateModified\":\"2023-11-27T13:09:38+00:00\",\"breadcrumb\":{\"@id\":\"https:\/\/www.upjs.sk\/pracoviska\/ccvapp\/elearning\/platformy\/#breadcrumb\"},\"inLanguage\":\"sk-SK\",\"potentialAction\":[{\"@type\":\"ReadAction\",\"target\":[\"https:\/\/www.upjs.sk\/pracoviska\/ccvapp\/elearning\/platformy\/\"]}]},{\"@type\":\"BreadcrumbList\",\"@id\":\"https:\/\/www.upjs.sk\/pracoviska\/ccvapp\/elearning\/platformy\/#breadcrumb\",\"itemListElement\":[{\"@type\":\"ListItem\",\"position\":1,\"name\":\"Home\",\"item\":\"https:\/\/www.upjs.sk\/pracoviska\/ccvapp\/\"},{\"@type\":\"ListItem\",\"position\":2,\"name\":\"Di\u0161tan\u010dn\u00e9 vzdel\u00e1vanie a e-learning\",\"item\":\"https:\/\/www.upjs.sk\/pracoviska\/ccvapp\/elearning\/\"},{\"@type\":\"ListItem\",\"position\":3,\"name\":\"Dostupn\u00e9 platformy\"}]},{\"@type\":\"WebSite\",\"@id\":\"https:\/\/www.upjs.sk\/pracoviska\/ccvapp\/#website\",\"url\":\"https:\/\/www.upjs.sk\/pracoviska\/ccvapp\/\",\"name\":\"Centrum celo\u017eivotn\u00e9ho vzdel\u00e1vania a podpory projektov | UPJ\u0160\",\"description\":\"\",\"publisher\":{\"@id\":\"https:\/\/www.upjs.sk\/pracoviska\/ccvapp\/#organization\"},\"potentialAction\":[{\"@type\":\"SearchAction\",\"target\":{\"@type\":\"EntryPoint\",\"urlTemplate\":\"https:\/\/www.upjs.sk\/pracoviska\/ccvapp\/?s={search_term_string}\"},\"query-input\":{\"@type\":\"PropertyValueSpecification\",\"valueRequired\":true,\"valueName\":\"search_term_string\"}}],\"inLanguage\":\"sk-SK\"},{\"@type\":\"Organization\",\"@id\":\"https:\/\/www.upjs.sk\/pracoviska\/ccvapp\/#organization\",\"name\":\"Centrum celo\u017eivotn\u00e9ho vzdel\u00e1vania a podpory projektov | UPJ\u0160\",\"url\":\"https:\/\/www.upjs.sk\/pracoviska\/ccvapp\/\",\"logo\":{\"@type\":\"ImageObject\",\"inLanguage\":\"sk-SK\",\"@id\":\"https:\/\/www.upjs.sk\/pracoviska\/ccvapp\/#\/schema\/logo\/image\/\",\"url\":\"https:\/\/www.upjs.sk\/app\/uploads\/sites\/22\/2023\/01\/CCVaPP.svg\",\"contentUrl\":\"https:\/\/www.upjs.sk\/app\/uploads\/sites\/22\/2023\/01\/CCVaPP.svg\",\"width\":500,\"height\":138,\"caption\":\"Centrum celo\u017eivotn\u00e9ho vzdel\u00e1vania a podpory projektov | UPJ\u0160\"},\"image\":{\"@id\":\"https:\/\/www.upjs.sk\/pracoviska\/ccvapp\/#\/schema\/logo\/image\/\"}}]}<\/script>\n<!-- \/ Yoast SEO plugin. -->","yoast_head_json":{"title":"Dostupn\u00e9 platformy - Centrum celo\u017eivotn\u00e9ho vzdel\u00e1vania a podpory projektov | UPJ\u0160","robots":{"index":"index","follow":"follow","max-snippet":"max-snippet:-1","max-image-preview":"max-image-preview:large","max-video-preview":"max-video-preview:-1"},"canonical":"https:\/\/www.upjs.sk\/pracoviska\/ccvapp\/elearning\/platformy\/","og_locale":"sk_SK","og_type":"article","og_title":"Dostupn\u00e9 platformy - Centrum celo\u017eivotn\u00e9ho vzdel\u00e1vania a podpory projektov | UPJ\u0160","og_description":"Cie\u013eom zoznamu zosumarizova\u0165 dostupn\u00e9 n\u00e1stroje ur\u010den\u00e9 pre u\u010dite\u013eov a&nbsp;u\u013eah\u010di\u0165 di\u0161tan\u010dn\u00e9 vzdel\u00e1vanie \u0161tudentov a vzdel\u00e1vanie pomocov elektronick\u00fdch n\u00e1strojov. Ni\u017e\u0161ie uveden\u00e9 n\u00e1stroje a port\u00e1ly sl\u00fa\u017eia pre in\u0161pir\u00e1ciu, pri pl\u00e1novan\u00ed di\u0161tan\u010dnej formy v\u00fdu\u010dby. Zoznam obsahuje aj n\u00e1stroje ur\u010den\u00e9 pre \u017eiakov z\u00e1kladn\u00fdch&nbsp;a stredn\u00fdch&nbsp;\u0161k\u00f4l. Syst\u00e9my riadenia digit\u00e1lneho vzdel\u00e1vania (learning management system) Syst\u00e9my pre mobiln\u00e9 telef\u00f3ny Syst\u00e9my s posilnen\u00fdmi funkciami offline &hellip; \u010c\u00edta\u0165 \u010falej","og_url":"https:\/\/www.upjs.sk\/pracoviska\/ccvapp\/elearning\/platformy\/","og_site_name":"Centrum celo\u017eivotn\u00e9ho vzdel\u00e1vania a podpory projektov | UPJ\u0160","article_modified_time":"2023-11-27T13:09:38+00:00","twitter_card":"summary_large_image","twitter_misc":{"Predpokladan\u00fd \u010das \u010d\u00edtania":"4 min\u00faty"},"schema":{"@context":"https:\/\/schema.org","@graph":[{"@type":"WebPage","@id":"https:\/\/www.upjs.sk\/pracoviska\/ccvapp\/elearning\/platformy\/","url":"https:\/\/www.upjs.sk\/pracoviska\/ccvapp\/elearning\/platformy\/","name":"Dostupn\u00e9 platformy - Centrum celo\u017eivotn\u00e9ho vzdel\u00e1vania a podpory projektov | UPJ\u0160","isPartOf":{"@id":"https:\/\/www.upjs.sk\/pracoviska\/ccvapp\/#website"},"datePublished":"2020-09-28T18:28:25+00:00","dateModified":"2023-11-27T13:09:38+00:00","breadcrumb":{"@id":"https:\/\/www.upjs.sk\/pracoviska\/ccvapp\/elearning\/platformy\/#breadcrumb"},"inLanguage":"sk-SK","potentialAction":[{"@type":"ReadAction","target":["https:\/\/www.upjs.sk\/pracoviska\/ccvapp\/elearning\/platformy\/"]}]},{"@type":"BreadcrumbList","@id":"https:\/\/www.upjs.sk\/pracoviska\/ccvapp\/elearning\/platformy\/#breadcrumb","itemListElement":[{"@type":"ListItem","position":1,"name":"Home","item":"https:\/\/www.upjs.sk\/pracoviska\/ccvapp\/"},{"@type":"ListItem","position":2,"name":"Di\u0161tan\u010dn\u00e9 vzdel\u00e1vanie a e-learning","item":"https:\/\/www.upjs.sk\/pracoviska\/ccvapp\/elearning\/"},{"@type":"ListItem","position":3,"name":"Dostupn\u00e9 platformy"}]},{"@type":"WebSite","@id":"https:\/\/www.upjs.sk\/pracoviska\/ccvapp\/#website","url":"https:\/\/www.upjs.sk\/pracoviska\/ccvapp\/","name":"Centrum celo\u017eivotn\u00e9ho vzdel\u00e1vania a podpory projektov | UPJ\u0160","description":"","publisher":{"@id":"https:\/\/www.upjs.sk\/pracoviska\/ccvapp\/#organization"},"potentialAction":[{"@type":"SearchAction","target":{"@type":"EntryPoint","urlTemplate":"https:\/\/www.upjs.sk\/pracoviska\/ccvapp\/?s={search_term_string}"},"query-input":{"@type":"PropertyValueSpecification","valueRequired":true,"valueName":"search_term_string"}}],"inLanguage":"sk-SK"},{"@type":"Organization","@id":"https:\/\/www.upjs.sk\/pracoviska\/ccvapp\/#organization","name":"Centrum celo\u017eivotn\u00e9ho vzdel\u00e1vania a podpory projektov | UPJ\u0160","url":"https:\/\/www.upjs.sk\/pracoviska\/ccvapp\/","logo":{"@type":"ImageObject","inLanguage":"sk-SK","@id":"https:\/\/www.upjs.sk\/pracoviska\/ccvapp\/#\/schema\/logo\/image\/","url":"https:\/\/www.upjs.sk\/app\/uploads\/sites\/22\/2023\/01\/CCVaPP.svg","contentUrl":"https:\/\/www.upjs.sk\/app\/uploads\/sites\/22\/2023\/01\/CCVaPP.svg","width":500,"height":138,"caption":"Centrum celo\u017eivotn\u00e9ho vzdel\u00e1vania a podpory projektov | UPJ\u0160"},"image":{"@id":"https:\/\/www.upjs.sk\/pracoviska\/ccvapp\/#\/schema\/logo\/image\/"}}]}},"_links":{"self":[{"href":"https:\/\/www.upjs.sk\/pracoviska\/ccvapp\/wp-json\/wp\/v2\/pages\/13633","targetHints":{"allow":["GET"]}}],"collection":[{"href":"https:\/\/www.upjs.sk\/pracoviska\/ccvapp\/wp-json\/wp\/v2\/pages"}],"about":[{"href":"https:\/\/www.upjs.sk\/pracoviska\/ccvapp\/wp-json\/wp\/v2\/types\/page"}],"author":[{"embeddable":true,"href":"https:\/\/www.upjs.sk\/pracoviska\/ccvapp\/wp-json\/wp\/v2\/users\/30"}],"replies":[{"embeddable":true,"href":"https:\/\/www.upjs.sk\/pracoviska\/ccvapp\/wp-json\/wp\/v2\/comments?post=13633"}],"version-history":[{"count":14,"href":"https:\/\/www.upjs.sk\/pracoviska\/ccvapp\/wp-json\/wp\/v2\/pages\/13633\/revisions"}],"predecessor-version":[{"id":18131,"href":"https:\/\/www.upjs.sk\/pracoviska\/ccvapp\/wp-json\/wp\/v2\/pages\/13633\/revisions\/18131"}],"up":[{"embeddable":true,"href":"https:\/\/www.upjs.sk\/pracoviska\/ccvapp\/wp-json\/wp\/v2\/pages\/13615"}],"wp:attachment":[{"href":"https:\/\/www.upjs.sk\/pracoviska\/ccvapp\/wp-json\/wp\/v2\/media?parent=13633"}],"wp:term":[{"taxonomy":"category","embeddable":true,"href":"https:\/\/www.upjs.sk\/pracoviska\/ccvapp\/wp-json\/wp\/v2\/categories?post=13633"},{"taxonomy":"post_tag","embeddable":true,"href":"https:\/\/www.upjs.sk\/pracoviska\/ccvapp\/wp-json\/wp\/v2\/tags?post=13633"}],"curies":[{"name":"wp","href":"https:\/\/api.w.org\/{rel}","templated":true}]}}