{"id":16500,"date":"2019-07-18T12:28:42","date_gmt":"2023-02-18T14:16:10","guid":{"rendered":"https:\/\/www.upjs.sk\/pracoviska\/ccvapp\/?page_id=16500"},"modified":"2023-03-15T09:19:12","modified_gmt":"2023-03-15T09:19:12","slug":"integrovany-regionalny-operacny-program","status":"publish","type":"page","link":"https:\/\/www.upjs.sk\/pracoviska\/ccvapp\/podpora-projektov\/grantove-schemy\/programove-obdobie-2014-2020\/integrovany-regionalny-operacny-program\/","title":{"rendered":"Integrovan\u00fd region\u00e1lny OP"},"content":{"rendered":"\n<figure class=\"wp-block-image aligncenter size-large\"><img loading=\"lazy\" decoding=\"async\" width=\"1024\" height=\"142\" src=\"https:\/\/www.upjs.sk\/app\/uploads\/sites\/22\/2023\/03\/pub_op_irop-1024x142.png\" alt=\"\" class=\"wp-image-17022\" srcset=\"https:\/\/www.upjs.sk\/app\/uploads\/sites\/22\/2023\/03\/pub_op_irop-1024x142.png 1024w, https:\/\/www.upjs.sk\/app\/uploads\/sites\/22\/2023\/03\/pub_op_irop-300x42.png 300w, https:\/\/www.upjs.sk\/app\/uploads\/sites\/22\/2023\/03\/pub_op_irop-768x107.png 768w, https:\/\/www.upjs.sk\/app\/uploads\/sites\/22\/2023\/03\/pub_op_irop-1536x213.png 1536w, https:\/\/www.upjs.sk\/app\/uploads\/sites\/22\/2023\/03\/pub_op_irop-2048x284.png 2048w\" sizes=\"auto, (max-width: 1024px) 100vw, 1024px\" \/><\/figure>\n\n\n\n<p class=\"has-text-align-justify\"><strong>Integrovan\u00fd region\u00e1lny opera\u010dn\u00fd program<\/strong> (IROP) je programov\u00fd dokument SR pre programov\u00e9 obdobie 2014 \u2013 2020. Strat\u00e9gia podpory IROP zoh\u013ead\u0148uje strat\u00e9giu Eur\u00f3pa 2020 a prispieva k plneniu jej prior\u00edt, najm\u00e4 k udr\u017eate\u013en\u00e9mu a inkluz\u00edvnemu rastu a reflektuj\u00fac potreby a v\u00fdzvy konkr\u00e9tnych regi\u00f3nov smeruje k\u00a0rozvoju vybran\u00fdch oblast\u00ed\/komponentov podmie\u0148uj\u00facich kvalitu \u017eivota a konkurencieschopnos\u0165 v danom \u00fazem\u00ed a\u00a0rozvoju\/posilneniu hospod\u00e1rskej, soci\u00e1lnej a \u00fazemnej s\u00fadr\u017enosti na region\u00e1lnej a subregion\u00e1lnej \u00farovni ako predpokladu zni\u017eovania prehlbovania medziregion\u00e1lnych a vn\u00fatroregion\u00e1lnych rozdielov prostredn\u00edctvom zabezpe\u010denia efekt\u00edvneho a udr\u017eate\u013en\u00e9ho poskytovania verejn\u00fdch statkov a slu\u017eieb zabezpe\u010dovan\u00fdch z miestnej a region\u00e1lnej \u00farovne a efekt\u00edvneho vyu\u017eitia vn\u00fatorn\u00fdch zdrojov regi\u00f3nov s cie\u013eom zvy\u0161ovania konkurencieschopnosti a kvality \u017eivota obyvate\u013eov. Zdroj: <a aria-label=\"https:\/\/www.partnerskadohoda.gov.sk\/integrovany-regionalny-operacny-program\/ (opens in a new tab)\" href=\"https:\/\/www.partnerskadohoda.gov.sk\/integrovany-regionalny-operacny-program\/\" target=\"_blank\" rel=\"noreferrer noopener\" class=\"ek-link\">https:\/\/www.partnerskadohoda.gov.sk\/integrovany-regionalny-operacny-program\/<\/a><\/p>\n\n\n\n<p class=\"has-text-align-center\"><strong><a href=\"https:\/\/portal.ccvapp.upjs.sk\/history-grant-calls\/irop\" target=\"_blank\" rel=\"noopener\">Hist\u00f3ria v\u00fdziev<\/a><\/strong><\/p>\n\n\n\n<iframe style=\"border:0;width:100%;height:500px;\" src=\"https:\/\/portal.ccvapp.upjs.sk\/projects-print\/sk?path=op-irop&amp;url=https:\/\/www.upjs.sk\/pracoviska\/ccvapp\/podpora-projektov\/zakladne-informacie-o-projektoch\/projekt\/?id=\"><\/iframe>\n","protected":false},"excerpt":{"rendered":"<p>Integrovan\u00fd region\u00e1lny opera\u010dn\u00fd program (IROP) je programov\u00fd dokument SR pre programov\u00e9 obdobie 2014 \u2013 2020. Strat\u00e9gia podpory IROP zoh\u013ead\u0148uje strat\u00e9giu Eur\u00f3pa 2020 a prispieva k plneniu jej prior\u00edt, najm\u00e4 k udr\u017eate\u013en\u00e9mu a inkluz\u00edvnemu rastu a reflektuj\u00fac potreby a v\u00fdzvy konkr\u00e9tnych regi\u00f3nov smeruje k\u00a0rozvoju vybran\u00fdch oblast\u00ed\/komponentov podmie\u0148uj\u00facich kvalitu \u017eivota a konkurencieschopnos\u0165 v danom \u00fazem\u00ed a\u00a0rozvoju\/posilneniu hospod\u00e1rskej, &hellip; <a href=\"https:\/\/www.upjs.sk\/pracoviska\/ccvapp\/podpora-projektov\/grantove-schemy\/programove-obdobie-2014-2020\/integrovany-regionalny-operacny-program\/\">\u010c\u00edta\u0165 \u010falej<\/a><\/p>\n","protected":false},"author":30,"featured_media":0,"parent":17214,"menu_order":4,"comment_status":"closed","ping_status":"closed","template":"","meta":{"_acf_changed":false,"_editorskit_title_hidden":false,"_editorskit_reading_time":1,"_editorskit_is_block_options_detached":false,"_editorskit_block_options_position":"{}","footnotes":""},"categories":[],"tags":[],"class_list":["post-16500","page","type-page","status-publish","hentry"],"acf":{"acf_link_na_externy_obsah":""},"yoast_head":"<!-- This site is optimized with the Yoast SEO plugin v27.4 - https:\/\/yoast.com\/product\/yoast-seo-wordpress\/ -->\n<title>Integrovan\u00fd region\u00e1lny OP - Centrum celo\u017eivotn\u00e9ho vzdel\u00e1vania a podpory projektov | UPJ\u0160<\/title>\n<meta name=\"robots\" content=\"index, follow, max-snippet:-1, max-image-preview:large, max-video-preview:-1\" \/>\n<link rel=\"canonical\" href=\"https:\/\/www.upjs.sk\/pracoviska\/ccvapp\/podpora-projektov\/grantove-schemy\/programove-obdobie-2014-2020\/integrovany-regionalny-operacny-program\/\" \/>\n<meta property=\"og:locale\" content=\"sk_SK\" \/>\n<meta property=\"og:type\" content=\"article\" \/>\n<meta property=\"og:title\" content=\"Integrovan\u00fd region\u00e1lny OP - Centrum celo\u017eivotn\u00e9ho vzdel\u00e1vania a podpory projektov | UPJ\u0160\" \/>\n<meta property=\"og:description\" content=\"Integrovan\u00fd region\u00e1lny opera\u010dn\u00fd program (IROP) je programov\u00fd dokument SR pre programov\u00e9 obdobie 2014 \u2013 2020. Strat\u00e9gia podpory IROP zoh\u013ead\u0148uje strat\u00e9giu Eur\u00f3pa 2020 a prispieva k plneniu jej prior\u00edt, najm\u00e4 k udr\u017eate\u013en\u00e9mu a inkluz\u00edvnemu rastu a reflektuj\u00fac potreby a v\u00fdzvy konkr\u00e9tnych regi\u00f3nov smeruje k\u00a0rozvoju vybran\u00fdch oblast\u00ed\/komponentov podmie\u0148uj\u00facich kvalitu \u017eivota a konkurencieschopnos\u0165 v danom \u00fazem\u00ed a\u00a0rozvoju\/posilneniu hospod\u00e1rskej, &hellip; \u010c\u00edta\u0165 \u010falej\" \/>\n<meta property=\"og:url\" content=\"https:\/\/www.upjs.sk\/pracoviska\/ccvapp\/podpora-projektov\/grantove-schemy\/programove-obdobie-2014-2020\/integrovany-regionalny-operacny-program\/\" \/>\n<meta property=\"og:site_name\" content=\"Centrum celo\u017eivotn\u00e9ho vzdel\u00e1vania a podpory projektov | UPJ\u0160\" \/>\n<meta property=\"article:modified_time\" content=\"2023-03-15T09:19:12+00:00\" \/>\n<meta property=\"og:image\" content=\"https:\/\/www.upjs.sk\/app\/uploads\/sites\/22\/2023\/03\/pub_op_irop-1024x142.png\" \/>\n<meta name=\"twitter:card\" content=\"summary_large_image\" \/>\n<meta name=\"twitter:label1\" content=\"Predpokladan\u00fd \u010das \u010d\u00edtania\" \/>\n\t<meta name=\"twitter:data1\" content=\"1 min\u00fata\" \/>\n<script type=\"application\/ld+json\" class=\"yoast-schema-graph\">{\"@context\":\"https:\\\/\\\/schema.org\",\"@graph\":[{\"@type\":\"WebPage\",\"@id\":\"https:\\\/\\\/www.upjs.sk\\\/pracoviska\\\/ccvapp\\\/podpora-projektov\\\/grantove-schemy\\\/programove-obdobie-2014-2020\\\/integrovany-regionalny-operacny-program\\\/\",\"url\":\"https:\\\/\\\/www.upjs.sk\\\/pracoviska\\\/ccvapp\\\/podpora-projektov\\\/grantove-schemy\\\/programove-obdobie-2014-2020\\\/integrovany-regionalny-operacny-program\\\/\",\"name\":\"Integrovan\u00fd region\u00e1lny OP - Centrum celo\u017eivotn\u00e9ho vzdel\u00e1vania a podpory projektov | UPJ\u0160\",\"isPartOf\":{\"@id\":\"https:\\\/\\\/www.upjs.sk\\\/pracoviska\\\/ccvapp\\\/#website\"},\"primaryImageOfPage\":{\"@id\":\"https:\\\/\\\/www.upjs.sk\\\/pracoviska\\\/ccvapp\\\/podpora-projektov\\\/grantove-schemy\\\/programove-obdobie-2014-2020\\\/integrovany-regionalny-operacny-program\\\/#primaryimage\"},\"image\":{\"@id\":\"https:\\\/\\\/www.upjs.sk\\\/pracoviska\\\/ccvapp\\\/podpora-projektov\\\/grantove-schemy\\\/programove-obdobie-2014-2020\\\/integrovany-regionalny-operacny-program\\\/#primaryimage\"},\"thumbnailUrl\":\"https:\\\/\\\/www.upjs.sk\\\/app\\\/uploads\\\/sites\\\/22\\\/2023\\\/03\\\/pub_op_irop-1024x142.png\",\"datePublished\":\"2023-02-18T14:16:10+00:00\",\"dateModified\":\"2023-03-15T09:19:12+00:00\",\"breadcrumb\":{\"@id\":\"https:\\\/\\\/www.upjs.sk\\\/pracoviska\\\/ccvapp\\\/podpora-projektov\\\/grantove-schemy\\\/programove-obdobie-2014-2020\\\/integrovany-regionalny-operacny-program\\\/#breadcrumb\"},\"inLanguage\":\"sk-SK\",\"potentialAction\":[{\"@type\":\"ReadAction\",\"target\":[\"https:\\\/\\\/www.upjs.sk\\\/pracoviska\\\/ccvapp\\\/podpora-projektov\\\/grantove-schemy\\\/programove-obdobie-2014-2020\\\/integrovany-regionalny-operacny-program\\\/\"]}]},{\"@type\":\"ImageObject\",\"inLanguage\":\"sk-SK\",\"@id\":\"https:\\\/\\\/www.upjs.sk\\\/pracoviska\\\/ccvapp\\\/podpora-projektov\\\/grantove-schemy\\\/programove-obdobie-2014-2020\\\/integrovany-regionalny-operacny-program\\\/#primaryimage\",\"url\":\"https:\\\/\\\/www.upjs.sk\\\/app\\\/uploads\\\/sites\\\/22\\\/2023\\\/03\\\/pub_op_irop-1024x142.png\",\"contentUrl\":\"https:\\\/\\\/www.upjs.sk\\\/app\\\/uploads\\\/sites\\\/22\\\/2023\\\/03\\\/pub_op_irop-1024x142.png\"},{\"@type\":\"BreadcrumbList\",\"@id\":\"https:\\\/\\\/www.upjs.sk\\\/pracoviska\\\/ccvapp\\\/podpora-projektov\\\/grantove-schemy\\\/programove-obdobie-2014-2020\\\/integrovany-regionalny-operacny-program\\\/#breadcrumb\",\"itemListElement\":[{\"@type\":\"ListItem\",\"position\":1,\"name\":\"Home\",\"item\":\"https:\\\/\\\/www.upjs.sk\\\/pracoviska\\\/ccvapp\\\/\"},{\"@type\":\"ListItem\",\"position\":2,\"name\":\"Projekty\",\"item\":\"https:\\\/\\\/www.upjs.sk\\\/pracoviska\\\/ccvapp\\\/podpora-projektov\\\/\"},{\"@type\":\"ListItem\",\"position\":3,\"name\":\"Grantov\u00e9 sch\u00e9my\",\"item\":\"https:\\\/\\\/www.upjs.sk\\\/pracoviska\\\/ccvapp\\\/podpora-projektov\\\/grantove-schemy\\\/\"},{\"@type\":\"ListItem\",\"position\":4,\"name\":\"Programov\u00e9 obdobie 2014 &#8211; 2020\",\"item\":\"https:\\\/\\\/www.upjs.sk\\\/pracoviska\\\/ccvapp\\\/podpora-projektov\\\/grantove-schemy\\\/programove-obdobie-2014-2020\\\/\"},{\"@type\":\"ListItem\",\"position\":5,\"name\":\"Integrovan\u00fd region\u00e1lny OP\"}]},{\"@type\":\"WebSite\",\"@id\":\"https:\\\/\\\/www.upjs.sk\\\/pracoviska\\\/ccvapp\\\/#website\",\"url\":\"https:\\\/\\\/www.upjs.sk\\\/pracoviska\\\/ccvapp\\\/\",\"name\":\"Centrum celo\u017eivotn\u00e9ho vzdel\u00e1vania a podpory projektov | UPJ\u0160\",\"description\":\"\",\"publisher\":{\"@id\":\"https:\\\/\\\/www.upjs.sk\\\/pracoviska\\\/ccvapp\\\/#organization\"},\"potentialAction\":[{\"@type\":\"SearchAction\",\"target\":{\"@type\":\"EntryPoint\",\"urlTemplate\":\"https:\\\/\\\/www.upjs.sk\\\/pracoviska\\\/ccvapp\\\/?s={search_term_string}\"},\"query-input\":{\"@type\":\"PropertyValueSpecification\",\"valueRequired\":true,\"valueName\":\"search_term_string\"}}],\"inLanguage\":\"sk-SK\"},{\"@type\":\"Organization\",\"@id\":\"https:\\\/\\\/www.upjs.sk\\\/pracoviska\\\/ccvapp\\\/#organization\",\"name\":\"Centrum celo\u017eivotn\u00e9ho vzdel\u00e1vania a podpory projektov | UPJ\u0160\",\"url\":\"https:\\\/\\\/www.upjs.sk\\\/pracoviska\\\/ccvapp\\\/\",\"logo\":{\"@type\":\"ImageObject\",\"inLanguage\":\"sk-SK\",\"@id\":\"https:\\\/\\\/www.upjs.sk\\\/pracoviska\\\/ccvapp\\\/#\\\/schema\\\/logo\\\/image\\\/\",\"url\":\"https:\\\/\\\/www.upjs.sk\\\/app\\\/uploads\\\/sites\\\/22\\\/2023\\\/01\\\/CCVaPP.svg\",\"contentUrl\":\"https:\\\/\\\/www.upjs.sk\\\/app\\\/uploads\\\/sites\\\/22\\\/2023\\\/01\\\/CCVaPP.svg\",\"width\":500,\"height\":138,\"caption\":\"Centrum celo\u017eivotn\u00e9ho vzdel\u00e1vania a podpory projektov | UPJ\u0160\"},\"image\":{\"@id\":\"https:\\\/\\\/www.upjs.sk\\\/pracoviska\\\/ccvapp\\\/#\\\/schema\\\/logo\\\/image\\\/\"}}]}<\/script>\n<!-- \/ Yoast SEO plugin. -->","yoast_head_json":{"title":"Integrovan\u00fd region\u00e1lny OP - Centrum celo\u017eivotn\u00e9ho vzdel\u00e1vania a podpory projektov | UPJ\u0160","robots":{"index":"index","follow":"follow","max-snippet":"max-snippet:-1","max-image-preview":"max-image-preview:large","max-video-preview":"max-video-preview:-1"},"canonical":"https:\/\/www.upjs.sk\/pracoviska\/ccvapp\/podpora-projektov\/grantove-schemy\/programove-obdobie-2014-2020\/integrovany-regionalny-operacny-program\/","og_locale":"sk_SK","og_type":"article","og_title":"Integrovan\u00fd region\u00e1lny OP - Centrum celo\u017eivotn\u00e9ho vzdel\u00e1vania a podpory projektov | UPJ\u0160","og_description":"Integrovan\u00fd region\u00e1lny opera\u010dn\u00fd program (IROP) je programov\u00fd dokument SR pre programov\u00e9 obdobie 2014 \u2013 2020. Strat\u00e9gia podpory IROP zoh\u013ead\u0148uje strat\u00e9giu Eur\u00f3pa 2020 a prispieva k plneniu jej prior\u00edt, najm\u00e4 k udr\u017eate\u013en\u00e9mu a inkluz\u00edvnemu rastu a reflektuj\u00fac potreby a v\u00fdzvy konkr\u00e9tnych regi\u00f3nov smeruje k\u00a0rozvoju vybran\u00fdch oblast\u00ed\/komponentov podmie\u0148uj\u00facich kvalitu \u017eivota a konkurencieschopnos\u0165 v danom \u00fazem\u00ed a\u00a0rozvoju\/posilneniu hospod\u00e1rskej, &hellip; \u010c\u00edta\u0165 \u010falej","og_url":"https:\/\/www.upjs.sk\/pracoviska\/ccvapp\/podpora-projektov\/grantove-schemy\/programove-obdobie-2014-2020\/integrovany-regionalny-operacny-program\/","og_site_name":"Centrum celo\u017eivotn\u00e9ho vzdel\u00e1vania a podpory projektov | UPJ\u0160","article_modified_time":"2023-03-15T09:19:12+00:00","og_image":[{"url":"https:\/\/www.upjs.sk\/app\/uploads\/sites\/22\/2023\/03\/pub_op_irop-1024x142.png","type":"","width":"","height":""}],"twitter_card":"summary_large_image","twitter_misc":{"Predpokladan\u00fd \u010das \u010d\u00edtania":"1 min\u00fata"},"schema":{"@context":"https:\/\/schema.org","@graph":[{"@type":"WebPage","@id":"https:\/\/www.upjs.sk\/pracoviska\/ccvapp\/podpora-projektov\/grantove-schemy\/programove-obdobie-2014-2020\/integrovany-regionalny-operacny-program\/","url":"https:\/\/www.upjs.sk\/pracoviska\/ccvapp\/podpora-projektov\/grantove-schemy\/programove-obdobie-2014-2020\/integrovany-regionalny-operacny-program\/","name":"Integrovan\u00fd region\u00e1lny OP - Centrum celo\u017eivotn\u00e9ho vzdel\u00e1vania a podpory projektov | UPJ\u0160","isPartOf":{"@id":"https:\/\/www.upjs.sk\/pracoviska\/ccvapp\/#website"},"primaryImageOfPage":{"@id":"https:\/\/www.upjs.sk\/pracoviska\/ccvapp\/podpora-projektov\/grantove-schemy\/programove-obdobie-2014-2020\/integrovany-regionalny-operacny-program\/#primaryimage"},"image":{"@id":"https:\/\/www.upjs.sk\/pracoviska\/ccvapp\/podpora-projektov\/grantove-schemy\/programove-obdobie-2014-2020\/integrovany-regionalny-operacny-program\/#primaryimage"},"thumbnailUrl":"https:\/\/www.upjs.sk\/app\/uploads\/sites\/22\/2023\/03\/pub_op_irop-1024x142.png","datePublished":"2023-02-18T14:16:10+00:00","dateModified":"2023-03-15T09:19:12+00:00","breadcrumb":{"@id":"https:\/\/www.upjs.sk\/pracoviska\/ccvapp\/podpora-projektov\/grantove-schemy\/programove-obdobie-2014-2020\/integrovany-regionalny-operacny-program\/#breadcrumb"},"inLanguage":"sk-SK","potentialAction":[{"@type":"ReadAction","target":["https:\/\/www.upjs.sk\/pracoviska\/ccvapp\/podpora-projektov\/grantove-schemy\/programove-obdobie-2014-2020\/integrovany-regionalny-operacny-program\/"]}]},{"@type":"ImageObject","inLanguage":"sk-SK","@id":"https:\/\/www.upjs.sk\/pracoviska\/ccvapp\/podpora-projektov\/grantove-schemy\/programove-obdobie-2014-2020\/integrovany-regionalny-operacny-program\/#primaryimage","url":"https:\/\/www.upjs.sk\/app\/uploads\/sites\/22\/2023\/03\/pub_op_irop-1024x142.png","contentUrl":"https:\/\/www.upjs.sk\/app\/uploads\/sites\/22\/2023\/03\/pub_op_irop-1024x142.png"},{"@type":"BreadcrumbList","@id":"https:\/\/www.upjs.sk\/pracoviska\/ccvapp\/podpora-projektov\/grantove-schemy\/programove-obdobie-2014-2020\/integrovany-regionalny-operacny-program\/#breadcrumb","itemListElement":[{"@type":"ListItem","position":1,"name":"Home","item":"https:\/\/www.upjs.sk\/pracoviska\/ccvapp\/"},{"@type":"ListItem","position":2,"name":"Projekty","item":"https:\/\/www.upjs.sk\/pracoviska\/ccvapp\/podpora-projektov\/"},{"@type":"ListItem","position":3,"name":"Grantov\u00e9 sch\u00e9my","item":"https:\/\/www.upjs.sk\/pracoviska\/ccvapp\/podpora-projektov\/grantove-schemy\/"},{"@type":"ListItem","position":4,"name":"Programov\u00e9 obdobie 2014 &#8211; 2020","item":"https:\/\/www.upjs.sk\/pracoviska\/ccvapp\/podpora-projektov\/grantove-schemy\/programove-obdobie-2014-2020\/"},{"@type":"ListItem","position":5,"name":"Integrovan\u00fd region\u00e1lny OP"}]},{"@type":"WebSite","@id":"https:\/\/www.upjs.sk\/pracoviska\/ccvapp\/#website","url":"https:\/\/www.upjs.sk\/pracoviska\/ccvapp\/","name":"Centrum celo\u017eivotn\u00e9ho vzdel\u00e1vania a podpory projektov | UPJ\u0160","description":"","publisher":{"@id":"https:\/\/www.upjs.sk\/pracoviska\/ccvapp\/#organization"},"potentialAction":[{"@type":"SearchAction","target":{"@type":"EntryPoint","urlTemplate":"https:\/\/www.upjs.sk\/pracoviska\/ccvapp\/?s={search_term_string}"},"query-input":{"@type":"PropertyValueSpecification","valueRequired":true,"valueName":"search_term_string"}}],"inLanguage":"sk-SK"},{"@type":"Organization","@id":"https:\/\/www.upjs.sk\/pracoviska\/ccvapp\/#organization","name":"Centrum celo\u017eivotn\u00e9ho vzdel\u00e1vania a podpory projektov | UPJ\u0160","url":"https:\/\/www.upjs.sk\/pracoviska\/ccvapp\/","logo":{"@type":"ImageObject","inLanguage":"sk-SK","@id":"https:\/\/www.upjs.sk\/pracoviska\/ccvapp\/#\/schema\/logo\/image\/","url":"https:\/\/www.upjs.sk\/app\/uploads\/sites\/22\/2023\/01\/CCVaPP.svg","contentUrl":"https:\/\/www.upjs.sk\/app\/uploads\/sites\/22\/2023\/01\/CCVaPP.svg","width":500,"height":138,"caption":"Centrum celo\u017eivotn\u00e9ho vzdel\u00e1vania a podpory projektov | UPJ\u0160"},"image":{"@id":"https:\/\/www.upjs.sk\/pracoviska\/ccvapp\/#\/schema\/logo\/image\/"}}]}},"_links":{"self":[{"href":"https:\/\/www.upjs.sk\/pracoviska\/ccvapp\/wp-json\/wp\/v2\/pages\/16500","targetHints":{"allow":["GET"]}}],"collection":[{"href":"https:\/\/www.upjs.sk\/pracoviska\/ccvapp\/wp-json\/wp\/v2\/pages"}],"about":[{"href":"https:\/\/www.upjs.sk\/pracoviska\/ccvapp\/wp-json\/wp\/v2\/types\/page"}],"author":[{"embeddable":true,"href":"https:\/\/www.upjs.sk\/pracoviska\/ccvapp\/wp-json\/wp\/v2\/users\/30"}],"replies":[{"embeddable":true,"href":"https:\/\/www.upjs.sk\/pracoviska\/ccvapp\/wp-json\/wp\/v2\/comments?post=16500"}],"version-history":[{"count":14,"href":"https:\/\/www.upjs.sk\/pracoviska\/ccvapp\/wp-json\/wp\/v2\/pages\/16500\/revisions"}],"predecessor-version":[{"id":17257,"href":"https:\/\/www.upjs.sk\/pracoviska\/ccvapp\/wp-json\/wp\/v2\/pages\/16500\/revisions\/17257"}],"up":[{"embeddable":true,"href":"https:\/\/www.upjs.sk\/pracoviska\/ccvapp\/wp-json\/wp\/v2\/pages\/17214"}],"wp:attachment":[{"href":"https:\/\/www.upjs.sk\/pracoviska\/ccvapp\/wp-json\/wp\/v2\/media?parent=16500"}],"wp:term":[{"taxonomy":"category","embeddable":true,"href":"https:\/\/www.upjs.sk\/pracoviska\/ccvapp\/wp-json\/wp\/v2\/categories?post=16500"},{"taxonomy":"post_tag","embeddable":true,"href":"https:\/\/www.upjs.sk\/pracoviska\/ccvapp\/wp-json\/wp\/v2\/tags?post=16500"}],"curies":[{"name":"wp","href":"https:\/\/api.w.org\/{rel}","templated":true}]}}