{"id":12948,"date":"2020-05-26T08:23:52","date_gmt":"2020-05-26T08:23:52","guid":{"rendered":"https:\/\/www.upjs.sk\/pracoviska\/ciakt\/root\/saunet\/"},"modified":"2022-10-05T09:51:02","modified_gmt":"2022-10-05T09:51:02","slug":"saunet","status":"publish","type":"page","link":"https:\/\/www.upjs.sk\/pracoviska\/ciakt\/saunet\/","title":{"rendered":"SAUNET"},"content":{"rendered":"<ul>\n<li>\n<div><a href=\"\/public\/media\/4737\/RR-12-2018-PP-SAUNET-2018.pdf\" target=\"_blank\" rel=\"noopener\">Prev\u00e1dzkov\u00fd poriadok po\u010d\u00edta\u010dovej siete SAUNET na UPJ\u0160 v Ko\u0161iciach<\/a><\/div>\n<\/li>\n<li><a href=\"https:\/\/stats.upjs.sk\/mon\/\" target=\"_blank\" rel=\"noopener\">Aktu\u00e1lny stav sie\u0165ov\u00fdch slu\u017eieb &#8211; mapa sieti a subsieti<\/a><\/li>\n<li><a href=\"https:\/\/stats.upjs.sk\/mon\/map.html\" target=\"_blank\" rel=\"noopener\">Sie\u0165 SAUNET<\/a><\/li>\n<\/ul>\n<p><a href=\"http:\/\/www.sanet.sk\" target=\"_blank\" rel=\"noopener\"><strong><span style=\"font-size:18px\">SANET<\/span><\/strong><\/a><\/p>\n<ul>\n<li><a href=\"http:\/\/samon.cvt.stuba.sk\" target=\"_blank\" rel=\"noopener\">SANET &#8211; Nx100 Gbps<\/a><br \/> \tIn\u0161talovan\u00e9 DWDM zariadenia Infinera CloudXpress CX100E podporuj\u00fa prenosov\u00fa kapacitu 500 Gbps, pri\u010dom v s\u00fa\u010dasnosti m\u00e1me na v\u0161etk\u00fdch tras\u00e1ch v prev\u00e1dzke dva 100GE kan\u00e1ly spojen\u00e9 do 200G port-channelu. Zvy\u0161n\u00e9 tri mo\u017eno aktivova\u0165 softv\u00e9rovou licenciou bez nutnosti in\u0161tal\u00e1cie \u010fal\u0161ieho HW.<\/li>\n<li><a href=\"http:\/\/samon.cvt.stuba.sk\/backbone\" target=\"_blank\" rel=\"noopener\">Grafy z\u00e1\u0165a\u017ee chrbtice siete<\/a><\/li>\n<li><a href=\"http:\/\/samon.cvt.stuba.sk\/mapa\" target=\"_blank\" rel=\"noopener\">Aktu\u00e1lny traffic siete<\/a><\/li>\n<li><a href=\"https:\/\/www.sanet.sk\/?page_id=1299\" target=\"_blank\" rel=\"noopener\">Projekt SANET do \u0161k\u00f4l<\/a><\/li>\n<\/ul>\n<p><strong><span style=\"font-size:18px\">CANET<\/span><\/strong> &#8211; Metropolitn\u00e1 sie\u0165<\/p>\n<ul>\n<li><a href=\"\/public\/media\/4739\/mapa-ke-canet-031011.gif\" target=\"_blank\" rel=\"noopener\">Mapa Ko\u0161ickej metropolitnej optickej po\u010d\u00edta\u010dovej siete CANET &#8211; SANET<\/a>\n<p> \t\u00a0<\/li>\n<\/ul>\n","protected":false},"excerpt":{"rendered":"<p>Prev\u00e1dzkov\u00fd poriadok po\u010d\u00edta\u010dovej siete SAUNET na UPJ\u0160 v Ko\u0161iciach Aktu\u00e1lny stav sie\u0165ov\u00fdch slu\u017eieb &#8211; mapa sieti a subsieti Sie\u0165 SAUNET SANET SANET &#8211; Nx100 Gbps In\u0161talovan\u00e9 DWDM zariadenia Infinera CloudXpress CX100E podporuj\u00fa prenosov\u00fa kapacitu 500 Gbps, pri\u010dom v s\u00fa\u010dasnosti m\u00e1me na v\u0161etk\u00fdch tras\u00e1ch v prev\u00e1dzke dva 100GE kan\u00e1ly spojen\u00e9 do 200G port-channelu. Zvy\u0161n\u00e9 tri mo\u017eno &hellip; <a href=\"https:\/\/www.upjs.sk\/pracoviska\/ciakt\/saunet\/\">\u010c\u00edta\u0165 \u010falej<\/a><\/p>\n","protected":false},"author":1,"featured_media":12949,"parent":0,"menu_order":14,"comment_status":"closed","ping_status":"closed","template":"","meta":{"_acf_changed":false,"_editorskit_title_hidden":false,"_editorskit_reading_time":0,"_editorskit_is_block_options_detached":false,"_editorskit_block_options_position":"{}","footnotes":""},"categories":[],"tags":[],"class_list":["post-12948","page","type-page","status-publish","has-post-thumbnail","hentry"],"acf":{"acf_link_na_externy_obsah":""},"yoast_head":"<!-- This site is optimized with the Yoast SEO plugin v27.4 - https:\/\/yoast.com\/product\/yoast-seo-wordpress\/ -->\n<title>SAUNET - Centrum informa\u010dn\u00fdch a komunika\u010dn\u00fdch technol\u00f3gi\u00ed | UPJ\u0160<\/title>\n<meta name=\"robots\" content=\"index, follow, max-snippet:-1, max-image-preview:large, max-video-preview:-1\" \/>\n<link rel=\"canonical\" href=\"https:\/\/www.upjs.sk\/pracoviska\/ciakt\/saunet\/\" \/>\n<meta property=\"og:locale\" content=\"sk_SK\" \/>\n<meta property=\"og:type\" content=\"article\" \/>\n<meta property=\"og:title\" content=\"SAUNET - Centrum informa\u010dn\u00fdch a komunika\u010dn\u00fdch technol\u00f3gi\u00ed | UPJ\u0160\" \/>\n<meta property=\"og:description\" content=\"Prev\u00e1dzkov\u00fd poriadok po\u010d\u00edta\u010dovej siete SAUNET na UPJ\u0160 v Ko\u0161iciach Aktu\u00e1lny stav sie\u0165ov\u00fdch slu\u017eieb &#8211; mapa sieti a subsieti Sie\u0165 SAUNET SANET SANET &#8211; Nx100 Gbps In\u0161talovan\u00e9 DWDM zariadenia Infinera CloudXpress CX100E podporuj\u00fa prenosov\u00fa kapacitu 500 Gbps, pri\u010dom v s\u00fa\u010dasnosti m\u00e1me na v\u0161etk\u00fdch tras\u00e1ch v prev\u00e1dzke dva 100GE kan\u00e1ly spojen\u00e9 do 200G port-channelu. Zvy\u0161n\u00e9 tri mo\u017eno &hellip; \u010c\u00edta\u0165 \u010falej\" \/>\n<meta property=\"og:url\" content=\"https:\/\/www.upjs.sk\/pracoviska\/ciakt\/saunet\/\" \/>\n<meta property=\"og:site_name\" content=\"Centrum informa\u010dn\u00fdch a komunika\u010dn\u00fdch technol\u00f3gi\u00ed | UPJ\u0160\" \/>\n<meta property=\"article:modified_time\" content=\"2022-10-05T09:51:02+00:00\" \/>\n<meta property=\"og:image\" content=\"https:\/\/www.upjs.sk\/app\/uploads\/sites\/17\/2022\/10\/optik-siet-saunet-250210-scaled.gif\" \/>\n\t<meta property=\"og:image:width\" content=\"2560\" \/>\n\t<meta property=\"og:image:height\" content=\"1793\" \/>\n\t<meta property=\"og:image:type\" content=\"image\/gif\" \/>\n<meta name=\"twitter:card\" content=\"summary_large_image\" \/>\n<meta name=\"twitter:label1\" content=\"Predpokladan\u00fd \u010das \u010d\u00edtania\" \/>\n\t<meta name=\"twitter:data1\" content=\"1 min\u00fata\" \/>\n<script type=\"application\/ld+json\" class=\"yoast-schema-graph\">{\"@context\":\"https:\\\/\\\/schema.org\",\"@graph\":[{\"@type\":\"WebPage\",\"@id\":\"https:\\\/\\\/www.upjs.sk\\\/pracoviska\\\/ciakt\\\/saunet\\\/\",\"url\":\"https:\\\/\\\/www.upjs.sk\\\/pracoviska\\\/ciakt\\\/saunet\\\/\",\"name\":\"SAUNET - Centrum informa\u010dn\u00fdch a komunika\u010dn\u00fdch technol\u00f3gi\u00ed | UPJ\u0160\",\"isPartOf\":{\"@id\":\"https:\\\/\\\/www.upjs.sk\\\/pracoviska\\\/ciakt\\\/#website\"},\"primaryImageOfPage\":{\"@id\":\"https:\\\/\\\/www.upjs.sk\\\/pracoviska\\\/ciakt\\\/saunet\\\/#primaryimage\"},\"image\":{\"@id\":\"https:\\\/\\\/www.upjs.sk\\\/pracoviska\\\/ciakt\\\/saunet\\\/#primaryimage\"},\"thumbnailUrl\":\"https:\\\/\\\/www.upjs.sk\\\/app\\\/uploads\\\/sites\\\/17\\\/2022\\\/10\\\/optik-siet-saunet-250210-scaled.gif\",\"datePublished\":\"2020-05-26T08:23:52+00:00\",\"dateModified\":\"2022-10-05T09:51:02+00:00\",\"breadcrumb\":{\"@id\":\"https:\\\/\\\/www.upjs.sk\\\/pracoviska\\\/ciakt\\\/saunet\\\/#breadcrumb\"},\"inLanguage\":\"sk-SK\",\"potentialAction\":[{\"@type\":\"ReadAction\",\"target\":[\"https:\\\/\\\/www.upjs.sk\\\/pracoviska\\\/ciakt\\\/saunet\\\/\"]}]},{\"@type\":\"ImageObject\",\"inLanguage\":\"sk-SK\",\"@id\":\"https:\\\/\\\/www.upjs.sk\\\/pracoviska\\\/ciakt\\\/saunet\\\/#primaryimage\",\"url\":\"https:\\\/\\\/www.upjs.sk\\\/app\\\/uploads\\\/sites\\\/17\\\/2022\\\/10\\\/optik-siet-saunet-250210-scaled.gif\",\"contentUrl\":\"https:\\\/\\\/www.upjs.sk\\\/app\\\/uploads\\\/sites\\\/17\\\/2022\\\/10\\\/optik-siet-saunet-250210-scaled.gif\",\"width\":2560,\"height\":1793,\"caption\":\"saunet\"},{\"@type\":\"BreadcrumbList\",\"@id\":\"https:\\\/\\\/www.upjs.sk\\\/pracoviska\\\/ciakt\\\/saunet\\\/#breadcrumb\",\"itemListElement\":[{\"@type\":\"ListItem\",\"position\":1,\"name\":\"Home\",\"item\":\"https:\\\/\\\/www.upjs.sk\\\/pracoviska\\\/ciakt\\\/\"},{\"@type\":\"ListItem\",\"position\":2,\"name\":\"SAUNET\"}]},{\"@type\":\"WebSite\",\"@id\":\"https:\\\/\\\/www.upjs.sk\\\/pracoviska\\\/ciakt\\\/#website\",\"url\":\"https:\\\/\\\/www.upjs.sk\\\/pracoviska\\\/ciakt\\\/\",\"name\":\"Centrum informa\u010dn\u00fdch a komunika\u010dn\u00fdch technol\u00f3gi\u00ed | UPJ\u0160\",\"description\":\"\",\"publisher\":{\"@id\":\"https:\\\/\\\/www.upjs.sk\\\/pracoviska\\\/ciakt\\\/#organization\"},\"potentialAction\":[{\"@type\":\"SearchAction\",\"target\":{\"@type\":\"EntryPoint\",\"urlTemplate\":\"https:\\\/\\\/www.upjs.sk\\\/pracoviska\\\/ciakt\\\/?s={search_term_string}\"},\"query-input\":{\"@type\":\"PropertyValueSpecification\",\"valueRequired\":true,\"valueName\":\"search_term_string\"}}],\"inLanguage\":\"sk-SK\"},{\"@type\":\"Organization\",\"@id\":\"https:\\\/\\\/www.upjs.sk\\\/pracoviska\\\/ciakt\\\/#organization\",\"name\":\"Centrum informa\u010dn\u00fdch a komunika\u010dn\u00fdch technol\u00f3gi\u00ed | UPJ\u0160\",\"url\":\"https:\\\/\\\/www.upjs.sk\\\/pracoviska\\\/ciakt\\\/\",\"logo\":{\"@type\":\"ImageObject\",\"inLanguage\":\"sk-SK\",\"@id\":\"https:\\\/\\\/www.upjs.sk\\\/pracoviska\\\/ciakt\\\/#\\\/schema\\\/logo\\\/image\\\/\",\"url\":\"https:\\\/\\\/www.upjs.sk\\\/app\\\/uploads\\\/sites\\\/17\\\/2023\\\/01\\\/CIaKT-1.svg\",\"contentUrl\":\"https:\\\/\\\/www.upjs.sk\\\/app\\\/uploads\\\/sites\\\/17\\\/2023\\\/01\\\/CIaKT-1.svg\",\"width\":500,\"height\":138,\"caption\":\"Centrum informa\u010dn\u00fdch a komunika\u010dn\u00fdch technol\u00f3gi\u00ed | UPJ\u0160\"},\"image\":{\"@id\":\"https:\\\/\\\/www.upjs.sk\\\/pracoviska\\\/ciakt\\\/#\\\/schema\\\/logo\\\/image\\\/\"}}]}<\/script>\n<!-- \/ Yoast SEO plugin. -->","yoast_head_json":{"title":"SAUNET - Centrum informa\u010dn\u00fdch a komunika\u010dn\u00fdch technol\u00f3gi\u00ed | UPJ\u0160","robots":{"index":"index","follow":"follow","max-snippet":"max-snippet:-1","max-image-preview":"max-image-preview:large","max-video-preview":"max-video-preview:-1"},"canonical":"https:\/\/www.upjs.sk\/pracoviska\/ciakt\/saunet\/","og_locale":"sk_SK","og_type":"article","og_title":"SAUNET - Centrum informa\u010dn\u00fdch a komunika\u010dn\u00fdch technol\u00f3gi\u00ed | UPJ\u0160","og_description":"Prev\u00e1dzkov\u00fd poriadok po\u010d\u00edta\u010dovej siete SAUNET na UPJ\u0160 v Ko\u0161iciach Aktu\u00e1lny stav sie\u0165ov\u00fdch slu\u017eieb &#8211; mapa sieti a subsieti Sie\u0165 SAUNET SANET SANET &#8211; Nx100 Gbps In\u0161talovan\u00e9 DWDM zariadenia Infinera CloudXpress CX100E podporuj\u00fa prenosov\u00fa kapacitu 500 Gbps, pri\u010dom v s\u00fa\u010dasnosti m\u00e1me na v\u0161etk\u00fdch tras\u00e1ch v prev\u00e1dzke dva 100GE kan\u00e1ly spojen\u00e9 do 200G port-channelu. Zvy\u0161n\u00e9 tri mo\u017eno &hellip; \u010c\u00edta\u0165 \u010falej","og_url":"https:\/\/www.upjs.sk\/pracoviska\/ciakt\/saunet\/","og_site_name":"Centrum informa\u010dn\u00fdch a komunika\u010dn\u00fdch technol\u00f3gi\u00ed | UPJ\u0160","article_modified_time":"2022-10-05T09:51:02+00:00","og_image":[{"width":2560,"height":1793,"url":"https:\/\/www.upjs.sk\/app\/uploads\/sites\/17\/2022\/10\/optik-siet-saunet-250210-scaled.gif","type":"image\/gif"}],"twitter_card":"summary_large_image","twitter_misc":{"Predpokladan\u00fd \u010das \u010d\u00edtania":"1 min\u00fata"},"schema":{"@context":"https:\/\/schema.org","@graph":[{"@type":"WebPage","@id":"https:\/\/www.upjs.sk\/pracoviska\/ciakt\/saunet\/","url":"https:\/\/www.upjs.sk\/pracoviska\/ciakt\/saunet\/","name":"SAUNET - Centrum informa\u010dn\u00fdch a komunika\u010dn\u00fdch technol\u00f3gi\u00ed | UPJ\u0160","isPartOf":{"@id":"https:\/\/www.upjs.sk\/pracoviska\/ciakt\/#website"},"primaryImageOfPage":{"@id":"https:\/\/www.upjs.sk\/pracoviska\/ciakt\/saunet\/#primaryimage"},"image":{"@id":"https:\/\/www.upjs.sk\/pracoviska\/ciakt\/saunet\/#primaryimage"},"thumbnailUrl":"https:\/\/www.upjs.sk\/app\/uploads\/sites\/17\/2022\/10\/optik-siet-saunet-250210-scaled.gif","datePublished":"2020-05-26T08:23:52+00:00","dateModified":"2022-10-05T09:51:02+00:00","breadcrumb":{"@id":"https:\/\/www.upjs.sk\/pracoviska\/ciakt\/saunet\/#breadcrumb"},"inLanguage":"sk-SK","potentialAction":[{"@type":"ReadAction","target":["https:\/\/www.upjs.sk\/pracoviska\/ciakt\/saunet\/"]}]},{"@type":"ImageObject","inLanguage":"sk-SK","@id":"https:\/\/www.upjs.sk\/pracoviska\/ciakt\/saunet\/#primaryimage","url":"https:\/\/www.upjs.sk\/app\/uploads\/sites\/17\/2022\/10\/optik-siet-saunet-250210-scaled.gif","contentUrl":"https:\/\/www.upjs.sk\/app\/uploads\/sites\/17\/2022\/10\/optik-siet-saunet-250210-scaled.gif","width":2560,"height":1793,"caption":"saunet"},{"@type":"BreadcrumbList","@id":"https:\/\/www.upjs.sk\/pracoviska\/ciakt\/saunet\/#breadcrumb","itemListElement":[{"@type":"ListItem","position":1,"name":"Home","item":"https:\/\/www.upjs.sk\/pracoviska\/ciakt\/"},{"@type":"ListItem","position":2,"name":"SAUNET"}]},{"@type":"WebSite","@id":"https:\/\/www.upjs.sk\/pracoviska\/ciakt\/#website","url":"https:\/\/www.upjs.sk\/pracoviska\/ciakt\/","name":"Centrum informa\u010dn\u00fdch a komunika\u010dn\u00fdch technol\u00f3gi\u00ed | UPJ\u0160","description":"","publisher":{"@id":"https:\/\/www.upjs.sk\/pracoviska\/ciakt\/#organization"},"potentialAction":[{"@type":"SearchAction","target":{"@type":"EntryPoint","urlTemplate":"https:\/\/www.upjs.sk\/pracoviska\/ciakt\/?s={search_term_string}"},"query-input":{"@type":"PropertyValueSpecification","valueRequired":true,"valueName":"search_term_string"}}],"inLanguage":"sk-SK"},{"@type":"Organization","@id":"https:\/\/www.upjs.sk\/pracoviska\/ciakt\/#organization","name":"Centrum informa\u010dn\u00fdch a komunika\u010dn\u00fdch technol\u00f3gi\u00ed | UPJ\u0160","url":"https:\/\/www.upjs.sk\/pracoviska\/ciakt\/","logo":{"@type":"ImageObject","inLanguage":"sk-SK","@id":"https:\/\/www.upjs.sk\/pracoviska\/ciakt\/#\/schema\/logo\/image\/","url":"https:\/\/www.upjs.sk\/app\/uploads\/sites\/17\/2023\/01\/CIaKT-1.svg","contentUrl":"https:\/\/www.upjs.sk\/app\/uploads\/sites\/17\/2023\/01\/CIaKT-1.svg","width":500,"height":138,"caption":"Centrum informa\u010dn\u00fdch a komunika\u010dn\u00fdch technol\u00f3gi\u00ed | UPJ\u0160"},"image":{"@id":"https:\/\/www.upjs.sk\/pracoviska\/ciakt\/#\/schema\/logo\/image\/"}}]}},"_links":{"self":[{"href":"https:\/\/www.upjs.sk\/pracoviska\/ciakt\/wp-json\/wp\/v2\/pages\/12948","targetHints":{"allow":["GET"]}}],"collection":[{"href":"https:\/\/www.upjs.sk\/pracoviska\/ciakt\/wp-json\/wp\/v2\/pages"}],"about":[{"href":"https:\/\/www.upjs.sk\/pracoviska\/ciakt\/wp-json\/wp\/v2\/types\/page"}],"author":[{"embeddable":true,"href":"https:\/\/www.upjs.sk\/pracoviska\/ciakt\/wp-json\/wp\/v2\/users\/1"}],"replies":[{"embeddable":true,"href":"https:\/\/www.upjs.sk\/pracoviska\/ciakt\/wp-json\/wp\/v2\/comments?post=12948"}],"version-history":[{"count":1,"href":"https:\/\/www.upjs.sk\/pracoviska\/ciakt\/wp-json\/wp\/v2\/pages\/12948\/revisions"}],"predecessor-version":[{"id":13185,"href":"https:\/\/www.upjs.sk\/pracoviska\/ciakt\/wp-json\/wp\/v2\/pages\/12948\/revisions\/13185"}],"wp:featuredmedia":[{"embeddable":true,"href":"https:\/\/www.upjs.sk\/pracoviska\/ciakt\/wp-json\/wp\/v2\/media\/12949"}],"wp:attachment":[{"href":"https:\/\/www.upjs.sk\/pracoviska\/ciakt\/wp-json\/wp\/v2\/media?parent=12948"}],"wp:term":[{"taxonomy":"category","embeddable":true,"href":"https:\/\/www.upjs.sk\/pracoviska\/ciakt\/wp-json\/wp\/v2\/categories?post=12948"},{"taxonomy":"post_tag","embeddable":true,"href":"https:\/\/www.upjs.sk\/pracoviska\/ciakt\/wp-json\/wp\/v2\/tags?post=12948"}],"curies":[{"name":"wp","href":"https:\/\/api.w.org\/{rel}","templated":true}]}}