{"id":15624,"date":"2024-03-18T14:44:00","date_gmt":"2024-03-18T14:44:00","guid":{"rendered":"https:\/\/www.upjs.sk\/pracoviska\/ciakt\/?page_id=15624"},"modified":"2024-06-20T12:59:13","modified_gmt":"2024-06-20T12:59:13","slug":"registracia","status":"publish","type":"page","link":"https:\/\/www.upjs.sk\/pracoviska\/ciakt\/uninfos-2024\/registracia\/","title":{"rendered":"Registr\u00e1cia"},"content":{"rendered":"<style>.kb-image15624_0686d8-51 .kb-image-has-overlay:after{opacity:0.3;border-top-left-radius:15px;border-top-right-radius:15px;border-bottom-right-radius:15px;border-bottom-left-radius:15px;}.kb-image15624_0686d8-51 img.kb-img, .kb-image15624_0686d8-51 .kb-img img{border-top-left-radius:15px;border-top-right-radius:15px;border-bottom-right-radius:15px;border-bottom-left-radius:15px;}<\/style>\n<div class=\"wp-block-kadence-image kb-image15624_0686d8-51\"><figure class=\"aligncenter\"><a href=\"https:\/\/www.upjs.sk\/pracoviska\/ciakt\/uninfos-2024\/\" class=\"kb-advanced-image-link\"><img loading=\"lazy\" decoding=\"async\" width=\"1024\" height=\"200\" src=\"https:\/\/www.upjs.sk\/app\/uploads\/sites\/17\/2024\/03\/banner-uninfos-1.png\" alt=\"\" class=\"kb-img wp-image-15670\" srcset=\"https:\/\/www.upjs.sk\/app\/uploads\/sites\/17\/2024\/03\/banner-uninfos-1.png 1024w, https:\/\/www.upjs.sk\/app\/uploads\/sites\/17\/2024\/03\/banner-uninfos-1-300x59.png 300w, https:\/\/www.upjs.sk\/app\/uploads\/sites\/17\/2024\/03\/banner-uninfos-1-768x150.png 768w\" sizes=\"auto, (max-width: 1024px) 100vw, 1024px\" \/><\/a><\/figure><\/div>\n\n\n<style>.wp-block-kadence-spacer.kt-block-spacer-15624_c0ce99-ff .kt-block-spacer{height:6px;}.wp-block-kadence-spacer.kt-block-spacer-15624_c0ce99-ff .kt-divider{border-top-width:1px;height:1px;border-top-color:#C19152;width:90%;border-top-style:solid;}<\/style>\n<div class=\"wp-block-kadence-spacer aligncenter kt-block-spacer-15624_c0ce99-ff\"><div class=\"kt-block-spacer kt-block-spacer-halign-center\"><hr class=\"kt-divider\"\/><\/div><\/div>\n\n\n\n<div style=\"height:14px\" aria-hidden=\"true\" class=\"wp-block-spacer\"><\/div>\n\n\n\n<figure class=\"wp-block-table caption-align-left is-style-stripes\"><table class=\"has-fixed-layout\"><thead><tr><th class=\"has-text-align-left\" data-align=\"left\"><mark style=\"background-color:rgba(0, 0, 0, 0)\" class=\"has-inline-color has-zakladna-modra-color\">\u0160tatistika registrovan\u00fdch \u00fa\u010dastn\u00edkov<\/mark><\/th><th><\/th><\/tr><\/thead><tbody><tr><td class=\"has-text-align-left\" data-align=\"left\">ALVAO s.r.o.<\/td><td>1<\/td><\/tr><tr><td class=\"has-text-align-left\" data-align=\"left\">Datacomp s.r.o.<\/td><td>1<\/td><\/tr><tr><td class=\"has-text-align-left\" data-align=\"left\">Ekonomick\u00e1 univerzita v Bratislave<\/td><td>2<\/td><\/tr><tr><td class=\"has-text-align-left\" data-align=\"left\">Hewlett Packard Enterprise Slovakia, s.r.o.<\/td><td>1<\/td><\/tr><tr><td class=\"has-text-align-left\" data-align=\"left\">Katol\u00edcka univerzita v Ru\u017eomberku<\/td><td>1<\/td><\/tr><tr><td class=\"has-text-align-left\" data-align=\"left\">Konica Minolta Slovakia s.r.o.<\/td><td>3<\/td><\/tr><tr><td class=\"has-text-align-left\" data-align=\"left\">Microsoft<\/td><td>1<\/td><\/tr><tr><td class=\"has-text-align-left\" data-align=\"left\">M\u0160VVaM SR<\/td><td>3<\/td><\/tr><tr><td class=\"has-text-align-left\" data-align=\"left\">Oracle<\/td><td>1<\/td><\/tr><tr><td class=\"has-text-align-left\" data-align=\"left\">Pre\u0161ovsk\u00e1 univerzita v Pre\u0161ove<\/td><td>8<\/td><\/tr><tr><td class=\"has-text-align-left\" data-align=\"left\">Slovensk\u00e1 po\u013enohospod\u00e1rska univerzita<\/td><td>2<\/td><\/tr><tr><td class=\"has-text-align-left\" data-align=\"left\">Technick\u00e1 univerzita vo Zvolene<\/td><td>1<\/td><\/tr><tr><td class=\"has-text-align-left\" data-align=\"left\">TransData s.r.o.<\/td><td>1<\/td><\/tr><tr><td class=\"has-text-align-left\" data-align=\"left\">Tren\u010dianska univerzita Alexandra Dub\u010deka v Tren\u010d\u00edne<\/td><td>1<\/td><\/tr><tr><td class=\"has-text-align-left\" data-align=\"left\">Trnavsk\u00e1 univerzita v Trnave<\/td><td>1<\/td><\/tr><tr><td class=\"has-text-align-left\" data-align=\"left\">TUKE<\/td><td>1<\/td><\/tr><tr><td class=\"has-text-align-left\" data-align=\"left\">UKF v Nitre<\/td><td>3<\/td><\/tr><tr><td class=\"has-text-align-left\" data-align=\"left\">Univerzita Komensk\u00e9ho v Bratislave<\/td><td>9<\/td><\/tr><tr><td class=\"has-text-align-left\" data-align=\"left\">Univerzita Mateja Bela v Banskej Bystrici<\/td><td>5<\/td><\/tr><tr><td class=\"has-text-align-left\" data-align=\"left\">UVLF v Ko\u0161iciach<\/td><td>2<\/td><\/tr><tr><td class=\"has-text-align-left\" data-align=\"left\">Zdru\u017eenie CKM SYTS<\/td><td>1<\/td><\/tr><tr><td class=\"has-text-align-left\" data-align=\"left\">\u017dilinsk\u00e1 univerzita v \u017diline<\/td><td>2<\/td><\/tr><tr><td class=\"has-text-align-left\" data-align=\"left\">UPJ\u0160 v Ko\u0161iciach<\/td><td>1<\/td><\/tr><tr><td class=\"has-text-align-left\" data-align=\"left\"><strong><mark style=\"background-color:rgba(0, 0, 0, 0)\" class=\"has-inline-color has-zakladna-modra-color\">Celkov\u00fd po\u010det: <\/mark><\/strong><\/td><td><strong><mark style=\"background-color:rgba(0, 0, 0, 0)\" class=\"has-inline-color has-zakladna-modra-color\">52<\/mark><\/strong><\/td><\/tr><\/tbody><\/table><figcaption class=\"wp-element-caption\"><strong><mark style=\"background-color:rgba(0, 0, 0, 0)\" class=\"has-inline-color has-zakladna-modra-color\"><mark style=\"background-color:rgba(0, 0, 0, 0)\" class=\"has-inline-color has-zakladna-modra-color\"><\/mark><\/mark><\/strong><\/figcaption><\/figure>\n","protected":false},"excerpt":{"rendered":"<p>\u0160tatistika registrovan\u00fdch \u00fa\u010dastn\u00edkov ALVAO s.r.o. 1 Datacomp s.r.o. 1 Ekonomick\u00e1 univerzita v Bratislave 2 Hewlett Packard Enterprise Slovakia, s.r.o. 1 Katol\u00edcka univerzita v Ru\u017eomberku 1 Konica Minolta Slovakia s.r.o. 3 Microsoft 1 M\u0160VVaM SR 3 Oracle 1 Pre\u0161ovsk\u00e1 univerzita v Pre\u0161ove 8 Slovensk\u00e1 po\u013enohospod\u00e1rska univerzita 2 Technick\u00e1 univerzita vo Zvolene 1 TransData s.r.o. 1 Tren\u010dianska &hellip; <a href=\"https:\/\/www.upjs.sk\/pracoviska\/ciakt\/uninfos-2024\/registracia\/\">\u010c\u00edta\u0165 \u010falej<\/a><\/p>\n","protected":false},"author":14,"featured_media":0,"parent":15468,"menu_order":5,"comment_status":"closed","ping_status":"closed","template":"","meta":{"_acf_changed":false,"_editorskit_title_hidden":false,"_editorskit_reading_time":0,"_editorskit_is_block_options_detached":false,"_editorskit_block_options_position":"{}","footnotes":""},"categories":[],"tags":[],"class_list":["post-15624","page","type-page","status-publish","hentry"],"acf":{"acf_link_na_externy_obsah":""},"yoast_head":"<!-- This site is optimized with the Yoast SEO plugin v27.2 - https:\/\/yoast.com\/product\/yoast-seo-wordpress\/ -->\n<title>Registr\u00e1cia - Centrum informa\u010dn\u00fdch a komunika\u010dn\u00fdch technol\u00f3gi\u00ed | UPJ\u0160<\/title>\n<meta name=\"robots\" content=\"index, follow, max-snippet:-1, max-image-preview:large, max-video-preview:-1\" \/>\n<link rel=\"canonical\" href=\"https:\/\/www.upjs.sk\/pracoviska\/ciakt\/uninfos-2024\/registracia\/\" \/>\n<meta property=\"og:locale\" content=\"sk_SK\" \/>\n<meta property=\"og:type\" content=\"article\" \/>\n<meta property=\"og:title\" content=\"Registr\u00e1cia - Centrum informa\u010dn\u00fdch a komunika\u010dn\u00fdch technol\u00f3gi\u00ed | UPJ\u0160\" \/>\n<meta property=\"og:description\" content=\"\u0160tatistika registrovan\u00fdch \u00fa\u010dastn\u00edkov ALVAO s.r.o. 1 Datacomp s.r.o. 1 Ekonomick\u00e1 univerzita v Bratislave 2 Hewlett Packard Enterprise Slovakia, s.r.o. 1 Katol\u00edcka univerzita v Ru\u017eomberku 1 Konica Minolta Slovakia s.r.o. 3 Microsoft 1 M\u0160VVaM SR 3 Oracle 1 Pre\u0161ovsk\u00e1 univerzita v Pre\u0161ove 8 Slovensk\u00e1 po\u013enohospod\u00e1rska univerzita 2 Technick\u00e1 univerzita vo Zvolene 1 TransData s.r.o. 1 Tren\u010dianska &hellip; \u010c\u00edta\u0165 \u010falej\" \/>\n<meta property=\"og:url\" content=\"https:\/\/www.upjs.sk\/pracoviska\/ciakt\/uninfos-2024\/registracia\/\" \/>\n<meta property=\"og:site_name\" content=\"Centrum informa\u010dn\u00fdch a komunika\u010dn\u00fdch technol\u00f3gi\u00ed | UPJ\u0160\" \/>\n<meta property=\"article:modified_time\" content=\"2024-06-20T12:59:13+00:00\" \/>\n<meta property=\"og:image\" content=\"https:\/\/www.upjs.sk\/app\/uploads\/sites\/17\/2024\/03\/banner-uninfos-1.png\" \/>\n<meta name=\"twitter:card\" content=\"summary_large_image\" \/>\n<meta name=\"twitter:label1\" content=\"Predpokladan\u00fd \u010das \u010d\u00edtania\" \/>\n\t<meta name=\"twitter:data1\" content=\"1 min\u00fata\" \/>\n<script type=\"application\/ld+json\" class=\"yoast-schema-graph\">{\"@context\":\"https:\/\/schema.org\",\"@graph\":[{\"@type\":\"WebPage\",\"@id\":\"https:\/\/www.upjs.sk\/pracoviska\/ciakt\/uninfos-2024\/registracia\/\",\"url\":\"https:\/\/www.upjs.sk\/pracoviska\/ciakt\/uninfos-2024\/registracia\/\",\"name\":\"Registr\u00e1cia - Centrum informa\u010dn\u00fdch a komunika\u010dn\u00fdch technol\u00f3gi\u00ed | UPJ\u0160\",\"isPartOf\":{\"@id\":\"https:\/\/www.upjs.sk\/pracoviska\/ciakt\/#website\"},\"primaryImageOfPage\":{\"@id\":\"https:\/\/www.upjs.sk\/pracoviska\/ciakt\/uninfos-2024\/registracia\/#primaryimage\"},\"image\":{\"@id\":\"https:\/\/www.upjs.sk\/pracoviska\/ciakt\/uninfos-2024\/registracia\/#primaryimage\"},\"thumbnailUrl\":\"https:\/\/www.upjs.sk\/app\/uploads\/sites\/17\/2024\/03\/banner-uninfos-1.png\",\"datePublished\":\"2024-03-18T14:44:00+00:00\",\"dateModified\":\"2024-06-20T12:59:13+00:00\",\"breadcrumb\":{\"@id\":\"https:\/\/www.upjs.sk\/pracoviska\/ciakt\/uninfos-2024\/registracia\/#breadcrumb\"},\"inLanguage\":\"sk-SK\",\"potentialAction\":[{\"@type\":\"ReadAction\",\"target\":[\"https:\/\/www.upjs.sk\/pracoviska\/ciakt\/uninfos-2024\/registracia\/\"]}]},{\"@type\":\"ImageObject\",\"inLanguage\":\"sk-SK\",\"@id\":\"https:\/\/www.upjs.sk\/pracoviska\/ciakt\/uninfos-2024\/registracia\/#primaryimage\",\"url\":\"https:\/\/www.upjs.sk\/app\/uploads\/sites\/17\/2024\/03\/banner-uninfos-1.png\",\"contentUrl\":\"https:\/\/www.upjs.sk\/app\/uploads\/sites\/17\/2024\/03\/banner-uninfos-1.png\"},{\"@type\":\"BreadcrumbList\",\"@id\":\"https:\/\/www.upjs.sk\/pracoviska\/ciakt\/uninfos-2024\/registracia\/#breadcrumb\",\"itemListElement\":[{\"@type\":\"ListItem\",\"position\":1,\"name\":\"Home\",\"item\":\"https:\/\/www.upjs.sk\/pracoviska\/ciakt\/\"},{\"@type\":\"ListItem\",\"position\":2,\"name\":\"UNINFOS 2024\",\"item\":\"https:\/\/www.upjs.sk\/pracoviska\/ciakt\/uninfos-2024\/\"},{\"@type\":\"ListItem\",\"position\":3,\"name\":\"Registr\u00e1cia\"}]},{\"@type\":\"WebSite\",\"@id\":\"https:\/\/www.upjs.sk\/pracoviska\/ciakt\/#website\",\"url\":\"https:\/\/www.upjs.sk\/pracoviska\/ciakt\/\",\"name\":\"Centrum informa\u010dn\u00fdch a komunika\u010dn\u00fdch technol\u00f3gi\u00ed | UPJ\u0160\",\"description\":\"\",\"publisher\":{\"@id\":\"https:\/\/www.upjs.sk\/pracoviska\/ciakt\/#organization\"},\"potentialAction\":[{\"@type\":\"SearchAction\",\"target\":{\"@type\":\"EntryPoint\",\"urlTemplate\":\"https:\/\/www.upjs.sk\/pracoviska\/ciakt\/?s={search_term_string}\"},\"query-input\":{\"@type\":\"PropertyValueSpecification\",\"valueRequired\":true,\"valueName\":\"search_term_string\"}}],\"inLanguage\":\"sk-SK\"},{\"@type\":\"Organization\",\"@id\":\"https:\/\/www.upjs.sk\/pracoviska\/ciakt\/#organization\",\"name\":\"Centrum informa\u010dn\u00fdch a komunika\u010dn\u00fdch technol\u00f3gi\u00ed | UPJ\u0160\",\"url\":\"https:\/\/www.upjs.sk\/pracoviska\/ciakt\/\",\"logo\":{\"@type\":\"ImageObject\",\"inLanguage\":\"sk-SK\",\"@id\":\"https:\/\/www.upjs.sk\/pracoviska\/ciakt\/#\/schema\/logo\/image\/\",\"url\":\"https:\/\/www.upjs.sk\/app\/uploads\/sites\/17\/2023\/01\/CIaKT-1.svg\",\"contentUrl\":\"https:\/\/www.upjs.sk\/app\/uploads\/sites\/17\/2023\/01\/CIaKT-1.svg\",\"width\":500,\"height\":138,\"caption\":\"Centrum informa\u010dn\u00fdch a komunika\u010dn\u00fdch technol\u00f3gi\u00ed | UPJ\u0160\"},\"image\":{\"@id\":\"https:\/\/www.upjs.sk\/pracoviska\/ciakt\/#\/schema\/logo\/image\/\"}}]}<\/script>\n<!-- \/ Yoast SEO plugin. -->","yoast_head_json":{"title":"Registr\u00e1cia - Centrum informa\u010dn\u00fdch a komunika\u010dn\u00fdch technol\u00f3gi\u00ed | UPJ\u0160","robots":{"index":"index","follow":"follow","max-snippet":"max-snippet:-1","max-image-preview":"max-image-preview:large","max-video-preview":"max-video-preview:-1"},"canonical":"https:\/\/www.upjs.sk\/pracoviska\/ciakt\/uninfos-2024\/registracia\/","og_locale":"sk_SK","og_type":"article","og_title":"Registr\u00e1cia - Centrum informa\u010dn\u00fdch a komunika\u010dn\u00fdch technol\u00f3gi\u00ed | UPJ\u0160","og_description":"\u0160tatistika registrovan\u00fdch \u00fa\u010dastn\u00edkov ALVAO s.r.o. 1 Datacomp s.r.o. 1 Ekonomick\u00e1 univerzita v Bratislave 2 Hewlett Packard Enterprise Slovakia, s.r.o. 1 Katol\u00edcka univerzita v Ru\u017eomberku 1 Konica Minolta Slovakia s.r.o. 3 Microsoft 1 M\u0160VVaM SR 3 Oracle 1 Pre\u0161ovsk\u00e1 univerzita v Pre\u0161ove 8 Slovensk\u00e1 po\u013enohospod\u00e1rska univerzita 2 Technick\u00e1 univerzita vo Zvolene 1 TransData s.r.o. 1 Tren\u010dianska &hellip; \u010c\u00edta\u0165 \u010falej","og_url":"https:\/\/www.upjs.sk\/pracoviska\/ciakt\/uninfos-2024\/registracia\/","og_site_name":"Centrum informa\u010dn\u00fdch a komunika\u010dn\u00fdch technol\u00f3gi\u00ed | UPJ\u0160","article_modified_time":"2024-06-20T12:59:13+00:00","og_image":[{"url":"https:\/\/www.upjs.sk\/app\/uploads\/sites\/17\/2024\/03\/banner-uninfos-1.png","type":"","width":"","height":""}],"twitter_card":"summary_large_image","twitter_misc":{"Predpokladan\u00fd \u010das \u010d\u00edtania":"1 min\u00fata"},"schema":{"@context":"https:\/\/schema.org","@graph":[{"@type":"WebPage","@id":"https:\/\/www.upjs.sk\/pracoviska\/ciakt\/uninfos-2024\/registracia\/","url":"https:\/\/www.upjs.sk\/pracoviska\/ciakt\/uninfos-2024\/registracia\/","name":"Registr\u00e1cia - Centrum informa\u010dn\u00fdch a komunika\u010dn\u00fdch technol\u00f3gi\u00ed | UPJ\u0160","isPartOf":{"@id":"https:\/\/www.upjs.sk\/pracoviska\/ciakt\/#website"},"primaryImageOfPage":{"@id":"https:\/\/www.upjs.sk\/pracoviska\/ciakt\/uninfos-2024\/registracia\/#primaryimage"},"image":{"@id":"https:\/\/www.upjs.sk\/pracoviska\/ciakt\/uninfos-2024\/registracia\/#primaryimage"},"thumbnailUrl":"https:\/\/www.upjs.sk\/app\/uploads\/sites\/17\/2024\/03\/banner-uninfos-1.png","datePublished":"2024-03-18T14:44:00+00:00","dateModified":"2024-06-20T12:59:13+00:00","breadcrumb":{"@id":"https:\/\/www.upjs.sk\/pracoviska\/ciakt\/uninfos-2024\/registracia\/#breadcrumb"},"inLanguage":"sk-SK","potentialAction":[{"@type":"ReadAction","target":["https:\/\/www.upjs.sk\/pracoviska\/ciakt\/uninfos-2024\/registracia\/"]}]},{"@type":"ImageObject","inLanguage":"sk-SK","@id":"https:\/\/www.upjs.sk\/pracoviska\/ciakt\/uninfos-2024\/registracia\/#primaryimage","url":"https:\/\/www.upjs.sk\/app\/uploads\/sites\/17\/2024\/03\/banner-uninfos-1.png","contentUrl":"https:\/\/www.upjs.sk\/app\/uploads\/sites\/17\/2024\/03\/banner-uninfos-1.png"},{"@type":"BreadcrumbList","@id":"https:\/\/www.upjs.sk\/pracoviska\/ciakt\/uninfos-2024\/registracia\/#breadcrumb","itemListElement":[{"@type":"ListItem","position":1,"name":"Home","item":"https:\/\/www.upjs.sk\/pracoviska\/ciakt\/"},{"@type":"ListItem","position":2,"name":"UNINFOS 2024","item":"https:\/\/www.upjs.sk\/pracoviska\/ciakt\/uninfos-2024\/"},{"@type":"ListItem","position":3,"name":"Registr\u00e1cia"}]},{"@type":"WebSite","@id":"https:\/\/www.upjs.sk\/pracoviska\/ciakt\/#website","url":"https:\/\/www.upjs.sk\/pracoviska\/ciakt\/","name":"Centrum informa\u010dn\u00fdch a komunika\u010dn\u00fdch technol\u00f3gi\u00ed | UPJ\u0160","description":"","publisher":{"@id":"https:\/\/www.upjs.sk\/pracoviska\/ciakt\/#organization"},"potentialAction":[{"@type":"SearchAction","target":{"@type":"EntryPoint","urlTemplate":"https:\/\/www.upjs.sk\/pracoviska\/ciakt\/?s={search_term_string}"},"query-input":{"@type":"PropertyValueSpecification","valueRequired":true,"valueName":"search_term_string"}}],"inLanguage":"sk-SK"},{"@type":"Organization","@id":"https:\/\/www.upjs.sk\/pracoviska\/ciakt\/#organization","name":"Centrum informa\u010dn\u00fdch a komunika\u010dn\u00fdch technol\u00f3gi\u00ed | UPJ\u0160","url":"https:\/\/www.upjs.sk\/pracoviska\/ciakt\/","logo":{"@type":"ImageObject","inLanguage":"sk-SK","@id":"https:\/\/www.upjs.sk\/pracoviska\/ciakt\/#\/schema\/logo\/image\/","url":"https:\/\/www.upjs.sk\/app\/uploads\/sites\/17\/2023\/01\/CIaKT-1.svg","contentUrl":"https:\/\/www.upjs.sk\/app\/uploads\/sites\/17\/2023\/01\/CIaKT-1.svg","width":500,"height":138,"caption":"Centrum informa\u010dn\u00fdch a komunika\u010dn\u00fdch technol\u00f3gi\u00ed | UPJ\u0160"},"image":{"@id":"https:\/\/www.upjs.sk\/pracoviska\/ciakt\/#\/schema\/logo\/image\/"}}]}},"_links":{"self":[{"href":"https:\/\/www.upjs.sk\/pracoviska\/ciakt\/wp-json\/wp\/v2\/pages\/15624","targetHints":{"allow":["GET"]}}],"collection":[{"href":"https:\/\/www.upjs.sk\/pracoviska\/ciakt\/wp-json\/wp\/v2\/pages"}],"about":[{"href":"https:\/\/www.upjs.sk\/pracoviska\/ciakt\/wp-json\/wp\/v2\/types\/page"}],"author":[{"embeddable":true,"href":"https:\/\/www.upjs.sk\/pracoviska\/ciakt\/wp-json\/wp\/v2\/users\/14"}],"replies":[{"embeddable":true,"href":"https:\/\/www.upjs.sk\/pracoviska\/ciakt\/wp-json\/wp\/v2\/comments?post=15624"}],"version-history":[{"count":18,"href":"https:\/\/www.upjs.sk\/pracoviska\/ciakt\/wp-json\/wp\/v2\/pages\/15624\/revisions"}],"predecessor-version":[{"id":16072,"href":"https:\/\/www.upjs.sk\/pracoviska\/ciakt\/wp-json\/wp\/v2\/pages\/15624\/revisions\/16072"}],"up":[{"embeddable":true,"href":"https:\/\/www.upjs.sk\/pracoviska\/ciakt\/wp-json\/wp\/v2\/pages\/15468"}],"wp:attachment":[{"href":"https:\/\/www.upjs.sk\/pracoviska\/ciakt\/wp-json\/wp\/v2\/media?parent=15624"}],"wp:term":[{"taxonomy":"category","embeddable":true,"href":"https:\/\/www.upjs.sk\/pracoviska\/ciakt\/wp-json\/wp\/v2\/categories?post=15624"},{"taxonomy":"post_tag","embeddable":true,"href":"https:\/\/www.upjs.sk\/pracoviska\/ciakt\/wp-json\/wp\/v2\/tags?post=15624"}],"curies":[{"name":"wp","href":"https:\/\/api.w.org\/{rel}","templated":true}]}}