{"id":13453,"date":"2024-05-28T09:53:51","date_gmt":"2024-05-28T09:53:51","guid":{"rendered":"https:\/\/www.upjs.sk\/pracoviska\/materska-skola\/fotogaleria\/"},"modified":"2026-03-26T07:56:19","modified_gmt":"2026-03-26T07:56:19","slug":"fotogaleria","status":"publish","type":"page","link":"https:\/\/www.upjs.sk\/pracoviska\/materska-skola\/fotogaleria\/","title":{"rendered":"Fotogal\u00e9ria"},"content":{"rendered":"<style>.kb-image13453_46d5a4-48 .kb-image-has-overlay:after{opacity:0.3;}<\/style>\n<div class=\"wp-block-kadence-image kb-image13453_46d5a4-48\"><figure class=\"aligncenter size-medium\"><img loading=\"lazy\" decoding=\"async\" width=\"300\" height=\"66\" src=\"https:\/\/www.upjs.sk\/app\/uploads\/sites\/26\/2024\/06\/logo-ms-600x131-1-300x66.jpg\" alt=\"\" class=\"kb-img wp-image-13522\" srcset=\"https:\/\/www.upjs.sk\/app\/uploads\/sites\/26\/2024\/06\/logo-ms-600x131-1-300x66.jpg 300w, https:\/\/www.upjs.sk\/app\/uploads\/sites\/26\/2024\/06\/logo-ms-600x131-1.jpg 600w\" sizes=\"auto, (max-width: 300px) 100vw, 300px\" \/><\/figure><\/div>\n\n\n<style>.wp-block-kadence-spacer.kt-block-spacer-13453_9ab034-4a .kt-block-spacer{height:6px;}.wp-block-kadence-spacer.kt-block-spacer-13453_9ab034-4a .kt-divider{border-top-width:1px;height:1px;border-top-color:#C19152;width:100%;border-top-style:solid;}<\/style>\n<div class=\"wp-block-kadence-spacer aligncenter kt-block-spacer-13453_9ab034-4a\"><div class=\"kt-block-spacer kt-block-spacer-halign-center\"><hr class=\"kt-divider\"\/><\/div><\/div>\n\n\n\n<figure class=\"wp-block-table is-style-stripes\"><table class=\"has-fixed-layout\"><tbody><tr><td class=\"has-text-align-right\" data-align=\"right\"><strong><mark style=\"background-color:rgba(0, 0, 0, 0)\" class=\"has-inline-color has-pravnicka-f-color\">24.03.2026<\/mark><\/strong><\/td><td><a href=\"https:\/\/www.upjs.sk\/pracoviska\/materska-skola\/babkove-divadlo\/\" target=\"_blank\" rel=\"noreferrer noopener\">B\u00e1bkov\u00e9 divadlo<\/a><\/td><\/tr><tr><td class=\"has-text-align-right\" data-align=\"right\"><strong><mark style=\"background-color:rgba(0, 0, 0, 0)\" class=\"has-inline-color has-f-verejnej-s-color\">17.03.2026<\/mark><\/strong><\/td><td><a href=\"https:\/\/www.upjs.sk\/pracoviska\/materska-skola\/ako-vznika-kniha\/\" target=\"_blank\" rel=\"noreferrer noopener\">Ako vznik\u00e1 kniha<\/a><\/td><\/tr><tr><td class=\"has-text-align-right\" data-align=\"right\"><strong><mark style=\"background-color:rgba(0, 0, 0, 0)\" class=\"has-inline-color has-lekarska-f-color\">06.02.2026<\/mark><\/strong><\/td><td><a href=\"https:\/\/www.upjs.sk\/pracoviska\/materska-skola\/karnevalova-oslava\/\">Karnevalov\u00e1 oslava<\/a><\/td><\/tr><tr><td class=\"has-text-align-right\" data-align=\"right\"><strong><mark style=\"background-color:rgba(0, 0, 0, 0)\" class=\"has-inline-color has-utvas-color\">22.01.2026<\/mark><\/strong><\/td><td><a href=\"https:\/\/www.upjs.sk\/pracoviska\/materska-skola\/navsteva-deti-z-ms-upjs-v-uk-upjs\/\" target=\"_blank\" rel=\"noreferrer noopener\">N\u00e1v\u0161teva v UK UPJ\u0160&nbsp;<\/a><\/td><\/tr><tr><td class=\"has-text-align-right\" data-align=\"right\"><mark style=\"background-color:rgba(0, 0, 0, 0)\" class=\"has-inline-color has-prirodovedecka-f-color\"><strong>16.12.2025<\/strong><\/mark><\/td><td><a href=\"https:\/\/www.upjs.sk\/pracoviska\/materska-skola\/vianocna-akademia\/\" target=\"_blank\" rel=\"noreferrer noopener\">Viano\u010dn\u00e1 akad\u00e9mia<\/a><\/td><\/tr><tr><td class=\"has-text-align-right\" data-align=\"right\"><mark style=\"background-color:rgba(0, 0, 0, 0)\" class=\"has-inline-color has-f-verejnej-s-color\"><strong>05.12.2025<\/strong><\/mark><\/td><td><a href=\"https:\/\/www.upjs.sk\/pracoviska\/materska-skola\/zimna-krajina-plna-zabavy\/\" target=\"_blank\" rel=\"noreferrer noopener\">Zimn\u00e1 krajina pln\u00e1 z\u00e1bavy<\/a><\/td><\/tr><tr><td class=\"has-text-align-right\" data-align=\"right\"><strong><mark style=\"background-color:rgba(0, 0, 0, 0)\" class=\"has-inline-color has-pravnicka-f-color\">07.11.2025<\/mark><\/strong><\/td><td><a href=\"https:\/\/www.upjs.sk\/pracoviska\/materska-skola\/navsteva-studentov-z-lf-upjs-v-kosiciach\/\">N\u00e1v\u0161teva \u0161tudentov z LF UPJ\u0160 v Ko\u0161iciach<\/a><\/td><\/tr><tr><td class=\"has-text-align-right\" data-align=\"right\"><strong><mark style=\"background-color:rgba(0, 0, 0, 0)\" class=\"has-inline-color has-utvas-color\">21.10.2025<\/mark><\/strong><\/td><td><a href=\"https:\/\/www.upjs.sk\/pracoviska\/materska-skola\/den-jablka\/\" target=\"_blank\" rel=\"noreferrer noopener\">De\u0148 jablka<\/a><\/td><\/tr><tr><td class=\"has-text-align-right\" data-align=\"right\"><mark style=\"background-color:rgba(0, 0, 0, 0)\" class=\"has-inline-color has-lekarska-f-color\"><strong>15.10.2025<\/strong><\/mark><\/td><td><a href=\"https:\/\/www.upjs.sk\/pracoviska\/materska-skola\/popoludnie-so-starymi-rodicmi\/\" target=\"_blank\" rel=\"noreferrer noopener\">Popoludnie so star\u00fdmi rodi\u010dmi<\/a><\/td><\/tr><tr><td class=\"has-text-align-right\" data-align=\"right\"><mark style=\"background-color:rgba(0, 0, 0, 0)\" class=\"has-inline-color has-prirodovedecka-f-color\"><strong>11.06.2025<\/strong><\/mark><\/td><td><a href=\"https:\/\/www.upjs.sk\/pracoviska\/materska-skola\/fotogaleria\/skolsky-vylet\/\" target=\"_blank\" rel=\"noreferrer noopener\">\u0160kolsk\u00fd v\u00fdlet<\/a><\/td><\/tr><tr><td class=\"has-text-align-right\" data-align=\"right\"><strong><mark style=\"background-color:rgba(0, 0, 0, 0)\" class=\"has-inline-color has-utvas-color\">27.05.2025<\/mark><\/strong><\/td><td><a href=\"https:\/\/www.upjs.sk\/pracoviska\/materska-skola\/den-rodiny\/\">De\u0148 rodiny<\/a><\/td><\/tr><tr><td class=\"has-text-align-right\" data-align=\"right\"><strong><mark style=\"background-color:rgba(0, 0, 0, 0)\" class=\"has-inline-color has-pravnicka-f-color\">25.04.2025<\/mark><\/strong><\/td><td><a href=\"https:\/\/www.upjs.sk\/pracoviska\/materska-skola\/botanicka-zahrada\/\" target=\"_blank\" rel=\"noreferrer noopener\">Botanick\u00e1 z\u00e1hrada <\/a><\/td><\/tr><tr><td class=\"has-text-align-right\" data-align=\"right\"><strong><mark style=\"background-color:rgba(0, 0, 0, 0)\" class=\"has-inline-color has-zakladna-modra-color\">31.03.2025<\/mark><\/strong><\/td><td><a href=\"https:\/\/www.upjs.sk\/pracoviska\/materska-skola\/navsteva-babkoveho-divadla-v-kosiciach\/\" target=\"_blank\" rel=\"noreferrer noopener\">N\u00e1v\u0161teva b\u00e1bkov\u00e9ho divadla v Ko\u0161iciach<\/a><\/td><\/tr><tr><td class=\"has-text-align-right\" data-align=\"right\"><mark style=\"background-color:rgba(0, 0, 0, 0)\" class=\"has-inline-color has-prirodovedecka-f-color\"><strong>13.03.2025<\/strong><\/mark><\/td><td><a href=\"https:\/\/www.upjs.sk\/pracoviska\/materska-skola\/marec-mesiac-knih\/\" target=\"_blank\" rel=\"noreferrer noopener\">Marec &#8211; MESIAC KN\u00cdH<\/a><\/td><\/tr><tr><td class=\"has-text-align-right\" data-align=\"right\"><mark style=\"background-color:rgba(0, 0, 0, 0)\" class=\"has-inline-color has-utvas-color\"><strong>28.02.2025<\/strong><\/mark><\/td><td><a href=\"https:\/\/www.upjs.sk\/pracoviska\/materska-skola\/karneval\/\" target=\"_blank\" rel=\"noreferrer noopener\">KARNEVAL<\/a><\/td><\/tr><tr><td class=\"has-text-align-right\" data-align=\"right\"><mark style=\"background-color:rgba(0, 0, 0, 0)\" class=\"has-inline-color has-lekarska-f-color\"><strong>13.02.2025<\/strong><\/mark><\/td><td><a href=\"https:\/\/www.upjs.sk\/pracoviska\/materska-skola\/fotogaleria\/divadielko-kozliatka\/\" target=\"_blank\" rel=\"noreferrer noopener\">Divadielko &#8222;KOZLIATKA&#8220;<\/a><\/td><\/tr><tr><td class=\"has-text-align-right\" data-align=\"right\"><mark style=\"background-color:rgba(0, 0, 0, 0)\" class=\"has-inline-color has-prirodovedecka-f-color\"><strong>11.12.2024 <\/strong><\/mark><\/td><td> <a href=\"https:\/\/www.upjs.sk\/pracoviska\/materska-skola\/fotogaleria\/vianocna-besiedka-materskej-skoly-upjesko\/\" target=\"_blank\" rel=\"noreferrer noopener\">Viano\u010dn\u00e1 besiedka<\/a><\/td><\/tr><tr><td class=\"has-text-align-right\" data-align=\"right\"><mark style=\"background-color:rgba(0, 0, 0, 0)\" class=\"has-inline-color has-zakladna-modra-color\"><strong>  15.11.2024 <\/strong><\/mark><\/td><td><a href=\"https:\/\/www.upjs.sk\/pracoviska\/materska-skola\/fotogaleria\/13763-2\/\" target=\"_blank\" rel=\"noreferrer noopener\">N\u00e1v\u0161teva Z\u0160 FUTURUM<\/a><\/td><\/tr><tr><td class=\"has-text-align-right\" data-align=\"right\"><strong><mark style=\"background-color:rgba(0, 0, 0, 0)\" class=\"has-inline-color has-pravnicka-f-color\">12.11.2024<\/mark><\/strong><\/td><td><a href=\"https:\/\/www.upjs.sk\/pracoviska\/materska-skola\/fotogaleria\/den-s-policiou-fotogaleria\/\" target=\"_blank\" rel=\"noreferrer noopener\">De\u0148 s POL\u00cdCIOU<\/a><\/td><\/tr><tr><td class=\"has-text-align-right\" data-align=\"right\"><mark style=\"background-color:rgba(0, 0, 0, 0)\" class=\"has-inline-color has-utvas-color\"><strong>17.10.2024<\/strong><\/mark><\/td><td><a href=\"https:\/\/www.upjs.sk\/pracoviska\/materska-skola\/fotogaleria\/den-starych-rodicov-171024\/\" target=\"_blank\" rel=\"noreferrer noopener\">De\u0148 STAR\u00ddCH RODI\u010cOV<\/a><\/td><\/tr><\/tbody><\/table><\/figure>\n\n\n\n<p><\/p>\n","protected":false},"excerpt":{"rendered":"<p>24.03.2026 B\u00e1bkov\u00e9 divadlo 17.03.2026 Ako vznik\u00e1 kniha 06.02.2026 Karnevalov\u00e1 oslava 22.01.2026 N\u00e1v\u0161teva v UK UPJ\u0160&nbsp; 16.12.2025 Viano\u010dn\u00e1 akad\u00e9mia 05.12.2025 Zimn\u00e1 krajina pln\u00e1 z\u00e1bavy 07.11.2025 N\u00e1v\u0161teva \u0161tudentov z LF UPJ\u0160 v Ko\u0161iciach 21.10.2025 De\u0148 jablka 15.10.2025 Popoludnie so star\u00fdmi rodi\u010dmi 11.06.2025 \u0160kolsk\u00fd v\u00fdlet 27.05.2025 De\u0148 rodiny 25.04.2025 Botanick\u00e1 z\u00e1hrada 31.03.2025 N\u00e1v\u0161teva b\u00e1bkov\u00e9ho divadla v Ko\u0161iciach 13.03.2025 &hellip; <a href=\"https:\/\/www.upjs.sk\/pracoviska\/materska-skola\/fotogaleria\/\">\u010c\u00edta\u0165 \u010falej<\/a><\/p>\n","protected":false},"author":1,"featured_media":0,"parent":0,"menu_order":7,"comment_status":"closed","ping_status":"closed","template":"","meta":{"_acf_changed":false,"_editorskit_title_hidden":false,"_editorskit_reading_time":0,"_editorskit_is_block_options_detached":false,"_editorskit_block_options_position":"{}","footnotes":""},"categories":[],"tags":[],"class_list":["post-13453","page","type-page","status-publish","hentry"],"acf":{"acf_link_na_externy_obsah":""},"yoast_head":"<!-- This site is optimized with the Yoast SEO plugin v27.4 - https:\/\/yoast.com\/product\/yoast-seo-wordpress\/ -->\n<title>Fotogal\u00e9ria - Matersk\u00e1 \u0161kola Univerzity Pavla Jozefa \u0160af\u00e1rika v Ko\u0161iciach<\/title>\n<meta name=\"robots\" content=\"index, follow, max-snippet:-1, max-image-preview:large, max-video-preview:-1\" \/>\n<link rel=\"canonical\" href=\"https:\/\/www.upjs.sk\/pracoviska\/materska-skola\/fotogaleria\/\" \/>\n<meta property=\"og:locale\" content=\"sk_SK\" \/>\n<meta property=\"og:type\" content=\"article\" \/>\n<meta property=\"og:title\" content=\"Fotogal\u00e9ria - Matersk\u00e1 \u0161kola Univerzity Pavla Jozefa \u0160af\u00e1rika v Ko\u0161iciach\" \/>\n<meta property=\"og:description\" content=\"24.03.2026 B\u00e1bkov\u00e9 divadlo 17.03.2026 Ako vznik\u00e1 kniha 06.02.2026 Karnevalov\u00e1 oslava 22.01.2026 N\u00e1v\u0161teva v UK UPJ\u0160&nbsp; 16.12.2025 Viano\u010dn\u00e1 akad\u00e9mia 05.12.2025 Zimn\u00e1 krajina pln\u00e1 z\u00e1bavy 07.11.2025 N\u00e1v\u0161teva \u0161tudentov z LF UPJ\u0160 v Ko\u0161iciach 21.10.2025 De\u0148 jablka 15.10.2025 Popoludnie so star\u00fdmi rodi\u010dmi 11.06.2025 \u0160kolsk\u00fd v\u00fdlet 27.05.2025 De\u0148 rodiny 25.04.2025 Botanick\u00e1 z\u00e1hrada 31.03.2025 N\u00e1v\u0161teva b\u00e1bkov\u00e9ho divadla v Ko\u0161iciach 13.03.2025 &hellip; \u010c\u00edta\u0165 \u010falej\" \/>\n<meta property=\"og:url\" content=\"https:\/\/www.upjs.sk\/pracoviska\/materska-skola\/fotogaleria\/\" \/>\n<meta property=\"og:site_name\" content=\"Matersk\u00e1 \u0161kola Univerzity Pavla Jozefa \u0160af\u00e1rika v Ko\u0161iciach\" \/>\n<meta property=\"article:modified_time\" content=\"2026-03-26T07:56:19+00:00\" \/>\n<meta property=\"og:image\" content=\"https:\/\/www.upjs.sk\/app\/uploads\/sites\/26\/2024\/06\/logo-ms-600x131-1.jpg\" \/>\n\t<meta property=\"og:image:width\" content=\"600\" \/>\n\t<meta property=\"og:image:height\" content=\"131\" \/>\n\t<meta property=\"og:image:type\" content=\"image\/jpeg\" \/>\n<meta name=\"twitter:card\" content=\"summary_large_image\" \/>\n<meta name=\"twitter:label1\" content=\"Predpokladan\u00fd \u010das \u010d\u00edtania\" \/>\n\t<meta name=\"twitter:data1\" content=\"1 min\u00fata\" \/>\n<script type=\"application\/ld+json\" class=\"yoast-schema-graph\">{\"@context\":\"https:\\\/\\\/schema.org\",\"@graph\":[{\"@type\":\"WebPage\",\"@id\":\"https:\\\/\\\/www.upjs.sk\\\/pracoviska\\\/materska-skola\\\/fotogaleria\\\/\",\"url\":\"https:\\\/\\\/www.upjs.sk\\\/pracoviska\\\/materska-skola\\\/fotogaleria\\\/\",\"name\":\"Fotogal\u00e9ria - Matersk\u00e1 \u0161kola Univerzity Pavla Jozefa \u0160af\u00e1rika v Ko\u0161iciach\",\"isPartOf\":{\"@id\":\"https:\\\/\\\/www.upjs.sk\\\/pracoviska\\\/materska-skola\\\/#website\"},\"primaryImageOfPage\":{\"@id\":\"https:\\\/\\\/www.upjs.sk\\\/pracoviska\\\/materska-skola\\\/fotogaleria\\\/#primaryimage\"},\"image\":{\"@id\":\"https:\\\/\\\/www.upjs.sk\\\/pracoviska\\\/materska-skola\\\/fotogaleria\\\/#primaryimage\"},\"thumbnailUrl\":\"https:\\\/\\\/www.upjs.sk\\\/app\\\/uploads\\\/sites\\\/26\\\/2024\\\/06\\\/logo-ms-600x131-1-300x66.jpg\",\"datePublished\":\"2024-05-28T09:53:51+00:00\",\"dateModified\":\"2026-03-26T07:56:19+00:00\",\"breadcrumb\":{\"@id\":\"https:\\\/\\\/www.upjs.sk\\\/pracoviska\\\/materska-skola\\\/fotogaleria\\\/#breadcrumb\"},\"inLanguage\":\"sk-SK\",\"potentialAction\":[{\"@type\":\"ReadAction\",\"target\":[\"https:\\\/\\\/www.upjs.sk\\\/pracoviska\\\/materska-skola\\\/fotogaleria\\\/\"]}]},{\"@type\":\"ImageObject\",\"inLanguage\":\"sk-SK\",\"@id\":\"https:\\\/\\\/www.upjs.sk\\\/pracoviska\\\/materska-skola\\\/fotogaleria\\\/#primaryimage\",\"url\":\"https:\\\/\\\/www.upjs.sk\\\/app\\\/uploads\\\/sites\\\/26\\\/2024\\\/06\\\/logo-ms-600x131-1-300x66.jpg\",\"contentUrl\":\"https:\\\/\\\/www.upjs.sk\\\/app\\\/uploads\\\/sites\\\/26\\\/2024\\\/06\\\/logo-ms-600x131-1-300x66.jpg\"},{\"@type\":\"BreadcrumbList\",\"@id\":\"https:\\\/\\\/www.upjs.sk\\\/pracoviska\\\/materska-skola\\\/fotogaleria\\\/#breadcrumb\",\"itemListElement\":[{\"@type\":\"ListItem\",\"position\":1,\"name\":\"Home\",\"item\":\"https:\\\/\\\/www.upjs.sk\\\/pracoviska\\\/materska-skola\\\/\"},{\"@type\":\"ListItem\",\"position\":2,\"name\":\"Fotogal\u00e9ria\"}]},{\"@type\":\"WebSite\",\"@id\":\"https:\\\/\\\/www.upjs.sk\\\/pracoviska\\\/materska-skola\\\/#website\",\"url\":\"https:\\\/\\\/www.upjs.sk\\\/pracoviska\\\/materska-skola\\\/\",\"name\":\"Matersk\u00e1 \u0161kola Univerzity Pavla Jozefa \u0160af\u00e1rika v Ko\u0161iciach\",\"description\":\"\",\"publisher\":{\"@id\":\"https:\\\/\\\/www.upjs.sk\\\/pracoviska\\\/materska-skola\\\/#organization\"},\"potentialAction\":[{\"@type\":\"SearchAction\",\"target\":{\"@type\":\"EntryPoint\",\"urlTemplate\":\"https:\\\/\\\/www.upjs.sk\\\/pracoviska\\\/materska-skola\\\/?s={search_term_string}\"},\"query-input\":{\"@type\":\"PropertyValueSpecification\",\"valueRequired\":true,\"valueName\":\"search_term_string\"}}],\"inLanguage\":\"sk-SK\"},{\"@type\":\"Organization\",\"@id\":\"https:\\\/\\\/www.upjs.sk\\\/pracoviska\\\/materska-skola\\\/#organization\",\"name\":\"Matersk\u00e1 \u0161kola Univerzity Pavla Jozefa \u0160af\u00e1rika v Ko\u0161iciach\",\"url\":\"https:\\\/\\\/www.upjs.sk\\\/pracoviska\\\/materska-skola\\\/\",\"logo\":{\"@type\":\"ImageObject\",\"inLanguage\":\"sk-SK\",\"@id\":\"https:\\\/\\\/www.upjs.sk\\\/pracoviska\\\/materska-skola\\\/#\\\/schema\\\/logo\\\/image\\\/\",\"url\":\"https:\\\/\\\/www.upjs.sk\\\/app\\\/uploads\\\/sites\\\/26\\\/2025\\\/04\\\/cropped-Materska-skola-s-upjs-logo-OK-01.jpg\",\"contentUrl\":\"https:\\\/\\\/www.upjs.sk\\\/app\\\/uploads\\\/sites\\\/26\\\/2025\\\/04\\\/cropped-Materska-skola-s-upjs-logo-OK-01.jpg\",\"width\":2082,\"height\":479,\"caption\":\"Matersk\u00e1 \u0161kola Univerzity Pavla Jozefa \u0160af\u00e1rika v Ko\u0161iciach\"},\"image\":{\"@id\":\"https:\\\/\\\/www.upjs.sk\\\/pracoviska\\\/materska-skola\\\/#\\\/schema\\\/logo\\\/image\\\/\"}}]}<\/script>\n<!-- \/ Yoast SEO plugin. -->","yoast_head_json":{"title":"Fotogal\u00e9ria - Matersk\u00e1 \u0161kola Univerzity Pavla Jozefa \u0160af\u00e1rika v Ko\u0161iciach","robots":{"index":"index","follow":"follow","max-snippet":"max-snippet:-1","max-image-preview":"max-image-preview:large","max-video-preview":"max-video-preview:-1"},"canonical":"https:\/\/www.upjs.sk\/pracoviska\/materska-skola\/fotogaleria\/","og_locale":"sk_SK","og_type":"article","og_title":"Fotogal\u00e9ria - Matersk\u00e1 \u0161kola Univerzity Pavla Jozefa \u0160af\u00e1rika v Ko\u0161iciach","og_description":"24.03.2026 B\u00e1bkov\u00e9 divadlo 17.03.2026 Ako vznik\u00e1 kniha 06.02.2026 Karnevalov\u00e1 oslava 22.01.2026 N\u00e1v\u0161teva v UK UPJ\u0160&nbsp; 16.12.2025 Viano\u010dn\u00e1 akad\u00e9mia 05.12.2025 Zimn\u00e1 krajina pln\u00e1 z\u00e1bavy 07.11.2025 N\u00e1v\u0161teva \u0161tudentov z LF UPJ\u0160 v Ko\u0161iciach 21.10.2025 De\u0148 jablka 15.10.2025 Popoludnie so star\u00fdmi rodi\u010dmi 11.06.2025 \u0160kolsk\u00fd v\u00fdlet 27.05.2025 De\u0148 rodiny 25.04.2025 Botanick\u00e1 z\u00e1hrada 31.03.2025 N\u00e1v\u0161teva b\u00e1bkov\u00e9ho divadla v Ko\u0161iciach 13.03.2025 &hellip; \u010c\u00edta\u0165 \u010falej","og_url":"https:\/\/www.upjs.sk\/pracoviska\/materska-skola\/fotogaleria\/","og_site_name":"Matersk\u00e1 \u0161kola Univerzity Pavla Jozefa \u0160af\u00e1rika v Ko\u0161iciach","article_modified_time":"2026-03-26T07:56:19+00:00","og_image":[{"width":600,"height":131,"url":"https:\/\/www.upjs.sk\/app\/uploads\/sites\/26\/2024\/06\/logo-ms-600x131-1.jpg","type":"image\/jpeg"}],"twitter_card":"summary_large_image","twitter_misc":{"Predpokladan\u00fd \u010das \u010d\u00edtania":"1 min\u00fata"},"schema":{"@context":"https:\/\/schema.org","@graph":[{"@type":"WebPage","@id":"https:\/\/www.upjs.sk\/pracoviska\/materska-skola\/fotogaleria\/","url":"https:\/\/www.upjs.sk\/pracoviska\/materska-skola\/fotogaleria\/","name":"Fotogal\u00e9ria - Matersk\u00e1 \u0161kola Univerzity Pavla Jozefa \u0160af\u00e1rika v Ko\u0161iciach","isPartOf":{"@id":"https:\/\/www.upjs.sk\/pracoviska\/materska-skola\/#website"},"primaryImageOfPage":{"@id":"https:\/\/www.upjs.sk\/pracoviska\/materska-skola\/fotogaleria\/#primaryimage"},"image":{"@id":"https:\/\/www.upjs.sk\/pracoviska\/materska-skola\/fotogaleria\/#primaryimage"},"thumbnailUrl":"https:\/\/www.upjs.sk\/app\/uploads\/sites\/26\/2024\/06\/logo-ms-600x131-1-300x66.jpg","datePublished":"2024-05-28T09:53:51+00:00","dateModified":"2026-03-26T07:56:19+00:00","breadcrumb":{"@id":"https:\/\/www.upjs.sk\/pracoviska\/materska-skola\/fotogaleria\/#breadcrumb"},"inLanguage":"sk-SK","potentialAction":[{"@type":"ReadAction","target":["https:\/\/www.upjs.sk\/pracoviska\/materska-skola\/fotogaleria\/"]}]},{"@type":"ImageObject","inLanguage":"sk-SK","@id":"https:\/\/www.upjs.sk\/pracoviska\/materska-skola\/fotogaleria\/#primaryimage","url":"https:\/\/www.upjs.sk\/app\/uploads\/sites\/26\/2024\/06\/logo-ms-600x131-1-300x66.jpg","contentUrl":"https:\/\/www.upjs.sk\/app\/uploads\/sites\/26\/2024\/06\/logo-ms-600x131-1-300x66.jpg"},{"@type":"BreadcrumbList","@id":"https:\/\/www.upjs.sk\/pracoviska\/materska-skola\/fotogaleria\/#breadcrumb","itemListElement":[{"@type":"ListItem","position":1,"name":"Home","item":"https:\/\/www.upjs.sk\/pracoviska\/materska-skola\/"},{"@type":"ListItem","position":2,"name":"Fotogal\u00e9ria"}]},{"@type":"WebSite","@id":"https:\/\/www.upjs.sk\/pracoviska\/materska-skola\/#website","url":"https:\/\/www.upjs.sk\/pracoviska\/materska-skola\/","name":"Matersk\u00e1 \u0161kola Univerzity Pavla Jozefa \u0160af\u00e1rika v Ko\u0161iciach","description":"","publisher":{"@id":"https:\/\/www.upjs.sk\/pracoviska\/materska-skola\/#organization"},"potentialAction":[{"@type":"SearchAction","target":{"@type":"EntryPoint","urlTemplate":"https:\/\/www.upjs.sk\/pracoviska\/materska-skola\/?s={search_term_string}"},"query-input":{"@type":"PropertyValueSpecification","valueRequired":true,"valueName":"search_term_string"}}],"inLanguage":"sk-SK"},{"@type":"Organization","@id":"https:\/\/www.upjs.sk\/pracoviska\/materska-skola\/#organization","name":"Matersk\u00e1 \u0161kola Univerzity Pavla Jozefa \u0160af\u00e1rika v Ko\u0161iciach","url":"https:\/\/www.upjs.sk\/pracoviska\/materska-skola\/","logo":{"@type":"ImageObject","inLanguage":"sk-SK","@id":"https:\/\/www.upjs.sk\/pracoviska\/materska-skola\/#\/schema\/logo\/image\/","url":"https:\/\/www.upjs.sk\/app\/uploads\/sites\/26\/2025\/04\/cropped-Materska-skola-s-upjs-logo-OK-01.jpg","contentUrl":"https:\/\/www.upjs.sk\/app\/uploads\/sites\/26\/2025\/04\/cropped-Materska-skola-s-upjs-logo-OK-01.jpg","width":2082,"height":479,"caption":"Matersk\u00e1 \u0161kola Univerzity Pavla Jozefa \u0160af\u00e1rika v Ko\u0161iciach"},"image":{"@id":"https:\/\/www.upjs.sk\/pracoviska\/materska-skola\/#\/schema\/logo\/image\/"}}]}},"_links":{"self":[{"href":"https:\/\/www.upjs.sk\/pracoviska\/materska-skola\/wp-json\/wp\/v2\/pages\/13453","targetHints":{"allow":["GET"]}}],"collection":[{"href":"https:\/\/www.upjs.sk\/pracoviska\/materska-skola\/wp-json\/wp\/v2\/pages"}],"about":[{"href":"https:\/\/www.upjs.sk\/pracoviska\/materska-skola\/wp-json\/wp\/v2\/types\/page"}],"author":[{"embeddable":true,"href":"https:\/\/www.upjs.sk\/pracoviska\/materska-skola\/wp-json\/wp\/v2\/users\/1"}],"replies":[{"embeddable":true,"href":"https:\/\/www.upjs.sk\/pracoviska\/materska-skola\/wp-json\/wp\/v2\/comments?post=13453"}],"version-history":[{"count":19,"href":"https:\/\/www.upjs.sk\/pracoviska\/materska-skola\/wp-json\/wp\/v2\/pages\/13453\/revisions"}],"predecessor-version":[{"id":14891,"href":"https:\/\/www.upjs.sk\/pracoviska\/materska-skola\/wp-json\/wp\/v2\/pages\/13453\/revisions\/14891"}],"wp:attachment":[{"href":"https:\/\/www.upjs.sk\/pracoviska\/materska-skola\/wp-json\/wp\/v2\/media?parent=13453"}],"wp:term":[{"taxonomy":"category","embeddable":true,"href":"https:\/\/www.upjs.sk\/pracoviska\/materska-skola\/wp-json\/wp\/v2\/categories?post=13453"},{"taxonomy":"post_tag","embeddable":true,"href":"https:\/\/www.upjs.sk\/pracoviska\/materska-skola\/wp-json\/wp\/v2\/tags?post=13453"}],"curies":[{"name":"wp","href":"https:\/\/api.w.org\/{rel}","templated":true}]}}