{"id":13457,"date":"2022-10-05T08:52:54","date_gmt":"2022-10-05T08:52:54","guid":{"rendered":"https:\/\/www.upjs.sk\/pracoviska\/unipoc\/root\/poradenstvo\/psychologicke-2\/"},"modified":"2026-02-06T12:32:51","modified_gmt":"2026-02-06T12:32:51","slug":"psychologicke-2","status":"publish","type":"page","link":"https:\/\/www.upjs.sk\/pracoviska\/unipoc\/poradenstvo\/psychologicke-2\/","title":{"rendered":"Psychologick\u00e9 poradenstvo"},"content":{"rendered":"\n<p><\/p>\n\n\n<style>.wp-block-kadence-spacer.kt-block-spacer-13457_a2243a-4b .kt-block-spacer{height:6px;}.wp-block-kadence-spacer.kt-block-spacer-13457_a2243a-4b .kt-divider{border-top-width:1px;height:1px;border-top-color:#eee;width:100%;border-top-style:solid;}<\/style>\n<div class=\"wp-block-kadence-spacer aligncenter kt-block-spacer-13457_a2243a-4b\"><div class=\"kt-block-spacer kt-block-spacer-halign-center\"><hr class=\"kt-divider\"\/><\/div><\/div>\n\n\n\n<p><\/p>\n\n\n\n<p>Psychologick\u00e9 poradenstvo je zameran\u00e9 na&nbsp;osobn\u00e9 probl\u00e9my \u0161tudentov. Konkr\u00e9tne ide o:<\/p>\n\n\n\n<ul class=\"wp-block-list\">\n<li>zvl\u00e1danie z\u00e1\u0165a\u017ee a kr\u00edzov\u00fdch situ\u00e1ci\u00ed,<\/li>\n\n\n\n<li>probl\u00e9my vo vz\u0165ahoch (v \u0161kolskej skupine, rodine, v&nbsp;partnerstve, \u010di vo vz\u0165ahu k sebe sam\u00e9mu).<\/li>\n<\/ul>\n\n\n\n<div style=\"height:15px\" aria-hidden=\"true\" class=\"wp-block-spacer\"><\/div>\n\n\n\n<p>Poradcovia zabezpe\u010duj\u00fa tie\u017e konzult\u00e1ciu a usmernenie pri r\u00f4znych psychick\u00fdch \u0165a\u017ekostiach:<\/p>\n\n\n\n<ul class=\"wp-block-list\">\n<li>neurotick\u00e9 prejavy,<\/li>\n\n\n\n<li>nespavos\u0165,<\/li>\n\n\n\n<li>depresie,<\/li>\n\n\n\n<li>probl\u00e9my s pr\u00edjmom potravy,<\/li>\n\n\n\n<li>sexu\u00e1lne ot\u00e1zky,<\/li>\n\n\n\n<li>probl\u00e9my s u\u017e\u00edvan\u00edm psychoakt\u00edvnych l\u00e1tok.<\/li>\n<\/ul>\n\n\n\n<div style=\"height:15px\" aria-hidden=\"true\" class=\"wp-block-spacer\"><\/div>\n\n\n\n<p>Individu\u00e1lne psychologick\u00e9 poradenstvo v&nbsp;slovenskom jazyku zabezpe\u010duj\u00fa psychologi\u010dky z&nbsp;UNIPOC: <\/p>\n\n\n\n<p>Kontakty:<\/p>\n\n\n\n<ul class=\"wp-block-list\">\n<li><a href=\"https:\/\/www.upjs.sk\/pracoviska\/unipoc\/mgr-hicarova\/\" class=\"ek-link\">Mgr. Vikt\u00f3ria Hi\u010d\u00e1rov\u00e1 PhD.<\/a>, <a href=\"mailto:viktoria.hicarova@upjs.sk\" class=\"ek-link\">viktoria.hicarova@upjs.sk<\/a>, VoIP: 055 234 7148<\/li>\n\n\n\n<li><a href=\"https:\/\/www.upjs.sk\/pracoviska\/unipoc\/poradenstvo\/mgr-abrinkova-2\/\">Mgr. Lenka Jur\u010dov\u00e1, PhD.<\/a>, <a href=\"mailto:lenka.jurcova@upjs.sk\" target=\"_blank\" rel=\"noreferrer noopener\">lenka.jurcova@upjs.sk<\/a>, VoIP: 055 234 1218<\/li>\n\n\n\n<li><a href=\"https:\/\/www.upjs.sk\/pracoviska\/unipoc\/poradenstvo\/phdr-kundrova-2\/\" target=\"_blank\" rel=\"noreferrer noopener\">PhDr. Krist\u00edna&nbsp;Kundrov\u00e1<\/a>, <a href=\"mailto:kristina.kundrova@upjs.sk\">kristina.kundrova@upjs.sk<\/a>, VoIP: 055 234 1218<\/li>\n<\/ul>\n\n\n\n<div style=\"height:66px\" aria-hidden=\"true\" class=\"wp-block-spacer\"><\/div>\n\n\n\n<div style=\"height:15px\" aria-hidden=\"true\" class=\"wp-block-spacer\"><\/div>\n\n\n\n<p class=\"has-text-align-center\"><strong>R\u00ddCHLY KONTAKT BEZ OBJEDNANIA<\/strong><\/p>\n\n\n\n<p class=\"has-text-align-center\">Potrebujete psychologick\u00fa konzult\u00e1ciu hne\u010f? Sme tu pre v\u00e1s!<\/p>\n\n\n\n<p class=\"has-text-align-center\">Ka\u017ed\u00fa<strong> stredu<\/strong>, v&nbsp;\u010dase od <strong>8:00 do 9:00 hod<\/strong>. v&nbsp;UNIPOC v podkrov\u00ed budovy Minerva (Moyzesova 9) je k&nbsp;dispoz\u00edcii psychologi\u010dka Mgr. Lenka Jur\u010dov\u00e1.<\/p>\n\n\n\n<p><\/p>\n\n\n\n<div style=\"height:36px\" aria-hidden=\"true\" class=\"wp-block-spacer\"><\/div>\n\n\n\n<p class=\"has-text-align-center\"><strong>INDIVIDU\u00c1LNE PSYCHOLOGICK\u00c9 PORADENSTVO<\/strong><\/p>\n\n\n\n<p class=\"has-text-align-center\">Na individu\u00e1lnu konzult\u00e1ciu (50 min.) s na\u0161imi psychologi\u010dkami je potrebn\u00e9 sa vopred objedna\u0165 prostredn\u00edctvom <a href=\"https:\/\/portal.ccvapp.upjs.sk\/ticket-page\/poradenstvo-pre-studentov\/31\" target=\"_blank\" rel=\"noreferrer noopener\">port\u00e1lu UNIPOC<\/a>.<\/p>\n\n\n\n<p class=\"has-text-align-center\">K prihl\u00e1seniu pou\u017eite Va\u0161e prihlasovacie \u00fadaje a heslo do AiS2.<\/p>\n\n\n\n<p class=\"has-text-align-center\"><\/p>\n\n\n<style>.kb-row-layout-id13457_c51951-73 > .kt-row-column-wrap{align-content:start;}:where(.kb-row-layout-id13457_c51951-73 > .kt-row-column-wrap) > .wp-block-kadence-column{justify-content:start;}.kb-row-layout-id13457_c51951-73 > .kt-row-column-wrap{column-gap:var(--global-kb-gap-md, 2rem);row-gap:var(--global-kb-gap-md, 2rem);padding-top:10px;padding-bottom:10px;grid-template-columns:repeat(2, minmax(0, 1fr));}.kb-row-layout-id13457_c51951-73 > .kt-row-layout-overlay{opacity:0.30;}@media all and (max-width: 1024px){.kb-row-layout-id13457_c51951-73 > .kt-row-column-wrap{grid-template-columns:repeat(2, minmax(0, 1fr));}}@media all and (max-width: 767px){.kb-row-layout-id13457_c51951-73 > .kt-row-column-wrap{grid-template-columns:minmax(0, 1fr);}}<\/style><div class=\"kb-row-layout-wrap kb-row-layout-id13457_c51951-73 alignnone wp-block-kadence-rowlayout\"><div class=\"kt-row-column-wrap kt-has-2-columns kt-row-layout-equal kt-tab-layout-inherit kt-mobile-layout-row kt-row-valign-top\">\n<style>.kadence-column13457_9e213f-15 > .kt-inside-inner-col,.kadence-column13457_9e213f-15 > .kt-inside-inner-col:before{border-top-left-radius:0px;border-top-right-radius:0px;border-bottom-right-radius:0px;border-bottom-left-radius:0px;}.kadence-column13457_9e213f-15 > .kt-inside-inner-col{column-gap:var(--global-kb-gap-sm, 1rem);}.kadence-column13457_9e213f-15 > .kt-inside-inner-col{flex-direction:column;}.kadence-column13457_9e213f-15 > .kt-inside-inner-col > .aligncenter{width:100%;}.kadence-column13457_9e213f-15 > .kt-inside-inner-col:before{opacity:0.3;}.kadence-column13457_9e213f-15{position:relative;}@media all and (max-width: 1024px){.kadence-column13457_9e213f-15 > .kt-inside-inner-col{flex-direction:column;justify-content:center;}}@media all and (max-width: 767px){.kadence-column13457_9e213f-15 > .kt-inside-inner-col{flex-direction:column;justify-content:center;}}<\/style>\n<div class=\"wp-block-kadence-column kadence-column13457_9e213f-15 inner-column-1\"><div class=\"kt-inside-inner-col\"><style>.wp-block-kadence-advancedbtn.kb-btns13457_17f89b-24{gap:var(--global-kb-gap-xs, 0.5rem );justify-content:center;align-items:center;}.kt-btns13457_17f89b-24 .kt-button{font-weight:normal;font-style:normal;}<\/style>\n<div class=\"wp-block-kadence-advancedbtn kb-buttons-wrap kb-btns13457_17f89b-24\"><style>ul.menu .wp-block-kadence-advancedbtn .kb-btn13457_c192ee-06.kb-button{width:initial;}.wp-block-kadence-advancedbtn .kb-btn13457_c192ee-06.kb-button{color:#ffffff;background:#164082;border-top-left-radius:15px;border-top-right-radius:15px;border-bottom-right-radius:15px;border-bottom-left-radius:15px;border-top:0px solid #ffffff;border-right:0px solid #ffffff;border-bottom:0px solid #ffffff;border-left:0px solid #ffffff;}.wp-block-kadence-advancedbtn .kb-btn13457_c192ee-06.kb-button:hover, .wp-block-kadence-advancedbtn .kb-btn13457_c192ee-06.kb-button:focus{color:#ffffff;background:#7f7f7f;border-top-color:#ffffff;border-top-style:solid;border-right-color:#ffffff;border-right-style:solid;border-bottom-color:#ffffff;border-bottom-style:solid;border-left-color:#ffffff;border-left-style:solid;}@media all and (max-width: 1024px){.wp-block-kadence-advancedbtn .kb-btn13457_c192ee-06.kb-button{border-top:0px solid #ffffff;border-right:0px solid #ffffff;border-bottom:0px solid #ffffff;border-left:0px solid #ffffff;}}@media all and (max-width: 1024px){.wp-block-kadence-advancedbtn .kb-btn13457_c192ee-06.kb-button:hover, .wp-block-kadence-advancedbtn .kb-btn13457_c192ee-06.kb-button:focus{border-top-color:#ffffff;border-top-style:solid;border-right-color:#ffffff;border-right-style:solid;border-bottom-color:#ffffff;border-bottom-style:solid;border-left-color:#ffffff;border-left-style:solid;}}@media all and (max-width: 767px){.wp-block-kadence-advancedbtn .kb-btn13457_c192ee-06.kb-button{border-top:0px solid #ffffff;border-right:0px solid #ffffff;border-bottom:0px solid #ffffff;border-left:0px solid #ffffff;}.wp-block-kadence-advancedbtn .kb-btn13457_c192ee-06.kb-button:hover, .wp-block-kadence-advancedbtn .kb-btn13457_c192ee-06.kb-button:focus{border-top-color:#ffffff;border-top-style:solid;border-right-color:#ffffff;border-right-style:solid;border-bottom-color:#ffffff;border-bottom-style:solid;border-left-color:#ffffff;border-left-style:solid;}}<\/style><a class=\"kb-button kt-button button kb-btn13457_c192ee-06 kt-btn-size-standard kt-btn-width-type-full kb-btn-global-fill kt-btn-has-text-true kt-btn-has-svg-false wp-block-kadence-singlebtn\" href=\"https:\/\/portal.ccvapp.upjs.sk\/ticket-page\/poradenstvo-pre-studentov\/31\" rel=\" nofollow\"><span class=\"kt-btn-inner-text\">Prihl\u00e1si\u0165 sa na poradenstvo<\/span><\/a><\/div>\n<\/div><\/div>\n\n\n<style>.kadence-column13457_755328-de > .kt-inside-inner-col,.kadence-column13457_755328-de > .kt-inside-inner-col:before{border-top-left-radius:0px;border-top-right-radius:0px;border-bottom-right-radius:0px;border-bottom-left-radius:0px;}.kadence-column13457_755328-de > .kt-inside-inner-col{column-gap:var(--global-kb-gap-sm, 1rem);}.kadence-column13457_755328-de > .kt-inside-inner-col{flex-direction:column;}.kadence-column13457_755328-de > .kt-inside-inner-col > .aligncenter{width:100%;}.kadence-column13457_755328-de > .kt-inside-inner-col:before{opacity:0.3;}.kadence-column13457_755328-de{position:relative;}@media all and (max-width: 1024px){.kadence-column13457_755328-de > .kt-inside-inner-col{flex-direction:column;justify-content:center;}}@media all and (max-width: 767px){.kadence-column13457_755328-de > .kt-inside-inner-col{flex-direction:column;justify-content:center;}}<\/style>\n<div class=\"wp-block-kadence-column kadence-column13457_755328-de inner-column-2\"><div class=\"kt-inside-inner-col\"><style>.wp-block-kadence-advancedbtn.kb-btns13457_4bc629-bb{gap:var(--global-kb-gap-xs, 0.5rem );justify-content:center;align-items:center;}.kt-btns13457_4bc629-bb .kt-button{font-weight:normal;font-style:normal;}<\/style>\n<div class=\"wp-block-kadence-advancedbtn kb-buttons-wrap kb-btns13457_4bc629-bb\"><style>ul.menu .wp-block-kadence-advancedbtn .kb-btn13457_1c7120-54.kb-button{width:initial;}.wp-block-kadence-advancedbtn .kb-btn13457_1c7120-54.kb-button{color:#ffffff;background:#164082;border-top-left-radius:15px;border-top-right-radius:15px;border-bottom-right-radius:15px;border-bottom-left-radius:15px;border-top:0px solid #ffffff;border-right:0px solid #ffffff;border-bottom:0px solid #ffffff;border-left:0px solid #ffffff;}.wp-block-kadence-advancedbtn .kb-btn13457_1c7120-54.kb-button:hover, .wp-block-kadence-advancedbtn .kb-btn13457_1c7120-54.kb-button:focus{color:#ffffff;background:#7f7f7f;border-top-color:#ffffff;border-top-style:solid;border-right-color:#ffffff;border-right-style:solid;border-bottom-color:#ffffff;border-bottom-style:solid;border-left-color:#ffffff;border-left-style:solid;}@media all and (max-width: 1024px){.wp-block-kadence-advancedbtn .kb-btn13457_1c7120-54.kb-button{border-top:0px solid #ffffff;border-right:0px solid #ffffff;border-bottom:0px solid #ffffff;border-left:0px solid #ffffff;}}@media all and (max-width: 1024px){.wp-block-kadence-advancedbtn .kb-btn13457_1c7120-54.kb-button:hover, .wp-block-kadence-advancedbtn .kb-btn13457_1c7120-54.kb-button:focus{border-top-color:#ffffff;border-top-style:solid;border-right-color:#ffffff;border-right-style:solid;border-bottom-color:#ffffff;border-bottom-style:solid;border-left-color:#ffffff;border-left-style:solid;}}@media all and (max-width: 767px){.wp-block-kadence-advancedbtn .kb-btn13457_1c7120-54.kb-button{border-top:0px solid #ffffff;border-right:0px solid #ffffff;border-bottom:0px solid #ffffff;border-left:0px solid #ffffff;}.wp-block-kadence-advancedbtn .kb-btn13457_1c7120-54.kb-button:hover, .wp-block-kadence-advancedbtn .kb-btn13457_1c7120-54.kb-button:focus{border-top-color:#ffffff;border-top-style:solid;border-right-color:#ffffff;border-right-style:solid;border-bottom-color:#ffffff;border-bottom-style:solid;border-left-color:#ffffff;border-left-style:solid;}}<\/style><a class=\"kb-button kt-button button kb-btn13457_1c7120-54 kt-btn-size-standard kt-btn-width-type-full kb-btn-global-fill kt-btn-has-text-true kt-btn-has-svg-false wp-block-kadence-singlebtn\" href=\"https:\/\/www.upjs.sk\/app\/uploads\/sites\/20\/2022\/10\/manual-na-prihlasovanie.pdf\" rel=\" nofollow\"><span class=\"kt-btn-inner-text\">Ako sa prihl\u00e1si\u0165 na poradenstvo<\/span><\/a><\/div>\n<\/div><\/div>\n\n<\/div><\/div>\n\n\n<div style=\"height:79px\" aria-hidden=\"true\" class=\"wp-block-spacer\"><\/div>\n\n\n\n<p>V pr\u00edpade, \u017ee chcete poradcom polo\u017ei\u0165 ot\u00e1zku t\u00fdkaj\u00facu sa t\u00e9m psychologick\u00e9ho, kari\u00e9rov\u00e9ho, soci\u00e1lneho \u010di pr\u00e1vneho poradenstva, m\u00f4\u017eete vyu\u017ei\u0165 slu\u017eby na\u0161ej <a href=\"https:\/\/portal.ccvapp.upjs.sk\/login\" target=\"_blank\" rel=\"noopener\"><strong>e-poradne<\/strong><\/a> V r\u00e1mci e-poradne odpoved\u00e1me aj na ot\u00e1zky \u0161tudentov so \u0161pecifick\u00fdmi potrebami.<\/p>\n\n\n\n<p>\u0160tudenti sa po\u010das semestra m\u00f4\u017eu z\u00fa\u010dast\u0148ova\u0165 Relaxa\u010dnej polhodinky, a to ka\u017ed\u00fd utorok (od 30.9.2025) o 12:00-12:30 pod veden\u00edm psychologi\u010dky Vikt\u00f3rie Hi\u010d\u00e1rovej.<\/p>\n","protected":false},"excerpt":{"rendered":"<p>Psychologick\u00e9 poradenstvo je zameran\u00e9 na&nbsp;osobn\u00e9 probl\u00e9my \u0161tudentov. Konkr\u00e9tne ide o: Poradcovia zabezpe\u010duj\u00fa tie\u017e konzult\u00e1ciu a usmernenie pri r\u00f4znych psychick\u00fdch \u0165a\u017ekostiach: Individu\u00e1lne psychologick\u00e9 poradenstvo v&nbsp;slovenskom jazyku zabezpe\u010duj\u00fa psychologi\u010dky z&nbsp;UNIPOC: Kontakty: R\u00ddCHLY KONTAKT BEZ OBJEDNANIA Potrebujete psychologick\u00fa konzult\u00e1ciu hne\u010f? Sme tu pre v\u00e1s! Ka\u017ed\u00fa stredu, v&nbsp;\u010dase od 8:00 do 9:00 hod. v&nbsp;UNIPOC v podkrov\u00ed budovy Minerva (Moyzesova &hellip; <a href=\"https:\/\/www.upjs.sk\/pracoviska\/unipoc\/poradenstvo\/psychologicke-2\/\">\u010c\u00edta\u0165 \u010falej<\/a><\/p>\n","protected":false},"author":1,"featured_media":0,"parent":13438,"menu_order":0,"comment_status":"closed","ping_status":"closed","template":"","meta":{"_acf_changed":false,"_editorskit_title_hidden":false,"_editorskit_reading_time":1,"_editorskit_is_block_options_detached":false,"_editorskit_block_options_position":"{}","footnotes":""},"categories":[],"tags":[],"class_list":["post-13457","page","type-page","status-publish","hentry"],"acf":{"acf_link_na_externy_obsah":""},"yoast_head":"<!-- This site is optimized with the Yoast SEO plugin v27.2 - https:\/\/yoast.com\/product\/yoast-seo-wordpress\/ -->\n<title>Psychologick\u00e9 poradenstvo - Univerzitn\u00e9 poradensk\u00e9 centrum (UNIPOC) | UPJ\u0160<\/title>\n<meta name=\"robots\" content=\"index, follow, max-snippet:-1, max-image-preview:large, max-video-preview:-1\" \/>\n<link rel=\"canonical\" href=\"https:\/\/www.upjs.sk\/pracoviska\/unipoc\/poradenstvo\/psychologicke-2\/\" \/>\n<meta property=\"og:locale\" content=\"sk_SK\" \/>\n<meta property=\"og:type\" content=\"article\" \/>\n<meta property=\"og:title\" content=\"Psychologick\u00e9 poradenstvo - Univerzitn\u00e9 poradensk\u00e9 centrum (UNIPOC) | UPJ\u0160\" \/>\n<meta property=\"og:description\" content=\"Psychologick\u00e9 poradenstvo je zameran\u00e9 na&nbsp;osobn\u00e9 probl\u00e9my \u0161tudentov. Konkr\u00e9tne ide o: Poradcovia zabezpe\u010duj\u00fa tie\u017e konzult\u00e1ciu a usmernenie pri r\u00f4znych psychick\u00fdch \u0165a\u017ekostiach: Individu\u00e1lne psychologick\u00e9 poradenstvo v&nbsp;slovenskom jazyku zabezpe\u010duj\u00fa psychologi\u010dky z&nbsp;UNIPOC: Kontakty: R\u00ddCHLY KONTAKT BEZ OBJEDNANIA Potrebujete psychologick\u00fa konzult\u00e1ciu hne\u010f? Sme tu pre v\u00e1s! Ka\u017ed\u00fa stredu, v&nbsp;\u010dase od 8:00 do 9:00 hod. v&nbsp;UNIPOC v podkrov\u00ed budovy Minerva (Moyzesova &hellip; \u010c\u00edta\u0165 \u010falej\" \/>\n<meta property=\"og:url\" content=\"https:\/\/www.upjs.sk\/pracoviska\/unipoc\/poradenstvo\/psychologicke-2\/\" \/>\n<meta property=\"og:site_name\" content=\"Univerzitn\u00e9 poradensk\u00e9 centrum (UNIPOC) | UPJ\u0160\" \/>\n<meta property=\"article:modified_time\" content=\"2026-02-06T12:32:51+00:00\" \/>\n<meta name=\"twitter:card\" content=\"summary_large_image\" \/>\n<meta name=\"twitter:label1\" content=\"Predpokladan\u00fd \u010das \u010d\u00edtania\" \/>\n\t<meta name=\"twitter:data1\" content=\"2 min\u00faty\" \/>\n<script type=\"application\/ld+json\" class=\"yoast-schema-graph\">{\"@context\":\"https:\/\/schema.org\",\"@graph\":[{\"@type\":\"WebPage\",\"@id\":\"https:\/\/www.upjs.sk\/pracoviska\/unipoc\/poradenstvo\/psychologicke-2\/\",\"url\":\"https:\/\/www.upjs.sk\/pracoviska\/unipoc\/poradenstvo\/psychologicke-2\/\",\"name\":\"Psychologick\u00e9 poradenstvo - Univerzitn\u00e9 poradensk\u00e9 centrum (UNIPOC) | UPJ\u0160\",\"isPartOf\":{\"@id\":\"https:\/\/www.upjs.sk\/pracoviska\/unipoc\/#website\"},\"datePublished\":\"2022-10-05T08:52:54+00:00\",\"dateModified\":\"2026-02-06T12:32:51+00:00\",\"breadcrumb\":{\"@id\":\"https:\/\/www.upjs.sk\/pracoviska\/unipoc\/poradenstvo\/psychologicke-2\/#breadcrumb\"},\"inLanguage\":\"sk-SK\",\"potentialAction\":[{\"@type\":\"ReadAction\",\"target\":[\"https:\/\/www.upjs.sk\/pracoviska\/unipoc\/poradenstvo\/psychologicke-2\/\"]}]},{\"@type\":\"BreadcrumbList\",\"@id\":\"https:\/\/www.upjs.sk\/pracoviska\/unipoc\/poradenstvo\/psychologicke-2\/#breadcrumb\",\"itemListElement\":[{\"@type\":\"ListItem\",\"position\":1,\"name\":\"Home\",\"item\":\"https:\/\/www.upjs.sk\/pracoviska\/unipoc\/\"},{\"@type\":\"ListItem\",\"position\":2,\"name\":\"PORADENSTVO\",\"item\":\"https:\/\/www.upjs.sk\/pracoviska\/unipoc\/poradenstvo\/\"},{\"@type\":\"ListItem\",\"position\":3,\"name\":\"Psychologick\u00e9 poradenstvo\"}]},{\"@type\":\"WebSite\",\"@id\":\"https:\/\/www.upjs.sk\/pracoviska\/unipoc\/#website\",\"url\":\"https:\/\/www.upjs.sk\/pracoviska\/unipoc\/\",\"name\":\"Univerzitn\u00e9 poradensk\u00e9 centrum (UNIPOC) | UPJ\u0160\",\"description\":\"\",\"publisher\":{\"@id\":\"https:\/\/www.upjs.sk\/pracoviska\/unipoc\/#organization\"},\"potentialAction\":[{\"@type\":\"SearchAction\",\"target\":{\"@type\":\"EntryPoint\",\"urlTemplate\":\"https:\/\/www.upjs.sk\/pracoviska\/unipoc\/?s={search_term_string}\"},\"query-input\":{\"@type\":\"PropertyValueSpecification\",\"valueRequired\":true,\"valueName\":\"search_term_string\"}}],\"inLanguage\":\"sk-SK\"},{\"@type\":\"Organization\",\"@id\":\"https:\/\/www.upjs.sk\/pracoviska\/unipoc\/#organization\",\"name\":\"Univerzitn\u00e9 poradensk\u00e9 centrum (UNIPOC) | UPJ\u0160\",\"url\":\"https:\/\/www.upjs.sk\/pracoviska\/unipoc\/\",\"logo\":{\"@type\":\"ImageObject\",\"inLanguage\":\"sk-SK\",\"@id\":\"https:\/\/www.upjs.sk\/pracoviska\/unipoc\/#\/schema\/logo\/image\/\",\"url\":\"https:\/\/www.upjs.sk\/app\/uploads\/sites\/20\/2023\/01\/UNIPOC.svg\",\"contentUrl\":\"https:\/\/www.upjs.sk\/app\/uploads\/sites\/20\/2023\/01\/UNIPOC.svg\",\"width\":500,\"height\":138,\"caption\":\"Univerzitn\u00e9 poradensk\u00e9 centrum (UNIPOC) | UPJ\u0160\"},\"image\":{\"@id\":\"https:\/\/www.upjs.sk\/pracoviska\/unipoc\/#\/schema\/logo\/image\/\"}}]}<\/script>\n<!-- \/ Yoast SEO plugin. -->","yoast_head_json":{"title":"Psychologick\u00e9 poradenstvo - Univerzitn\u00e9 poradensk\u00e9 centrum (UNIPOC) | UPJ\u0160","robots":{"index":"index","follow":"follow","max-snippet":"max-snippet:-1","max-image-preview":"max-image-preview:large","max-video-preview":"max-video-preview:-1"},"canonical":"https:\/\/www.upjs.sk\/pracoviska\/unipoc\/poradenstvo\/psychologicke-2\/","og_locale":"sk_SK","og_type":"article","og_title":"Psychologick\u00e9 poradenstvo - Univerzitn\u00e9 poradensk\u00e9 centrum (UNIPOC) | UPJ\u0160","og_description":"Psychologick\u00e9 poradenstvo je zameran\u00e9 na&nbsp;osobn\u00e9 probl\u00e9my \u0161tudentov. Konkr\u00e9tne ide o: Poradcovia zabezpe\u010duj\u00fa tie\u017e konzult\u00e1ciu a usmernenie pri r\u00f4znych psychick\u00fdch \u0165a\u017ekostiach: Individu\u00e1lne psychologick\u00e9 poradenstvo v&nbsp;slovenskom jazyku zabezpe\u010duj\u00fa psychologi\u010dky z&nbsp;UNIPOC: Kontakty: R\u00ddCHLY KONTAKT BEZ OBJEDNANIA Potrebujete psychologick\u00fa konzult\u00e1ciu hne\u010f? Sme tu pre v\u00e1s! Ka\u017ed\u00fa stredu, v&nbsp;\u010dase od 8:00 do 9:00 hod. v&nbsp;UNIPOC v podkrov\u00ed budovy Minerva (Moyzesova &hellip; \u010c\u00edta\u0165 \u010falej","og_url":"https:\/\/www.upjs.sk\/pracoviska\/unipoc\/poradenstvo\/psychologicke-2\/","og_site_name":"Univerzitn\u00e9 poradensk\u00e9 centrum (UNIPOC) | UPJ\u0160","article_modified_time":"2026-02-06T12:32:51+00:00","twitter_card":"summary_large_image","twitter_misc":{"Predpokladan\u00fd \u010das \u010d\u00edtania":"2 min\u00faty"},"schema":{"@context":"https:\/\/schema.org","@graph":[{"@type":"WebPage","@id":"https:\/\/www.upjs.sk\/pracoviska\/unipoc\/poradenstvo\/psychologicke-2\/","url":"https:\/\/www.upjs.sk\/pracoviska\/unipoc\/poradenstvo\/psychologicke-2\/","name":"Psychologick\u00e9 poradenstvo - Univerzitn\u00e9 poradensk\u00e9 centrum (UNIPOC) | UPJ\u0160","isPartOf":{"@id":"https:\/\/www.upjs.sk\/pracoviska\/unipoc\/#website"},"datePublished":"2022-10-05T08:52:54+00:00","dateModified":"2026-02-06T12:32:51+00:00","breadcrumb":{"@id":"https:\/\/www.upjs.sk\/pracoviska\/unipoc\/poradenstvo\/psychologicke-2\/#breadcrumb"},"inLanguage":"sk-SK","potentialAction":[{"@type":"ReadAction","target":["https:\/\/www.upjs.sk\/pracoviska\/unipoc\/poradenstvo\/psychologicke-2\/"]}]},{"@type":"BreadcrumbList","@id":"https:\/\/www.upjs.sk\/pracoviska\/unipoc\/poradenstvo\/psychologicke-2\/#breadcrumb","itemListElement":[{"@type":"ListItem","position":1,"name":"Home","item":"https:\/\/www.upjs.sk\/pracoviska\/unipoc\/"},{"@type":"ListItem","position":2,"name":"PORADENSTVO","item":"https:\/\/www.upjs.sk\/pracoviska\/unipoc\/poradenstvo\/"},{"@type":"ListItem","position":3,"name":"Psychologick\u00e9 poradenstvo"}]},{"@type":"WebSite","@id":"https:\/\/www.upjs.sk\/pracoviska\/unipoc\/#website","url":"https:\/\/www.upjs.sk\/pracoviska\/unipoc\/","name":"Univerzitn\u00e9 poradensk\u00e9 centrum (UNIPOC) | UPJ\u0160","description":"","publisher":{"@id":"https:\/\/www.upjs.sk\/pracoviska\/unipoc\/#organization"},"potentialAction":[{"@type":"SearchAction","target":{"@type":"EntryPoint","urlTemplate":"https:\/\/www.upjs.sk\/pracoviska\/unipoc\/?s={search_term_string}"},"query-input":{"@type":"PropertyValueSpecification","valueRequired":true,"valueName":"search_term_string"}}],"inLanguage":"sk-SK"},{"@type":"Organization","@id":"https:\/\/www.upjs.sk\/pracoviska\/unipoc\/#organization","name":"Univerzitn\u00e9 poradensk\u00e9 centrum (UNIPOC) | UPJ\u0160","url":"https:\/\/www.upjs.sk\/pracoviska\/unipoc\/","logo":{"@type":"ImageObject","inLanguage":"sk-SK","@id":"https:\/\/www.upjs.sk\/pracoviska\/unipoc\/#\/schema\/logo\/image\/","url":"https:\/\/www.upjs.sk\/app\/uploads\/sites\/20\/2023\/01\/UNIPOC.svg","contentUrl":"https:\/\/www.upjs.sk\/app\/uploads\/sites\/20\/2023\/01\/UNIPOC.svg","width":500,"height":138,"caption":"Univerzitn\u00e9 poradensk\u00e9 centrum (UNIPOC) | UPJ\u0160"},"image":{"@id":"https:\/\/www.upjs.sk\/pracoviska\/unipoc\/#\/schema\/logo\/image\/"}}]}},"_links":{"self":[{"href":"https:\/\/www.upjs.sk\/pracoviska\/unipoc\/wp-json\/wp\/v2\/pages\/13457","targetHints":{"allow":["GET"]}}],"collection":[{"href":"https:\/\/www.upjs.sk\/pracoviska\/unipoc\/wp-json\/wp\/v2\/pages"}],"about":[{"href":"https:\/\/www.upjs.sk\/pracoviska\/unipoc\/wp-json\/wp\/v2\/types\/page"}],"author":[{"embeddable":true,"href":"https:\/\/www.upjs.sk\/pracoviska\/unipoc\/wp-json\/wp\/v2\/users\/1"}],"replies":[{"embeddable":true,"href":"https:\/\/www.upjs.sk\/pracoviska\/unipoc\/wp-json\/wp\/v2\/comments?post=13457"}],"version-history":[{"count":20,"href":"https:\/\/www.upjs.sk\/pracoviska\/unipoc\/wp-json\/wp\/v2\/pages\/13457\/revisions"}],"predecessor-version":[{"id":24030,"href":"https:\/\/www.upjs.sk\/pracoviska\/unipoc\/wp-json\/wp\/v2\/pages\/13457\/revisions\/24030"}],"up":[{"embeddable":true,"href":"https:\/\/www.upjs.sk\/pracoviska\/unipoc\/wp-json\/wp\/v2\/pages\/13438"}],"wp:attachment":[{"href":"https:\/\/www.upjs.sk\/pracoviska\/unipoc\/wp-json\/wp\/v2\/media?parent=13457"}],"wp:term":[{"taxonomy":"category","embeddable":true,"href":"https:\/\/www.upjs.sk\/pracoviska\/unipoc\/wp-json\/wp\/v2\/categories?post=13457"},{"taxonomy":"post_tag","embeddable":true,"href":"https:\/\/www.upjs.sk\/pracoviska\/unipoc\/wp-json\/wp\/v2\/tags?post=13457"}],"curies":[{"name":"wp","href":"https:\/\/api.w.org\/{rel}","templated":true}]}}