{"id":13465,"date":"2022-02-16T08:45:54","date_gmt":"2022-02-16T08:45:54","guid":{"rendered":"https:\/\/www.upjs.sk\/pracoviska\/unipoc\/root\/poradenstvo\/zivotopis\/"},"modified":"2022-11-13T21:47:57","modified_gmt":"2022-11-13T21:47:57","slug":"zivotopis","status":"publish","type":"page","link":"https:\/\/www.upjs.sk\/pracoviska\/unipoc\/poradenstvo\/zivotopis\/","title":{"rendered":"\u017divotopis"},"content":{"rendered":"<p style=\"text-align: justify;\"><em>\u017divotopis, zn\u00e1my aj ako curriculum vitae (CV), je dokument obsahuj\u00faci preh\u013ead vzdelania a relevantn\u00fdch pracovn\u00fdch sk\u00fasenost\u00ed. V\u00e4\u010d\u0161inou ho p\u00ed\u0161eme s cie\u013eom n\u00e1js\u0165 si zamestnanie. Pr\u00e1ve \u017eivotopis je \u010dasto prv\u00fdm prostriedkom komunik\u00e1cie medzi uch\u00e1dza\u010dom a potencion\u00e1lnym zamestn\u00e1vate\u013eom.<\/em><\/p>\n<p style=\"text-align: justify;\">Inform\u00e1cie uveden\u00e9 v \u017eivotopise s\u00fa rozhoduj\u00face pre \u00faspe\u0161n\u00e9 pozvanie uch\u00e1dza\u010da na pracovn\u00fd pohovor. Zamestn\u00e1vatelia ho vn\u00edmaj\u00fa sk\u00f4r ako produkt uch\u00e1dza\u010da o pr\u00e1cu, ktor\u00fd bude v pr\u00edpade pozvania na pracovn\u00fd pohovor obhajova\u0165. Text m\u00e1 by\u0165 kr\u00e1tky a \u013eahko \u010ditate\u013en\u00fd. Aj preto zamestn\u00e1vatelia uprednost\u0148uj\u00fa preh\u013eadn\u00fd &#8211; \u0161trukt\u00farovan\u00fd &#8211; \u017eivotopis.<\/p>\n<p>Naj\u010dastej\u0161ie sa pou\u017e\u00edvaj\u00fa tieto druhy \u017eivotopisov:<\/p>\n<ul>\n<li style=\"text-align: justify;\"><strong>\u0161trukt\u00farovan\u00fd \u017eivotopis<\/strong>\u00a0&#8211; tie\u017e naz\u00fdvan\u00fd aj profesijn\u00fd \u010di profesion\u00e1lny \u017eivotopis,<\/li>\n<li style=\"text-align: justify;\"><strong>beletrizovan\u00fd \u017eivotopis<\/strong>\u00a0&#8211; neodpor\u00fa\u010dan\u00e1 forma \u017eivotopisu,<\/li>\n<li style=\"text-align: justify;\"><strong>europass<\/strong>\u00a0&#8211; \u017eivotopis, ktor\u00fdm sa uch\u00e1dza\u010d predstavuje v r\u00f4znych krajin\u00e1ch Eur\u00f3py. Je to \u0161trukt\u00farovan\u00fd \u017eivotopis vyu\u017e\u00edvan\u00fd v\u00a0in\u00fdch eur\u00f3pskych krajin\u00e1ch,<\/li>\n<li style=\"text-align: justify;\"><strong>\u00faradn\u00fd \u017eivotopis<\/strong>\u00a0&#8211; z\u00e1konom predp\u00edsan\u00e9 formul\u00e1re r\u00f4znych \u0161t\u00e1tnych in\u0161tit\u00faci\u00ed.<\/li>\n<\/ul>\n<p><span style=\"font-size:16px\"><strong>Ako nap\u00edsa\u0165 dobr\u00fd \u017eivotopis<\/strong><\/span><\/p>\n<p style=\"text-align: justify;\">Vypracovanie \u017eivotopisu je d\u00f4le\u017eit\u00fd krok v h\u013eadan\u00ed pr\u00e1ce alebo vzdel\u00e1vac\u00edch pr\u00edle\u017eitost\u00ed. \u017divotopis je \u010dasto prv\u00fdm kontaktom s\u00a0bud\u00facim zamestn\u00e1vate\u013eom. Je preto potrebn\u00e9 \u010ditate\u013ea okam\u017eite zauja\u0165 a presved\u010di\u0165, \u017ee s vami m\u00e1 urobi\u0165 pohovor.<\/p>\n<p style=\"text-align: justify;\"><strong>D\u00f4le\u017eit\u00e9 upozornenie!<\/strong> Ke\u010f zamestn\u00e1vatelia pretrie\u010fuj\u00fa \u017eiadosti, ktor\u00e9 dostali, vo v\u0161eobecnosti nevenuj\u00fa ka\u017ed\u00e9mu zo \u017eivotopisov viac ne\u017e jednu min\u00fatu. Ak sa v\u00e1m nepodar\u00ed urobi\u0165 ten spr\u00e1vny dojem, prem\u00e1rnite svoju \u0161ancu.<\/p>\n<p><em>Starostlivo si pre\u010d\u00edtajte nasleduj\u00face inform\u00e1cie prv, ne\u017e za\u010dnete vypl\u0148ova\u0165 formul\u00e1r.<\/em><\/p>\n<p><strong>V\u0161eobecn\u00e9 odpor\u00fa\u010dania<\/strong><\/p>\n<p style=\"text-align: justify;\">Sk\u00f4r ne\u017e za\u010dnete p\u00edsa\u0165 svoj \u017eivotopis, pripome\u0148te si niektor\u00e9 d\u00f4le\u017eit\u00e9 z\u00e1sady:<\/p>\n<ul>\n<li style=\"text-align: justify;\">Starostlivo dbajte na formu prezent\u00e1cie svojho \u017eivotopisu.<\/li>\n<li style=\"text-align: justify;\">Uve\u010fte jasne a logicky svoje kvalifik\u00e1cie a zru\u010dnosti tak, aby bolo \u013eahk\u00e9 rozpozna\u0165 va\u0161e charakteristick\u00e9 kvality.<\/li>\n<li style=\"text-align: justify;\">Venujte potrebn\u00fa pozornos\u0165 v\u0161etk\u00fdm podstatn\u00fdm detailom, t\u00fdkaj\u00facim sa obsahu aj formy; chyby v pravopise s\u00fa neospravedlnite\u013en\u00e9.<\/li>\n<li style=\"text-align: justify;\">S\u00fastre\u010fte sa na to, \u010do je najd\u00f4le\u017eitej\u0161ie:\n<ul style=\"list-style-type:circle;\">\n<li><strong>\u017divotopis m\u00e1 by\u0165 stru\u010dn\u00fd:<\/strong> vo v\u00e4\u010d\u0161ine pr\u00edpadov sta\u010dia dve strany na to, aby ste prezentovali, kto a \u010do ste. V\u00a0niektor\u00fdch krajin\u00e1ch sa trojstr\u00e1nkov\u00fd \u017eivotopis m\u00f4\u017ee poklada\u0165 za pr\u00edli\u0161 dlh\u00fd aj v pr\u00edpade, \u017ee m\u00e1te vynikaj\u00facu prax.<\/li>\n<li>Ak je va\u0161a prax e\u0161te prikr\u00e1tka (preto\u017ee ste e\u0161te len ned\u00e1vno ukon\u010dili \u0161kolu), op\u00ed\u0161te najsk\u00f4r svoje vzdel\u00e1vanie a\u00a0pr\u00edpravu, zd\u00f4raznite svoje pracovn\u00e9 \u010dinnosti po\u010das pr\u00edpravy.<\/li>\n<li>S\u00fastre\u010fte sa na z\u00e1kladn\u00e9 inform\u00e1cie, ktor\u00e9 prines\u00fa pridan\u00fa hodnotu va\u0161ej \u017eiadosti: pracovn\u00e9 sk\u00fasenosti alebo pr\u00edpravu, ktor\u00e9 s\u00fa zastaral\u00e9 alebo nie s\u00fa relevantn\u00e9, m\u00f4\u017eete vynecha\u0165.<\/li>\n<\/ul>\n<\/li>\n<li style=\"text-align: justify;\">Prisp\u00f4sobte svoj \u017eivotopis miestu, o ktor\u00e9 sa uch\u00e1dzate.<\/li>\n<\/ul>\n<p style=\"text-align: justify;\">Systematicky kontrolujte svoj \u017eivotopis zaka\u017ed\u00fdm, ke\u010f ho chcete posla\u0165 zamestn\u00e1vate\u013eovi, \u010di s\u00fahlas\u00ed s po\u017eadovan\u00fdm profilom; zd\u00f4raznite svoje prednosti pod\u013ea \u0161pecifick\u00fdch po\u017eiadaviek mo\u017en\u00e9ho zamestn\u00e1vate\u013ea. Dobr\u00e1 znalos\u0165 firmy v\u00e1m pom\u00f4\u017ee u\u0161i\u0165 \u017eivotopis na mieru po\u017eadovan\u00e9ho profilu.<\/p>\n<p style=\"text-align: justify;\"><strong>D\u00e1vajte si pozor:<\/strong> Nenafukujte umelo svoj \u017eivotopis, ak to urob\u00edte, ve\u013emi pravdepodobne v\u00e1s vyl\u00fa\u010dia z pohovoru.<\/p>\n<ul>\n<li style=\"text-align: justify;\">Europass \u2013 \u017eivotopis v\u00e1m umo\u017e\u0148uje prezentova\u0165 kvalifik\u00e1cie a zru\u010dnosti v logickom porad\u00ed:\n<ul style=\"list-style-type:circle;\">\n<li>osobn\u00e9 inform\u00e1cie,<\/li>\n<li>opis va\u0161ej praxe,<\/li>\n<li>opis v\u00e1\u0161ho vzdel\u00e1vania a\u00a0pr\u00edpravy,<\/li>\n<li>podrobn\u00fd s\u00fapis va\u0161ich zru\u010dnost\u00ed a kompetenci\u00ed z\u00edskan\u00fdch po\u010das va\u0161ej pr\u00edpravy, pr\u00e1ce a\u00a0ka\u017edodenn\u00e9ho \u017eivota.<\/li>\n<\/ul>\n<\/li>\n<li style=\"text-align: justify;\">Pozn\u00e1mky:\n<ul style=\"list-style-type:circle;\">\n<li>\u017divotopis vytla\u010dte na biely papier.<\/li>\n<li>Zachovajte navrhovan\u00fd typ p\u00edsma a \u00fapravu.<\/li>\n<li>Vyhnite sa pod\u010diarkovaniu alebo p\u00edsaniu cel\u00fdch viet ve\u013ek\u00fdmi p\u00edsmenami alebo tu\u010dn\u00fdm p\u00edsmom: ovplyv\u0148uje to \u010ditate\u013enos\u0165 dokumentu.<\/li>\n<li>Nerozde\u013eujte jednu polo\u017eku v jednej kol\u00f3nke do dvoch str\u00e1n (napr. polo\u017eku za jedno ukon\u010den\u00e9 vzdel\u00e1vanie), aby ste sa tomu vyhli, pou\u017eite pokyn \u201ezlom strany\u201c v textovom editore.<\/li>\n<li>R\u00e1m\u010deky jednotliv\u00fdch kol\u00f3nok by sa nemali objavi\u0165 na vytla\u010denom dokumente.<\/li>\n<li>Vyjadrujte sa jasne a\u00a0v\u00fdsti\u017ene.<\/li>\n<\/ul>\n<\/li>\n<\/ul>\n<p style=\"text-align: justify;\">Potenci\u00e1lny zamestn\u00e1vate\u013e mus\u00ed oceni\u0165 v\u00e1\u0161 profil v priebehu nieko\u013ek\u00fdch sek\u00fand \u010d\u00edtania, a preto<\/p>\n<ul style=\"list-style-type:circle;\">\n<li style=\"text-align: justify;\">pou\u017e\u00edvajte kr\u00e1tke vety,<\/li>\n<li style=\"text-align: justify;\">s\u00fastre\u010fte sa na relevantn\u00e9 aspekty svojej praxe,<\/li>\n<li style=\"text-align: justify;\">vysvetlite prest\u00e1vky vo svojom \u0161t\u00fadiu a kari\u00e9re,<\/li>\n<li style=\"text-align: justify;\">odstr\u00e1\u0148te ak\u00fako\u013evek kol\u00f3nku, ktorej vyplnenie nie je povinn\u00e9, napr. ak nem\u00e1te \u017eiadne \u201eumeleck\u00e9 zru\u010dnosti a\u00a0kompetencie\u201c, alebo ak sa domnievate, \u017ee tieto zru\u010dnosti a\u00a0kompetencie neprines\u00fa pridan\u00fa hodnotu va\u0161ej \u017eiadosti; odstr\u00e1\u0148te cel\u00fa kol\u00f3nku tak, \u017ee pou\u017eijete pokyn \u201evystrihn\u00fa\u0165\u2019 v textovom editore,<\/li>\n<li style=\"text-align: justify;\">Na z\u00e1ver dajte niekomu pre\u010d\u00edta\u0165 svoj \u017eivotopis, <span style=\"line-height:20.8px; text-align:justify\">aby ste sa ubezpe\u010dili, \u017ee obsah je jasn\u00fd a zrozumite\u013en\u00fd<\/span>.<\/li>\n<\/ul>\n<p style=\"text-align: justify;\">Ke\u010f m\u00e1te \u017eivotopis nap\u00edsan\u00fd, starostlivo ho skontrolujte, odstr\u00e1\u0148te ak\u00e9ko\u013evek pravopisn\u00e9 chyby a\u00a0presved\u010dte sa, \u017ee je formulovan\u00fd jasne a logicky.<\/p>\n<p style=\"text-align: center;\"><span style=\"font-size:16px\"><a href=\"\/public\/media\/13812\/ako-vyplnit-europass.pdf\" target=\"_blank\" rel=\"noopener\"><strong>Ako vyplni\u0165 europass &#8211; \u017eivotopis<\/strong><\/a><\/span><\/p>\n","protected":false},"excerpt":{"rendered":"<p>\u017divotopis, zn\u00e1my aj ako curriculum vitae (CV), je dokument obsahuj\u00faci preh\u013ead vzdelania a relevantn\u00fdch pracovn\u00fdch sk\u00fasenost\u00ed. V\u00e4\u010d\u0161inou ho p\u00ed\u0161eme s cie\u013eom n\u00e1js\u0165 si zamestnanie. Pr\u00e1ve \u017eivotopis je \u010dasto prv\u00fdm prostriedkom komunik\u00e1cie medzi uch\u00e1dza\u010dom a potencion\u00e1lnym zamestn\u00e1vate\u013eom. Inform\u00e1cie uveden\u00e9 v \u017eivotopise s\u00fa rozhoduj\u00face pre \u00faspe\u0161n\u00e9 pozvanie uch\u00e1dza\u010da na pracovn\u00fd pohovor. Zamestn\u00e1vatelia ho vn\u00edmaj\u00fa sk\u00f4r ako produkt &hellip; <a href=\"https:\/\/www.upjs.sk\/pracoviska\/unipoc\/poradenstvo\/zivotopis\/\">\u010c\u00edta\u0165 \u010falej<\/a><\/p>\n","protected":false},"author":1,"featured_media":0,"parent":13438,"menu_order":11,"comment_status":"closed","ping_status":"closed","template":"","meta":{"_acf_changed":false,"_editorskit_title_hidden":false,"_editorskit_reading_time":0,"_editorskit_is_block_options_detached":false,"_editorskit_block_options_position":"{}","footnotes":""},"categories":[],"tags":[],"class_list":["post-13465","page","type-page","status-publish","hentry"],"acf":{"acf_link_na_externy_obsah":""},"yoast_head":"<!-- This site is optimized with the Yoast SEO plugin v27.4 - https:\/\/yoast.com\/product\/yoast-seo-wordpress\/ -->\n<title>\u017divotopis - Univerzitn\u00e9 poradensk\u00e9 centrum (UNIPOC) | UPJ\u0160<\/title>\n<meta name=\"robots\" content=\"index, follow, max-snippet:-1, max-image-preview:large, max-video-preview:-1\" \/>\n<link rel=\"canonical\" href=\"https:\/\/www.upjs.sk\/pracoviska\/unipoc\/poradenstvo\/zivotopis\/\" \/>\n<meta property=\"og:locale\" content=\"sk_SK\" \/>\n<meta property=\"og:type\" content=\"article\" \/>\n<meta property=\"og:title\" content=\"\u017divotopis - Univerzitn\u00e9 poradensk\u00e9 centrum (UNIPOC) | UPJ\u0160\" \/>\n<meta property=\"og:description\" content=\"\u017divotopis, zn\u00e1my aj ako curriculum vitae (CV), je dokument obsahuj\u00faci preh\u013ead vzdelania a relevantn\u00fdch pracovn\u00fdch sk\u00fasenost\u00ed. V\u00e4\u010d\u0161inou ho p\u00ed\u0161eme s cie\u013eom n\u00e1js\u0165 si zamestnanie. Pr\u00e1ve \u017eivotopis je \u010dasto prv\u00fdm prostriedkom komunik\u00e1cie medzi uch\u00e1dza\u010dom a potencion\u00e1lnym zamestn\u00e1vate\u013eom. Inform\u00e1cie uveden\u00e9 v \u017eivotopise s\u00fa rozhoduj\u00face pre \u00faspe\u0161n\u00e9 pozvanie uch\u00e1dza\u010da na pracovn\u00fd pohovor. Zamestn\u00e1vatelia ho vn\u00edmaj\u00fa sk\u00f4r ako produkt &hellip; \u010c\u00edta\u0165 \u010falej\" \/>\n<meta property=\"og:url\" content=\"https:\/\/www.upjs.sk\/pracoviska\/unipoc\/poradenstvo\/zivotopis\/\" \/>\n<meta property=\"og:site_name\" content=\"Univerzitn\u00e9 poradensk\u00e9 centrum (UNIPOC) | UPJ\u0160\" \/>\n<meta property=\"article:modified_time\" content=\"2022-11-13T21:47:57+00:00\" \/>\n<meta name=\"twitter:card\" content=\"summary_large_image\" \/>\n<meta name=\"twitter:label1\" content=\"Predpokladan\u00fd \u010das \u010d\u00edtania\" \/>\n\t<meta name=\"twitter:data1\" content=\"4 min\u00faty\" \/>\n<script type=\"application\/ld+json\" class=\"yoast-schema-graph\">{\"@context\":\"https:\\\/\\\/schema.org\",\"@graph\":[{\"@type\":\"WebPage\",\"@id\":\"https:\\\/\\\/www.upjs.sk\\\/pracoviska\\\/unipoc\\\/poradenstvo\\\/zivotopis\\\/\",\"url\":\"https:\\\/\\\/www.upjs.sk\\\/pracoviska\\\/unipoc\\\/poradenstvo\\\/zivotopis\\\/\",\"name\":\"\u017divotopis - Univerzitn\u00e9 poradensk\u00e9 centrum (UNIPOC) | UPJ\u0160\",\"isPartOf\":{\"@id\":\"https:\\\/\\\/www.upjs.sk\\\/pracoviska\\\/unipoc\\\/#website\"},\"datePublished\":\"2022-02-16T08:45:54+00:00\",\"dateModified\":\"2022-11-13T21:47:57+00:00\",\"breadcrumb\":{\"@id\":\"https:\\\/\\\/www.upjs.sk\\\/pracoviska\\\/unipoc\\\/poradenstvo\\\/zivotopis\\\/#breadcrumb\"},\"inLanguage\":\"sk-SK\",\"potentialAction\":[{\"@type\":\"ReadAction\",\"target\":[\"https:\\\/\\\/www.upjs.sk\\\/pracoviska\\\/unipoc\\\/poradenstvo\\\/zivotopis\\\/\"]}]},{\"@type\":\"BreadcrumbList\",\"@id\":\"https:\\\/\\\/www.upjs.sk\\\/pracoviska\\\/unipoc\\\/poradenstvo\\\/zivotopis\\\/#breadcrumb\",\"itemListElement\":[{\"@type\":\"ListItem\",\"position\":1,\"name\":\"Home\",\"item\":\"https:\\\/\\\/www.upjs.sk\\\/pracoviska\\\/unipoc\\\/\"},{\"@type\":\"ListItem\",\"position\":2,\"name\":\"PORADENSTVO\",\"item\":\"https:\\\/\\\/www.upjs.sk\\\/pracoviska\\\/unipoc\\\/poradenstvo\\\/\"},{\"@type\":\"ListItem\",\"position\":3,\"name\":\"\u017divotopis\"}]},{\"@type\":\"WebSite\",\"@id\":\"https:\\\/\\\/www.upjs.sk\\\/pracoviska\\\/unipoc\\\/#website\",\"url\":\"https:\\\/\\\/www.upjs.sk\\\/pracoviska\\\/unipoc\\\/\",\"name\":\"Univerzitn\u00e9 poradensk\u00e9 centrum (UNIPOC) | UPJ\u0160\",\"description\":\"\",\"publisher\":{\"@id\":\"https:\\\/\\\/www.upjs.sk\\\/pracoviska\\\/unipoc\\\/#organization\"},\"potentialAction\":[{\"@type\":\"SearchAction\",\"target\":{\"@type\":\"EntryPoint\",\"urlTemplate\":\"https:\\\/\\\/www.upjs.sk\\\/pracoviska\\\/unipoc\\\/?s={search_term_string}\"},\"query-input\":{\"@type\":\"PropertyValueSpecification\",\"valueRequired\":true,\"valueName\":\"search_term_string\"}}],\"inLanguage\":\"sk-SK\"},{\"@type\":\"Organization\",\"@id\":\"https:\\\/\\\/www.upjs.sk\\\/pracoviska\\\/unipoc\\\/#organization\",\"name\":\"Univerzitn\u00e9 poradensk\u00e9 centrum (UNIPOC) | UPJ\u0160\",\"url\":\"https:\\\/\\\/www.upjs.sk\\\/pracoviska\\\/unipoc\\\/\",\"logo\":{\"@type\":\"ImageObject\",\"inLanguage\":\"sk-SK\",\"@id\":\"https:\\\/\\\/www.upjs.sk\\\/pracoviska\\\/unipoc\\\/#\\\/schema\\\/logo\\\/image\\\/\",\"url\":\"https:\\\/\\\/www.upjs.sk\\\/app\\\/uploads\\\/sites\\\/20\\\/2023\\\/01\\\/UNIPOC.svg\",\"contentUrl\":\"https:\\\/\\\/www.upjs.sk\\\/app\\\/uploads\\\/sites\\\/20\\\/2023\\\/01\\\/UNIPOC.svg\",\"width\":500,\"height\":138,\"caption\":\"Univerzitn\u00e9 poradensk\u00e9 centrum (UNIPOC) | UPJ\u0160\"},\"image\":{\"@id\":\"https:\\\/\\\/www.upjs.sk\\\/pracoviska\\\/unipoc\\\/#\\\/schema\\\/logo\\\/image\\\/\"}}]}<\/script>\n<!-- \/ Yoast SEO plugin. -->","yoast_head_json":{"title":"\u017divotopis - Univerzitn\u00e9 poradensk\u00e9 centrum (UNIPOC) | UPJ\u0160","robots":{"index":"index","follow":"follow","max-snippet":"max-snippet:-1","max-image-preview":"max-image-preview:large","max-video-preview":"max-video-preview:-1"},"canonical":"https:\/\/www.upjs.sk\/pracoviska\/unipoc\/poradenstvo\/zivotopis\/","og_locale":"sk_SK","og_type":"article","og_title":"\u017divotopis - Univerzitn\u00e9 poradensk\u00e9 centrum (UNIPOC) | UPJ\u0160","og_description":"\u017divotopis, zn\u00e1my aj ako curriculum vitae (CV), je dokument obsahuj\u00faci preh\u013ead vzdelania a relevantn\u00fdch pracovn\u00fdch sk\u00fasenost\u00ed. V\u00e4\u010d\u0161inou ho p\u00ed\u0161eme s cie\u013eom n\u00e1js\u0165 si zamestnanie. Pr\u00e1ve \u017eivotopis je \u010dasto prv\u00fdm prostriedkom komunik\u00e1cie medzi uch\u00e1dza\u010dom a potencion\u00e1lnym zamestn\u00e1vate\u013eom. Inform\u00e1cie uveden\u00e9 v \u017eivotopise s\u00fa rozhoduj\u00face pre \u00faspe\u0161n\u00e9 pozvanie uch\u00e1dza\u010da na pracovn\u00fd pohovor. Zamestn\u00e1vatelia ho vn\u00edmaj\u00fa sk\u00f4r ako produkt &hellip; \u010c\u00edta\u0165 \u010falej","og_url":"https:\/\/www.upjs.sk\/pracoviska\/unipoc\/poradenstvo\/zivotopis\/","og_site_name":"Univerzitn\u00e9 poradensk\u00e9 centrum (UNIPOC) | UPJ\u0160","article_modified_time":"2022-11-13T21:47:57+00:00","twitter_card":"summary_large_image","twitter_misc":{"Predpokladan\u00fd \u010das \u010d\u00edtania":"4 min\u00faty"},"schema":{"@context":"https:\/\/schema.org","@graph":[{"@type":"WebPage","@id":"https:\/\/www.upjs.sk\/pracoviska\/unipoc\/poradenstvo\/zivotopis\/","url":"https:\/\/www.upjs.sk\/pracoviska\/unipoc\/poradenstvo\/zivotopis\/","name":"\u017divotopis - Univerzitn\u00e9 poradensk\u00e9 centrum (UNIPOC) | UPJ\u0160","isPartOf":{"@id":"https:\/\/www.upjs.sk\/pracoviska\/unipoc\/#website"},"datePublished":"2022-02-16T08:45:54+00:00","dateModified":"2022-11-13T21:47:57+00:00","breadcrumb":{"@id":"https:\/\/www.upjs.sk\/pracoviska\/unipoc\/poradenstvo\/zivotopis\/#breadcrumb"},"inLanguage":"sk-SK","potentialAction":[{"@type":"ReadAction","target":["https:\/\/www.upjs.sk\/pracoviska\/unipoc\/poradenstvo\/zivotopis\/"]}]},{"@type":"BreadcrumbList","@id":"https:\/\/www.upjs.sk\/pracoviska\/unipoc\/poradenstvo\/zivotopis\/#breadcrumb","itemListElement":[{"@type":"ListItem","position":1,"name":"Home","item":"https:\/\/www.upjs.sk\/pracoviska\/unipoc\/"},{"@type":"ListItem","position":2,"name":"PORADENSTVO","item":"https:\/\/www.upjs.sk\/pracoviska\/unipoc\/poradenstvo\/"},{"@type":"ListItem","position":3,"name":"\u017divotopis"}]},{"@type":"WebSite","@id":"https:\/\/www.upjs.sk\/pracoviska\/unipoc\/#website","url":"https:\/\/www.upjs.sk\/pracoviska\/unipoc\/","name":"Univerzitn\u00e9 poradensk\u00e9 centrum (UNIPOC) | UPJ\u0160","description":"","publisher":{"@id":"https:\/\/www.upjs.sk\/pracoviska\/unipoc\/#organization"},"potentialAction":[{"@type":"SearchAction","target":{"@type":"EntryPoint","urlTemplate":"https:\/\/www.upjs.sk\/pracoviska\/unipoc\/?s={search_term_string}"},"query-input":{"@type":"PropertyValueSpecification","valueRequired":true,"valueName":"search_term_string"}}],"inLanguage":"sk-SK"},{"@type":"Organization","@id":"https:\/\/www.upjs.sk\/pracoviska\/unipoc\/#organization","name":"Univerzitn\u00e9 poradensk\u00e9 centrum (UNIPOC) | UPJ\u0160","url":"https:\/\/www.upjs.sk\/pracoviska\/unipoc\/","logo":{"@type":"ImageObject","inLanguage":"sk-SK","@id":"https:\/\/www.upjs.sk\/pracoviska\/unipoc\/#\/schema\/logo\/image\/","url":"https:\/\/www.upjs.sk\/app\/uploads\/sites\/20\/2023\/01\/UNIPOC.svg","contentUrl":"https:\/\/www.upjs.sk\/app\/uploads\/sites\/20\/2023\/01\/UNIPOC.svg","width":500,"height":138,"caption":"Univerzitn\u00e9 poradensk\u00e9 centrum (UNIPOC) | UPJ\u0160"},"image":{"@id":"https:\/\/www.upjs.sk\/pracoviska\/unipoc\/#\/schema\/logo\/image\/"}}]}},"_links":{"self":[{"href":"https:\/\/www.upjs.sk\/pracoviska\/unipoc\/wp-json\/wp\/v2\/pages\/13465","targetHints":{"allow":["GET"]}}],"collection":[{"href":"https:\/\/www.upjs.sk\/pracoviska\/unipoc\/wp-json\/wp\/v2\/pages"}],"about":[{"href":"https:\/\/www.upjs.sk\/pracoviska\/unipoc\/wp-json\/wp\/v2\/types\/page"}],"author":[{"embeddable":true,"href":"https:\/\/www.upjs.sk\/pracoviska\/unipoc\/wp-json\/wp\/v2\/users\/1"}],"replies":[{"embeddable":true,"href":"https:\/\/www.upjs.sk\/pracoviska\/unipoc\/wp-json\/wp\/v2\/comments?post=13465"}],"version-history":[{"count":1,"href":"https:\/\/www.upjs.sk\/pracoviska\/unipoc\/wp-json\/wp\/v2\/pages\/13465\/revisions"}],"predecessor-version":[{"id":14448,"href":"https:\/\/www.upjs.sk\/pracoviska\/unipoc\/wp-json\/wp\/v2\/pages\/13465\/revisions\/14448"}],"up":[{"embeddable":true,"href":"https:\/\/www.upjs.sk\/pracoviska\/unipoc\/wp-json\/wp\/v2\/pages\/13438"}],"wp:attachment":[{"href":"https:\/\/www.upjs.sk\/pracoviska\/unipoc\/wp-json\/wp\/v2\/media?parent=13465"}],"wp:term":[{"taxonomy":"category","embeddable":true,"href":"https:\/\/www.upjs.sk\/pracoviska\/unipoc\/wp-json\/wp\/v2\/categories?post=13465"},{"taxonomy":"post_tag","embeddable":true,"href":"https:\/\/www.upjs.sk\/pracoviska\/unipoc\/wp-json\/wp\/v2\/tags?post=13465"}],"curies":[{"name":"wp","href":"https:\/\/api.w.org\/{rel}","templated":true}]}}