{"id":13854,"date":"2022-02-19T20:29:09","date_gmt":"2022-02-19T20:29:09","guid":{"rendered":"https:\/\/www.upjs.sk\/pracoviska\/unipoc\/root\/den-kariery\/program\/5-rocnik-2021\/"},"modified":"2022-11-13T21:48:07","modified_gmt":"2022-11-13T21:48:07","slug":"5-rocnik-2021","status":"publish","type":"page","link":"https:\/\/www.upjs.sk\/pracoviska\/unipoc\/den-kariery\/program\/5-rocnik-2021\/","title":{"rendered":"5. ro\u010dn\u00edk D\u0148a kari\u00e9ry UPJ\u0160 v Ko\u0161iciach 2021"},"content":{"rendered":"<p style=\"text-align:justify\"><strong>Nezme\u0161kaj \u0161ancu virtu\u00e1lne si podebatova\u0165 so zamestn\u00e1vate\u013emi.<\/strong><\/p>\n<p style=\"text-align:justify\">Univerzitn\u00e9 poradensk\u00e9 centrum UNIPOC poz\u00fdva na piaty ro\u010dn\u00edk D\u0148a kari\u00e9ry v netradi\u010dnom online form\u00e1te!<br \/> Podujatie sa uskuto\u010dn\u00ed v stredu, 14. apr\u00edla 2021. V \u010dase od 10:00 uvid\u00edte zamestn\u00e1vate\u013eov v priamom prenose na <a href=\"https:\/\/www.facebook.com\/UniverzitaPavlaJozefaSafarikaVkosiciach\/\" target=\"_blank\" rel=\"noopener\">Facebooku UPJ\u0160<\/a>. Ani tento rok v\u0161ak nebude ch\u00fdba\u0165 mo\u017enos\u0165 podebatova\u0165 si so zamestn\u00e1vate\u013emi. Ot\u00e1zky im budete m\u00f4c\u0165 kl\u00e1s\u0165 v chate cez str\u00e1nku Sli.do prostredn\u00edctvom #event k\u00f3dov, ktor\u00e9 n\u00e1jdete ni\u017e\u0161ie.<br \/> Po\u010das priameho prenosu bude v koment\u00e1roch na Facebooku prebieha\u0165 aj s\u00fa\u0165a\u017e o skvel\u00e9 ceny. Hlavn\u00fdmi cenami bud\u00fa tablet Samsung Galaxy Tab S6 Lite, bluetooth sl\u00fachadl\u00e1 JBL, extern\u00fd harddisk 2TB, fitness n\u00e1ramok, 60 eurov\u00e1 pouk\u00e1\u017eka na n\u00e1kup v Datacompe, \u010di mno\u017estvo dar\u010dekov\u00fdch bal\u00ed\u010dkov.<br \/> Nezabudnite sa prida\u0165 na udalos\u0165 na Facebooku, aby v\u00e1m neu\u0161la \u017eiadna inform\u00e1cia.<\/p>\n<p>\u00a0<strong><a href=\"https:\/\/www.facebook.com\/events\/414494346313034\" target=\"_blank\" rel=\"noopener\">PRIDA\u0164 SA <\/a><\/strong><\/p>\n<p>Aby ste podujatie mohli pokojne sledova\u0165, v \u010dase od 10:00 do 12:00 je vyp\u00edsan\u00e9 rektorsk\u00e9 vo\u013eno!<\/p>\n<p><a ceny od zamestnavatelov pocas live streamu Dna kariery target=\"_blank\" rel=\"noopener\"><strong>Pravidl\u00e1 s\u00fa\u0165a\u017ee<\/strong><\/a><br \/> <strong>\u00a0\u00a0\u00a0\u00a0<\/strong><\/p>\n<div class=\"btgrid\">\n<div class=\"row row-1\">\n<div class=\"col col-md-6\">\n<div class=\"content\">\n<p style=\"text-align:center\"><a href=\"\/public\/media\/24694\/Upjs-den-kariery-harmonogram.png\" target=\"_blank\" rel=\"noopener\"><img decoding=\"async\" alt=\"\" src=\"http:\/\/www.upjs.sk\/\/app\/uploads\/sites\/20\/2022\/10\/Upjs-den-kariery-harmonogram.png\" style=\"width:90%\" \/><\/a><\/p>\n<\/p><\/div>\n<\/p><\/div>\n<div class=\"col col-md-6\">\n<div class=\"content\">\n<p style=\"text-align:center\"><a href=\"\/public\/media\/24694\/Sli.do-1.png\" target=\"_blank\" rel=\"noopener\"><img decoding=\"async\" alt=\"\" src=\"http:\/\/www.upjs.sk\/\/app\/uploads\/sites\/20\/2022\/10\/Sli.do-1.png\" style=\"width:90%\" \/><\/a><\/p>\n<\/p><\/div>\n<\/p><\/div>\n<\/p><\/div>\n<\/p><\/div>\n<p>\u00a0<\/p>\n<hr \/>\n<ul>\n<li><a href=\"\/public\/media\/15509\/DK-2020-brozura-jul.pdf\" target=\"_blank\" rel=\"noopener\">4. ro\u010dn\u00edk D\u0148a kari\u00e9ry UPJ\u0160 v\u00a0Ko\u0161iciach 2020<\/a><\/li>\n<li><a href=\"\/pracoviska\/unipoc\/den-kariery\/program\/3-rocnik-2019\/\">3. ro\u010dn\u00edk D\u0148a kari\u00e9ry UPJ\u0160 v\u00a0Ko\u0161iciach 2019<\/a><\/li>\n<li><a href=\"\/pracoviska\/unipoc\/den-kariery\/program\/2-rocnik-2018\/\">2. ro\u010dn\u00edk D\u0148a kari\u00e9ry UPJ\u0160 v\u00a0Ko\u0161iciach 2018<\/a><\/li>\n<li><a href=\"\/pracoviska\/unipoc\/den-kariery\/program\/1-rocnik\/\">1. ro\u010dn\u00edk D\u0148a kari\u00e9ry UPJ\u0160 v\u00a0Ko\u0161iciach 2017<\/a><br \/> \t\u00a0<\/li>\n<\/ul>\n","protected":false},"excerpt":{"rendered":"<p>Nezme\u0161kaj \u0161ancu virtu\u00e1lne si podebatova\u0165 so zamestn\u00e1vate\u013emi. Univerzitn\u00e9 poradensk\u00e9 centrum UNIPOC poz\u00fdva na piaty ro\u010dn\u00edk D\u0148a kari\u00e9ry v netradi\u010dnom online form\u00e1te! Podujatie sa uskuto\u010dn\u00ed v stredu, 14. apr\u00edla 2021. V \u010dase od 10:00 uvid\u00edte zamestn\u00e1vate\u013eov v priamom prenose na Facebooku UPJ\u0160. Ani tento rok v\u0161ak nebude ch\u00fdba\u0165 mo\u017enos\u0165 podebatova\u0165 si so zamestn\u00e1vate\u013emi. Ot\u00e1zky im budete &hellip; <a href=\"https:\/\/www.upjs.sk\/pracoviska\/unipoc\/den-kariery\/program\/5-rocnik-2021\/\">\u010c\u00edta\u0165 \u010falej<\/a><\/p>\n","protected":false},"author":1,"featured_media":13855,"parent":13838,"menu_order":0,"comment_status":"closed","ping_status":"closed","template":"","meta":{"_acf_changed":false,"_editorskit_title_hidden":false,"_editorskit_reading_time":0,"_editorskit_is_block_options_detached":false,"_editorskit_block_options_position":"{}","footnotes":""},"categories":[],"tags":[],"class_list":["post-13854","page","type-page","status-publish","has-post-thumbnail","hentry"],"acf":{"acf_link_na_externy_obsah":""},"yoast_head":"<!-- This site is optimized with the Yoast SEO plugin v27.4 - https:\/\/yoast.com\/product\/yoast-seo-wordpress\/ -->\n<title>5. ro\u010dn\u00edk D\u0148a kari\u00e9ry UPJ\u0160 v Ko\u0161iciach 2021 - Univerzitn\u00e9 poradensk\u00e9 centrum (UNIPOC) | UPJ\u0160<\/title>\n<meta name=\"robots\" content=\"index, follow, max-snippet:-1, max-image-preview:large, max-video-preview:-1\" \/>\n<link rel=\"canonical\" href=\"https:\/\/www.upjs.sk\/pracoviska\/unipoc\/den-kariery\/program\/5-rocnik-2021\/\" \/>\n<meta property=\"og:locale\" content=\"sk_SK\" \/>\n<meta property=\"og:type\" content=\"article\" \/>\n<meta property=\"og:title\" content=\"5. ro\u010dn\u00edk D\u0148a kari\u00e9ry UPJ\u0160 v Ko\u0161iciach 2021 - Univerzitn\u00e9 poradensk\u00e9 centrum (UNIPOC) | UPJ\u0160\" \/>\n<meta property=\"og:description\" content=\"Nezme\u0161kaj \u0161ancu virtu\u00e1lne si podebatova\u0165 so zamestn\u00e1vate\u013emi. Univerzitn\u00e9 poradensk\u00e9 centrum UNIPOC poz\u00fdva na piaty ro\u010dn\u00edk D\u0148a kari\u00e9ry v netradi\u010dnom online form\u00e1te! Podujatie sa uskuto\u010dn\u00ed v stredu, 14. apr\u00edla 2021. V \u010dase od 10:00 uvid\u00edte zamestn\u00e1vate\u013eov v priamom prenose na Facebooku UPJ\u0160. Ani tento rok v\u0161ak nebude ch\u00fdba\u0165 mo\u017enos\u0165 podebatova\u0165 si so zamestn\u00e1vate\u013emi. Ot\u00e1zky im budete &hellip; \u010c\u00edta\u0165 \u010falej\" \/>\n<meta property=\"og:url\" content=\"https:\/\/www.upjs.sk\/pracoviska\/unipoc\/den-kariery\/program\/5-rocnik-2021\/\" \/>\n<meta property=\"og:site_name\" content=\"Univerzitn\u00e9 poradensk\u00e9 centrum (UNIPOC) | UPJ\u0160\" \/>\n<meta property=\"article:modified_time\" content=\"2022-11-13T21:48:07+00:00\" \/>\n<meta property=\"og:image\" content=\"https:\/\/www.upjs.sk\/app\/uploads\/sites\/20\/2022\/10\/Upjs-den-kariery-harmonogram.png\" \/>\n\t<meta property=\"og:image:width\" content=\"1654\" \/>\n\t<meta property=\"og:image:height\" content=\"2339\" \/>\n\t<meta property=\"og:image:type\" content=\"image\/png\" \/>\n<meta name=\"twitter:card\" content=\"summary_large_image\" \/>\n<meta name=\"twitter:label1\" content=\"Predpokladan\u00fd \u010das \u010d\u00edtania\" \/>\n\t<meta name=\"twitter:data1\" content=\"1 min\u00fata\" \/>\n<script type=\"application\/ld+json\" class=\"yoast-schema-graph\">{\"@context\":\"https:\\\/\\\/schema.org\",\"@graph\":[{\"@type\":\"WebPage\",\"@id\":\"https:\\\/\\\/www.upjs.sk\\\/pracoviska\\\/unipoc\\\/den-kariery\\\/program\\\/5-rocnik-2021\\\/\",\"url\":\"https:\\\/\\\/www.upjs.sk\\\/pracoviska\\\/unipoc\\\/den-kariery\\\/program\\\/5-rocnik-2021\\\/\",\"name\":\"5. ro\u010dn\u00edk D\u0148a kari\u00e9ry UPJ\u0160 v Ko\u0161iciach 2021 - Univerzitn\u00e9 poradensk\u00e9 centrum (UNIPOC) | UPJ\u0160\",\"isPartOf\":{\"@id\":\"https:\\\/\\\/www.upjs.sk\\\/pracoviska\\\/unipoc\\\/#website\"},\"primaryImageOfPage\":{\"@id\":\"https:\\\/\\\/www.upjs.sk\\\/pracoviska\\\/unipoc\\\/den-kariery\\\/program\\\/5-rocnik-2021\\\/#primaryimage\"},\"image\":{\"@id\":\"https:\\\/\\\/www.upjs.sk\\\/pracoviska\\\/unipoc\\\/den-kariery\\\/program\\\/5-rocnik-2021\\\/#primaryimage\"},\"thumbnailUrl\":\"https:\\\/\\\/www.upjs.sk\\\/app\\\/uploads\\\/sites\\\/20\\\/2022\\\/10\\\/Upjs-den-kariery-harmonogram.png\",\"datePublished\":\"2022-02-19T20:29:09+00:00\",\"dateModified\":\"2022-11-13T21:48:07+00:00\",\"breadcrumb\":{\"@id\":\"https:\\\/\\\/www.upjs.sk\\\/pracoviska\\\/unipoc\\\/den-kariery\\\/program\\\/5-rocnik-2021\\\/#breadcrumb\"},\"inLanguage\":\"sk-SK\",\"potentialAction\":[{\"@type\":\"ReadAction\",\"target\":[\"https:\\\/\\\/www.upjs.sk\\\/pracoviska\\\/unipoc\\\/den-kariery\\\/program\\\/5-rocnik-2021\\\/\"]}]},{\"@type\":\"ImageObject\",\"inLanguage\":\"sk-SK\",\"@id\":\"https:\\\/\\\/www.upjs.sk\\\/pracoviska\\\/unipoc\\\/den-kariery\\\/program\\\/5-rocnik-2021\\\/#primaryimage\",\"url\":\"https:\\\/\\\/www.upjs.sk\\\/app\\\/uploads\\\/sites\\\/20\\\/2022\\\/10\\\/Upjs-den-kariery-harmonogram.png\",\"contentUrl\":\"https:\\\/\\\/www.upjs.sk\\\/app\\\/uploads\\\/sites\\\/20\\\/2022\\\/10\\\/Upjs-den-kariery-harmonogram.png\",\"width\":1654,\"height\":2339},{\"@type\":\"BreadcrumbList\",\"@id\":\"https:\\\/\\\/www.upjs.sk\\\/pracoviska\\\/unipoc\\\/den-kariery\\\/program\\\/5-rocnik-2021\\\/#breadcrumb\",\"itemListElement\":[{\"@type\":\"ListItem\",\"position\":1,\"name\":\"Home\",\"item\":\"https:\\\/\\\/www.upjs.sk\\\/pracoviska\\\/unipoc\\\/\"},{\"@type\":\"ListItem\",\"position\":2,\"name\":\"De\u0148 kari\u00e9ry\",\"item\":\"https:\\\/\\\/www.upjs.sk\\\/pracoviska\\\/unipoc\\\/den-kariery\\\/\"},{\"@type\":\"ListItem\",\"position\":3,\"name\":\"Program\",\"item\":\"https:\\\/\\\/www.upjs.sk\\\/pracoviska\\\/unipoc\\\/den-kariery\\\/program\\\/\"},{\"@type\":\"ListItem\",\"position\":4,\"name\":\"5. ro\u010dn\u00edk D\u0148a kari\u00e9ry UPJ\u0160 v Ko\u0161iciach 2021\"}]},{\"@type\":\"WebSite\",\"@id\":\"https:\\\/\\\/www.upjs.sk\\\/pracoviska\\\/unipoc\\\/#website\",\"url\":\"https:\\\/\\\/www.upjs.sk\\\/pracoviska\\\/unipoc\\\/\",\"name\":\"Univerzitn\u00e9 poradensk\u00e9 centrum (UNIPOC) | UPJ\u0160\",\"description\":\"\",\"publisher\":{\"@id\":\"https:\\\/\\\/www.upjs.sk\\\/pracoviska\\\/unipoc\\\/#organization\"},\"potentialAction\":[{\"@type\":\"SearchAction\",\"target\":{\"@type\":\"EntryPoint\",\"urlTemplate\":\"https:\\\/\\\/www.upjs.sk\\\/pracoviska\\\/unipoc\\\/?s={search_term_string}\"},\"query-input\":{\"@type\":\"PropertyValueSpecification\",\"valueRequired\":true,\"valueName\":\"search_term_string\"}}],\"inLanguage\":\"sk-SK\"},{\"@type\":\"Organization\",\"@id\":\"https:\\\/\\\/www.upjs.sk\\\/pracoviska\\\/unipoc\\\/#organization\",\"name\":\"Univerzitn\u00e9 poradensk\u00e9 centrum (UNIPOC) | UPJ\u0160\",\"url\":\"https:\\\/\\\/www.upjs.sk\\\/pracoviska\\\/unipoc\\\/\",\"logo\":{\"@type\":\"ImageObject\",\"inLanguage\":\"sk-SK\",\"@id\":\"https:\\\/\\\/www.upjs.sk\\\/pracoviska\\\/unipoc\\\/#\\\/schema\\\/logo\\\/image\\\/\",\"url\":\"https:\\\/\\\/www.upjs.sk\\\/app\\\/uploads\\\/sites\\\/20\\\/2023\\\/01\\\/UNIPOC.svg\",\"contentUrl\":\"https:\\\/\\\/www.upjs.sk\\\/app\\\/uploads\\\/sites\\\/20\\\/2023\\\/01\\\/UNIPOC.svg\",\"width\":500,\"height\":138,\"caption\":\"Univerzitn\u00e9 poradensk\u00e9 centrum (UNIPOC) | UPJ\u0160\"},\"image\":{\"@id\":\"https:\\\/\\\/www.upjs.sk\\\/pracoviska\\\/unipoc\\\/#\\\/schema\\\/logo\\\/image\\\/\"}}]}<\/script>\n<!-- \/ Yoast SEO plugin. -->","yoast_head_json":{"title":"5. ro\u010dn\u00edk D\u0148a kari\u00e9ry UPJ\u0160 v Ko\u0161iciach 2021 - Univerzitn\u00e9 poradensk\u00e9 centrum (UNIPOC) | UPJ\u0160","robots":{"index":"index","follow":"follow","max-snippet":"max-snippet:-1","max-image-preview":"max-image-preview:large","max-video-preview":"max-video-preview:-1"},"canonical":"https:\/\/www.upjs.sk\/pracoviska\/unipoc\/den-kariery\/program\/5-rocnik-2021\/","og_locale":"sk_SK","og_type":"article","og_title":"5. ro\u010dn\u00edk D\u0148a kari\u00e9ry UPJ\u0160 v Ko\u0161iciach 2021 - Univerzitn\u00e9 poradensk\u00e9 centrum (UNIPOC) | UPJ\u0160","og_description":"Nezme\u0161kaj \u0161ancu virtu\u00e1lne si podebatova\u0165 so zamestn\u00e1vate\u013emi. Univerzitn\u00e9 poradensk\u00e9 centrum UNIPOC poz\u00fdva na piaty ro\u010dn\u00edk D\u0148a kari\u00e9ry v netradi\u010dnom online form\u00e1te! Podujatie sa uskuto\u010dn\u00ed v stredu, 14. apr\u00edla 2021. V \u010dase od 10:00 uvid\u00edte zamestn\u00e1vate\u013eov v priamom prenose na Facebooku UPJ\u0160. Ani tento rok v\u0161ak nebude ch\u00fdba\u0165 mo\u017enos\u0165 podebatova\u0165 si so zamestn\u00e1vate\u013emi. Ot\u00e1zky im budete &hellip; \u010c\u00edta\u0165 \u010falej","og_url":"https:\/\/www.upjs.sk\/pracoviska\/unipoc\/den-kariery\/program\/5-rocnik-2021\/","og_site_name":"Univerzitn\u00e9 poradensk\u00e9 centrum (UNIPOC) | UPJ\u0160","article_modified_time":"2022-11-13T21:48:07+00:00","og_image":[{"width":1654,"height":2339,"url":"https:\/\/www.upjs.sk\/app\/uploads\/sites\/20\/2022\/10\/Upjs-den-kariery-harmonogram.png","type":"image\/png"}],"twitter_card":"summary_large_image","twitter_misc":{"Predpokladan\u00fd \u010das \u010d\u00edtania":"1 min\u00fata"},"schema":{"@context":"https:\/\/schema.org","@graph":[{"@type":"WebPage","@id":"https:\/\/www.upjs.sk\/pracoviska\/unipoc\/den-kariery\/program\/5-rocnik-2021\/","url":"https:\/\/www.upjs.sk\/pracoviska\/unipoc\/den-kariery\/program\/5-rocnik-2021\/","name":"5. ro\u010dn\u00edk D\u0148a kari\u00e9ry UPJ\u0160 v Ko\u0161iciach 2021 - Univerzitn\u00e9 poradensk\u00e9 centrum (UNIPOC) | UPJ\u0160","isPartOf":{"@id":"https:\/\/www.upjs.sk\/pracoviska\/unipoc\/#website"},"primaryImageOfPage":{"@id":"https:\/\/www.upjs.sk\/pracoviska\/unipoc\/den-kariery\/program\/5-rocnik-2021\/#primaryimage"},"image":{"@id":"https:\/\/www.upjs.sk\/pracoviska\/unipoc\/den-kariery\/program\/5-rocnik-2021\/#primaryimage"},"thumbnailUrl":"https:\/\/www.upjs.sk\/app\/uploads\/sites\/20\/2022\/10\/Upjs-den-kariery-harmonogram.png","datePublished":"2022-02-19T20:29:09+00:00","dateModified":"2022-11-13T21:48:07+00:00","breadcrumb":{"@id":"https:\/\/www.upjs.sk\/pracoviska\/unipoc\/den-kariery\/program\/5-rocnik-2021\/#breadcrumb"},"inLanguage":"sk-SK","potentialAction":[{"@type":"ReadAction","target":["https:\/\/www.upjs.sk\/pracoviska\/unipoc\/den-kariery\/program\/5-rocnik-2021\/"]}]},{"@type":"ImageObject","inLanguage":"sk-SK","@id":"https:\/\/www.upjs.sk\/pracoviska\/unipoc\/den-kariery\/program\/5-rocnik-2021\/#primaryimage","url":"https:\/\/www.upjs.sk\/app\/uploads\/sites\/20\/2022\/10\/Upjs-den-kariery-harmonogram.png","contentUrl":"https:\/\/www.upjs.sk\/app\/uploads\/sites\/20\/2022\/10\/Upjs-den-kariery-harmonogram.png","width":1654,"height":2339},{"@type":"BreadcrumbList","@id":"https:\/\/www.upjs.sk\/pracoviska\/unipoc\/den-kariery\/program\/5-rocnik-2021\/#breadcrumb","itemListElement":[{"@type":"ListItem","position":1,"name":"Home","item":"https:\/\/www.upjs.sk\/pracoviska\/unipoc\/"},{"@type":"ListItem","position":2,"name":"De\u0148 kari\u00e9ry","item":"https:\/\/www.upjs.sk\/pracoviska\/unipoc\/den-kariery\/"},{"@type":"ListItem","position":3,"name":"Program","item":"https:\/\/www.upjs.sk\/pracoviska\/unipoc\/den-kariery\/program\/"},{"@type":"ListItem","position":4,"name":"5. ro\u010dn\u00edk D\u0148a kari\u00e9ry UPJ\u0160 v Ko\u0161iciach 2021"}]},{"@type":"WebSite","@id":"https:\/\/www.upjs.sk\/pracoviska\/unipoc\/#website","url":"https:\/\/www.upjs.sk\/pracoviska\/unipoc\/","name":"Univerzitn\u00e9 poradensk\u00e9 centrum (UNIPOC) | UPJ\u0160","description":"","publisher":{"@id":"https:\/\/www.upjs.sk\/pracoviska\/unipoc\/#organization"},"potentialAction":[{"@type":"SearchAction","target":{"@type":"EntryPoint","urlTemplate":"https:\/\/www.upjs.sk\/pracoviska\/unipoc\/?s={search_term_string}"},"query-input":{"@type":"PropertyValueSpecification","valueRequired":true,"valueName":"search_term_string"}}],"inLanguage":"sk-SK"},{"@type":"Organization","@id":"https:\/\/www.upjs.sk\/pracoviska\/unipoc\/#organization","name":"Univerzitn\u00e9 poradensk\u00e9 centrum (UNIPOC) | UPJ\u0160","url":"https:\/\/www.upjs.sk\/pracoviska\/unipoc\/","logo":{"@type":"ImageObject","inLanguage":"sk-SK","@id":"https:\/\/www.upjs.sk\/pracoviska\/unipoc\/#\/schema\/logo\/image\/","url":"https:\/\/www.upjs.sk\/app\/uploads\/sites\/20\/2023\/01\/UNIPOC.svg","contentUrl":"https:\/\/www.upjs.sk\/app\/uploads\/sites\/20\/2023\/01\/UNIPOC.svg","width":500,"height":138,"caption":"Univerzitn\u00e9 poradensk\u00e9 centrum (UNIPOC) | UPJ\u0160"},"image":{"@id":"https:\/\/www.upjs.sk\/pracoviska\/unipoc\/#\/schema\/logo\/image\/"}}]}},"_links":{"self":[{"href":"https:\/\/www.upjs.sk\/pracoviska\/unipoc\/wp-json\/wp\/v2\/pages\/13854","targetHints":{"allow":["GET"]}}],"collection":[{"href":"https:\/\/www.upjs.sk\/pracoviska\/unipoc\/wp-json\/wp\/v2\/pages"}],"about":[{"href":"https:\/\/www.upjs.sk\/pracoviska\/unipoc\/wp-json\/wp\/v2\/types\/page"}],"author":[{"embeddable":true,"href":"https:\/\/www.upjs.sk\/pracoviska\/unipoc\/wp-json\/wp\/v2\/users\/1"}],"replies":[{"embeddable":true,"href":"https:\/\/www.upjs.sk\/pracoviska\/unipoc\/wp-json\/wp\/v2\/comments?post=13854"}],"version-history":[{"count":1,"href":"https:\/\/www.upjs.sk\/pracoviska\/unipoc\/wp-json\/wp\/v2\/pages\/13854\/revisions"}],"predecessor-version":[{"id":13857,"href":"https:\/\/www.upjs.sk\/pracoviska\/unipoc\/wp-json\/wp\/v2\/pages\/13854\/revisions\/13857"}],"up":[{"embeddable":true,"href":"https:\/\/www.upjs.sk\/pracoviska\/unipoc\/wp-json\/wp\/v2\/pages\/13838"}],"wp:featuredmedia":[{"embeddable":true,"href":"https:\/\/www.upjs.sk\/pracoviska\/unipoc\/wp-json\/wp\/v2\/media\/13855"}],"wp:attachment":[{"href":"https:\/\/www.upjs.sk\/pracoviska\/unipoc\/wp-json\/wp\/v2\/media?parent=13854"}],"wp:term":[{"taxonomy":"category","embeddable":true,"href":"https:\/\/www.upjs.sk\/pracoviska\/unipoc\/wp-json\/wp\/v2\/categories?post=13854"},{"taxonomy":"post_tag","embeddable":true,"href":"https:\/\/www.upjs.sk\/pracoviska\/unipoc\/wp-json\/wp\/v2\/tags?post=13854"}],"curies":[{"name":"wp","href":"https:\/\/api.w.org\/{rel}","templated":true}]}}