{"id":13100,"date":"2022-07-20T09:41:51","date_gmt":"2022-07-20T09:41:51","guid":{"rendered":"https:\/\/www.upjs.sk\/pracoviska\/univerzitna-kniznica\/root\/katalogy\/zoznam-lokacia-sam\/"},"modified":"2023-10-11T11:29:32","modified_gmt":"2023-10-11T11:29:32","slug":"zoznam-lokacia-sam","status":"publish","type":"page","link":"https:\/\/www.upjs.sk\/pracoviska\/univerzitna-kniznica\/zoznam-odoberanych-periodik\/zoznam-lokacia-sam\/","title":{"rendered":"Zoznam odoberan\u00fdch period\u00edk &#8211; Pr\u00edrodovedeck\u00e1 kni\u017enica"},"content":{"rendered":"<p><strong>Pou\u017eit\u00e9 skratky:<\/strong><\/p>\n<table>\n<tbody>\n<tr>\n<td><strong>STU<\/strong><\/td>\n<td>&#8211; Lek\u00e1rska kni\u017enica &#8211; \u0161tudov\u0148a, Trieda SNP 1<\/td>\n<\/tr>\n<tr>\n<td><strong>SA1<\/strong><\/td>\n<td>&#8211; Pr\u00edrodovedeck\u00e1 kni\u017enica &#8211; \u0161tudov\u0148a, Park Angelinum 9<\/td>\n<\/tr>\n<tr>\n<td><strong>BOT<\/strong><\/td>\n<td>&#8211; \u010ciastkov\u00e1 kni\u017enica pri Botanickej z\u00e1hrade, M\u00e1nesova 23<\/td>\n<\/tr>\n<\/tbody>\n<\/table>\n<p align=\"center\"><strong><a href=\"#A\">A<\/a> &#8211; <a href=\"#B\">B<\/a> &#8211; <a href=\"#C\">C<\/a> &#8211; <a href=\"#\u010c\">\u010c<\/a> &#8211; <a href=\"#D\">D<\/a> &#8211; <a href=\"#E\">E<\/a> &#8211; <a href=\"#F\">F<\/a> &#8211; <a href=\"#G\">G<\/a> &#8211; <a href=\"#H\">H<\/a> &#8211; <a href=\"#CH\">CH<\/a> &#8211; <a href=\"#I\">I<\/a> &#8211; <a href=\"#J\">J<\/a> &#8211; <a href=\"#K\">K<\/a> &#8211; <a href=\"#L\">L<\/a> &#8211; <a href=\"#M\">M<\/a> &#8211; <a href=\"#N\">N<\/a> &#8211; <a href=\"#O\">O<\/a> &#8211; <a href=\"#P\">P<\/a> &#8211; <a href=\"#Q\">Q<\/a> &#8211; <a href=\"#R\">R<\/a> &#8211; <a href=\"#S\">S<\/a> &#8211; <a href=\"#T\">T<\/a> &#8211; <a href=\"#U\">U<\/a> &#8211; <a href=\"#V\">V<\/a> &#8211; <a href=\"#W\">W<\/a> &#8211; <a href=\"#Z\">Z<\/a> &#8211; <a href=\"#\u017d\">\u017d<\/a><\/strong><\/p>\n\n\n<table align=\"center\" border=\"1\" cellpadding=\"3\" cellspacing=\"0\">\n\t<tbody>\n\t\t<tr>\n\t\t\t<th align=\"center\" nowrap=\"nowrap\"><strong>N\u00e1zov<\/strong><\/th>\n\t\t\t<th align=\"center\" nowrap=\"nowrap\"><strong>Kraj.<br>\n\t\t\tvyd.<\/strong><\/th>\n\t\t\t<th align=\"center\" nowrap=\"nowrap\"><strong>Odbor<\/strong><\/th>\n\t\t\t<th align=\"center\" colspan=\"2\" nowrap=\"nowrap\"><strong>Loka\u010dn\u00e1 zna\u010dka<br>\n\t\t\t2022&nbsp;&nbsp;&nbsp;&nbsp;&nbsp;&nbsp;&nbsp;&nbsp;&nbsp;&nbsp;&nbsp;&nbsp;&nbsp;&nbsp;&nbsp;&nbsp;&nbsp;&nbsp; 2023<\/strong><\/th>\n\t\t\t<th align=\"center\" nowrap=\"nowrap\"><strong>IF<br>\n\t\t\t2022<\/strong><\/th>\n\t\t<\/tr>\n<tr><td><a href=\"\thttp:\/\/www.aei.tuke.sk\/\t\" \tname=\"A\"\t>\tActa Electrotechnica et Informatica\t<\/a><\/td><td>\tSK\t<\/td><td>\tFyz V\u00fdp\t<\/td><td>\tSA1\t<\/td><td>\tSA1\t<\/td><td>\t\t<\/td><\/tr>\n<tr><td><a href=\"\thttp:\/\/www.iam.fmph.uniba.sk\/amuc\/ojs\/index.php\/amuc\/\t\" \t0\t>\tActa Mathematica Universitatis Comenianae\t<\/a><\/td><td>\tSK\t<\/td><td>\tMat\t<\/td><td>\tSA1\t<\/td><td>\tSA1\t<\/td><td>\t0.7\t<\/td><\/tr>\n<tr><td><a href=\"\thttp:\/\/www.emis.de\/journals\/AM\/\t\" \t0\t>\tArchivum Mathematicum\t<\/a><\/td><td>\tCZ\t<\/td><td>\tMat\t<\/td><td>\tSA1\t<\/td><td>\tSA1\t<\/td><td>\t0.6\t<\/td><\/tr>\n<tr><td><a href=\"\thttp:\/\/bichez.pedf.cuni.cz\/\t\" \tname=\"B\"\t>\tBiologie chemie zem\u011bpis\t<\/a><\/td><td>\tCZ\t<\/td><td>\tBio Geo Ch\u00e9m  \t<\/td><td>\tSA1\t<\/td><td>\tSA1\t<\/td><td>\t\t<\/td><\/tr>\n<tr><td><a href=\"\thttp:\/\/computerworld.cz\/\t\" \tname=\"C\"\t>\tComputerworld\t<\/a><\/td><td>\tCZ\t<\/td><td>\tV\u00fdp\t<\/td><td>\tSA1\t<\/td><td>\t\t<\/td><td>\t\t<\/td><\/tr>\n<tr><td><a href=\"\thttp:\/\/www.cai.sk\/\t\" \t0\t>\tComputing and Informatics\t<\/a><\/td><td>\tSK\t<\/td><td>\tV\u00fdp\t<\/td><td>\tSA1\t<\/td><td>\tSA1\t<\/td><td>\t0.7\t<\/td><\/tr>\n<tr><td><a href=\"\thttps:\/\/ccf.fzu.cz\/vyhledej.php\t\" \t0\t>\t\u010ceskoslovensk\u00fd \u010dasopis pro fyziku\t<\/a><\/td><td>\tCZ\t<\/td><td>\tFyz\t<\/td><td>\tSA1 \t<\/td><td>\tSA1\t<\/td><td>\t\t<\/td><\/tr>\n<tr><td><a href=\"\thttps:\/\/www.czso.cz\/csu\/czso\/demografie\t\" \tname=\"D\"\t>\tDemografie\t<\/a><\/td><td>\tCZ\t<\/td><td>\tSoc\t<\/td><td>\tSA1  \t<\/td><td>\tSA1\t<\/td><td>\t0.5\t<\/td><\/tr>\n<tr><td><a href=\"\thttp:\/\/www.casopisgeografia.sk\/index.php\/Geografia\/index\t\" \tname=\"G\"\t>\tGeografia\t<\/a><\/td><td>\tSK\t<\/td><td>\tGeo\t<\/td><td>\tSA1\t<\/td><td>\tSA1\t<\/td><td>\t\t<\/td><\/tr>\n<tr><td><a href=\"\thttps:\/\/www.sav.sk\/?lang=sk&#038;doc=journal-list&#038;journal_no=9\t\" \t0\t>\tGeografick\u00fd \u010dasopis\t<\/a><\/td><td>\tSK\t<\/td><td>\tGeo\t<\/td><td>\tSA1  \t<\/td><td>\tSA1\t<\/td><td>\t\t<\/td><\/tr>\n<tr><td><a href=\"\thttps:\/\/www.geograficke-rozhledy.cz\/\t\" \t0\t>\tGeografick\u00e9 rozhledy\t<\/a><\/td><td>\tCZ\t<\/td><td>\tGeo\t<\/td><td>\tSA1  k 10.10.2023 ch\u00fdba \u010d. 3-5\t<\/td><td>\tSA1\t<\/td><td>\t\t<\/td><\/tr>\n<tr><td><a href=\"\thttps:\/\/www.gcass.science.upjs.sk\/\t\" \t0\t>\tGeographia Cassoviensis\t<\/a><\/td><td>\tSK\t<\/td><td>\tGeo\t<\/td><td>\tSA1 \t<\/td><td>\tSA1\t<\/td><td>\t\t<\/td><\/tr>\n<tr><td><a href=\"\thttp:\/\/www.ped.muni.cz\/komensky\/\t\" \tname=\"K\"\t>\tKomensk\u00fd\t<\/a><\/td><td>\tCZ\t<\/td><td>\tV\u00fdch\t<\/td><td>\tSA1   k 14.2.2023 ch\u00fdba \u010d. 1,2\t<\/td><td>\t0\t<\/td><td>\t\t<\/td><\/tr>\n<tr><td><a href=\"\thttp:\/\/www.omfi.ukf.sk\/\t\" \tname=\"O\"\t>\tObzory matematiky, fyziky a informatiky\t<\/a><\/td><td>\tSK\t<\/td><td>\tFyz Mat V\u00fdp\t<\/td><td>\tSA1\t<\/td><td>\tSA1\t<\/td><td>\t\t<\/td><\/tr>\n<tr><td><a href=\"\thttps:\/\/journals.muni.cz\/pedor\t\" \tname=\"P\"\t>\tPedagogick\u00e1 orientace\t<\/a><\/td><td>\tCZ\t<\/td><td>\tV\u00fdch\t<\/td><td>\tSA1\t<\/td><td>\t\t<\/td><td>\t\t<\/td><\/tr>\n<tr><td><a href=\"\thttps:\/\/ojs.cuni.cz\/pedagogika\t\" \t0\t>\tPedagogika\t<\/a><\/td><td>\tCZ\t<\/td><td>\tV\u00fdch\t<\/td><td>\tSA1\t<\/td><td>\t\t<\/td><td>\t\t<\/td><\/tr>\n<tr><td><a href=\"\thttps:\/\/www.dml.cz\/handle\/10338.dmlcz\/140123\t\" \t0\t>\tPokroky matematiky fyziky astronomie\t<\/a><\/td><td>\tCZ\t<\/td><td>\tAstron\u00f3m Fyz Mat\t<\/td><td>\tSA1 \t<\/td><td>\tSA1\t<\/td><td>\t\t<\/td><\/tr>\n<tr><td><a href=\"\thttps:\/\/www.dml.cz\/handle\/10338.dmlcz\/146077\t\" \t0\t>\tRozhledy matematicko-fyzik\u00e1ln\u00ed\t<\/a><\/td><td>\tCZ\t<\/td><td>\tFyz Mat\t<\/td><td>\tSA1  \t<\/td><td>\tSA1\t<\/td><td>\t\t<\/td><\/tr>\n<tr><td><a href=\"\thttps:\/\/ssad.statistics.sk\/SSaD\/\t\" \tname=\"S\"\t>\tSlovensk\u00e1 \u0161tatistika a demografia\t<\/a><\/td><td>\tSK\t<\/td><td>\tSoc\t<\/td><td>\tSA1\t<\/td><td>\tSA1\t<\/td><td>\t\t<\/td><\/tr>\n<tr><td><a href=\"\thttps:\/\/www.upjs.sk\/pracoviska\/botanicka-zahrada\/odborne-aktivity\/thaiszia-2\/\t\" \tname=\"T\"\t>\tThaiszia\t<\/a><\/td><td>\tSK\t<\/td><td>\tBot\t<\/td><td>\tSA1\t<\/td><td>\tSA1\t<\/td><td>\t\t<\/td><\/tr>\n<tr><td><a href=\"\thttps:\/\/ojs.cuni.cz\/ucitel\/\t\" \tname=\"U\"\t>\tU\u010ditel matematiky\t<\/a><\/td><td>\tCZ\t<\/td><td>\tMat\t<\/td><td>\tSA1  k 10.10.2023 ch\u00fdba \u010d. 2\t<\/td><td>\tSA1\t<\/td><td>\t\t<\/td><\/tr>\n<tr><td><a href=\"\thttp:\/\/www.vesmir.cz\/\t\" \tname=\"V\"\t>\tVesm\u00edr\t<\/a><\/td><td>\tCZ\t<\/td><td>\tFyz\t<\/td><td>\tBOT, SA1 k 10.10.2023 ch\u00fdba \u010d. 5\t<\/td><td>\tBOT, SA1\t<\/td><td>\t\t<\/td><\/tr>\n<tr><td><a href=\"\thttp:\/\/ziva.avcr.cz\/\t\" \tname=\"\u017d\"\t>\t\u017diva\t<\/a><\/td><td>\tSK\t<\/td><td>\tBio\t<\/td><td>\tBOT, SA1 \t<\/td><td>\tBOT, SA1\t<\/td><td>\t\t<\/td><\/tr>\n\n\n\t<\/tbody>\n<\/table>\n","protected":false},"excerpt":{"rendered":"<p>Pou\u017eit\u00e9 skratky: STU &#8211; Lek\u00e1rska kni\u017enica &#8211; \u0161tudov\u0148a, Trieda SNP 1 SA1 &#8211; Pr\u00edrodovedeck\u00e1 kni\u017enica &#8211; \u0161tudov\u0148a, Park Angelinum 9 BOT &#8211; \u010ciastkov\u00e1 kni\u017enica pri Botanickej z\u00e1hrade, M\u00e1nesova 23 A &#8211; B &#8211; C &#8211; \u010c &#8211; D &#8211; E &#8211; F &#8211; G &#8211; H &#8211; CH &#8211; I &#8211; J &#8211; K &#8211; &hellip; <a href=\"https:\/\/www.upjs.sk\/pracoviska\/univerzitna-kniznica\/zoznam-odoberanych-periodik\/zoznam-lokacia-sam\/\">\u010c\u00edta\u0165 \u010falej<\/a><\/p>\n","protected":false},"author":1,"featured_media":0,"parent":13097,"menu_order":0,"comment_status":"closed","ping_status":"closed","template":"","meta":{"_acf_changed":false,"_editorskit_title_hidden":false,"_editorskit_reading_time":1,"_editorskit_is_block_options_detached":false,"_editorskit_block_options_position":"{}","footnotes":""},"categories":[],"tags":[],"class_list":["post-13100","page","type-page","status-publish","hentry"],"acf":{"acf_link_na_externy_obsah":""},"yoast_head":"<!-- This site is optimized with the Yoast SEO plugin v27.4 - https:\/\/yoast.com\/product\/yoast-seo-wordpress\/ -->\n<title>Zoznam odoberan\u00fdch period\u00edk - Pr\u00edrodovedeck\u00e1 kni\u017enica - Univerzitn\u00e1 kni\u017enica | UPJ\u0160<\/title>\n<meta name=\"robots\" content=\"index, follow, max-snippet:-1, max-image-preview:large, max-video-preview:-1\" \/>\n<link rel=\"canonical\" href=\"https:\/\/www.upjs.sk\/pracoviska\/univerzitna-kniznica\/zoznam-odoberanych-periodik\/zoznam-lokacia-sam\/\" \/>\n<meta property=\"og:locale\" content=\"sk_SK\" \/>\n<meta property=\"og:type\" content=\"article\" \/>\n<meta property=\"og:title\" content=\"Zoznam odoberan\u00fdch period\u00edk - Pr\u00edrodovedeck\u00e1 kni\u017enica - Univerzitn\u00e1 kni\u017enica | UPJ\u0160\" \/>\n<meta property=\"og:description\" content=\"Pou\u017eit\u00e9 skratky: STU &#8211; Lek\u00e1rska kni\u017enica &#8211; \u0161tudov\u0148a, Trieda SNP 1 SA1 &#8211; Pr\u00edrodovedeck\u00e1 kni\u017enica &#8211; \u0161tudov\u0148a, Park Angelinum 9 BOT &#8211; \u010ciastkov\u00e1 kni\u017enica pri Botanickej z\u00e1hrade, M\u00e1nesova 23 A &#8211; B &#8211; C &#8211; \u010c &#8211; D &#8211; E &#8211; F &#8211; G &#8211; H &#8211; CH &#8211; I &#8211; J &#8211; K &#8211; &hellip; \u010c\u00edta\u0165 \u010falej\" \/>\n<meta property=\"og:url\" content=\"https:\/\/www.upjs.sk\/pracoviska\/univerzitna-kniznica\/zoznam-odoberanych-periodik\/zoznam-lokacia-sam\/\" \/>\n<meta property=\"og:site_name\" content=\"Univerzitn\u00e1 kni\u017enica | UPJ\u0160\" \/>\n<meta property=\"article:modified_time\" content=\"2023-10-11T11:29:32+00:00\" \/>\n<meta name=\"twitter:card\" content=\"summary_large_image\" \/>\n<meta name=\"twitter:label1\" content=\"Predpokladan\u00fd \u010das \u010d\u00edtania\" \/>\n\t<meta name=\"twitter:data1\" content=\"2 min\u00faty\" \/>\n<script type=\"application\/ld+json\" class=\"yoast-schema-graph\">{\"@context\":\"https:\\\/\\\/schema.org\",\"@graph\":[{\"@type\":\"WebPage\",\"@id\":\"https:\\\/\\\/www.upjs.sk\\\/pracoviska\\\/univerzitna-kniznica\\\/zoznam-odoberanych-periodik\\\/zoznam-lokacia-sam\\\/\",\"url\":\"https:\\\/\\\/www.upjs.sk\\\/pracoviska\\\/univerzitna-kniznica\\\/zoznam-odoberanych-periodik\\\/zoznam-lokacia-sam\\\/\",\"name\":\"Zoznam odoberan\u00fdch period\u00edk - Pr\u00edrodovedeck\u00e1 kni\u017enica - Univerzitn\u00e1 kni\u017enica | UPJ\u0160\",\"isPartOf\":{\"@id\":\"https:\\\/\\\/www.upjs.sk\\\/pracoviska\\\/univerzitna-kniznica\\\/#website\"},\"datePublished\":\"2022-07-20T09:41:51+00:00\",\"dateModified\":\"2023-10-11T11:29:32+00:00\",\"breadcrumb\":{\"@id\":\"https:\\\/\\\/www.upjs.sk\\\/pracoviska\\\/univerzitna-kniznica\\\/zoznam-odoberanych-periodik\\\/zoznam-lokacia-sam\\\/#breadcrumb\"},\"inLanguage\":\"sk-SK\",\"potentialAction\":[{\"@type\":\"ReadAction\",\"target\":[\"https:\\\/\\\/www.upjs.sk\\\/pracoviska\\\/univerzitna-kniznica\\\/zoznam-odoberanych-periodik\\\/zoznam-lokacia-sam\\\/\"]}]},{\"@type\":\"BreadcrumbList\",\"@id\":\"https:\\\/\\\/www.upjs.sk\\\/pracoviska\\\/univerzitna-kniznica\\\/zoznam-odoberanych-periodik\\\/zoznam-lokacia-sam\\\/#breadcrumb\",\"itemListElement\":[{\"@type\":\"ListItem\",\"position\":1,\"name\":\"Home\",\"item\":\"https:\\\/\\\/www.upjs.sk\\\/pracoviska\\\/univerzitna-kniznica\\\/\"},{\"@type\":\"ListItem\",\"position\":2,\"name\":\"Zoznam odoberan\u00fdch period\u00edk\",\"item\":\"https:\\\/\\\/www.upjs.sk\\\/pracoviska\\\/univerzitna-kniznica\\\/zoznam-odoberanych-periodik\\\/\"},{\"@type\":\"ListItem\",\"position\":3,\"name\":\"Zoznam odoberan\u00fdch period\u00edk &#8211; Pr\u00edrodovedeck\u00e1 kni\u017enica\"}]},{\"@type\":\"WebSite\",\"@id\":\"https:\\\/\\\/www.upjs.sk\\\/pracoviska\\\/univerzitna-kniznica\\\/#website\",\"url\":\"https:\\\/\\\/www.upjs.sk\\\/pracoviska\\\/univerzitna-kniznica\\\/\",\"name\":\"Univerzitn\u00e1 kni\u017enica | UPJ\u0160\",\"description\":\"Dr\u017e\u00edme v\u00e1s nad vodou v mori inform\u00e1ci\u00ed\",\"publisher\":{\"@id\":\"https:\\\/\\\/www.upjs.sk\\\/pracoviska\\\/univerzitna-kniznica\\\/#organization\"},\"potentialAction\":[{\"@type\":\"SearchAction\",\"target\":{\"@type\":\"EntryPoint\",\"urlTemplate\":\"https:\\\/\\\/www.upjs.sk\\\/pracoviska\\\/univerzitna-kniznica\\\/?s={search_term_string}\"},\"query-input\":{\"@type\":\"PropertyValueSpecification\",\"valueRequired\":true,\"valueName\":\"search_term_string\"}}],\"inLanguage\":\"sk-SK\"},{\"@type\":\"Organization\",\"@id\":\"https:\\\/\\\/www.upjs.sk\\\/pracoviska\\\/univerzitna-kniznica\\\/#organization\",\"name\":\"Univerzitn\u00e1 kni\u017enica | UPJ\u0160\",\"url\":\"https:\\\/\\\/www.upjs.sk\\\/pracoviska\\\/univerzitna-kniznica\\\/\",\"logo\":{\"@type\":\"ImageObject\",\"inLanguage\":\"sk-SK\",\"@id\":\"https:\\\/\\\/www.upjs.sk\\\/pracoviska\\\/univerzitna-kniznica\\\/#\\\/schema\\\/logo\\\/image\\\/\",\"url\":\"https:\\\/\\\/www.upjs.sk\\\/app\\\/uploads\\\/sites\\\/16\\\/2023\\\/01\\\/UK-1.svg\",\"contentUrl\":\"https:\\\/\\\/www.upjs.sk\\\/app\\\/uploads\\\/sites\\\/16\\\/2023\\\/01\\\/UK-1.svg\",\"width\":500,\"height\":138,\"caption\":\"Univerzitn\u00e1 kni\u017enica | UPJ\u0160\"},\"image\":{\"@id\":\"https:\\\/\\\/www.upjs.sk\\\/pracoviska\\\/univerzitna-kniznica\\\/#\\\/schema\\\/logo\\\/image\\\/\"}}]}<\/script>\n<!-- \/ Yoast SEO plugin. -->","yoast_head_json":{"title":"Zoznam odoberan\u00fdch period\u00edk - Pr\u00edrodovedeck\u00e1 kni\u017enica - Univerzitn\u00e1 kni\u017enica | UPJ\u0160","robots":{"index":"index","follow":"follow","max-snippet":"max-snippet:-1","max-image-preview":"max-image-preview:large","max-video-preview":"max-video-preview:-1"},"canonical":"https:\/\/www.upjs.sk\/pracoviska\/univerzitna-kniznica\/zoznam-odoberanych-periodik\/zoznam-lokacia-sam\/","og_locale":"sk_SK","og_type":"article","og_title":"Zoznam odoberan\u00fdch period\u00edk - Pr\u00edrodovedeck\u00e1 kni\u017enica - Univerzitn\u00e1 kni\u017enica | UPJ\u0160","og_description":"Pou\u017eit\u00e9 skratky: STU &#8211; Lek\u00e1rska kni\u017enica &#8211; \u0161tudov\u0148a, Trieda SNP 1 SA1 &#8211; Pr\u00edrodovedeck\u00e1 kni\u017enica &#8211; \u0161tudov\u0148a, Park Angelinum 9 BOT &#8211; \u010ciastkov\u00e1 kni\u017enica pri Botanickej z\u00e1hrade, M\u00e1nesova 23 A &#8211; B &#8211; C &#8211; \u010c &#8211; D &#8211; E &#8211; F &#8211; G &#8211; H &#8211; CH &#8211; I &#8211; J &#8211; K &#8211; &hellip; \u010c\u00edta\u0165 \u010falej","og_url":"https:\/\/www.upjs.sk\/pracoviska\/univerzitna-kniznica\/zoznam-odoberanych-periodik\/zoznam-lokacia-sam\/","og_site_name":"Univerzitn\u00e1 kni\u017enica | UPJ\u0160","article_modified_time":"2023-10-11T11:29:32+00:00","twitter_card":"summary_large_image","twitter_misc":{"Predpokladan\u00fd \u010das \u010d\u00edtania":"2 min\u00faty"},"schema":{"@context":"https:\/\/schema.org","@graph":[{"@type":"WebPage","@id":"https:\/\/www.upjs.sk\/pracoviska\/univerzitna-kniznica\/zoznam-odoberanych-periodik\/zoznam-lokacia-sam\/","url":"https:\/\/www.upjs.sk\/pracoviska\/univerzitna-kniznica\/zoznam-odoberanych-periodik\/zoznam-lokacia-sam\/","name":"Zoznam odoberan\u00fdch period\u00edk - Pr\u00edrodovedeck\u00e1 kni\u017enica - Univerzitn\u00e1 kni\u017enica | UPJ\u0160","isPartOf":{"@id":"https:\/\/www.upjs.sk\/pracoviska\/univerzitna-kniznica\/#website"},"datePublished":"2022-07-20T09:41:51+00:00","dateModified":"2023-10-11T11:29:32+00:00","breadcrumb":{"@id":"https:\/\/www.upjs.sk\/pracoviska\/univerzitna-kniznica\/zoznam-odoberanych-periodik\/zoznam-lokacia-sam\/#breadcrumb"},"inLanguage":"sk-SK","potentialAction":[{"@type":"ReadAction","target":["https:\/\/www.upjs.sk\/pracoviska\/univerzitna-kniznica\/zoznam-odoberanych-periodik\/zoznam-lokacia-sam\/"]}]},{"@type":"BreadcrumbList","@id":"https:\/\/www.upjs.sk\/pracoviska\/univerzitna-kniznica\/zoznam-odoberanych-periodik\/zoznam-lokacia-sam\/#breadcrumb","itemListElement":[{"@type":"ListItem","position":1,"name":"Home","item":"https:\/\/www.upjs.sk\/pracoviska\/univerzitna-kniznica\/"},{"@type":"ListItem","position":2,"name":"Zoznam odoberan\u00fdch period\u00edk","item":"https:\/\/www.upjs.sk\/pracoviska\/univerzitna-kniznica\/zoznam-odoberanych-periodik\/"},{"@type":"ListItem","position":3,"name":"Zoznam odoberan\u00fdch period\u00edk &#8211; Pr\u00edrodovedeck\u00e1 kni\u017enica"}]},{"@type":"WebSite","@id":"https:\/\/www.upjs.sk\/pracoviska\/univerzitna-kniznica\/#website","url":"https:\/\/www.upjs.sk\/pracoviska\/univerzitna-kniznica\/","name":"Univerzitn\u00e1 kni\u017enica | UPJ\u0160","description":"Dr\u017e\u00edme v\u00e1s nad vodou v mori inform\u00e1ci\u00ed","publisher":{"@id":"https:\/\/www.upjs.sk\/pracoviska\/univerzitna-kniznica\/#organization"},"potentialAction":[{"@type":"SearchAction","target":{"@type":"EntryPoint","urlTemplate":"https:\/\/www.upjs.sk\/pracoviska\/univerzitna-kniznica\/?s={search_term_string}"},"query-input":{"@type":"PropertyValueSpecification","valueRequired":true,"valueName":"search_term_string"}}],"inLanguage":"sk-SK"},{"@type":"Organization","@id":"https:\/\/www.upjs.sk\/pracoviska\/univerzitna-kniznica\/#organization","name":"Univerzitn\u00e1 kni\u017enica | UPJ\u0160","url":"https:\/\/www.upjs.sk\/pracoviska\/univerzitna-kniznica\/","logo":{"@type":"ImageObject","inLanguage":"sk-SK","@id":"https:\/\/www.upjs.sk\/pracoviska\/univerzitna-kniznica\/#\/schema\/logo\/image\/","url":"https:\/\/www.upjs.sk\/app\/uploads\/sites\/16\/2023\/01\/UK-1.svg","contentUrl":"https:\/\/www.upjs.sk\/app\/uploads\/sites\/16\/2023\/01\/UK-1.svg","width":500,"height":138,"caption":"Univerzitn\u00e1 kni\u017enica | UPJ\u0160"},"image":{"@id":"https:\/\/www.upjs.sk\/pracoviska\/univerzitna-kniznica\/#\/schema\/logo\/image\/"}}]}},"_links":{"self":[{"href":"https:\/\/www.upjs.sk\/pracoviska\/univerzitna-kniznica\/wp-json\/wp\/v2\/pages\/13100","targetHints":{"allow":["GET"]}}],"collection":[{"href":"https:\/\/www.upjs.sk\/pracoviska\/univerzitna-kniznica\/wp-json\/wp\/v2\/pages"}],"about":[{"href":"https:\/\/www.upjs.sk\/pracoviska\/univerzitna-kniznica\/wp-json\/wp\/v2\/types\/page"}],"author":[{"embeddable":true,"href":"https:\/\/www.upjs.sk\/pracoviska\/univerzitna-kniznica\/wp-json\/wp\/v2\/users\/1"}],"replies":[{"embeddable":true,"href":"https:\/\/www.upjs.sk\/pracoviska\/univerzitna-kniznica\/wp-json\/wp\/v2\/comments?post=13100"}],"version-history":[{"count":9,"href":"https:\/\/www.upjs.sk\/pracoviska\/univerzitna-kniznica\/wp-json\/wp\/v2\/pages\/13100\/revisions"}],"predecessor-version":[{"id":32384,"href":"https:\/\/www.upjs.sk\/pracoviska\/univerzitna-kniznica\/wp-json\/wp\/v2\/pages\/13100\/revisions\/32384"}],"up":[{"embeddable":true,"href":"https:\/\/www.upjs.sk\/pracoviska\/univerzitna-kniznica\/wp-json\/wp\/v2\/pages\/13097"}],"wp:attachment":[{"href":"https:\/\/www.upjs.sk\/pracoviska\/univerzitna-kniznica\/wp-json\/wp\/v2\/media?parent=13100"}],"wp:term":[{"taxonomy":"category","embeddable":true,"href":"https:\/\/www.upjs.sk\/pracoviska\/univerzitna-kniznica\/wp-json\/wp\/v2\/categories?post=13100"},{"taxonomy":"post_tag","embeddable":true,"href":"https:\/\/www.upjs.sk\/pracoviska\/univerzitna-kniznica\/wp-json\/wp\/v2\/tags?post=13100"}],"curies":[{"name":"wp","href":"https:\/\/api.w.org\/{rel}","templated":true}]}}