{"id":13102,"date":"2022-07-20T09:42:36","date_gmt":"2022-07-20T09:42:36","guid":{"rendered":"https:\/\/www.upjs.sk\/pracoviska\/univerzitna-kniznica\/root\/katalogy\/zoznam-lokacia-ckach\/"},"modified":"2023-10-11T11:45:36","modified_gmt":"2023-10-11T11:45:36","slug":"zoznam-lokacia-ckach","status":"publish","type":"page","link":"https:\/\/www.upjs.sk\/pracoviska\/univerzitna-kniznica\/zoznam-odoberanych-periodik\/zoznam-lokacia-ckach\/","title":{"rendered":"Zoznam odoberan\u00fdch period\u00edk &#8211; \u010ciastkov\u00e1 kni\u017enica pri Katedre anorganickej ch\u00e9mie"},"content":{"rendered":"<p><strong>Pou\u017eit\u00e9 skratky:<\/strong><\/p>\n<table>\n<tbody>\n<tr>\n<td><strong>STU<\/strong><\/td>\n<td>&#8211; Lek\u00e1rska kni\u017enica, \u0161tudov\u0148a, Trieda SNP 1<\/td>\n<\/tr>\n<tr>\n<td><strong>KO8<\/strong><\/td>\n<td>&#8211; \u010ciastkov\u00e1 kni\u017enica pri Katedre anorganickej ch\u00e9mie, Moyzesova 11<\/td>\n<\/tr>\n<\/tbody>\n<\/table>\n\n\n<table align=\"center\" border=\"1\" cellpadding=\"3\" cellspacing=\"0\" width=\"400\">\n\t<tbody>\n\t\t<tr>\n\t\t\t<th ><strong>N\u00e1zov<\/strong><\/th>\n\t\t\t<th><strong> Kraj.<br>\n\t\t\tvyd.<\/strong><\/th>\n\t\t\t<th ><strong>Odbor<\/strong><\/th>\n\t\t\t<th align=\"center\" colspan=\"2\" nowrap=\"nowrap\"><strong>Loka\u010dn\u00e1 zna\u010dka<br>\n\t\t\t2022&nbsp;&nbsp;&nbsp;&nbsp;&nbsp;&nbsp;&nbsp;&nbsp;  2023<\/strong><\/th>\n\t\t\t<th align=\"center\" nowrap=\"nowrap\"><strong>IF<br>\n\t\t\t2022<\/strong><\/th>\n\t\t<\/tr>\n<tr><td><a href=\"\thttp:\/\/www.chemicke-listy.cz\/cz\/index.html\t\" \tname=\"CH\"\t>\tChemick\u00e9 listy\t<\/a><\/td><td>\tSK\t<\/td><td>\tCh\u00e9m\t<\/td><td>\t K08\t<\/td><td>\t K08\t<\/td><td>\t0.6\t<\/td><\/tr>\n\n<\/body>\n<\/table>\n","protected":false},"excerpt":{"rendered":"<p>Pou\u017eit\u00e9 skratky: STU &#8211; Lek\u00e1rska kni\u017enica, \u0161tudov\u0148a, Trieda SNP 1 KO8 &#8211; \u010ciastkov\u00e1 kni\u017enica pri Katedre anorganickej ch\u00e9mie, Moyzesova 11 N\u00e1zov Kraj. vyd. Odbor Loka\u010dn\u00e1 zna\u010dka 2022&nbsp;&nbsp;&nbsp;&nbsp;&nbsp;&nbsp;&nbsp;&nbsp; 2023 IF 2022 Chemick\u00e9 listy SK Ch\u00e9m K08 K08 0.6<\/p>\n","protected":false},"author":1,"featured_media":0,"parent":13097,"menu_order":0,"comment_status":"closed","ping_status":"closed","template":"","meta":{"_acf_changed":false,"_editorskit_title_hidden":false,"_editorskit_reading_time":1,"_editorskit_is_block_options_detached":false,"_editorskit_block_options_position":"{}","footnotes":""},"categories":[],"tags":[],"class_list":["post-13102","page","type-page","status-publish","hentry"],"acf":{"acf_link_na_externy_obsah":""},"yoast_head":"<!-- This site is optimized with the Yoast SEO plugin v27.4 - https:\/\/yoast.com\/product\/yoast-seo-wordpress\/ -->\n<title>Zoznam odoberan\u00fdch period\u00edk - \u010ciastkov\u00e1 kni\u017enica pri Katedre anorganickej ch\u00e9mie - Univerzitn\u00e1 kni\u017enica | UPJ\u0160<\/title>\n<meta name=\"robots\" content=\"index, follow, max-snippet:-1, max-image-preview:large, max-video-preview:-1\" \/>\n<link rel=\"canonical\" href=\"https:\/\/www.upjs.sk\/pracoviska\/univerzitna-kniznica\/zoznam-odoberanych-periodik\/zoznam-lokacia-ckach\/\" \/>\n<meta property=\"og:locale\" content=\"sk_SK\" \/>\n<meta property=\"og:type\" content=\"article\" \/>\n<meta property=\"og:title\" content=\"Zoznam odoberan\u00fdch period\u00edk - \u010ciastkov\u00e1 kni\u017enica pri Katedre anorganickej ch\u00e9mie - Univerzitn\u00e1 kni\u017enica | UPJ\u0160\" \/>\n<meta property=\"og:description\" content=\"Pou\u017eit\u00e9 skratky: STU &#8211; Lek\u00e1rska kni\u017enica, \u0161tudov\u0148a, Trieda SNP 1 KO8 &#8211; \u010ciastkov\u00e1 kni\u017enica pri Katedre anorganickej ch\u00e9mie, Moyzesova 11 N\u00e1zov Kraj. vyd. Odbor Loka\u010dn\u00e1 zna\u010dka 2022&nbsp;&nbsp;&nbsp;&nbsp;&nbsp;&nbsp;&nbsp;&nbsp; 2023 IF 2022 Chemick\u00e9 listy SK Ch\u00e9m K08 K08 0.6\" \/>\n<meta property=\"og:url\" content=\"https:\/\/www.upjs.sk\/pracoviska\/univerzitna-kniznica\/zoznam-odoberanych-periodik\/zoznam-lokacia-ckach\/\" \/>\n<meta property=\"og:site_name\" content=\"Univerzitn\u00e1 kni\u017enica | UPJ\u0160\" \/>\n<meta property=\"article:modified_time\" content=\"2023-10-11T11:45:36+00:00\" \/>\n<meta name=\"twitter:card\" content=\"summary_large_image\" \/>\n<meta name=\"twitter:label1\" content=\"Predpokladan\u00fd \u010das \u010d\u00edtania\" \/>\n\t<meta name=\"twitter:data1\" content=\"1 min\u00fata\" \/>\n<script type=\"application\/ld+json\" class=\"yoast-schema-graph\">{\"@context\":\"https:\\\/\\\/schema.org\",\"@graph\":[{\"@type\":\"WebPage\",\"@id\":\"https:\\\/\\\/www.upjs.sk\\\/pracoviska\\\/univerzitna-kniznica\\\/zoznam-odoberanych-periodik\\\/zoznam-lokacia-ckach\\\/\",\"url\":\"https:\\\/\\\/www.upjs.sk\\\/pracoviska\\\/univerzitna-kniznica\\\/zoznam-odoberanych-periodik\\\/zoznam-lokacia-ckach\\\/\",\"name\":\"Zoznam odoberan\u00fdch period\u00edk - \u010ciastkov\u00e1 kni\u017enica pri Katedre anorganickej ch\u00e9mie - Univerzitn\u00e1 kni\u017enica | UPJ\u0160\",\"isPartOf\":{\"@id\":\"https:\\\/\\\/www.upjs.sk\\\/pracoviska\\\/univerzitna-kniznica\\\/#website\"},\"datePublished\":\"2022-07-20T09:42:36+00:00\",\"dateModified\":\"2023-10-11T11:45:36+00:00\",\"breadcrumb\":{\"@id\":\"https:\\\/\\\/www.upjs.sk\\\/pracoviska\\\/univerzitna-kniznica\\\/zoznam-odoberanych-periodik\\\/zoznam-lokacia-ckach\\\/#breadcrumb\"},\"inLanguage\":\"sk-SK\",\"potentialAction\":[{\"@type\":\"ReadAction\",\"target\":[\"https:\\\/\\\/www.upjs.sk\\\/pracoviska\\\/univerzitna-kniznica\\\/zoznam-odoberanych-periodik\\\/zoznam-lokacia-ckach\\\/\"]}]},{\"@type\":\"BreadcrumbList\",\"@id\":\"https:\\\/\\\/www.upjs.sk\\\/pracoviska\\\/univerzitna-kniznica\\\/zoznam-odoberanych-periodik\\\/zoznam-lokacia-ckach\\\/#breadcrumb\",\"itemListElement\":[{\"@type\":\"ListItem\",\"position\":1,\"name\":\"Home\",\"item\":\"https:\\\/\\\/www.upjs.sk\\\/pracoviska\\\/univerzitna-kniznica\\\/\"},{\"@type\":\"ListItem\",\"position\":2,\"name\":\"Zoznam odoberan\u00fdch period\u00edk\",\"item\":\"https:\\\/\\\/www.upjs.sk\\\/pracoviska\\\/univerzitna-kniznica\\\/zoznam-odoberanych-periodik\\\/\"},{\"@type\":\"ListItem\",\"position\":3,\"name\":\"Zoznam odoberan\u00fdch period\u00edk &#8211; \u010ciastkov\u00e1 kni\u017enica pri Katedre anorganickej ch\u00e9mie\"}]},{\"@type\":\"WebSite\",\"@id\":\"https:\\\/\\\/www.upjs.sk\\\/pracoviska\\\/univerzitna-kniznica\\\/#website\",\"url\":\"https:\\\/\\\/www.upjs.sk\\\/pracoviska\\\/univerzitna-kniznica\\\/\",\"name\":\"Univerzitn\u00e1 kni\u017enica | UPJ\u0160\",\"description\":\"Dr\u017e\u00edme v\u00e1s nad vodou v mori inform\u00e1ci\u00ed\",\"publisher\":{\"@id\":\"https:\\\/\\\/www.upjs.sk\\\/pracoviska\\\/univerzitna-kniznica\\\/#organization\"},\"potentialAction\":[{\"@type\":\"SearchAction\",\"target\":{\"@type\":\"EntryPoint\",\"urlTemplate\":\"https:\\\/\\\/www.upjs.sk\\\/pracoviska\\\/univerzitna-kniznica\\\/?s={search_term_string}\"},\"query-input\":{\"@type\":\"PropertyValueSpecification\",\"valueRequired\":true,\"valueName\":\"search_term_string\"}}],\"inLanguage\":\"sk-SK\"},{\"@type\":\"Organization\",\"@id\":\"https:\\\/\\\/www.upjs.sk\\\/pracoviska\\\/univerzitna-kniznica\\\/#organization\",\"name\":\"Univerzitn\u00e1 kni\u017enica | UPJ\u0160\",\"url\":\"https:\\\/\\\/www.upjs.sk\\\/pracoviska\\\/univerzitna-kniznica\\\/\",\"logo\":{\"@type\":\"ImageObject\",\"inLanguage\":\"sk-SK\",\"@id\":\"https:\\\/\\\/www.upjs.sk\\\/pracoviska\\\/univerzitna-kniznica\\\/#\\\/schema\\\/logo\\\/image\\\/\",\"url\":\"https:\\\/\\\/www.upjs.sk\\\/app\\\/uploads\\\/sites\\\/16\\\/2023\\\/01\\\/UK-1.svg\",\"contentUrl\":\"https:\\\/\\\/www.upjs.sk\\\/app\\\/uploads\\\/sites\\\/16\\\/2023\\\/01\\\/UK-1.svg\",\"width\":500,\"height\":138,\"caption\":\"Univerzitn\u00e1 kni\u017enica | UPJ\u0160\"},\"image\":{\"@id\":\"https:\\\/\\\/www.upjs.sk\\\/pracoviska\\\/univerzitna-kniznica\\\/#\\\/schema\\\/logo\\\/image\\\/\"}}]}<\/script>\n<!-- \/ Yoast SEO plugin. -->","yoast_head_json":{"title":"Zoznam odoberan\u00fdch period\u00edk - \u010ciastkov\u00e1 kni\u017enica pri Katedre anorganickej ch\u00e9mie - Univerzitn\u00e1 kni\u017enica | UPJ\u0160","robots":{"index":"index","follow":"follow","max-snippet":"max-snippet:-1","max-image-preview":"max-image-preview:large","max-video-preview":"max-video-preview:-1"},"canonical":"https:\/\/www.upjs.sk\/pracoviska\/univerzitna-kniznica\/zoznam-odoberanych-periodik\/zoznam-lokacia-ckach\/","og_locale":"sk_SK","og_type":"article","og_title":"Zoznam odoberan\u00fdch period\u00edk - \u010ciastkov\u00e1 kni\u017enica pri Katedre anorganickej ch\u00e9mie - Univerzitn\u00e1 kni\u017enica | UPJ\u0160","og_description":"Pou\u017eit\u00e9 skratky: STU &#8211; Lek\u00e1rska kni\u017enica, \u0161tudov\u0148a, Trieda SNP 1 KO8 &#8211; \u010ciastkov\u00e1 kni\u017enica pri Katedre anorganickej ch\u00e9mie, Moyzesova 11 N\u00e1zov Kraj. vyd. Odbor Loka\u010dn\u00e1 zna\u010dka 2022&nbsp;&nbsp;&nbsp;&nbsp;&nbsp;&nbsp;&nbsp;&nbsp; 2023 IF 2022 Chemick\u00e9 listy SK Ch\u00e9m K08 K08 0.6","og_url":"https:\/\/www.upjs.sk\/pracoviska\/univerzitna-kniznica\/zoznam-odoberanych-periodik\/zoznam-lokacia-ckach\/","og_site_name":"Univerzitn\u00e1 kni\u017enica | UPJ\u0160","article_modified_time":"2023-10-11T11:45:36+00:00","twitter_card":"summary_large_image","twitter_misc":{"Predpokladan\u00fd \u010das \u010d\u00edtania":"1 min\u00fata"},"schema":{"@context":"https:\/\/schema.org","@graph":[{"@type":"WebPage","@id":"https:\/\/www.upjs.sk\/pracoviska\/univerzitna-kniznica\/zoznam-odoberanych-periodik\/zoznam-lokacia-ckach\/","url":"https:\/\/www.upjs.sk\/pracoviska\/univerzitna-kniznica\/zoznam-odoberanych-periodik\/zoznam-lokacia-ckach\/","name":"Zoznam odoberan\u00fdch period\u00edk - \u010ciastkov\u00e1 kni\u017enica pri Katedre anorganickej ch\u00e9mie - Univerzitn\u00e1 kni\u017enica | UPJ\u0160","isPartOf":{"@id":"https:\/\/www.upjs.sk\/pracoviska\/univerzitna-kniznica\/#website"},"datePublished":"2022-07-20T09:42:36+00:00","dateModified":"2023-10-11T11:45:36+00:00","breadcrumb":{"@id":"https:\/\/www.upjs.sk\/pracoviska\/univerzitna-kniznica\/zoznam-odoberanych-periodik\/zoznam-lokacia-ckach\/#breadcrumb"},"inLanguage":"sk-SK","potentialAction":[{"@type":"ReadAction","target":["https:\/\/www.upjs.sk\/pracoviska\/univerzitna-kniznica\/zoznam-odoberanych-periodik\/zoznam-lokacia-ckach\/"]}]},{"@type":"BreadcrumbList","@id":"https:\/\/www.upjs.sk\/pracoviska\/univerzitna-kniznica\/zoznam-odoberanych-periodik\/zoznam-lokacia-ckach\/#breadcrumb","itemListElement":[{"@type":"ListItem","position":1,"name":"Home","item":"https:\/\/www.upjs.sk\/pracoviska\/univerzitna-kniznica\/"},{"@type":"ListItem","position":2,"name":"Zoznam odoberan\u00fdch period\u00edk","item":"https:\/\/www.upjs.sk\/pracoviska\/univerzitna-kniznica\/zoznam-odoberanych-periodik\/"},{"@type":"ListItem","position":3,"name":"Zoznam odoberan\u00fdch period\u00edk &#8211; \u010ciastkov\u00e1 kni\u017enica pri Katedre anorganickej ch\u00e9mie"}]},{"@type":"WebSite","@id":"https:\/\/www.upjs.sk\/pracoviska\/univerzitna-kniznica\/#website","url":"https:\/\/www.upjs.sk\/pracoviska\/univerzitna-kniznica\/","name":"Univerzitn\u00e1 kni\u017enica | UPJ\u0160","description":"Dr\u017e\u00edme v\u00e1s nad vodou v mori inform\u00e1ci\u00ed","publisher":{"@id":"https:\/\/www.upjs.sk\/pracoviska\/univerzitna-kniznica\/#organization"},"potentialAction":[{"@type":"SearchAction","target":{"@type":"EntryPoint","urlTemplate":"https:\/\/www.upjs.sk\/pracoviska\/univerzitna-kniznica\/?s={search_term_string}"},"query-input":{"@type":"PropertyValueSpecification","valueRequired":true,"valueName":"search_term_string"}}],"inLanguage":"sk-SK"},{"@type":"Organization","@id":"https:\/\/www.upjs.sk\/pracoviska\/univerzitna-kniznica\/#organization","name":"Univerzitn\u00e1 kni\u017enica | UPJ\u0160","url":"https:\/\/www.upjs.sk\/pracoviska\/univerzitna-kniznica\/","logo":{"@type":"ImageObject","inLanguage":"sk-SK","@id":"https:\/\/www.upjs.sk\/pracoviska\/univerzitna-kniznica\/#\/schema\/logo\/image\/","url":"https:\/\/www.upjs.sk\/app\/uploads\/sites\/16\/2023\/01\/UK-1.svg","contentUrl":"https:\/\/www.upjs.sk\/app\/uploads\/sites\/16\/2023\/01\/UK-1.svg","width":500,"height":138,"caption":"Univerzitn\u00e1 kni\u017enica | UPJ\u0160"},"image":{"@id":"https:\/\/www.upjs.sk\/pracoviska\/univerzitna-kniznica\/#\/schema\/logo\/image\/"}}]}},"_links":{"self":[{"href":"https:\/\/www.upjs.sk\/pracoviska\/univerzitna-kniznica\/wp-json\/wp\/v2\/pages\/13102","targetHints":{"allow":["GET"]}}],"collection":[{"href":"https:\/\/www.upjs.sk\/pracoviska\/univerzitna-kniznica\/wp-json\/wp\/v2\/pages"}],"about":[{"href":"https:\/\/www.upjs.sk\/pracoviska\/univerzitna-kniznica\/wp-json\/wp\/v2\/types\/page"}],"author":[{"embeddable":true,"href":"https:\/\/www.upjs.sk\/pracoviska\/univerzitna-kniznica\/wp-json\/wp\/v2\/users\/1"}],"replies":[{"embeddable":true,"href":"https:\/\/www.upjs.sk\/pracoviska\/univerzitna-kniznica\/wp-json\/wp\/v2\/comments?post=13102"}],"version-history":[{"count":9,"href":"https:\/\/www.upjs.sk\/pracoviska\/univerzitna-kniznica\/wp-json\/wp\/v2\/pages\/13102\/revisions"}],"predecessor-version":[{"id":32389,"href":"https:\/\/www.upjs.sk\/pracoviska\/univerzitna-kniznica\/wp-json\/wp\/v2\/pages\/13102\/revisions\/32389"}],"up":[{"embeddable":true,"href":"https:\/\/www.upjs.sk\/pracoviska\/univerzitna-kniznica\/wp-json\/wp\/v2\/pages\/13097"}],"wp:attachment":[{"href":"https:\/\/www.upjs.sk\/pracoviska\/univerzitna-kniznica\/wp-json\/wp\/v2\/media?parent=13102"}],"wp:term":[{"taxonomy":"category","embeddable":true,"href":"https:\/\/www.upjs.sk\/pracoviska\/univerzitna-kniznica\/wp-json\/wp\/v2\/categories?post=13102"},{"taxonomy":"post_tag","embeddable":true,"href":"https:\/\/www.upjs.sk\/pracoviska\/univerzitna-kniznica\/wp-json\/wp\/v2\/tags?post=13102"}],"curies":[{"name":"wp","href":"https:\/\/api.w.org\/{rel}","templated":true}]}}