{"id":13304,"date":"2022-08-09T12:37:54","date_gmt":"2022-08-09T12:37:54","guid":{"rendered":"https:\/\/www.upjs.sk\/pracoviska\/univerzitna-kniznica\/root\/e-kniznica\/23044-2\/"},"modified":"2023-06-23T11:05:17","modified_gmt":"2023-06-23T11:05:17","slug":"23044-2","status":"publish","type":"page","link":"https:\/\/www.upjs.sk\/pracoviska\/univerzitna-kniznica\/e-kniznica\/23044-2\/","title":{"rendered":"P"},"content":{"rendered":"\n<figure class=\"wp-block-table is-style-stripes\"><table><tbody><tr><td><strong><a href=\"https:\/\/plos.org\/\" target=\"_blank\" rel=\"noreferrer noopener\" class=\"ek-link\">PLOS Journals<\/a><\/strong><\/td><td>VO\u013dNE DOSTUPN\u00c1<\/td><td class=\"has-text-align-left\" data-align=\"left\"><strong>MULTIDISCIPLIN\u00c1RNA&nbsp;<\/strong><br><strong>Biol\u00f3gia, Fyzika, Ch\u00e9mia, Krajina a&nbsp;\u017eivotn\u00e9 prostredie, Medic\u00edna a zdravie, Po\u010d\u00edta\u010dov\u00e9 a informa\u010dn\u00e9 vedy<\/strong><\/td><td class=\"has-text-align-left\" data-align=\"left\"><br>Neziskov\u00e9 vydavate\u013estvo open access period\u00edk z oblasti pr\u00edrodn\u00fdch vied&nbsp;a medic\u00edny.<br><br><a href=\"https:\/\/plos.org\/about\/\" target=\"_blank\" rel=\"noreferrer noopener\" class=\"ek-link\"><strong>Viac o PLOS<\/strong><\/a><br><br><\/td><td><\/td><\/tr><tr><td><strong><a href=\"https:\/\/op.europa.eu\/sk\/web\/general-publications\/publications\" target=\"_blank\" rel=\"noreferrer noopener\" class=\"ek-link\">P<\/a><\/strong><a href=\"https:\/\/op.europa.eu\/sk\/web\/general-publications\/publications\" target=\"_blank\" rel=\"noreferrer noopener\" class=\"ek-link\"><strong>ublik\u00e1cie E<\/strong><\/a><strong><a href=\"https:\/\/op.europa.eu\/sk\/web\/general-publications\/publications\" target=\"_blank\" rel=\"noreferrer noopener\" class=\"ek-link\">U<\/a><\/strong><\/td><td>VO\u013dNE DOSTUPN\u00c1<\/td><td class=\"has-text-align-left\" data-align=\"left\"><strong>PR\u00c1VO, VEREJN\u00c1 SPR\u00c1VA<\/strong><\/td><td class=\"has-text-align-left\" data-align=\"left\"><br>Online kni\u017enica a kn\u00edhkupectvo s publik\u00e1ciami in\u0161tit\u00faci\u00ed a in\u00fdch org\u00e1nov Eur\u00f3pskej \u00fanie.<br><br><\/td><td><\/td><\/tr><tr><td><a href=\"https:\/\/pubmed.ncbi.nlm.nih.gov\/\" target=\"_blank\" rel=\"noreferrer noopener\" class=\"ek-link\"><strong>PubMed<\/strong><\/a><\/td><td>VO\u013dNE DOSTUPN\u00c1<\/td><td class=\"has-text-align-left\" data-align=\"left\"><strong>MEDIC\u00cdNA, BIOMEDIC\u00cdNA, PR\u00cdRODN\u00c9 VEDY<\/strong><\/td><td class=\"has-text-align-left\" data-align=\"left\"><br>Viac ako 35 mili\u00f3nov z\u00e1znamov z biomedic\u00edny z MEDLINE, \u010dasopisy z pr\u00edrodn\u00fdch vied a online knihy.<br>Odkazy na fulltextov\u00fd obsah z webov\u00fdch str\u00e1nok PubMed Central a&nbsp; vydavate\u013esk\u00fdch webov\u00fdch str\u00e1nok.<br><br><strong><a aria-label=\"Viac o PubMede (opens in a new tab)\" href=\"https:\/\/pubmed.ncbi.nlm.nih.gov\/about\/\" target=\"_blank\" rel=\"noreferrer noopener\" class=\"ek-link\">Viac o PubMede<\/a><\/strong><br><br><\/td><td><strong>in\u0161trukt\u00e1\u017ee v angli\u010dtine:<\/strong><br><a href=\"https:\/\/pubmed.ncbi.nlm.nih.gov\/help\/#pubmedhelp.PubMed_Quick_Start\" target=\"_blank\" rel=\"noreferrer noopener\" class=\"ek-link\"><strong>PubMed<\/strong><\/a><strong><a href=\"https:\/\/pubmed.ncbi.nlm.nih.gov\/help\/#pubmedhelp.PubMed_Quick_Start\" target=\"_blank\" rel=\"noreferrer noopener\" class=\"ek-link\"> User <\/a><\/strong><a href=\"https:\/\/pubmed.ncbi.nlm.nih.gov\/help\/#pubmedhelp.PubMed_Quick_Start\" target=\"_blank\" rel=\"noreferrer noopener\" class=\"ek-link\"><strong>Guide<\/strong><\/a><\/td><\/tr><\/tbody><\/table><\/figure>\n","protected":false},"excerpt":{"rendered":"<p>PLOS Journals VO\u013dNE DOSTUPN\u00c1 MULTIDISCIPLIN\u00c1RNA&nbsp;Biol\u00f3gia, Fyzika, Ch\u00e9mia, Krajina a&nbsp;\u017eivotn\u00e9 prostredie, Medic\u00edna a zdravie, Po\u010d\u00edta\u010dov\u00e9 a informa\u010dn\u00e9 vedy Neziskov\u00e9 vydavate\u013estvo open access period\u00edk z oblasti pr\u00edrodn\u00fdch vied&nbsp;a medic\u00edny. Viac o PLOS Publik\u00e1cie EU VO\u013dNE DOSTUPN\u00c1 PR\u00c1VO, VEREJN\u00c1 SPR\u00c1VA Online kni\u017enica a kn\u00edhkupectvo s publik\u00e1ciami in\u0161tit\u00faci\u00ed a in\u00fdch org\u00e1nov Eur\u00f3pskej \u00fanie. PubMed VO\u013dNE DOSTUPN\u00c1 MEDIC\u00cdNA, BIOMEDIC\u00cdNA, PR\u00cdRODN\u00c9 &hellip; <a href=\"https:\/\/www.upjs.sk\/pracoviska\/univerzitna-kniznica\/e-kniznica\/23044-2\/\">\u010c\u00edta\u0165 \u010falej<\/a><\/p>\n","protected":false},"author":1,"featured_media":0,"parent":13219,"menu_order":0,"comment_status":"closed","ping_status":"closed","template":"","meta":{"_acf_changed":false,"_editorskit_title_hidden":false,"_editorskit_reading_time":1,"_editorskit_is_block_options_detached":false,"_editorskit_block_options_position":"{}","footnotes":""},"categories":[],"tags":[],"class_list":["post-13304","page","type-page","status-publish","hentry"],"acf":{"acf_link_na_externy_obsah":""},"yoast_head":"<!-- This site is optimized with the Yoast SEO plugin v27.2 - https:\/\/yoast.com\/product\/yoast-seo-wordpress\/ -->\n<title>P - Univerzitn\u00e1 kni\u017enica | UPJ\u0160<\/title>\n<meta name=\"robots\" content=\"index, follow, max-snippet:-1, max-image-preview:large, max-video-preview:-1\" \/>\n<link rel=\"canonical\" href=\"https:\/\/www.upjs.sk\/pracoviska\/univerzitna-kniznica\/e-kniznica\/23044-2\/\" \/>\n<meta property=\"og:locale\" content=\"sk_SK\" \/>\n<meta property=\"og:type\" content=\"article\" \/>\n<meta property=\"og:title\" content=\"P - Univerzitn\u00e1 kni\u017enica | UPJ\u0160\" \/>\n<meta property=\"og:description\" content=\"PLOS Journals VO\u013dNE DOSTUPN\u00c1 MULTIDISCIPLIN\u00c1RNA&nbsp;Biol\u00f3gia, Fyzika, Ch\u00e9mia, Krajina a&nbsp;\u017eivotn\u00e9 prostredie, Medic\u00edna a zdravie, Po\u010d\u00edta\u010dov\u00e9 a informa\u010dn\u00e9 vedy Neziskov\u00e9 vydavate\u013estvo open access period\u00edk z oblasti pr\u00edrodn\u00fdch vied&nbsp;a medic\u00edny. Viac o PLOS Publik\u00e1cie EU VO\u013dNE DOSTUPN\u00c1 PR\u00c1VO, VEREJN\u00c1 SPR\u00c1VA Online kni\u017enica a kn\u00edhkupectvo s publik\u00e1ciami in\u0161tit\u00faci\u00ed a in\u00fdch org\u00e1nov Eur\u00f3pskej \u00fanie. PubMed VO\u013dNE DOSTUPN\u00c1 MEDIC\u00cdNA, BIOMEDIC\u00cdNA, PR\u00cdRODN\u00c9 &hellip; \u010c\u00edta\u0165 \u010falej\" \/>\n<meta property=\"og:url\" content=\"https:\/\/www.upjs.sk\/pracoviska\/univerzitna-kniznica\/e-kniznica\/23044-2\/\" \/>\n<meta property=\"og:site_name\" content=\"Univerzitn\u00e1 kni\u017enica | UPJ\u0160\" \/>\n<meta property=\"article:modified_time\" content=\"2023-06-23T11:05:17+00:00\" \/>\n<meta name=\"twitter:card\" content=\"summary_large_image\" \/>\n<meta name=\"twitter:label1\" content=\"Predpokladan\u00fd \u010das \u010d\u00edtania\" \/>\n\t<meta name=\"twitter:data1\" content=\"1 min\u00fata\" \/>\n<script type=\"application\/ld+json\" class=\"yoast-schema-graph\">{\"@context\":\"https:\/\/schema.org\",\"@graph\":[{\"@type\":\"WebPage\",\"@id\":\"https:\/\/www.upjs.sk\/pracoviska\/univerzitna-kniznica\/e-kniznica\/23044-2\/\",\"url\":\"https:\/\/www.upjs.sk\/pracoviska\/univerzitna-kniznica\/e-kniznica\/23044-2\/\",\"name\":\"P - Univerzitn\u00e1 kni\u017enica | UPJ\u0160\",\"isPartOf\":{\"@id\":\"https:\/\/www.upjs.sk\/pracoviska\/univerzitna-kniznica\/#website\"},\"datePublished\":\"2022-08-09T12:37:54+00:00\",\"dateModified\":\"2023-06-23T11:05:17+00:00\",\"breadcrumb\":{\"@id\":\"https:\/\/www.upjs.sk\/pracoviska\/univerzitna-kniznica\/e-kniznica\/23044-2\/#breadcrumb\"},\"inLanguage\":\"sk-SK\",\"potentialAction\":[{\"@type\":\"ReadAction\",\"target\":[\"https:\/\/www.upjs.sk\/pracoviska\/univerzitna-kniznica\/e-kniznica\/23044-2\/\"]}]},{\"@type\":\"BreadcrumbList\",\"@id\":\"https:\/\/www.upjs.sk\/pracoviska\/univerzitna-kniznica\/e-kniznica\/23044-2\/#breadcrumb\",\"itemListElement\":[{\"@type\":\"ListItem\",\"position\":1,\"name\":\"Home\",\"item\":\"https:\/\/www.upjs.sk\/pracoviska\/univerzitna-kniznica\/\"},{\"@type\":\"ListItem\",\"position\":2,\"name\":\"Elektronick\u00e9 informa\u010dn\u00e9 zdroje\",\"item\":\"https:\/\/www.upjs.sk\/pracoviska\/univerzitna-kniznica\/e-kniznica\/\"},{\"@type\":\"ListItem\",\"position\":3,\"name\":\"P\"}]},{\"@type\":\"WebSite\",\"@id\":\"https:\/\/www.upjs.sk\/pracoviska\/univerzitna-kniznica\/#website\",\"url\":\"https:\/\/www.upjs.sk\/pracoviska\/univerzitna-kniznica\/\",\"name\":\"Univerzitn\u00e1 kni\u017enica | UPJ\u0160\",\"description\":\"Dr\u017e\u00edme v\u00e1s nad vodou v mori inform\u00e1ci\u00ed\",\"publisher\":{\"@id\":\"https:\/\/www.upjs.sk\/pracoviska\/univerzitna-kniznica\/#organization\"},\"potentialAction\":[{\"@type\":\"SearchAction\",\"target\":{\"@type\":\"EntryPoint\",\"urlTemplate\":\"https:\/\/www.upjs.sk\/pracoviska\/univerzitna-kniznica\/?s={search_term_string}\"},\"query-input\":{\"@type\":\"PropertyValueSpecification\",\"valueRequired\":true,\"valueName\":\"search_term_string\"}}],\"inLanguage\":\"sk-SK\"},{\"@type\":\"Organization\",\"@id\":\"https:\/\/www.upjs.sk\/pracoviska\/univerzitna-kniznica\/#organization\",\"name\":\"Univerzitn\u00e1 kni\u017enica | UPJ\u0160\",\"url\":\"https:\/\/www.upjs.sk\/pracoviska\/univerzitna-kniznica\/\",\"logo\":{\"@type\":\"ImageObject\",\"inLanguage\":\"sk-SK\",\"@id\":\"https:\/\/www.upjs.sk\/pracoviska\/univerzitna-kniznica\/#\/schema\/logo\/image\/\",\"url\":\"https:\/\/www.upjs.sk\/app\/uploads\/sites\/16\/2023\/01\/UK-1.svg\",\"contentUrl\":\"https:\/\/www.upjs.sk\/app\/uploads\/sites\/16\/2023\/01\/UK-1.svg\",\"width\":500,\"height\":138,\"caption\":\"Univerzitn\u00e1 kni\u017enica | UPJ\u0160\"},\"image\":{\"@id\":\"https:\/\/www.upjs.sk\/pracoviska\/univerzitna-kniznica\/#\/schema\/logo\/image\/\"}}]}<\/script>\n<!-- \/ Yoast SEO plugin. -->","yoast_head_json":{"title":"P - Univerzitn\u00e1 kni\u017enica | UPJ\u0160","robots":{"index":"index","follow":"follow","max-snippet":"max-snippet:-1","max-image-preview":"max-image-preview:large","max-video-preview":"max-video-preview:-1"},"canonical":"https:\/\/www.upjs.sk\/pracoviska\/univerzitna-kniznica\/e-kniznica\/23044-2\/","og_locale":"sk_SK","og_type":"article","og_title":"P - Univerzitn\u00e1 kni\u017enica | UPJ\u0160","og_description":"PLOS Journals VO\u013dNE DOSTUPN\u00c1 MULTIDISCIPLIN\u00c1RNA&nbsp;Biol\u00f3gia, Fyzika, Ch\u00e9mia, Krajina a&nbsp;\u017eivotn\u00e9 prostredie, Medic\u00edna a zdravie, Po\u010d\u00edta\u010dov\u00e9 a informa\u010dn\u00e9 vedy Neziskov\u00e9 vydavate\u013estvo open access period\u00edk z oblasti pr\u00edrodn\u00fdch vied&nbsp;a medic\u00edny. Viac o PLOS Publik\u00e1cie EU VO\u013dNE DOSTUPN\u00c1 PR\u00c1VO, VEREJN\u00c1 SPR\u00c1VA Online kni\u017enica a kn\u00edhkupectvo s publik\u00e1ciami in\u0161tit\u00faci\u00ed a in\u00fdch org\u00e1nov Eur\u00f3pskej \u00fanie. PubMed VO\u013dNE DOSTUPN\u00c1 MEDIC\u00cdNA, BIOMEDIC\u00cdNA, PR\u00cdRODN\u00c9 &hellip; \u010c\u00edta\u0165 \u010falej","og_url":"https:\/\/www.upjs.sk\/pracoviska\/univerzitna-kniznica\/e-kniznica\/23044-2\/","og_site_name":"Univerzitn\u00e1 kni\u017enica | UPJ\u0160","article_modified_time":"2023-06-23T11:05:17+00:00","twitter_card":"summary_large_image","twitter_misc":{"Predpokladan\u00fd \u010das \u010d\u00edtania":"1 min\u00fata"},"schema":{"@context":"https:\/\/schema.org","@graph":[{"@type":"WebPage","@id":"https:\/\/www.upjs.sk\/pracoviska\/univerzitna-kniznica\/e-kniznica\/23044-2\/","url":"https:\/\/www.upjs.sk\/pracoviska\/univerzitna-kniznica\/e-kniznica\/23044-2\/","name":"P - Univerzitn\u00e1 kni\u017enica | UPJ\u0160","isPartOf":{"@id":"https:\/\/www.upjs.sk\/pracoviska\/univerzitna-kniznica\/#website"},"datePublished":"2022-08-09T12:37:54+00:00","dateModified":"2023-06-23T11:05:17+00:00","breadcrumb":{"@id":"https:\/\/www.upjs.sk\/pracoviska\/univerzitna-kniznica\/e-kniznica\/23044-2\/#breadcrumb"},"inLanguage":"sk-SK","potentialAction":[{"@type":"ReadAction","target":["https:\/\/www.upjs.sk\/pracoviska\/univerzitna-kniznica\/e-kniznica\/23044-2\/"]}]},{"@type":"BreadcrumbList","@id":"https:\/\/www.upjs.sk\/pracoviska\/univerzitna-kniznica\/e-kniznica\/23044-2\/#breadcrumb","itemListElement":[{"@type":"ListItem","position":1,"name":"Home","item":"https:\/\/www.upjs.sk\/pracoviska\/univerzitna-kniznica\/"},{"@type":"ListItem","position":2,"name":"Elektronick\u00e9 informa\u010dn\u00e9 zdroje","item":"https:\/\/www.upjs.sk\/pracoviska\/univerzitna-kniznica\/e-kniznica\/"},{"@type":"ListItem","position":3,"name":"P"}]},{"@type":"WebSite","@id":"https:\/\/www.upjs.sk\/pracoviska\/univerzitna-kniznica\/#website","url":"https:\/\/www.upjs.sk\/pracoviska\/univerzitna-kniznica\/","name":"Univerzitn\u00e1 kni\u017enica | UPJ\u0160","description":"Dr\u017e\u00edme v\u00e1s nad vodou v mori inform\u00e1ci\u00ed","publisher":{"@id":"https:\/\/www.upjs.sk\/pracoviska\/univerzitna-kniznica\/#organization"},"potentialAction":[{"@type":"SearchAction","target":{"@type":"EntryPoint","urlTemplate":"https:\/\/www.upjs.sk\/pracoviska\/univerzitna-kniznica\/?s={search_term_string}"},"query-input":{"@type":"PropertyValueSpecification","valueRequired":true,"valueName":"search_term_string"}}],"inLanguage":"sk-SK"},{"@type":"Organization","@id":"https:\/\/www.upjs.sk\/pracoviska\/univerzitna-kniznica\/#organization","name":"Univerzitn\u00e1 kni\u017enica | UPJ\u0160","url":"https:\/\/www.upjs.sk\/pracoviska\/univerzitna-kniznica\/","logo":{"@type":"ImageObject","inLanguage":"sk-SK","@id":"https:\/\/www.upjs.sk\/pracoviska\/univerzitna-kniznica\/#\/schema\/logo\/image\/","url":"https:\/\/www.upjs.sk\/app\/uploads\/sites\/16\/2023\/01\/UK-1.svg","contentUrl":"https:\/\/www.upjs.sk\/app\/uploads\/sites\/16\/2023\/01\/UK-1.svg","width":500,"height":138,"caption":"Univerzitn\u00e1 kni\u017enica | UPJ\u0160"},"image":{"@id":"https:\/\/www.upjs.sk\/pracoviska\/univerzitna-kniznica\/#\/schema\/logo\/image\/"}}]}},"_links":{"self":[{"href":"https:\/\/www.upjs.sk\/pracoviska\/univerzitna-kniznica\/wp-json\/wp\/v2\/pages\/13304","targetHints":{"allow":["GET"]}}],"collection":[{"href":"https:\/\/www.upjs.sk\/pracoviska\/univerzitna-kniznica\/wp-json\/wp\/v2\/pages"}],"about":[{"href":"https:\/\/www.upjs.sk\/pracoviska\/univerzitna-kniznica\/wp-json\/wp\/v2\/types\/page"}],"author":[{"embeddable":true,"href":"https:\/\/www.upjs.sk\/pracoviska\/univerzitna-kniznica\/wp-json\/wp\/v2\/users\/1"}],"replies":[{"embeddable":true,"href":"https:\/\/www.upjs.sk\/pracoviska\/univerzitna-kniznica\/wp-json\/wp\/v2\/comments?post=13304"}],"version-history":[{"count":9,"href":"https:\/\/www.upjs.sk\/pracoviska\/univerzitna-kniznica\/wp-json\/wp\/v2\/pages\/13304\/revisions"}],"predecessor-version":[{"id":31299,"href":"https:\/\/www.upjs.sk\/pracoviska\/univerzitna-kniznica\/wp-json\/wp\/v2\/pages\/13304\/revisions\/31299"}],"up":[{"embeddable":true,"href":"https:\/\/www.upjs.sk\/pracoviska\/univerzitna-kniznica\/wp-json\/wp\/v2\/pages\/13219"}],"wp:attachment":[{"href":"https:\/\/www.upjs.sk\/pracoviska\/univerzitna-kniznica\/wp-json\/wp\/v2\/media?parent=13304"}],"wp:term":[{"taxonomy":"category","embeddable":true,"href":"https:\/\/www.upjs.sk\/pracoviska\/univerzitna-kniznica\/wp-json\/wp\/v2\/categories?post=13304"},{"taxonomy":"post_tag","embeddable":true,"href":"https:\/\/www.upjs.sk\/pracoviska\/univerzitna-kniznica\/wp-json\/wp\/v2\/tags?post=13304"}],"curies":[{"name":"wp","href":"https:\/\/api.w.org\/{rel}","templated":true}]}}